000
CDUS41 KBGM 230548
CLIBGM


CLIMATE REPORT
NATIONAL WEATHER SERVICE BINGHAMTON NY
147 AM EDT TUE SEP 23 2014


...................................

...THE BINGHAMTON NY CLIMATE SUMMARY FOR SEPTEMBER 22 2014...

CLIMATE NORMAL PERIOD 1981 TO 2010
CLIMATE RECORD PERIOD 1951 TO 2014


WEATHER ITEM   OBSERVED TIME   RECORD YEAR NORMAL DEPARTURE LAST
                VALUE   (LST)  VALUE       VALUE  FROM      YEAR
                                                  NORMAL
..................................................................
TEMPERATURE (F)
 YESTERDAY
  MAXIMUM         56   1225 AM  85    1980  66    -10       56
                                      1965
  MINIMUM         43   1159 PM  35    1991  48     -5       45
  AVERAGE         50                        57     -7       51

PRECIPITATION (IN)
  YESTERDAY        0.03          1.53 1995   0.13  -0.10     0.01
  MONTH TO DATE    1.77                      2.63  -0.86     2.91
  SINCE SEP 1      1.77                      2.63  -0.86     2.91
  SINCE JAN 1     30.80                     28.84   1.96    33.20

SNOWFALL (IN)
  YESTERDAY       MM             0.0  2002   0.0   MM        0.0
                                      2001
                                      2000
  MONTH TO DATE    0.0                       0.0    0.0      0.0
  SINCE SEP 1      0.0                       0.0    0.0      0.0
  SINCE JUL 1      T                         0.0    0.0      0.0
  SNOW DEPTH       0

DEGREE DAYS
 HEATING
  YESTERDAY       15                         8      7       14
  MONTH TO DATE  129                       114     15      157
  SINCE SEP 1    129                       114     15      157
  SINCE JUL 1    195                       177     18      208

 COOLING
  YESTERDAY        0                         1     -1        0
  MONTH TO DATE   38                        29      9       41
  SINCE SEP 1     38                        29      9       41
  SINCE JAN 1    340                       377    -37      468
..................................................................


WIND (MPH)
  HIGHEST WIND SPEED    21   HIGHEST WIND DIRECTION     W (290)
  HIGHEST GUST SPEED    29   HIGHEST GUST DIRECTION     W (280)
  AVERAGE WIND SPEED     9.5


SKY COVER
  AVERAGE SKY COVER 0.8


WEATHER CONDITIONS
 THE FOLLOWING WEATHER WAS RECORDED YESTERDAY.
  LIGHT RAIN
  FOG


RELATIVE HUMIDITY (PERCENT)
 HIGHEST    93           200 AM
 LOWEST     63           100 PM
 AVERAGE    78

..........................................................


THE BINGHAMTON NY CLIMATE NORMALS FOR TODAY
                         NORMAL    RECORD    YEAR
 MAXIMUM TEMPERATURE (F)   66        85      1959
 MINIMUM TEMPERATURE (F)   48        32      1963


SUNRISE AND SUNSET
SEPTEMBER 23 2014.....SUNRISE   652 AM EDT   SUNSET   659 PM EDT
SEPTEMBER 24 2014.....SUNRISE   653 AM EDT   SUNSET   658 PM EDT


-  INDICATES NEGATIVE NUMBERS.
R  INDICATES RECORD WAS SET OR TIED.
MM INDICATES DATA IS MISSING.
T  INDICATES TRACE AMOUNT.




$$
