000
CDUS41 KCAR 170534
CLIBGR


CLIMATE REPORT
NATIONAL WEATHER SERVICE CARIBOU, ME
130 AM EDT TUE OCT 17 2017


...................................

...THE BANGOR ME CLIMATE SUMMARY FOR OCTOBER 16 2017...

CLIMATE NORMAL PERIOD 1981 TO 2010
CLIMATE RECORD PERIOD 1925 TO 2017


WEATHER ITEM   OBSERVED TIME   RECORD YEAR NORMAL DEPARTURE LAST
                VALUE   (LST)  VALUE       VALUE  FROM      YEAR
                                                  NORMAL
..................................................................
TEMPERATURE (F)
 YESTERDAY
  MAXIMUM         70    306 AM  86    1968  58     12       63
  MINIMUM         40   1159 PM  19    1939  37      3       32
  AVERAGE         55                        47      8       48

PRECIPITATION (IN)
  YESTERDAY        0.00          2.03 1943   0.13  -0.13      T
  MONTH TO DATE    0.93                      2.18  -1.25     0.80
  SINCE SEP 1      3.62                      6.01  -2.39     2.03
  SINCE JAN 1     29.79                     32.26  -2.47    24.02

SNOWFALL (IN)
  YESTERDAY        0.0           0.0  2002   0.0             0.0
                                      2001
  MONTH TO DATE    0.0                       0.0             0.0
  SINCE SEP 1      T                         0.0             0.0
  SINCE JUL 1      T                         0.0             0.0
  SNOW DEPTH       0

DEGREE DAYS
 HEATING
  YESTERDAY       10                        18     -8       17
  MONTH TO DATE  131                       244   -113      225
  SINCE SEP 1    201                       453   -252      372
  SINCE JUL 1    248                       516   -268      399

 COOLING
  YESTERDAY        0                         0      0        0
  MONTH TO DATE    5                         0      5        0
  SINCE SEP 1     85                        23     62       59
  SINCE JAN 1    367                       317     50      448
..................................................................


WIND (MPH)
  RESULTANT WIND SPEED  11   RESULTANT WIND DIRECTION  NW (310)
  HIGHEST WIND SPEED    25   HIGHEST WIND DIRECTION    NW (320)
  HIGHEST GUST SPEED    31   HIGHEST GUST DIRECTION    NW (320)


SKY COVER
  POSSIBLE SUNSHINE  MM
  AVERAGE SKY COVER 0.8


WEATHER CONDITIONS
 THE FOLLOWING WEATHER WAS RECORDED YESTERDAY.
  NO SIGNIFICANT WEATHER WAS OBSERVED.


RELATIVE HUMIDITY (PERCENT)
 HIGHEST    76
 LOWEST     47
 AVERAGE    62

..........................................................


THE BANGOR ME CLIMATE NORMALS FOR TODAY
                         NORMAL    RECORD    YEAR
 MAXIMUM TEMPERATURE (F)   57        85      1968
 MINIMUM TEMPERATURE (F)   36        14      1940


SUNRISE AND SUNSET
OCTOBER 17 2017.......SUNRISE   654 AM EDT   SUNSET   547 PM EDT
OCTOBER 18 2017.......SUNRISE   655 AM EDT   SUNSET   545 PM EDT


-  INDICATES NEGATIVE NUMBERS.
R  INDICATES RECORD WAS SET OR TIED.
MM INDICATES DATA IS MISSING.
T  INDICATES TRACE AMOUNT.




$$
