000
CDUS41 KCAR 280530
CLIBGR


CLIMATE REPORT
NATIONAL WEATHER SERVICE CARIBOU, ME
129 AM EDT WED SEP 28 2016


...................................

...THE BANGOR ME CLIMATE SUMMARY FOR SEPTEMBER 27 2016...

CLIMATE NORMAL PERIOD 1981 TO 2010
CLIMATE RECORD PERIOD 1925 TO 2016


WEATHER ITEM   OBSERVED TIME   RECORD YEAR NORMAL DEPARTURE LAST
                VALUE   (LST)  VALUE       VALUE  FROM      YEAR
                                                  NORMAL
..................................................................
TEMPERATURE (F)
 YESTERDAY
  MAXIMUM         63    403 PM  91    1948  65     -2       70
  MINIMUM         49   1246 AM  24    1947  43      6       34
                                      1940
  AVERAGE         56                        54      2       52

PRECIPITATION (IN)
  YESTERDAY        0.09          1.28 1993   0.14  -0.05     0.00
  MONTH TO DATE    1.23                      3.37  -2.14     1.41
  SINCE SEP 1      1.23                      3.37  -2.14     1.41
  SINCE JAN 1     23.22                     29.62  -6.40    21.15

SNOWFALL (IN)
  YESTERDAY        0.0           0.0  2002   0.0             0.0
                                      2001
  MONTH TO DATE    0.0                       0.0             0.0
  SINCE SEP 1      0.0                       0.0             0.0
  SINCE JUL 1      0.0                       0.0             0.0
  SNOW DEPTH       0

DEGREE DAYS
 HEATING
  YESTERDAY        9                        11     -2       13
  MONTH TO DATE  110                       174    -64       94
  SINCE SEP 1    110                       174    -64       94
  SINCE JUL 1    137                       237   -100      123

 COOLING
  YESTERDAY        0                         0      0        0
  MONTH TO DATE   59                        21     38       91
  SINCE SEP 1     59                        21     38       91
  SINCE JAN 1    448                       315    133      400
..................................................................


WIND (MPH)
  RESULTANT WIND SPEED   3   RESULTANT WIND DIRECTION  NE (40)
  HIGHEST WIND SPEED    15   HIGHEST WIND DIRECTION    NE (60)
  HIGHEST GUST SPEED    19   HIGHEST GUST DIRECTION    NE (60)


SKY COVER
  POSSIBLE SUNSHINE  MM
  AVERAGE SKY COVER 0.9


WEATHER CONDITIONS
 THE FOLLOWING WEATHER WAS RECORDED YESTERDAY.
  RAIN
  LIGHT RAIN
  FOG


RELATIVE HUMIDITY (PERCENT)
 HIGHEST    93
 LOWEST     72
 AVERAGE    83

..........................................................


THE BANGOR ME CLIMATE NORMALS FOR TODAY
                         NORMAL    RECORD    YEAR
 MAXIMUM TEMPERATURE (F)   65        84      2014
 MINIMUM TEMPERATURE (F)   43        24      1947


SUNRISE AND SUNSET
SEPTEMBER 28 2016.....SUNRISE   630 AM EDT   SUNSET   621 PM EDT
SEPTEMBER 29 2016.....SUNRISE   631 AM EDT   SUNSET   619 PM EDT


-  INDICATES NEGATIVE NUMBERS.
R  INDICATES RECORD WAS SET OR TIED.
MM INDICATES DATA IS MISSING.
T  INDICATES TRACE AMOUNT.




$$
