835
CDUS41 KCAR 292026
CLIBGR


CLIMATE REPORT
NATIONAL WEATHER SERVICE CARIBOU, ME
426 PM EDT SAT APR 29 2017


...................................

...THE BANGOR ME CLIMATE SUMMARY FOR APRIL 29 2017...
VALID TODAY AS OF 0400 PM LOCAL TIME.

CLIMATE NORMAL PERIOD 1981 TO 2010
CLIMATE RECORD PERIOD 1925 TO 2017


WEATHER ITEM   OBSERVED TIME   RECORD YEAR NORMAL DEPARTURE LAST
                VALUE   (LST)  VALUE       VALUE  FROM      YEAR
                                                  NORMAL
..................................................................
TEMPERATURE (F)
 TODAY
  MAXIMUM         77    259 PM  85    1935  59     18       53
  MINIMUM         47    515 AM  18    1947  37     10       20
  AVERAGE         62                        48     14       37

PRECIPITATION (IN)
  TODAY            0.00          3.09 2008   0.12  -0.12     0.00
  MONTH TO DATE    3.98                      3.50   0.48     2.58
  SINCE MAR 1      6.05                      6.88  -0.83     5.85
  SINCE JAN 1     11.94                     12.29  -0.35    12.12

SNOWFALL (IN)
  TODAY            0.0           2.8  1987   0.0    0.0      0.0
  MONTH TO DATE    2.3                       3.7   -1.4       T
  SINCE MAR 1     19.3                      15.4    3.9      6.0
  SINCE JUL 1     82.6                      66.1   16.5     44.6
  SNOW DEPTH       0

DEGREE DAYS
 HEATING
  TODAY            3                        17    -14       28
  MONTH TO DATE  551                       659   -108      717
  SINCE MAR 1   1765                      1736     29     1702
  SINCE JUL 1   6893                      7382   -489     6617

 COOLING
  TODAY            0                         0      0        0
  MONTH TO DATE    0                         0      0        0
  SINCE MAR 1      0                         0      0        0
  SINCE JAN 1      0                         0      0        0
..................................................................


WIND (MPH)
  HIGHEST WIND SPEED    17   HIGHEST WIND DIRECTION     W (280)
  HIGHEST GUST SPEED    26   HIGHEST GUST DIRECTION     W (250)
  AVERAGE WIND SPEED     6.5


SKY COVER
  POSSIBLE SUNSHINE  MM
  AVERAGE SKY COVER 0.8


WEATHER CONDITIONS
 THE FOLLOWING WEATHER WAS RECORDED TODAY.
  FOG
  FOG W/VISIBILITY <= 1/4 MILE


RELATIVE HUMIDITY (PERCENT)
 HIGHEST   100          1200 AM
 LOWEST     31           300 PM
 AVERAGE    66

..........................................................


THE BANGOR ME CLIMATE NORMALS FOR TOMORROW
                         NORMAL    RECORD    YEAR
 MAXIMUM TEMPERATURE (F)   59        84      2004
 MINIMUM TEMPERATURE (F)   37        23      1943


SUNRISE AND SUNSET
APRIL 29 2017.........SUNRISE   528 AM EDT   SUNSET   738 PM EDT
APRIL 30 2017.........SUNRISE   526 AM EDT   SUNSET   739 PM EDT


-  INDICATES NEGATIVE NUMBERS.
R  INDICATES RECORD WAS SET OR TIED.
MM INDICATES DATA IS MISSING.
T  INDICATES TRACE AMOUNT.




$$
