000
CDUS41 KCAR 220535
CLIBGR


CLIMATE REPORT
NATIONAL WEATHER SERVICE CARIBOU, ME
1234 AM EST WED FEB 22 2017


...................................

...THE BANGOR ME CLIMATE SUMMARY FOR FEBRUARY 21 2017...

CLIMATE NORMAL PERIOD 1981 TO 2010
CLIMATE RECORD PERIOD 1925 TO 2017


WEATHER ITEM   OBSERVED TIME   RECORD YEAR NORMAL DEPARTURE LAST
                VALUE   (LST)  VALUE       VALUE  FROM      YEAR
                                                  NORMAL
..................................................................
TEMPERATURE (F)
 YESTERDAY
  MAXIMUM         37    327 PM  60    1937  33      4       45
  MINIMUM          8    609 AM -15    1929  12     -4       27
  AVERAGE         23                        22      1       36

PRECIPITATION (IN)
  YESTERDAY        0.00          0.80 1986   0.09  -0.09     0.02
  MONTH TO DATE    1.78                      1.85  -0.07     2.75
  SINCE DEC 1      9.18                      8.22   0.96     9.19
  SINCE JAN 1      5.41                      4.74   0.67     5.13

SNOWFALL (IN)
  YESTERDAY        0.0          16.1  1947   0.5             0.0
  MONTH TO DATE   37.4                      11.3            17.6
  SINCE DEC 1     61.8                      44.9            34.1
  SINCE JUL 1     63.3                      47.3            36.6
  SNOW DEPTH      18

DEGREE DAYS
 HEATING
  YESTERDAY       42                        43     -1       29
  MONTH TO DATE  969                       949     20      872
  SINCE DEC 1   3518                      3687   -169     3138
  SINCE JUL 1   4937                      5356   -419     4639

 COOLING
  YESTERDAY        0                         0      0        0
  MONTH TO DATE    0                         0      0        0
  SINCE DEC 1      0                         0      0        0
  SINCE JAN 1      0                         0      0        0
..................................................................


WIND (MPH)
  RESULTANT WIND SPEED   1   RESULTANT WIND DIRECTION  SW (210)
  HIGHEST WIND SPEED    13   HIGHEST WIND DIRECTION     S (180)
  HIGHEST GUST SPEED    17   HIGHEST GUST DIRECTION     S (190)


SKY COVER
  POSSIBLE SUNSHINE  MM
  AVERAGE SKY COVER 0.4


WEATHER CONDITIONS
 THE FOLLOWING WEATHER WAS RECORDED YESTERDAY.
  NO SIGNIFICANT WEATHER WAS OBSERVED.


RELATIVE HUMIDITY (PERCENT)
 HIGHEST    76
 LOWEST     26
 AVERAGE    51

..........................................................


THE BANGOR ME CLIMATE NORMALS FOR TODAY
                         NORMAL    RECORD    YEAR
 MAXIMUM TEMPERATURE (F)   33        56      1937
 MINIMUM TEMPERATURE (F)   12       -12      1963


SUNRISE AND SUNSET
FEBRUARY 22 2017......SUNRISE   624 AM EST   SUNSET   514 PM EST
FEBRUARY 23 2017......SUNRISE   623 AM EST   SUNSET   515 PM EST


-  INDICATES NEGATIVE NUMBERS.
R  INDICATES RECORD WAS SET OR TIED.
MM INDICATES DATA IS MISSING.
T  INDICATES TRACE AMOUNT.




$$
