000
CDUS41 KCAR 300527
CLIBGR


CLIMATE REPORT
NATIONAL WEATHER SERVICE CARIBOU, ME
127 AM EDT WED JUL 30 2014


...................................

...THE BANGOR ME CLIMATE SUMMARY FOR JULY 29 2014...

CLIMATE NORMAL PERIOD 1981 TO 2010
CLIMATE RECORD PERIOD 1925 TO 2014


WEATHER ITEM   OBSERVED TIME   RECORD YEAR NORMAL DEPARTURE LAST
                VALUE   (LST)  VALUE       VALUE  FROM      YEAR
                                                  NORMAL
..................................................................
TEMPERATURE (F)
 YESTERDAY
  MAXIMUM         76    326 PM  98    1949  80     -4       75
  MINIMUM         56   1132 PM  46    1987  58     -2       64
  AVERAGE         66                        69     -3       70

PRECIPITATION (IN)
  YESTERDAY        0.00          2.68 1958   0.12  -0.12     0.08
  MONTH TO DATE    6.78                      3.23   3.55     3.74
  SINCE JUN 1     10.37                      6.99   3.38     9.20
  SINCE JAN 1     24.78                     23.04   1.74    20.49

SNOWFALL (IN)
  YESTERDAY        0.0           0.0  2002   0.0             0.0
                                      2001
  MONTH TO DATE    0.0                       0.0             0.0
  SINCE JUN 1      0.0                       0.0             0.0
  SINCE JUL 1      0.0                       0.0             0.0
  SNOW DEPTH       0

DEGREE DAYS
 HEATING
  YESTERDAY        0                         1     -1        0
  MONTH TO DATE    5                        29    -24        8
  SINCE JUN 1     76                       136    -60      108
  SINCE JUL 1      5                        29    -24        8

 COOLING
  YESTERDAY        1                         5     -4        5
  MONTH TO DATE  166                       126     40      178
  SINCE JUN 1    212                       178     34      235
  SINCE JAN 1    212                       184     28      243
..................................................................


WIND (MPH)
  RESULTANT WIND SPEED   4   RESULTANT WIND DIRECTION   W (260)
  HIGHEST WIND SPEED    16   HIGHEST WIND DIRECTION    NW (300)
  HIGHEST GUST SPEED    23   HIGHEST GUST DIRECTION    NW (320)


SKY COVER
  POSSIBLE SUNSHINE  MM
  AVERAGE SKY COVER 0.6


WEATHER CONDITIONS
 THE FOLLOWING WEATHER WAS RECORDED YESTERDAY.
  FOG


RELATIVE HUMIDITY (PERCENT)
 HIGHEST    93
 LOWEST     50
 AVERAGE    72

..........................................................


THE BANGOR ME CLIMATE NORMALS FOR TODAY
                         NORMAL    RECORD    YEAR
 MAXIMUM TEMPERATURE (F)   80        99      1949
 MINIMUM TEMPERATURE (F)   58        46      1968


SUNRISE AND SUNSET
JULY 30 2014..........SUNRISE   519 AM EDT   SUNSET   804 PM EDT
JULY 31 2014..........SUNRISE   520 AM EDT   SUNSET   803 PM EDT


-  INDICATES NEGATIVE NUMBERS.
R  INDICATES RECORD WAS SET OR TIED.
MM INDICATES DATA IS MISSING.
T  INDICATES TRACE AMOUNT.




$$
