000
CDUS41 KCAR 290527
CLIBGR


CLIMATE REPORT
NATIONAL WEATHER SERVICE CARIBOU, ME
126 AM EDT FRI JUL 29 2016


...................................

...THE BANGOR ME CLIMATE SUMMARY FOR JULY 28 2016...

CLIMATE NORMAL PERIOD 1981 TO 2010
CLIMATE RECORD PERIOD 1925 TO 2016


WEATHER ITEM   OBSERVED TIME   RECORD YEAR NORMAL DEPARTURE LAST
                VALUE   (LST)  VALUE       VALUE  FROM      YEAR
                                                  NORMAL
..................................................................
TEMPERATURE (F)
 YESTERDAY
  MAXIMUM         91   1249 PM  96    1949  80     11       81
  MINIMUM         69    454 AM  43    1946  58     11       62
  AVERAGE         80                        69     11       72

PRECIPITATION (IN)
  YESTERDAY        T             3.04 1969   0.12  -0.12     0.11
  MONTH TO DATE    2.69                      3.11  -0.42     1.03
  SINCE JUN 1      5.54                      6.87  -1.33     5.93
  SINCE JAN 1     19.75                     22.92  -3.17    16.98

SNOWFALL (IN)
  YESTERDAY        0.0           0.0  2002   0.0             0.0
                                      2001
  MONTH TO DATE    0.0                       0.0             0.0
  SINCE JUN 1      0.0                       0.0             0.0
  SINCE JUL 1      0.0                       0.0             0.0
  SNOW DEPTH       0

DEGREE DAYS
 HEATING
  YESTERDAY        0                         1     -1        0
  MONTH TO DATE   11                        28    -17       29
  SINCE JUN 1     58                       135    -77      205
  SINCE JUL 1     11                        28    -17       29

 COOLING
  YESTERDAY       15                         5     10        7
  MONTH TO DATE  250                       121    129       76
  SINCE JUN 1    306                       173    133      100
  SINCE JAN 1    331                       179    152      123
..................................................................


WIND (MPH)
  RESULTANT WIND SPEED   6   RESULTANT WIND DIRECTION   S (180)
  HIGHEST WIND SPEED    22   HIGHEST WIND DIRECTION     S (180)
  HIGHEST GUST SPEED    28   HIGHEST GUST DIRECTION     S (180)


SKY COVER
  POSSIBLE SUNSHINE  MM
  AVERAGE SKY COVER 0.7


WEATHER CONDITIONS
 THE FOLLOWING WEATHER WAS RECORDED YESTERDAY.
  THUNDERSTORM
  FOG


RELATIVE HUMIDITY (PERCENT)
 HIGHEST    87
 LOWEST     44
 AVERAGE    66

..........................................................


THE BANGOR ME CLIMATE NORMALS FOR TODAY
                         NORMAL    RECORD    YEAR
 MAXIMUM TEMPERATURE (F)   80        98      1949
 MINIMUM TEMPERATURE (F)   58        46      1987


SUNRISE AND SUNSET
JULY 29 2016..........SUNRISE   518 AM EDT   SUNSET   804 PM EDT
JULY 30 2016..........SUNRISE   519 AM EDT   SUNSET   803 PM EDT


-  INDICATES NEGATIVE NUMBERS.
R  INDICATES RECORD WAS SET OR TIED.
MM INDICATES DATA IS MISSING.
T  INDICATES TRACE AMOUNT.




$$
