000
CDUS41 KCAR 230537
CLIBGR


CLIMATE REPORT
NATIONAL WEATHER SERVICE CARIBOU, ME
133 AM EDT FRI JUN 23 2017


...................................

...THE BANGOR ME CLIMATE SUMMARY FOR JUNE 22 2017...

CLIMATE NORMAL PERIOD 1981 TO 2010
CLIMATE RECORD PERIOD 1925 TO 2017


WEATHER ITEM   OBSERVED TIME   RECORD YEAR NORMAL DEPARTURE LAST
                VALUE   (LST)  VALUE       VALUE  FROM      YEAR
                                                  NORMAL
..................................................................
TEMPERATURE (F)
 YESTERDAY
  MAXIMUM         79    252 PM  97    1938  76      3       76
  MINIMUM         52    127 AM  36    1940  54     -2       48
  AVERAGE         66                        65      1       62

PRECIPITATION (IN)
  YESTERDAY        0.00          1.54 1944   0.11  -0.11     0.05
  MONTH TO DATE    3.03                      2.84   0.19     2.32
  SINCE JUN 1      3.03                      2.84   0.19     2.32
  SINCE JAN 1     21.33                     18.89   2.44    16.53

SNOWFALL (IN)
  YESTERDAY        0.0           0.0  2002   0.0             0.0
                                      2001
  MONTH TO DATE    T                         0.0             0.0
  SINCE JUN 1      T                         0.0             0.0
  SINCE JUL 1     82.6                      66.1            44.6
  SNOW DEPTH       0

DEGREE DAYS
 HEATING
  YESTERDAY        0                         2     -2        3
  MONTH TO DATE   85                        94     -9       96
  SINCE JUN 1     85                        94     -9       96
  SINCE JUL 1   7377                      7847   -470     7039

 COOLING
  YESTERDAY        1                         2     -1        0
  MONTH TO DATE   44                        31     13        5
  SINCE JUN 1     44                        31     13        5
  SINCE JAN 1     51                        37     14       15
..................................................................


WIND (MPH)
  RESULTANT WIND SPEED   6   RESULTANT WIND DIRECTION   W (270)
  HIGHEST WIND SPEED    18   HIGHEST WIND DIRECTION    NW (310)
  HIGHEST GUST SPEED    25   HIGHEST GUST DIRECTION    NW (300)


SKY COVER
  POSSIBLE SUNSHINE  MM
  AVERAGE SKY COVER 0.5


WEATHER CONDITIONS
 THE FOLLOWING WEATHER WAS RECORDED YESTERDAY.
  NO SIGNIFICANT WEATHER WAS OBSERVED.


RELATIVE HUMIDITY (PERCENT)
 HIGHEST    89
 LOWEST     32
 AVERAGE    61

..........................................................


THE BANGOR ME CLIMATE NORMALS FOR TODAY
                         NORMAL    RECORD    YEAR
 MAXIMUM TEMPERATURE (F)   76        97      1938
 MINIMUM TEMPERATURE (F)   54        42      1940


SUNRISE AND SUNSET
JUNE 23 2017..........SUNRISE   450 AM EDT   SUNSET   825 PM EDT
JUNE 24 2017..........SUNRISE   450 AM EDT   SUNSET   825 PM EDT


-  INDICATES NEGATIVE NUMBERS.
R  INDICATES RECORD WAS SET OR TIED.
MM INDICATES DATA IS MISSING.
T  INDICATES TRACE AMOUNT.




$$
