000
CDUS41 KCAR 160528
CLIBGR


CLIMATE REPORT
NATIONAL WEATHER SERVICE CARIBOU, ME
1228 AM EST SAT DEC 16 2017


...................................

...THE BANGOR ME CLIMATE SUMMARY FOR DECEMBER 15 2017...

CLIMATE NORMAL PERIOD 1981 TO 2010
CLIMATE RECORD PERIOD 1925 TO 2017


WEATHER ITEM   OBSERVED TIME   RECORD YEAR NORMAL DEPARTURE LAST
                VALUE   (LST)  VALUE       VALUE  FROM      YEAR
                                                  NORMAL
..................................................................
TEMPERATURE (F)
 YESTERDAY
  MAXIMUM         21    257 PM  55    2008  34    -13       23
  MINIMUM          6    740 AM -20    1943  16    -10       -3
  AVERAGE         14                        25    -11       10

PRECIPITATION (IN)
  YESTERDAY        0.00          1.50 1968   0.12  -0.12      T
  MONTH TO DATE    2.47                      1.89   0.58     1.23
  SINCE DEC 1      2.47                      1.89   0.58     1.23
  SINCE JAN 1     39.97                     40.34  -0.37    31.81

SNOWFALL (IN)
  YESTERDAY        0.0          16.0  2003   0.5              T
  MONTH TO DATE    8.4                       6.1             6.6
  SINCE DEC 1      8.4                       6.1             6.6
  SINCE JUL 1      8.4                       8.5             8.1
  SNOW DEPTH       6

DEGREE DAYS
 HEATING
  YESTERDAY       51                        40     11       55
  MONTH TO DATE  552                       556     -4      620
  SINCE DEC 1    552                       556     -4      620
  SINCE JUL 1   1811                      2225   -414     2039

 COOLING
  YESTERDAY        0                         0      0        0
  MONTH TO DATE    0                         0      0        0
  SINCE DEC 1      0                         0      0        0
  SINCE JAN 1    368                       318     50      448
..................................................................


WIND (MPH)
  RESULTANT WIND SPEED   4   RESULTANT WIND DIRECTION   W (250)
  HIGHEST WIND SPEED    13   HIGHEST WIND DIRECTION    SW (240)
  HIGHEST GUST SPEED    16   HIGHEST GUST DIRECTION     W (250)


SKY COVER
  POSSIBLE SUNSHINE  MM
  AVERAGE SKY COVER 0.4


WEATHER CONDITIONS
 THE FOLLOWING WEATHER WAS RECORDED YESTERDAY.
  NO SIGNIFICANT WEATHER WAS OBSERVED.


RELATIVE HUMIDITY (PERCENT)
 HIGHEST    88
 LOWEST     56
 AVERAGE    72

..........................................................


THE BANGOR ME CLIMATE NORMALS FOR TODAY
                         NORMAL    RECORD    YEAR
 MAXIMUM TEMPERATURE (F)   34        55      2008
 MINIMUM TEMPERATURE (F)   15       -27      1943


SUNRISE AND SUNSET
DECEMBER 16 2017......SUNRISE   707 AM EST   SUNSET   355 PM EST
DECEMBER 17 2017......SUNRISE   707 AM EST   SUNSET   356 PM EST


-  INDICATES NEGATIVE NUMBERS.
R  INDICATES RECORD WAS SET OR TIED.
MM INDICATES DATA IS MISSING.
T  INDICATES TRACE AMOUNT.




$$
