000
CDUS41 KCAR 270527
CLIBGR


CLIMATE REPORT
NATIONAL WEATHER SERVICE CARIBOU, ME
1226 AM EST THU NOV 27 2014


...................................

...THE BANGOR ME CLIMATE SUMMARY FOR NOVEMBER 26 2014...

CLIMATE NORMAL PERIOD 1981 TO 2010
CLIMATE RECORD PERIOD 1925 TO 2014


WEATHER ITEM   OBSERVED TIME   RECORD YEAR NORMAL DEPARTURE LAST
                VALUE   (LST)  VALUE       VALUE  FROM      YEAR
                                                  NORMAL
..................................................................
TEMPERATURE (F)
 YESTERDAY
  MAXIMUM         44   1254 AM  60    1953  41      3       34
  MINIMUM         30   1159 PM  -1    1939  25      5       24
  AVERAGE         37                        33      4       29

PRECIPITATION (IN)
  YESTERDAY        0.69          1.40 1958   0.14   0.55     0.03
  MONTH TO DATE    3.11                      3.63  -0.52     1.34
  SINCE SEP 1     10.85                     11.63  -0.78     9.53
  SINCE JAN 1     38.59                     37.88   0.71    34.71

SNOWFALL (IN)
  YESTERDAY        9.5          11.8  1987   0.2             0.7
  MONTH TO DATE   24.2                       1.6             0.7
  SINCE SEP 1     24.2                       1.7             0.7
  SINCE JUL 1     24.2                       1.7             0.7
  SNOW DEPTH       0

DEGREE DAYS
 HEATING
  YESTERDAY       28                        32     -4       36
  MONTH TO DATE  758                       710     48      742
  SINCE SEP 1   1383                      1473    -90     1404
  SINCE JUL 1   1404                      1536   -132     1436

 COOLING
  YESTERDAY        0                         0      0        0
  MONTH TO DATE    0                         0      0        0
  SINCE SEP 1     49                        24     25       33
  SINCE JAN 1    363                       318     45      355
..................................................................


WIND (MPH)
  RESULTANT WIND SPEED   6   RESULTANT WIND DIRECTION   N (360)
  HIGHEST WIND SPEED    29   HIGHEST WIND DIRECTION     N (10)
  HIGHEST GUST SPEED    35   HIGHEST GUST DIRECTION     N (20)


SKY COVER
  POSSIBLE SUNSHINE  MM
  AVERAGE SKY COVER 0.9


WEATHER CONDITIONS
 THE FOLLOWING WEATHER WAS RECORDED YESTERDAY.
  SNOW
  LIGHT SNOW
  FOG


RELATIVE HUMIDITY (PERCENT)
 HIGHEST   100
 LOWEST     45
 AVERAGE    73

..........................................................


THE BANGOR ME CLIMATE NORMALS FOR TODAY
                         NORMAL    RECORD    YEAR
 MAXIMUM TEMPERATURE (F)   41        59      1999
                                             1979
 MINIMUM TEMPERATURE (F)   25         3      1932


SUNRISE AND SUNSET
NOVEMBER 27 2014......SUNRISE   648 AM EST   SUNSET   358 PM EST
NOVEMBER 28 2014......SUNRISE   649 AM EST   SUNSET   357 PM EST


-  INDICATES NEGATIVE NUMBERS.
R  INDICATES RECORD WAS SET OR TIED.
MM INDICATES DATA IS MISSING.
T  INDICATES TRACE AMOUNT.




$$
