952
CDUS44 KBMX 080917
CLIBHM


CLIMATE REPORT
NATIONAL WEATHER SERVICE BIRMINGHAM, AL
317 AM CST MON FEB 8 2016


...................................

...THE BIRMINGHAM CLIMATE SUMMARY FOR FEBRUARY 7 2016...

CLIMATE NORMAL PERIOD 1981 TO 2010
CLIMATE RECORD PERIOD 1895 TO 2016


WEATHER ITEM   OBSERVED TIME   RECORD YEAR NORMAL DEPARTURE LAST
                VALUE   (LST)  VALUE       VALUE  FROM      YEAR
                                                  NORMAL
..................................................................
TEMPERATURE (F)
 YESTERDAY
  MAXIMUM         57    413 PM  76    1999  56      1       67
                                      1957
  MINIMUM         27    652 AM  12    1988  35     -8       30
  AVERAGE         42                        46     -4       49

PRECIPITATION (IN)
  YESTERDAY        0.00          5.60 1903   0.15  -0.15     0.00
  MONTH TO DATE    3.05                      1.12   1.93     0.29
  SINCE DEC 1     16.86                     10.41   6.45    11.82
  SINCE JAN 1      6.33                      5.96   0.37     4.67

SNOWFALL (IN)
  YESTERDAY        0.0                       0.0    0.0      0.0
  MONTH TO DATE    0.0                       0.0    0.0      0.0
  SINCE DEC 1      T                         0.7   -0.7       T
  SINCE JUL 1      T                         0.7   -0.7       T
  SNOW DEPTH       0

DEGREE DAYS
 HEATING
  YESTERDAY       23                        19      4       16
  MONTH TO DATE  105                       138    -33      163
  SINCE DEC 1   1075                      1385   -310     1358
  SINCE JUL 1   1346                      1843   -497     1920
..................................................................


WIND (MPH)
  HIGHEST WIND SPEED    15   HIGHEST WIND DIRECTION     W (270)
  HIGHEST GUST SPEED    18   HIGHEST GUST DIRECTION     W (260)
  AVERAGE WIND SPEED     3.8


SKY COVER
  AVERAGE SKY COVER 0.1


WEATHER CONDITIONS
 THE FOLLOWING WEATHER WAS RECORDED YESTERDAY.
  NO SIGNIFICANT WEATHER WAS OBSERVED.


RELATIVE HUMIDITY (PERCENT)
 HIGHEST    92           400 AM
 LOWEST     24           300 PM
 AVERAGE    58

..........................................................


THE BIRMINGHAM CLIMATE NORMALS FOR TODAY
                         NORMAL    RECORD    YEAR
 MAXIMUM TEMPERATURE (F)   57        83      1918
 MINIMUM TEMPERATURE (F)   36        11      1933


SUNRISE AND SUNSET
FEBRUARY  8 2016......SUNRISE   638 AM CST   SUNSET   525 PM CST
FEBRUARY  9 2016......SUNRISE   637 AM CST   SUNSET   526 PM CST


-  INDICATES NEGATIVE NUMBERS.
R  INDICATES RECORD WAS SET OR TIED.
MM INDICATES DATA IS MISSING.
T  INDICATES TRACE AMOUNT.




$$
