000
CDUS44 KBMX 200017
CLIBHM


CLIMATE REPORT
NATIONAL WEATHER SERVICE BIRMINGHAM, AL
717 PM CDT SAT AUG 19 2017


...................................

...THE BIRMINGHAM CLIMATE SUMMARY FOR AUGUST 19 2017...
VALID TODAY AS OF 0700 PM LOCAL TIME.

CLIMATE NORMAL PERIOD 1981 TO 2010
CLIMATE RECORD PERIOD 1895 TO 2017


WEATHER ITEM   OBSERVED TIME   RECORD YEAR NORMAL DEPARTURE LAST
                VALUE   (LST)  VALUE       VALUE  FROM      YEAR
                                                  NORMAL
..................................................................
TEMPERATURE (F)
 TODAY
  MAXIMUM         93    308 PM 103    1999  91      2       86
                                      1990
  MINIMUM         70    437 AM  62    1992  71     -1       73
                                      1976
                                      1967
  AVERAGE         82                        81      1       80

PRECIPITATION (IN)
  TODAY            0.00          2.46 1901   0.12  -0.12     0.30
  MONTH TO DATE    3.65                      2.48   1.17     1.40
  SINCE JUN 1     23.94                     11.66  12.28    12.44
  SINCE JAN 1     51.60                     35.63  15.97    34.05

DEGREE DAYS
 COOLING
  TODAY           17                        16      1       15
  MONTH TO DATE  299                       304     -5      348
  SINCE JUN 1   1189                      1185      4     1417
  SINCE JAN 1   1651                      1467    184     1740
..................................................................


WIND (MPH)
  HIGHEST WIND SPEED    12   HIGHEST WIND DIRECTION    NE (30)
  HIGHEST GUST SPEED    14   HIGHEST GUST DIRECTION     N (360)
  AVERAGE WIND SPEED     3.0


SKY COVER
  AVERAGE SKY COVER 0.1


WEATHER CONDITIONS
 THE FOLLOWING WEATHER WAS RECORDED TODAY.
  NO SIGNIFICANT WEATHER WAS OBSERVED.


RELATIVE HUMIDITY (PERCENT)
 HIGHEST    93           200 AM
 LOWEST     47           200 PM
 AVERAGE    70

..........................................................


THE BIRMINGHAM CLIMATE NORMALS FOR TOMORROW
                         NORMAL    RECORD    YEAR
 MAXIMUM TEMPERATURE (F)   91       102      1925
 MINIMUM TEMPERATURE (F)   71        58      1927


SUNRISE AND SUNSET
AUGUST 19 2017........SUNRISE   612 AM CDT   SUNSET   728 PM CDT
AUGUST 20 2017........SUNRISE   613 AM CDT   SUNSET   727 PM CDT


-  INDICATES NEGATIVE NUMBERS.
R  INDICATES RECORD WAS SET OR TIED.
MM INDICATES DATA IS MISSING.
T  INDICATES TRACE AMOUNT.




$$
