000
CDUS44 KBMX 280734
CLIBHM


CLIMATE REPORT
NATIONAL WEATHER SERVICE BIRMINGHAM, AL
234 AM CDT WED JUN 28 2017


...................................

...THE BIRMINGHAM CLIMATE SUMMARY FOR JUNE 27 2017...

CLIMATE NORMAL PERIOD 1981 TO 2010
CLIMATE RECORD PERIOD 1895 TO 2017


WEATHER ITEM   OBSERVED TIME   RECORD YEAR NORMAL DEPARTURE LAST
                VALUE   (LST)  VALUE       VALUE  FROM      YEAR
                                                  NORMAL
..................................................................
TEMPERATURE (F)
 YESTERDAY
  MAXIMUM         86    404 PM 102    1954  90     -4       94
  MINIMUM         64    340 AM  53    1974  70     -6       72
  AVERAGE         75                        80     -5       83

PRECIPITATION (IN)
  YESTERDAY        0.00          1.80 1926   0.15  -0.15     1.31
  MONTH TO DATE    8.37                      3.90   4.47     3.96
  SINCE JUN 1      8.37                      3.90   4.47     3.96
  SINCE JAN 1     36.03                     27.87   8.16    25.57

DEGREE DAYS
 COOLING
  YESTERDAY       10                        15     -5       18
  MONTH TO DATE  319                       338    -19      432
  SINCE JUN 1    319                       338    -19      432
  SINCE JAN 1    781                       620    161      755
..................................................................


WIND (MPH)
  HIGHEST WIND SPEED    15   HIGHEST WIND DIRECTION    NE (30)
  HIGHEST GUST SPEED    21   HIGHEST GUST DIRECTION    NE (30)
  AVERAGE WIND SPEED     4.8


SKY COVER
  AVERAGE SKY COVER 0.3


WEATHER CONDITIONS
 THE FOLLOWING WEATHER WAS RECORDED YESTERDAY.
  NO SIGNIFICANT WEATHER WAS OBSERVED.


RELATIVE HUMIDITY (PERCENT)
 HIGHEST    93           500 AM
 LOWEST     37           200 PM
 AVERAGE    65

..........................................................


THE BIRMINGHAM CLIMATE NORMALS FOR TODAY
                         NORMAL    RECORD    YEAR
 MAXIMUM TEMPERATURE (F)   90       104      1931
 MINIMUM TEMPERATURE (F)   70        53      1968


SUNRISE AND SUNSET
JUNE 28 2017..........SUNRISE   539 AM CDT   SUNSET   801 PM CDT
JUNE 29 2017..........SUNRISE   540 AM CDT   SUNSET   801 PM CDT


-  INDICATES NEGATIVE NUMBERS.
R  INDICATES RECORD WAS SET OR TIED.
MM INDICATES DATA IS MISSING.
T  INDICATES TRACE AMOUNT.




$$
