000
CDUS44 KBMX 170837
CLIBHM


CLIMATE REPORT
NATIONAL WEATHER SERVICE BIRMINGHAM, AL
235 AM CST TUE JAN 17 2017


...................................

...THE BIRMINGHAM CLIMATE SUMMARY FOR JANUARY 16 2017...

CLIMATE NORMAL PERIOD 1981 TO 2010
CLIMATE RECORD PERIOD 1895 TO 2017


WEATHER ITEM   OBSERVED TIME   RECORD YEAR NORMAL DEPARTURE LAST
                VALUE   (LST)  VALUE       VALUE  FROM      YEAR
                                                  NORMAL
..................................................................
TEMPERATURE (F)
 YESTERDAY
  MAXIMUM         72    158 PM  77    1943  54     18       55
  MINIMUM         51    215 AM   7    1972  34     17       36
  AVERAGE         62                        44     18       46

PRECIPITATION (IN)
  YESTERDAY        0.00          0.96 1925   0.16  -0.16     0.00
                                      1924
  MONTH TO DATE    2.56                      2.37   0.19     0.86
  SINCE DEC 1      4.95                      6.82  -1.87    11.39
  SINCE JAN 1      2.56                      2.37   0.19     0.86

SNOWFALL (IN)
  YESTERDAY        0.0                       0.0    0.0      0.0
  MONTH TO DATE    0.3                       0.3    0.0      0.0
  SINCE DEC 1      0.3                       0.4   -0.1      0.0
  SINCE JUL 1      0.3                       0.4   -0.1      0.0
  SNOW DEPTH       0

DEGREE DAYS
 HEATING
  YESTERDAY        3                        22    -19       19
  MONTH TO DATE  232                       345   -113      352
  SINCE DEC 1    716                       934   -218      635
  SINCE JUL 1    948                      1392   -444      906
..................................................................


WIND (MPH)
  HIGHEST WIND SPEED    16   HIGHEST WIND DIRECTION     S (160)
  HIGHEST GUST SPEED    22   HIGHEST GUST DIRECTION     S (160)
  AVERAGE WIND SPEED     6.3


SKY COVER
  AVERAGE SKY COVER 0.7


WEATHER CONDITIONS
 THE FOLLOWING WEATHER WAS RECORDED YESTERDAY.
  NO SIGNIFICANT WEATHER WAS OBSERVED.


RELATIVE HUMIDITY (PERCENT)
 HIGHEST    89           100 AM
 LOWEST     49           200 PM
 AVERAGE    69

..........................................................


THE BIRMINGHAM CLIMATE NORMALS FOR TODAY
                         NORMAL    RECORD    YEAR
 MAXIMUM TEMPERATURE (F)   54        79      1943
 MINIMUM TEMPERATURE (F)   34         0      1982


SUNRISE AND SUNSET
JANUARY 17 2017.......SUNRISE   651 AM CST   SUNSET   504 PM CST
JANUARY 18 2017.......SUNRISE   650 AM CST   SUNSET   505 PM CST


-  INDICATES NEGATIVE NUMBERS.
R  INDICATES RECORD WAS SET OR TIED.
MM INDICATES DATA IS MISSING.
T  INDICATES TRACE AMOUNT.




$$
