000
CDUS44 KBMX 012218
CLIBHM


CLIMATE REPORT
NATIONAL WEATHER SERVICE BIRMINGHAM, AL
417 PM CST SUN FEB 1 2015


...................................

...THE BIRMINGHAM CLIMATE SUMMARY FOR FEBRUARY 1 2015...
VALID AS OF 0400 PM LOCAL TIME.

CLIMATE NORMAL PERIOD 1981 TO 2010
CLIMATE RECORD PERIOD 2014 TO 2015


WEATHER ITEM   OBSERVED TIME   RECORD YEAR NORMAL DEPARTURE LAST
                VALUE   (LST)  VALUE       VALUE  FROM      YEAR
                                                  NORMAL
..................................................................
TEMPERATURE (F)
 TODAY
  MAXIMUM         54    259 PM  77    1950  55     -1       66
  MINIMUM         47    950 AM  10    1951  35     12       37
  AVERAGE         51                        45      6       52

PRECIPITATION (IN)
  TODAY            0.14          2.20 1902   0.17  -0.03     0.00
  MONTH TO DATE    0.14                      0.17  -0.03     0.00
  SINCE DEC 1     11.67                      9.46   2.21     8.62
  SINCE JAN 1      4.52                      5.01  -0.49     1.56

SNOWFALL (IN)
  TODAY            0.0                       0.0    0.0      0.0
  MONTH TO DATE    0.0                       0.0    0.0      0.0
  SINCE DEC 1      T                         0.7   -0.7      2.0
  SINCE JUL 1      T                         0.7   -0.7      2.0
  SNOW DEPTH       0

..................................................................


WIND (MPH)
  HIGHEST WIND SPEED    15   HIGHEST WIND DIRECTION     S (160)
  HIGHEST GUST SPEED    24   HIGHEST GUST DIRECTION     S (170)
  AVERAGE WIND SPEED     8.3


SKY COVER
  AVERAGE SKY COVER 0.9


WEATHER CONDITIONS
 THE FOLLOWING WEATHER WAS RECORDED TODAY.
  LIGHT RAIN
  FOG


RELATIVE HUMIDITY (PERCENT)
 HIGHEST    93          1200 PM
 LOWEST     32          1200 AM
 AVERAGE    63

..........................................................


THE BIRMINGHAM CLIMATE NORMALS FOR TOMORROW
                         NORMAL    RECORD    YEAR
 MAXIMUM TEMPERATURE (F)   56        77      1989
 MINIMUM TEMPERATURE (F)   35         7      1951


SUNRISE AND SUNSET
FEBRUARY  1 2015......SUNRISE   643 AM CST   SUNSET   518 PM CST
FEBRUARY  2 2015......SUNRISE   643 AM CST   SUNSET   519 PM CST


-  INDICATES NEGATIVE NUMBERS.
R  INDICATES RECORD WAS SET OR TIED.
MM INDICATES DATA IS MISSING.
T  INDICATES TRACE AMOUNT.




$$
