000
CDUS44 KBMX 030748
CLIBHM


CLIMATE REPORT
NATIONAL WEATHER SERVICE BIRMINGHAM, AL
246 AM CDT FRI JUL 3 2015


...................................

...THE BIRMINGHAM CLIMATE SUMMARY FOR JULY 2 2015...

CLIMATE NORMAL PERIOD 1981 TO 2010
CLIMATE RECORD PERIOD 2014 TO 2015


WEATHER ITEM   OBSERVED TIME   RECORD YEAR NORMAL DEPARTURE LAST
                VALUE   (LST)  VALUE       VALUE  FROM      YEAR
                                                  NORMAL
..................................................................
TEMPERATURE (F)
 YESTERDAY
  MAXIMUM         89    154 PM 101    1954  90     -1       93
  MINIMUM         72    255 AM  57    1924  71      1       72
  AVERAGE         81                        80      1       83

PRECIPITATION (IN)
  YESTERDAY        T             2.43 1989   0.17  -0.17      T
  MONTH TO DATE    0.26                      0.33  -0.07      T
  SINCE JUN 1      1.96                      4.71  -2.75     4.81
  SINCE JAN 1     27.69                     28.68  -0.99    27.67

DEGREE DAYS
 COOLING
  YESTERDAY       16                        15      1       18
  MONTH TO DATE   30                        30      0       36
  SINCE JUN 1    496                       412     84      442
  SINCE JAN 1    831                       694    137      735
..................................................................


WIND (MPH)
  HIGHEST WIND SPEED    23   HIGHEST WIND DIRECTION     W (250)
  HIGHEST GUST SPEED    29   HIGHEST GUST DIRECTION    SW (240)
  AVERAGE WIND SPEED    11.2


SKY COVER
  AVERAGE SKY COVER 0.7


WEATHER CONDITIONS
 THE FOLLOWING WEATHER WAS RECORDED YESTERDAY.
  LIGHT RAIN


RELATIVE HUMIDITY (PERCENT)
 HIGHEST    93           100 AM
 LOWEST     47           200 PM
 AVERAGE    70

..........................................................


THE BIRMINGHAM CLIMATE NORMALS FOR TODAY
                         NORMAL    RECORD    YEAR
 MAXIMUM TEMPERATURE (F)   90       101      1970
 MINIMUM TEMPERATURE (F)   71        57      1924


SUNRISE AND SUNSET
JULY  3 2015..........SUNRISE   541 AM CDT   SUNSET   801 PM CDT
JULY  4 2015..........SUNRISE   542 AM CDT   SUNSET   801 PM CDT


-  INDICATES NEGATIVE NUMBERS.
R  INDICATES RECORD WAS SET OR TIED.
MM INDICATES DATA IS MISSING.
T  INDICATES TRACE AMOUNT.




$$
