000
CDUS44 KBMX 210935
CLIBHM


CLIMATE REPORT
NATIONAL WEATHER SERVICE BIRMINGHAM, AL
435 AM CDT TUE OCT 21 2014


...................................

...THE BIRMINGHAM CLIMATE SUMMARY FOR OCTOBER 20 2014...

CLIMATE NORMAL PERIOD 1981 TO 2010
CLIMATE RECORD PERIOD 1895 TO 2014


WEATHER ITEM   OBSERVED TIME   RECORD YEAR NORMAL DEPARTURE LAST
                VALUE   (LST)  VALUE       VALUE  FROM      YEAR
                                                  NORMAL
..................................................................
TEMPERATURE (F)
 YESTERDAY
  MAXIMUM         74    253 PM  88    1941  74      0       69
  MINIMUM         46    203 AM  32    1964  51     -5       41
                                      1913
  AVERAGE         60                        63     -3       55

PRECIPITATION (IN)
  YESTERDAY        0.00          1.56 1929   0.10  -0.10     0.00
  MONTH TO DATE    3.30                      2.20   1.10     1.38
  SINCE SEP 1      4.94                      6.10  -1.16     3.85
  SINCE JAN 1     37.80                     43.18  -5.38    56.11

SNOWFALL (IN)
  YESTERDAY        0.0                       0.0    0.0      0.0
  MONTH TO DATE    0.0                       0.0    0.0      0.0
  SINCE SEP 1      0.0                       0.0    0.0      0.0
  SINCE JUL 1      0.0                       0.0    0.0      0.0
  SNOW DEPTH       0

DEGREE DAYS
 HEATING
  YESTERDAY        5                         4      1       10
  MONTH TO DATE   32                        54    -22       24
  SINCE SEP 1     32                        63    -31       24
  SINCE JUL 1     32                        63    -31       24

 COOLING
  YESTERDAY        0                         2     -2        0
  MONTH TO DATE  111                        70     41       97
  SINCE SEP 1    487                       370    117      415
  SINCE JAN 1   2127                      2020    107     1940
..................................................................


WIND (MPH)
  HIGHEST WIND SPEED    12   HIGHEST WIND DIRECTION     W (260)
  HIGHEST GUST SPEED    15   HIGHEST GUST DIRECTION    SW (240)
  AVERAGE WIND SPEED     1.7


SKY COVER
  AVERAGE SKY COVER 0.2


WEATHER CONDITIONS
 THE FOLLOWING WEATHER WAS RECORDED YESTERDAY.
  NO SIGNIFICANT WEATHER WAS OBSERVED.


RELATIVE HUMIDITY (PERCENT)
 HIGHEST    93           100 AM
 LOWEST     38           100 PM
 AVERAGE    66

..........................................................


THE BIRMINGHAM CLIMATE NORMALS FOR TODAY
                         NORMAL    RECORD    YEAR
 MAXIMUM TEMPERATURE (F)   74        89      1963
 MINIMUM TEMPERATURE (F)   51        30      1913


SUNRISE AND SUNSET
OCTOBER 21 2014.......SUNRISE   656 AM CDT   SUNSET   606 PM CDT
OCTOBER 22 2014.......SUNRISE   657 AM CDT   SUNSET   605 PM CDT


-  INDICATES NEGATIVE NUMBERS.
R  INDICATES RECORD WAS SET OR TIED.
MM INDICATES DATA IS MISSING.
T  INDICATES TRACE AMOUNT.




$$
