000
CDUS45 KVEF 180025
CLIBIH


CLIMATE REPORT
NATIONAL WEATHER SERVICE LAS VEGAS, NV
525 PM PDT THU APR 17 2014


...................................

...THE BISHOP CA CLIMATE SUMMARY FOR APRIL 17 2014...
VALID TODAY AS OF 0500 PM LOCAL TIME.

CLIMATE NORMAL PERIOD 1981 TO 2010
CLIMATE RECORD PERIOD 1943 TO 2014


WEATHER ITEM   OBSERVED RECORD YEAR NORMAL DEPARTURE LAST
                VALUE   VALUE       VALUE  FROM      YEAR
                                           NORMAL
...........................................................
TEMPERATURE (F)
 TODAY
  MAXIMUM         84     90    1989  73     11       58
                               1954
  MINIMUM         43     23    1976  36      7       29
  AVERAGE         64

PRECIPITATION (IN)
  TODAY            0.00   0.45 2000   0.01  -0.01     0.00
  MONTH TO DATE    0.07               0.18  -0.11      T
  SINCE OCT 1      2.24               4.23  -1.99     1.23
  SINCE JAN 1      2.02               2.61  -0.59      T

SNOWFALL (IN)
  TODAY            0.0    0.1  1971   0.0    0.0      0.0
  MONTH TO DATE    0.1                0.0    0.1      0.0
  SINCE MAR 1      0.1                0.9   -0.8      0.0
  SINCE JUL 1      0.6                6.8   -6.2      2.8
  SNOW DEPTH       0

DEGREE DAYS
 HEATING
  TODAY            1                 10     -9       21
  MONTH TO DATE  132                208    -76      160
  SINCE MAR 1    567                724   -157      526
  SINCE JUL 1   3517               3931   -414     3733

 COOLING
  TODAY            0                  0      0        0
  MONTH TO DATE    2                  0      2        1
  SINCE MAR 1      2                  0      2        1
  SINCE JAN 1      2                  0      2        1
...........................................................


WIND (MPH)
  RESULTANT WIND SPEED   4   RESULTANT WIND DIRECTION   S (180)
  HIGHEST WIND SPEED    29   HIGHEST WIND DIRECTION    SE (140)
  HIGHEST GUST SPEED    38   HIGHEST GUST DIRECTION    SE (140)
  AVERAGE WIND SPEED    10.9


SKY COVER
  POSSIBLE SUNSHINE  MM
  AVERAGE SKY COVER 0.0


WEATHER CONDITIONS
 THE FOLLOWING WEATHER WAS RECORDED TODAY.
  NO SIGNIFICANT WEATHER WAS OBSERVED.


RELATIVE HUMIDITY (PERCENT)
 HIGHEST    49           600 AM
 LOWEST     10           100 PM
 AVERAGE    30

..........................................................


THE BISHOP CA CLIMATE NORMALS FOR TOMORROW
                         NORMAL    RECORD    YEAR
 MAXIMUM TEMPERATURE (F)   73        91      1989
 MINIMUM TEMPERATURE (F)   37        22      2002


SUNRISE AND SUNSET
APRIL 17 2014.........SUNRISE   616 AM PDT   SUNSET   731 PM PDT
APRIL 18 2014.........SUNRISE   615 AM PDT   SUNSET   731 PM PDT


-  INDICATES NEGATIVE NUMBERS.
R  INDICATES RECORD WAS SET OR TIED.
MM INDICATES DATA IS MISSING.
T  INDICATES TRACE AMOUNT.




$$
