073
CDUS45 KVEF 250829
CLIBIH


CLIMATE REPORT
NATIONAL WEATHER SERVICE LAS VEGAS, NV
128 AM PDT THU AUG 25 2016


...................................

...THE BISHOP CA CLIMATE SUMMARY FOR AUGUST 24 2016...

CLIMATE NORMAL PERIOD 1981 TO 2010
CLIMATE RECORD PERIOD 1943 TO 2016


WEATHER ITEM   OBSERVED TIME   RECORD YEAR NORMAL DEPARTURE LAST
                VALUE   (LST)  VALUE       VALUE  FROM      YEAR
                                                  NORMAL
..................................................................
TEMPERATURE (F)
 YESTERDAY
  MAXIMUM         97    335 PM 102    2011  95      2      100
                                      1985
  MINIMUM         50    552 AM  41    1978  52     -2       53
  AVERAGE         74                        74      0       77

PRECIPITATION (IN)
  YESTERDAY        0.00          0.03 1982   0.00   0.00     0.00
  MONTH TO DATE    T                         0.10  -0.10     0.02
  SINCE OCT 1      3.88                      4.95  -1.07     3.01
  SINCE JAN 1      3.07                      3.33  -0.26     2.55

SNOWFALL (IN)
  YESTERDAY        0.0          MM      MM   0.0    0.0      0.0
  MONTH TO DATE    0.0                       0.0    0.0      0.0
  SINCE JUN 1      0.0                       0.0    0.0      0.0
  SINCE JUL 1      0.0                       0.0    0.0      0.0
  SNOW DEPTH       0

DEGREE DAYS
 HEATING
  YESTERDAY        0                         0      0        0
  MONTH TO DATE    0                         0      0        0
  SINCE JUN 1      3                        20    -17        0
  SINCE JUL 1      0                         1     -1        0

 COOLING
  YESTERDAY        9                         9      0       12
  MONTH TO DATE  285                       257     28      315
  SINCE JUN 1   1104                       853    251     1011
  SINCE JAN 1   1151                       921    230     1062
..................................................................


WIND (MPH)
  RESULTANT WIND SPEED   2   RESULTANT WIND DIRECTION  NW (330)
  HIGHEST WIND SPEED    15   HIGHEST WIND DIRECTION    NW (330)
  HIGHEST GUST SPEED    20   HIGHEST GUST DIRECTION     N (10)
  AVERAGE WIND SPEED     6.2


SKY COVER
  POSSIBLE SUNSHINE  MM
  AVERAGE SKY COVER 0.0


WEATHER CONDITIONS
 THE FOLLOWING WEATHER WAS RECORDED YESTERDAY.
  NO SIGNIFICANT WEATHER WAS OBSERVED.


RELATIVE HUMIDITY (PERCENT)
 HIGHEST    63           600 AM
 LOWEST      7           300 PM
 AVERAGE    35

..........................................................


THE BISHOP CA CLIMATE NORMALS FOR TODAY
                         NORMAL    RECORD    YEAR
 MAXIMUM TEMPERATURE (F)   95       103      2010
                                             1985
 MINIMUM TEMPERATURE (F)   52        40      1947


SUNRISE AND SUNSET
AUGUST 25 2016........SUNRISE   619 AM PDT   SUNSET   731 PM PDT
AUGUST 26 2016........SUNRISE   619 AM PDT   SUNSET   730 PM PDT


-  INDICATES NEGATIVE NUMBERS.
R  INDICATES RECORD WAS SET OR TIED.
MM INDICATES DATA IS MISSING.
T  INDICATES TRACE AMOUNT.




$$
