000
CDUS45 KVEF 080845
CLIBIH


CLIMATE REPORT
NATIONAL WEATHER SERVICE LAS VEGAS, NV
1245 AM PST MON FEB 8 2016


...................................

...THE BISHOP CA CLIMATE SUMMARY FOR FEBRUARY 7 2016...

CLIMATE NORMAL PERIOD 1981 TO 2010
CLIMATE RECORD PERIOD 1943 TO 2016


WEATHER ITEM   OBSERVED TIME   RECORD YEAR NORMAL DEPARTURE LAST
                VALUE   (LST)  VALUE       VALUE  FROM      YEAR
                                                  NORMAL
..................................................................
TEMPERATURE (F)
 YESTERDAY
  MAXIMUM         67    333 PM  72    1954  56     11       65
                                      1951
  MINIMUM         28    617 AM  -2    1969  25      3       38
  AVERAGE         48                        41      7       52

PRECIPITATION (IN)
  YESTERDAY        0.00          0.91 1994   0.03  -0.03     0.13
  MONTH TO DATE    0.00                      0.20  -0.20     0.13
  SINCE OCT 1      1.87                      2.87  -1.00     0.68
  SINCE JAN 1      1.06                      1.25  -0.19     0.22

SNOWFALL (IN)
  YESTERDAY        0.0           3.4  1976   0.0    0.0      0.0
  MONTH TO DATE    0.0                       0.3   -0.3      0.0
  SINCE DEC 1      2.0                       6.7   -4.7      0.0
  SINCE JUL 1      2.0                       7.0   -5.0      0.0
  SNOW DEPTH       0

DEGREE DAYS
 HEATING
  YESTERDAY       17                        24     -7       13
  MONTH TO DATE  200                       173     27       99
  SINCE DEC 1   1926                      1841     85     1486
  SINCE JUL 1   2740                      2742     -2     2137

 COOLING
  YESTERDAY        0                         0      0        0
  MONTH TO DATE    0                         0      0        0
  SINCE DEC 1      0                         0      0        0
  SINCE JAN 1      0                         0      0        0
..................................................................


WIND (MPH)
  RESULTANT WIND SPEED   5   RESULTANT WIND DIRECTION  NW (320)
  HIGHEST WIND SPEED    13   HIGHEST WIND DIRECTION    NW (310)
  HIGHEST GUST SPEED    17   HIGHEST GUST DIRECTION     N (350)
  AVERAGE WIND SPEED     6.1


SKY COVER
  POSSIBLE SUNSHINE  MM
  AVERAGE SKY COVER 0.0


WEATHER CONDITIONS
 THE FOLLOWING WEATHER WAS RECORDED YESTERDAY.
  NO SIGNIFICANT WEATHER WAS OBSERVED.


RELATIVE HUMIDITY (PERCENT)
 HIGHEST    78          1200 AM
 LOWEST     18           200 PM
 AVERAGE    48

..........................................................


THE BISHOP CA CLIMATE NORMALS FOR TODAY
                         NORMAL    RECORD    YEAR
 MAXIMUM TEMPERATURE (F)   56        76      1954
 MINIMUM TEMPERATURE (F)   25        -2      1969


SUNRISE AND SUNSET
FEBRUARY  8 2016......SUNRISE   651 AM PST   SUNSET   525 PM PST
FEBRUARY  9 2016......SUNRISE   650 AM PST   SUNSET   526 PM PST


-  INDICATES NEGATIVE NUMBERS.
R  INDICATES RECORD WAS SET OR TIED.
MM INDICATES DATA IS MISSING.
T  INDICATES TRACE AMOUNT.




$$
