000
CDUS45 KVEF 280025
CLIBIH


CLIMATE REPORT
NATIONAL WEATHER SERVICE LAS VEGAS, NV
525 PM PDT SUN JUL 27 2014


...................................

...THE BISHOP CA CLIMATE SUMMARY FOR JULY 27 2014...
VALID TODAY AS OF 0500 PM LOCAL TIME.

CLIMATE NORMAL PERIOD 1981 TO 2010
CLIMATE RECORD PERIOD 1943 TO 2014


WEATHER ITEM   OBSERVED RECORD YEAR NORMAL DEPARTURE LAST
                VALUE   VALUE       VALUE  FROM      YEAR
                                           NORMAL
...........................................................
TEMPERATURE (F)
 TODAY
  MAXIMUM        101    106    2006  99      2       85
                               1971
  MINIMUM         63     42    1947  57      6       64
  AVERAGE         82

PRECIPITATION (IN)
  TODAY            0.00   0.30 1976   0.01  -0.01     0.10
  MONTH TO DATE    T                  0.15  -0.15     0.47
  SINCE OCT 1      2.48               4.84  -2.36     2.17
  SINCE JAN 1      2.26               3.22  -0.96     0.94

SNOWFALL (IN)
  TODAY            0.0   MM      MM   0.0    0.0      0.0
  MONTH TO DATE    0.0                0.0    0.0      0.0
  SINCE JUN 1      0.0                0.0    0.0      0.0
  SINCE JUL 1      0.0                0.0    0.0      0.0
  SNOW DEPTH      MM

DEGREE DAYS
 HEATING
  TODAY            0                  0      0        0
  MONTH TO DATE    0                  0      0        0
  SINCE JUN 1      0                 19    -19        0
  SINCE JUL 1      0                  0      0        0

 COOLING
  TODAY           17                 13      4       10
  MONTH TO DATE  418                334     84      414
  SINCE JUN 1    714                548    166      744
  SINCE JAN 1    799                616    183      830
...........................................................


WIND (MPH)
  RESULTANT WIND SPEED   2   RESULTANT WIND DIRECTION   W (250)
  HIGHEST WIND SPEED    30   HIGHEST WIND DIRECTION     W (270)
  HIGHEST GUST SPEED    38   HIGHEST GUST DIRECTION     W (270)
  AVERAGE WIND SPEED     6.6


SKY COVER
  POSSIBLE SUNSHINE  MM
  AVERAGE SKY COVER 0.1


WEATHER CONDITIONS
 THE FOLLOWING WEATHER WAS RECORDED TODAY.
  NO SIGNIFICANT WEATHER WAS OBSERVED.


RELATIVE HUMIDITY (PERCENT)
 HIGHEST    36           400 AM
 LOWEST     11          1200 PM
 AVERAGE    24

..........................................................


THE BISHOP CA CLIMATE NORMALS FOR TOMORROW
                         NORMAL    RECORD    YEAR
 MAXIMUM TEMPERATURE (F)   99       105      1994
 MINIMUM TEMPERATURE (F)   57        48      1965


SUNRISE AND SUNSET
JULY 27 2014..........SUNRISE   554 AM PDT   SUNSET   806 PM PDT
JULY 28 2014..........SUNRISE   555 AM PDT   SUNSET   805 PM PDT


-  INDICATES NEGATIVE NUMBERS.
R  INDICATES RECORD WAS SET OR TIED.
MM INDICATES DATA IS MISSING.
T  INDICATES TRACE AMOUNT.




$$
