000
CDUS45 KVEF 240827
CLIBIH


CLIMATE REPORT
NATIONAL WEATHER SERVICE LAS VEGAS, NV
127 AM PDT SAT SEP 24 2016


...................................

...THE BISHOP CA CLIMATE SUMMARY FOR SEPTEMBER 23 2016...

CLIMATE NORMAL PERIOD 1981 TO 2010
CLIMATE RECORD PERIOD 1943 TO 2016


WEATHER ITEM   OBSERVED TIME   RECORD YEAR NORMAL DEPARTURE LAST
                VALUE   (LST)  VALUE       VALUE  FROM      YEAR
                                                  NORMAL
..................................................................
TEMPERATURE (F)
 YESTERDAY
  MAXIMUM         81    320 PM  99    1949  86     -5       94
  MINIMUM         43    523 AM  32    1986  45     -2       48
  AVERAGE         62                        65     -3       71

PRECIPITATION (IN)
  YESTERDAY        0.00          0.09 1955   0.01  -0.01     0.00
  MONTH TO DATE    T                         0.13  -0.13     0.01
  SINCE OCT 1      3.88                      5.11  -1.23     3.02
  SINCE JAN 1      3.07                      3.49  -0.42     2.56

SNOWFALL (IN)
  YESTERDAY        0.0          MM      MM   0.0    0.0      0.0
  MONTH TO DATE    0.0                       0.0    0.0      0.0
  SINCE SEP 1      0.0                       0.0    0.0      0.0
  SINCE JUL 1      0.0                       0.0    0.0      0.0
  SNOW DEPTH       0

DEGREE DAYS
 HEATING
  YESTERDAY        3                         2      1        0
  MONTH TO DATE   17                        21     -4        5
  SINCE SEP 1     17                        21     -4        5
  SINCE JUL 1     17                        23     -6        5

 COOLING
  YESTERDAY        0                         2     -2        6
  MONTH TO DATE  107                       107      0      139
  SINCE SEP 1    107                       107      0      139
  SINCE JAN 1   1330                      1084    246     1289
..................................................................


WIND (MPH)
  RESULTANT WIND SPEED  12   RESULTANT WIND DIRECTION   N (360)
  HIGHEST WIND SPEED    24   HIGHEST WIND DIRECTION     N (10)
  HIGHEST GUST SPEED    32   HIGHEST GUST DIRECTION     N (360)
  AVERAGE WIND SPEED    12.9


SKY COVER
  POSSIBLE SUNSHINE  MM
  AVERAGE SKY COVER 0.1


WEATHER CONDITIONS
 THE FOLLOWING WEATHER WAS RECORDED YESTERDAY.
  NO SIGNIFICANT WEATHER WAS OBSERVED.


RELATIVE HUMIDITY (PERCENT)
 HIGHEST    53           300 AM
 LOWEST      6           400 PM
 AVERAGE    30

..........................................................


THE BISHOP CA CLIMATE NORMALS FOR TODAY
                         NORMAL    RECORD    YEAR
 MAXIMUM TEMPERATURE (F)   85        96      2003
 MINIMUM TEMPERATURE (F)   45        31      2006


SUNRISE AND SUNSET
SEPTEMBER 24 2016.....SUNRISE   643 AM PDT   SUNSET   646 PM PDT
SEPTEMBER 25 2016.....SUNRISE   644 AM PDT   SUNSET   645 PM PDT


-  INDICATES NEGATIVE NUMBERS.
R  INDICATES RECORD WAS SET OR TIED.
MM INDICATES DATA IS MISSING.
T  INDICATES TRACE AMOUNT.




$$
