000
CDUS45 KVEF 270832
CLIBIH


CLIMATE REPORT
NATIONAL WEATHER SERVICE LAS VEGAS, NV
1229 AM PST THU NOV 27 2014


...................................

...THE BISHOP CA CLIMATE SUMMARY FOR NOVEMBER 26 2014...

CLIMATE NORMAL PERIOD 1981 TO 2010
CLIMATE RECORD PERIOD 1943 TO 2014


WEATHER ITEM   OBSERVED TIME   RECORD YEAR NORMAL DEPARTURE LAST
                VALUE   (LST)  VALUE       VALUE  FROM      YEAR
                                                  NORMAL
..................................................................
TEMPERATURE (F)
 YESTERDAY
  MAXIMUM         73    245 PM  76    1954  58     15       63
                                      1949
  MINIMUM         27    659 AM  11    1993  25      2       23
  AVERAGE         50                        41      9       43

PRECIPITATION (IN)
  YESTERDAY        0.00          0.40 2008   0.02  -0.02     0.00
  MONTH TO DATE    T                         0.45  -0.45     0.03
  SINCE OCT 1      T                         0.75  -0.75     0.19
  SINCE JAN 1      2.77                      4.31  -1.54     1.30

SNOWFALL (IN)
  YESTERDAY        0.0           T    1994   0.0    0.0      0.0
  MONTH TO DATE    0.0                       0.3   -0.3       T
  SINCE SEP 1      0.0                       0.3   -0.3       T
  SINCE JUL 1      0.0                       0.3   -0.3       T
  SNOW DEPTH       0

DEGREE DAYS
 HEATING
  YESTERDAY       15                        24     -9       22
  MONTH TO DATE  424                       496    -72      491
  SINCE SEP 1    582                       801   -219      914
  SINCE JUL 1    582                       803   -221      914

 COOLING
  YESTERDAY        0                         0      0        0
  MONTH TO DATE    0                         0      0        0
  SINCE SEP 1    237                       127    110      172
  SINCE JAN 1   1384                      1104    280     1337
..................................................................


WIND (MPH)
  RESULTANT WIND SPEED   2   RESULTANT WIND DIRECTION  NW (330)
  HIGHEST WIND SPEED    13   HIGHEST WIND DIRECTION     N (340)
  HIGHEST GUST SPEED    13   HIGHEST GUST DIRECTION     N (340)
  AVERAGE WIND SPEED     5.3


SKY COVER
  POSSIBLE SUNSHINE  MM
  AVERAGE SKY COVER 0.0


WEATHER CONDITIONS
 THE FOLLOWING WEATHER WAS RECORDED YESTERDAY.
  NO SIGNIFICANT WEATHER WAS OBSERVED.


RELATIVE HUMIDITY (PERCENT)
 HIGHEST    55           700 AM
 LOWEST     14           200 PM
 AVERAGE    35

..........................................................


THE BISHOP CA CLIMATE NORMALS FOR TODAY
                         NORMAL    RECORD    YEAR
 MAXIMUM TEMPERATURE (F)   57        76      1949
 MINIMUM TEMPERATURE (F)   25         9      1994
                                             1990


SUNRISE AND SUNSET
NOVEMBER 27 2014......SUNRISE   645 AM PST   SUNSET   437 PM PST
NOVEMBER 28 2014......SUNRISE   646 AM PST   SUNSET   437 PM PST


-  INDICATES NEGATIVE NUMBERS.
R  INDICATES RECORD WAS SET OR TIED.
MM INDICATES DATA IS MISSING.
T  INDICATES TRACE AMOUNT.




$$
