000
CDUS45 KBYZ 032230
CLIBIL


CLIMATE REPORT
NATIONAL WEATHER SERVICE BILLINGS MT
426 PM MDT TUE MAY 3 2016


...................................

...THE BILLINGS MT CLIMATE SUMMARY FOR MAY 3 2016...
VALID TODAY AS OF 0400 PM LOCAL TIME.

CLIMATE NORMAL PERIOD 1981 TO 2010
CLIMATE RECORD PERIOD 1934 TO 2016


WEATHER ITEM   OBSERVED TIME   RECORD YEAR NORMAL DEPARTURE LAST
                VALUE   (LST)  VALUE       VALUE  FROM      YEAR
                                                  NORMAL
..................................................................
TEMPERATURE (F)
 TODAY
  MAXIMUM         77    225 PM  85    1939  64     13       63
  MINIMUM         45    524 AM  16    1954  40      5       43
  AVERAGE         61                        52      9       53

PRECIPITATION (IN)
  TODAY            0.00          0.61 1960   0.06  -0.06     0.00
  MONTH TO DATE    0.00                      0.19  -0.19     0.00
  SINCE OCT 1      6.21                      6.18   0.03     4.81
  SINCE JAN 1      3.36                      3.87  -0.51     3.24

SNOWFALL (IN)
  TODAY            0.0           5.5  1956   0.1   -0.1      0.0
  MONTH TO DATE    0.0                       0.4   -0.4      0.0
  SINCE MAR 1      3.7                      18.9  -15.2     11.3
  SINCE JUL 1     28.1                      53.4  -25.3     55.4
  SNOW DEPTH       0

DEGREE DAYS
 HEATING
  TODAY            4                        14    -10       12
  MONTH TO DATE   30                        42    -12       15
  SINCE MAR 1   1163                      1454   -291     1081
  SINCE JUL 1   5424                      6419   -995     5722

 COOLING
  TODAY            0                         0      0        0
  MONTH TO DATE    0                         0      0        0
  SINCE MAR 1      3                         1      2        0
  SINCE JAN 1      3                         1      2        0
..................................................................


WIND (MPH)
  HIGHEST WIND SPEED    16   HIGHEST WIND DIRECTION    SW (220)
  HIGHEST GUST SPEED    21   HIGHEST GUST DIRECTION    SW (220)
  AVERAGE WIND SPEED     9.0


SKY COVER
  POSSIBLE SUNSHINE  MM
  AVERAGE SKY COVER 0.1


WEATHER CONDITIONS
 THE FOLLOWING WEATHER WAS RECORDED TODAY.
  NO SIGNIFICANT WEATHER WAS OBSERVED.


RELATIVE HUMIDITY (PERCENT)
 HIGHEST    65           300 AM
 LOWEST     21           300 PM
 AVERAGE    43

..........................................................


THE BILLINGS MT CLIMATE NORMALS FOR TOMORROW
                         NORMAL    RECORD    YEAR
 MAXIMUM TEMPERATURE (F)   64        87      1936
 MINIMUM TEMPERATURE (F)   40        21      1967


SUNRISE AND SUNSET
MAY  3 2016...........SUNRISE   558 AM MDT   SUNSET   825 PM MDT
MAY  4 2016...........SUNRISE   556 AM MDT   SUNSET   826 PM MDT


-  INDICATES NEGATIVE NUMBERS.
R  INDICATES RECORD WAS SET OR TIED.
MM INDICATES DATA IS MISSING.
T  INDICATES TRACE AMOUNT.




$$
