000
CDUS45 KBYZ 270316
CLIBIL


CLIMATE REPORT
NATIONAL WEATHER SERVICE BILLINGS MT
916 PM MDT TUE MAY 26 2015


...................................

...THE BILLINGS MT CLIMATE SUMMARY FOR MAY 26 2015...
VALID AS OF 0900 PM LOCAL TIME.

CLIMATE NORMAL PERIOD 1981 TO 2010
CLIMATE RECORD PERIOD 1934 TO 2015


WEATHER ITEM   OBSERVED RECORD YEAR NORMAL DEPARTURE LAST
                VALUE   VALUE       VALUE  FROM      YEAR
                                           NORMAL
...........................................................
TEMPERATURE (F)
 TODAY
  MAXIMUM         73     95    1936  70      3
  MINIMUM         47     31    2012  47      0
  AVERAGE         60

PRECIPITATION (IN)
  TODAY            0.40   0.88 1981   0.08   0.32     0.51
  MONTH TO DATE    1.96               1.81   0.15     2.23
  SINCE OCT 1      6.77               7.80  -1.03    12.70
  SINCE JAN 1      5.20               5.49  -0.29     7.81

...........................................................










-  INDICATES NEGATIVE NUMBERS.
R  INDICATES RECORD WAS SET OR TIED.
MM INDICATES DATA IS MISSING.
T  INDICATES TRACE AMOUNT.




$$
