000
CDUS45 KBYZ 270938
CLIBIL


CLIMATE REPORT
NATIONAL WEATHER SERVICE BILLINGS MT
336 AM MDT MON MAR 27 2017


...................................

...THE BILLINGS MT CLIMATE SUMMARY FOR MARCH 26 2017...

CLIMATE NORMAL PERIOD 1981 TO 2010
CLIMATE RECORD PERIOD 1934 TO 2017


WEATHER ITEM   OBSERVED TIME   RECORD YEAR NORMAL DEPARTURE LAST
                VALUE   (LST)  VALUE       VALUE  FROM      YEAR
                                                  NORMAL
..................................................................
TEMPERATURE (F)
 YESTERDAY
  MAXIMUM         58    412 PM  77    1960  51      7       51
  MINIMUM         35    539 AM   0    1965  30      5       29
  AVERAGE         47                        40      7       40

PRECIPITATION (IN)
  YESTERDAY        0.00          0.34 1987   0.04  -0.04     0.00
  MONTH TO DATE    1.23                      0.83   0.40     0.47
  SINCE OCT 1      8.25                      4.10   4.15     3.85
  SINCE JAN 1      2.69                      1.79   0.90     1.00

SNOWFALL (IN)
  YESTERDAY        0.0           2.7  1987   0.3   -0.3      0.0
  MONTH TO DATE   10.4                       8.4    2.0      1.5
  SINCE MAR 1     10.4                       8.4    2.0      1.5
  SINCE JUL 1     70.7                      42.9   27.8     25.9
  SNOW DEPTH       0

DEGREE DAYS
 HEATING
  YESTERDAY       18                        25     -7       25
  MONTH TO DATE  635                       726    -91      554
  SINCE MAR 1    635                       726    -91      554
  SINCE JUL 1   5720                      5691     29     4815

 COOLING
  YESTERDAY        0                         0      0        0
  MONTH TO DATE    0                         0      0        0
  SINCE MAR 1      0                         0      0        0
  SINCE JAN 1      0                         0      0        0
..................................................................


WIND (MPH)
  HIGHEST WIND SPEED    14   HIGHEST WIND DIRECTION    SW (230)
  HIGHEST GUST SPEED    17   HIGHEST GUST DIRECTION    SW (220)
  AVERAGE WIND SPEED     6.9


SKY COVER
  POSSIBLE SUNSHINE  MM
  AVERAGE SKY COVER 0.6


WEATHER CONDITIONS
 THE FOLLOWING WEATHER WAS RECORDED YESTERDAY.
  NO SIGNIFICANT WEATHER WAS OBSERVED.


RELATIVE HUMIDITY (PERCENT)
 HIGHEST    85           500 AM
 LOWEST     30           300 PM
 AVERAGE    58

..........................................................


THE BILLINGS MT CLIMATE NORMALS FOR TODAY
                         NORMAL    RECORD    YEAR
 MAXIMUM TEMPERATURE (F)   52        77      2015
 MINIMUM TEMPERATURE (F)   30         8      1965
                                             1954


SUNRISE AND SUNSET
MARCH 27 2017.........SUNRISE   703 AM MDT   SUNSET   736 PM MDT
MARCH 28 2017.........SUNRISE   701 AM MDT   SUNSET   738 PM MDT


-  INDICATES NEGATIVE NUMBERS.
R  INDICATES RECORD WAS SET OR TIED.
MM INDICATES DATA IS MISSING.
T  INDICATES TRACE AMOUNT.





&&

...THE CLIMATE SUMMARY FOR SOUTHWEST BILLINGS FOR 26 MARCH 2017...

HIGH TEMPERATURE........................61
LOW TEMPERATURE.........................34

PRECIPITATION...........................0.00
MONTHLY PRECIPITATION TOTAL.............1.26
YEARLY PRECIPITATION TOTAL..............2.72

SNOWFALL................................0.0
MONTHLY SNOWFALL TOTAL..................6.7
TOTAL SNOWFALL SINCE JULY 1.............53.9

SNOW DEPTH AT MIDNIGHT..................0

$$
