000
CDUS45 KBYZ 061036
CLIBIL


CLIMATE REPORT
NATIONAL WEATHER SERVICE BILLINGS MT
335 AM MST FRI MAR 6 2015


...................................

...THE BILLINGS MT CLIMATE SUMMARY FOR MARCH 5 2015...

CLIMATE NORMAL PERIOD 1981 TO 2010
CLIMATE RECORD PERIOD 1934 TO 2015


WEATHER ITEM   OBSERVED TIME   RECORD YEAR NORMAL DEPARTURE LAST
                VALUE   (LST)  VALUE       VALUE  FROM      YEAR
                                                  NORMAL
..................................................................
TEMPERATURE (F)
 YESTERDAY
  MAXIMUM         47    323 PM  71    1987  45      2       47
  MINIMUM         21    120 AM -16    1951  24     -3       36
                                      1945
  AVERAGE         34                        35     -1       42

PRECIPITATION (IN)
  YESTERDAY        0.00          0.53 1999   0.03  -0.03     0.00
  MONTH TO DATE    0.09                      0.12  -0.03     0.05
  SINCE OCT 1      2.96                      3.39  -0.43     8.02
  SINCE JAN 1      1.39                      1.08   0.31     3.13

SNOWFALL (IN)
  YESTERDAY        0.0           8.0  1999   0.4   -0.4      0.0
  MONTH TO DATE    3.1                       1.5    1.6      1.3
  SINCE MAR 1      3.1                       1.5    1.6      1.3
  SINCE JUL 1     47.2                      36.0   11.2     91.5
  SNOW DEPTH       1

DEGREE DAYS
 HEATING
  YESTERDAY       31                        30      1       23
  MONTH TO DATE  206                       154     52      255
  SINCE MAR 1    206                       154     52      255
  SINCE JUL 1   4847                      5119   -272     5528

 COOLING
  YESTERDAY        0                         0      0        0
  MONTH TO DATE    0                         0      0        0
  SINCE MAR 1      0                         0      0        0
  SINCE JAN 1      0                         0      0        0
..................................................................


WIND (MPH)
  HIGHEST WIND SPEED    25   HIGHEST WIND DIRECTION    SW (230)
  HIGHEST GUST SPEED    31   HIGHEST GUST DIRECTION    SW (240)
  AVERAGE WIND SPEED    17.9


SKY COVER
  POSSIBLE SUNSHINE  MM
  AVERAGE SKY COVER 0.6


WEATHER CONDITIONS
 THE FOLLOWING WEATHER WAS RECORDED YESTERDAY.
  NO SIGNIFICANT WEATHER WAS OBSERVED.


RELATIVE HUMIDITY (PERCENT)
 HIGHEST    45          1200 AM
 LOWEST     28           100 PM
 AVERAGE    37

..........................................................


THE BILLINGS MT CLIMATE NORMALS FOR TODAY
                         NORMAL    RECORD    YEAR
 MAXIMUM TEMPERATURE (F)   46        68      1987
 MINIMUM TEMPERATURE (F)   24       -19      1951


SUNRISE AND SUNSET
MARCH  6 2015.........SUNRISE   644 AM MST   SUNSET   608 PM MST
MARCH  7 2015.........SUNRISE   642 AM MST   SUNSET   609 PM MST


-  INDICATES NEGATIVE NUMBERS.
R  INDICATES RECORD WAS SET OR TIED.
MM INDICATES DATA IS MISSING.
T  INDICATES TRACE AMOUNT.





&&

...THE CLIMATE SUMMARY FOR SOUTHWEST BILLINGS FOR 05 MARCH 2015...

HIGH TEMPERATURE........................51
LOW TEMPERATURE.........................22

PRECIPITATION...........................0.00
MONTHLY PRECIPITATION TOTAL.............0.10
YEARLY PRECIPITATION TOTAL..............1.27

SNOWFALL................................0.0
MONTHLY SNOWFALL TOTAL..................2.0
TOTAL SNOWFALL SINCE JULY 1.............47.8

SNOW DEPTH AT MIDNIGHT..................0

$$
