000
CDUS45 KBYZ 050933
CLIBIL


CLIMATE REPORT
NATIONAL WEATHER SERVICE BILLINGS MT
332 AM MDT WED AUG 5 2015


...................................

...THE BILLINGS MT CLIMATE SUMMARY FOR AUGUST 4 2015...

CLIMATE NORMAL PERIOD 1981 TO 2010
CLIMATE RECORD PERIOD 1934 TO 2015


WEATHER ITEM   OBSERVED TIME   RECORD YEAR NORMAL DEPARTURE LAST
                VALUE   (LST)  VALUE       VALUE  FROM      YEAR
                                                  NORMAL
..................................................................
TEMPERATURE (F)
 YESTERDAY
  MAXIMUM         79    607 PM 103    1964  88     -9       82
  MINIMUM         63   1144 PM  46    1978  60      3       60
  AVERAGE         71                        74     -3       71

PRECIPITATION (IN)
  YESTERDAY        T             0.54 1965   0.03  -0.03      T
  MONTH TO DATE    T                         0.12  -0.12      T
  SINCE OCT 1     10.50                     11.73  -1.23    14.81
  SINCE JAN 1      8.93                      9.42  -0.49     9.92

SNOWFALL (IN)
  YESTERDAY        0.0           0.0  2002   0.0    0.0      0.0
                                      2000
  MONTH TO DATE    0.0                       0.0    0.0      0.0
  SINCE JUN 1      T                         0.0    0.0       T
  SINCE JUL 1      T                         0.0    0.0      0.0
  SNOW DEPTH       0

DEGREE DAYS
 HEATING
  YESTERDAY        0                         0      0        0
  MONTH TO DATE    0                         0      0        0
  SINCE JUN 1     19                       111    -92       90
  SINCE JUL 1      1                        15    -14        1

 COOLING
  YESTERDAY        6                         9     -3        6
  MONTH TO DATE   43                        36      7       42
  SINCE JUN 1    457                       377     80      365
  SINCE JAN 1    460                       394     66      381
..................................................................


WIND (MPH)
  HIGHEST WIND SPEED    24   HIGHEST WIND DIRECTION    NW (310)
  HIGHEST GUST SPEED    34   HIGHEST GUST DIRECTION     W (270)
  AVERAGE WIND SPEED    10.0


SKY COVER
  POSSIBLE SUNSHINE  MM
  AVERAGE SKY COVER 0.7


WEATHER CONDITIONS
 THE FOLLOWING WEATHER WAS RECORDED YESTERDAY.
  LIGHT RAIN


RELATIVE HUMIDITY (PERCENT)
 HIGHEST    58          1000 PM
 LOWEST     33          1200 AM
 AVERAGE    46

..........................................................


THE BILLINGS MT CLIMATE NORMALS FOR TODAY
                         NORMAL    RECORD    YEAR
 MAXIMUM TEMPERATURE (F)   88       105      1961
 MINIMUM TEMPERATURE (F)   60        48      1940
                                             1936


SUNRISE AND SUNSET
AUGUST  5 2015........SUNRISE   602 AM MDT   SUNSET   838 PM MDT
AUGUST  6 2015........SUNRISE   603 AM MDT   SUNSET   836 PM MDT


-  INDICATES NEGATIVE NUMBERS.
R  INDICATES RECORD WAS SET OR TIED.
MM INDICATES DATA IS MISSING.
T  INDICATES TRACE AMOUNT.





&&

...THE CLIMATE SUMMARY FOR SOUTHWEST BILLINGS FOR 04 AUGUST 2015...

HIGH TEMPERATURE........................80
LOW TEMPERATURE.........................62

PRECIPITATION...........................T
MONTHLY PRECIPITATION TOTAL.............T
YEARLY PRECIPITATION TOTAL..............10.61

SNOWFALL................................0.0
MONTHLY SNOWFALL TOTAL..................0.0
TOTAL SNOWFALL SINCE JULY 1.............0.0

SNOW DEPTH AT MIDNIGHT..................0

$$
