476
CDUS45 KBYZ 200723
CLIBIL


CLIMATE REPORT
NATIONAL WEATHER SERVICE BILLINGS MT
1223 AM MST MON NOV 20 2017


...................................

...THE BILLINGS MT CLIMATE SUMMARY FOR NOVEMBER 19 2017...

CLIMATE NORMAL PERIOD 1981 TO 2010
CLIMATE RECORD PERIOD 1934 TO 2017


WEATHER ITEM   OBSERVED TIME   RECORD YEAR NORMAL DEPARTURE LAST
                VALUE   (LST)  VALUE       VALUE  FROM      YEAR
                                                  NORMAL
..................................................................
TEMPERATURE (F)
 YESTERDAY
  MAXIMUM         50    309 PM  68    2003  43      7       38
  MINIMUM         36   1243 AM  -8    1985  25     11       25
  AVERAGE         43                        34      9       32

PRECIPITATION (IN)
  YESTERDAY        0.00          0.56 1977   0.02  -0.02     0.00
  MONTH TO DATE    1.17                      0.41   0.76     0.38
  SINCE OCT 1      1.66                      1.59   0.07     3.89
  SINCE JAN 1     15.64                     12.94   2.70    13.22

SNOWFALL (IN)
  YESTERDAY        0.0           6.0  1979   0.3   -0.3      0.0
  MONTH TO DATE   12.1                       3.8    8.3      2.3
  SINCE SEP 1     12.1                       9.0    3.1      5.3
  SINCE JUL 1     12.1                       9.0    3.1      5.3
  SNOW DEPTH       0

DEGREE DAYS
 HEATING
  YESTERDAY       22                        31     -9       33
  MONTH TO DATE  639                       508    131      331
  SINCE SEP 1   1373                      1223    150      943
  SINCE JUL 1   1375                      1260    115      971

 COOLING
  YESTERDAY        0                         0      0        0
  MONTH TO DATE    0                         0      0        0
  SINCE SEP 1    100                        54     46       54
  SINCE JAN 1    840                       636    204      738
..................................................................


WIND (MPH)
  HIGHEST WIND SPEED    29   HIGHEST WIND DIRECTION     W (250)
  HIGHEST GUST SPEED    34   HIGHEST GUST DIRECTION    SW (240)
  AVERAGE WIND SPEED    18.4


SKY COVER
  POSSIBLE SUNSHINE  MM
  AVERAGE SKY COVER 0.6


WEATHER CONDITIONS
 THE FOLLOWING WEATHER WAS RECORDED YESTERDAY.
  NO SIGNIFICANT WEATHER WAS OBSERVED.


RELATIVE HUMIDITY (PERCENT)
 HIGHEST    44          1200 AM
 LOWEST     26           300 PM
 AVERAGE    35

..........................................................


THE BILLINGS MT CLIMATE NORMALS FOR TODAY
                         NORMAL    RECORD    YEAR
 MAXIMUM TEMPERATURE (F)   43        66      2002
 MINIMUM TEMPERATURE (F)   25       -13      1977


SUNRISE AND SUNSET
NOVEMBER 20 2017......SUNRISE   721 AM MST   SUNSET   438 PM MST
NOVEMBER 21 2017......SUNRISE   723 AM MST   SUNSET   437 PM MST


-  INDICATES NEGATIVE NUMBERS.
R  INDICATES RECORD WAS SET OR TIED.
MM INDICATES DATA IS MISSING.
T  INDICATES TRACE AMOUNT.




$$
