000
CDUS45 KBYZ 311426
CLIBIL


CLIMATE REPORT
NATIONAL WEATHER SERVICE BILLINGS MT
725 AM MST SAT JAN 31 2015


...................................

...THE BILLINGS MT CLIMATE SUMMARY FOR JANUARY 30 2015...

CLIMATE NORMAL PERIOD 1981 TO 2010
CLIMATE RECORD PERIOD 1934 TO 2015


WEATHER ITEM   OBSERVED TIME   RECORD YEAR NORMAL DEPARTURE LAST
                VALUE   (LST)  VALUE       VALUE  FROM      YEAR
                                                  NORMAL
..................................................................
TEMPERATURE (F)
 YESTERDAY
  MAXIMUM         51    245 PM  59    1992  37     14       23
                                      1935
  MINIMUM         30    805 AM -21    1996  19     11        4
  AVERAGE         41                        28     13       14

PRECIPITATION (IN)
  YESTERDAY        0.00          0.36 1974   0.01  -0.01     0.18
  MONTH TO DATE    1.02                      0.46   0.56     0.80
  SINCE OCT 1      2.59                      2.77  -0.18     5.69
  SINCE JAN 1      1.02                      0.46   0.56     0.80

SNOWFALL (IN)
  YESTERDAY        0.0           5.2  2014   0.3   -0.3      5.2
  MONTH TO DATE   17.8                       8.2    9.6     15.3
  SINCE DEC 1     26.2                      16.4    9.8     39.2
  SINCE JUL 1     39.4                      28.1   11.3     50.3
  SNOW DEPTH       0

DEGREE DAYS
 HEATING
  YESTERDAY       24                        37    -13       51
  MONTH TO DATE 1041                      1138    -97     1013
  SINCE DEC 1   2123                      2331   -208     2337
  SINCE JUL 1   3724                      3959   -235     3938

 COOLING
  YESTERDAY        0                         0      0        0
  MONTH TO DATE    0                         0      0        0
  SINCE DEC 1      0                         0      0        0
  SINCE JAN 1      0                         0      0        0
..................................................................


WIND (MPH)
  HIGHEST WIND SPEED    20   HIGHEST WIND DIRECTION    SW (240)
  HIGHEST GUST SPEED    28   HIGHEST GUST DIRECTION    NW (310)
  AVERAGE WIND SPEED    10.7


SKY COVER
  POSSIBLE SUNSHINE  MM
  AVERAGE SKY COVER 0.3


WEATHER CONDITIONS
 THE FOLLOWING WEATHER WAS RECORDED YESTERDAY.
  NO SIGNIFICANT WEATHER WAS OBSERVED.


RELATIVE HUMIDITY (PERCENT)
 HIGHEST    78           500 AM
 LOWEST     27           300 PM
 AVERAGE    53

..........................................................


THE BILLINGS MT CLIMATE NORMALS FOR TODAY
                         NORMAL    RECORD    YEAR
 MAXIMUM TEMPERATURE (F)   38        67      1992
 MINIMUM TEMPERATURE (F)   19       -17      1969


SUNRISE AND SUNSET
JANUARY 31 2015.......SUNRISE   737 AM MST   SUNSET   518 PM MST
FEBRUARY  1 2015......SUNRISE   736 AM MST   SUNSET   520 PM MST


-  INDICATES NEGATIVE NUMBERS.
R  INDICATES RECORD WAS SET OR TIED.
MM INDICATES DATA IS MISSING.
T  INDICATES TRACE AMOUNT.





&&

...THE CLIMATE SUMMARY FOR SOUTHWEST BILLINGS FOR 30 JANUARY 2015...

HIGH TEMPERATURE........................52
LOW TEMPERATURE.........................26

PRECIPITATION...........................0.00
MONTHLY PRECIPITATION TOTAL.............0.97
YEARLY PRECIPITATION TOTAL..............0.97

SNOWFALL................................0.0
MONTHLY SNOWFALL TOTAL..................17.3
TOTAL SNOWFALL SINCE JULY 1.............42.1

SNOW DEPTH AT MIDNIGHT..................0

$$
