000
CDUS43 KBIS 240032
CLIBIS


CLIMATE REPORT
NATIONAL WEATHER SERVICE BISMARCK ND
731 PM CDT TUE AUG 23 2016


...................................

...THE BISMARCK ND CLIMATE SUMMARY FOR AUGUST 23 2016...
VALID TODAY AS OF 0700 PM LOCAL TIME.

CLIMATE NORMAL PERIOD 1981 TO 2010
CLIMATE RECORD PERIOD 1875 TO 2016


WEATHER ITEM   OBSERVED TIME   RECORD YEAR NORMAL DEPARTURE LAST
                VALUE   (LST)  VALUE       VALUE  FROM      YEAR
                                                  NORMAL
..................................................................
TEMPERATURE (F)
 TODAY
  MAXIMUM         84    132 PM 102    2003  82      2       70
                                      1976
  MINIMUM         55    554 AM  35    1911  54      1       48
  AVERAGE         70                        68      2       59

PRECIPITATION (IN)
  TODAY            0.00          2.50 1968   0.07  -0.07     0.00
  MONTH TO DATE    1.88                      1.74   0.14     1.41
  SINCE JUN 1     11.36                      7.80   3.56     7.90
  SINCE JAN 1     18.54                     13.27   5.27    15.17

SNOWFALL (IN)
  TODAY            0.0           0.0  2002   0.0    0.0      0.0
                                      2001
  MONTH TO DATE    0.0                       0.0    0.0      0.0
  SINCE JUN 1      0.0                       0.0    0.0      0.0
  SINCE JUL 1      0.0                       0.0    0.0      0.0
  SNOW DEPTH       0

DEGREE DAYS
 HEATING
  TODAY            0                         2     -2        6
  MONTH TO DATE   11                        21    -10       20
  SINCE JUN 1     45                       131    -86       70
  SINCE JUL 1     19                        38    -19       27

 COOLING
  TODAY            5                         5      0        0
  MONTH TO DATE  133                       145    -12      150
  SINCE JUN 1    488                       432     56      469
  SINCE JAN 1    498                       449     49      475
..................................................................


WIND (MPH)
  RESULTANT WIND SPEED  10   RESULTANT WIND DIRECTION  NW (320)
  HIGHEST WIND SPEED    30   HIGHEST WIND DIRECTION    NW (320)
  HIGHEST GUST SPEED    42   HIGHEST GUST DIRECTION    NW (320)
  AVERAGE WIND SPEED    11.9


SKY COVER
  POSSIBLE SUNSHINE  MM
  AVERAGE SKY COVER 0.1


WEATHER CONDITIONS
 THE FOLLOWING WEATHER WAS RECORDED TODAY.
  FOG


RELATIVE HUMIDITY (PERCENT)
 HIGHEST   100           600 AM
 LOWEST     21           500 PM
 AVERAGE    61

..........................................................


THE BISMARCK ND CLIMATE NORMALS FOR TOMORROW
                         NORMAL    RECORD    YEAR
 MAXIMUM TEMPERATURE (F)   82       104      1886
 MINIMUM TEMPERATURE (F)   54        33      1934


SUNRISE AND SUNSET
AUGUST 23 2016........SUNRISE   652 AM CDT   SUNSET   838 PM CDT
AUGUST 24 2016........SUNRISE   653 AM CDT   SUNSET   836 PM CDT


-  INDICATES NEGATIVE NUMBERS.
R  INDICATES RECORD WAS SET OR TIED.
MM INDICATES DATA IS MISSING.
T  INDICATES TRACE AMOUNT.




$$
