000
CDUS43 KBIS 252230
CLIBIS


CLIMATE REPORT
NATIONAL WEATHER SERVICE BISMARCK ND
529 PM CDT SUN SEP 25 2016


...................................

...THE BISMARCK ND CLIMATE SUMMARY FOR SEPTEMBER 25 2016...
VALID TODAY AS OF 0500 PM LOCAL TIME.

CLIMATE NORMAL PERIOD 1981 TO 2010
CLIMATE RECORD PERIOD 1875 TO 2016


WEATHER ITEM   OBSERVED TIME   RECORD YEAR NORMAL DEPARTURE LAST
                VALUE   (LST)  VALUE       VALUE  FROM      YEAR
                                                  NORMAL
..................................................................
TEMPERATURE (F)
 TODAY
  MAXIMUM         65    253 PM  93    2014  68     -3       81
  MINIMUM         51    803 AM  19    1926  41     10       51
  AVERAGE         58                        54      4       66

PRECIPITATION (IN)
  TODAY            0.06          0.45 1959   0.04   0.02     0.00
  MONTH TO DATE    1.22                      1.36  -0.14     0.37
  SINCE SEP 1      1.22                      1.36  -0.14     0.37
  SINCE JAN 1     19.76                     15.17   4.59    15.54

SNOWFALL (IN)
  TODAY            0.0           4.1  1942   0.0    0.0      0.0
  MONTH TO DATE    0.0                       0.1   -0.1      0.0
  SINCE SEP 1      0.0                       0.1   -0.1      0.0
  SINCE JUL 1      0.0                       0.1   -0.1      0.0
  SNOW DEPTH       0

DEGREE DAYS
 HEATING
  TODAY            7                        11     -4        0
  MONTH TO DATE  124                       169    -45       88
  SINCE SEP 1    124                       169    -45       88
  SINCE JUL 1    157                       224    -67      124

 COOLING
  TODAY            0                         0      0        1
  MONTH TO DATE   29                        37     -8       86
  SINCE SEP 1     29                        37     -8       86
  SINCE JAN 1    546                       518     28      607
..................................................................


WIND (MPH)
  RESULTANT WIND SPEED  19   RESULTANT WIND DIRECTION  NW (310)
  HIGHEST WIND SPEED    35   HIGHEST WIND DIRECTION    NW (320)
  HIGHEST GUST SPEED    49   HIGHEST GUST DIRECTION    NW (320)
  AVERAGE WIND SPEED    20.4


SKY COVER
  POSSIBLE SUNSHINE  MM
  AVERAGE SKY COVER 0.6


WEATHER CONDITIONS
 THE FOLLOWING WEATHER WAS RECORDED TODAY.
  LIGHT RAIN
  FOG


RELATIVE HUMIDITY (PERCENT)
 HIGHEST    96           400 AM
 LOWEST     31           300 PM
 AVERAGE    64

..........................................................


THE BISMARCK ND CLIMATE NORMALS FOR TOMORROW
                         NORMAL    RECORD    YEAR
 MAXIMUM TEMPERATURE (F)   67        96      1963
 MINIMUM TEMPERATURE (F)   40        16      1942


SUNRISE AND SUNSET
SEPTEMBER 25 2016.....SUNRISE   734 AM CDT   SUNSET   734 PM CDT
SEPTEMBER 26 2016.....SUNRISE   736 AM CDT   SUNSET   732 PM CDT


-  INDICATES NEGATIVE NUMBERS.
R  INDICATES RECORD WAS SET OR TIED.
MM INDICATES DATA IS MISSING.
T  INDICATES TRACE AMOUNT.




$$
