000
CDUS43 KBIS 020020
CLIBIS


CLIMATE REPORT
NATIONAL WEATHER SERVICE BISMARCK ND
720 PM CDT WED OCT 1 2014


...................................

...THE BISMARCK ND CLIMATE SUMMARY FOR OCTOBER 1 2014...
VALID TODAY AS OF 0700 PM LOCAL TIME.

CLIMATE NORMAL PERIOD 1981 TO 2010
CLIMATE RECORD PERIOD 1875 TO 2014


WEATHER ITEM   OBSERVED TIME   RECORD YEAR NORMAL DEPARTURE LAST
                VALUE   (LST)  VALUE       VALUE  FROM      YEAR
                                                  NORMAL
..................................................................
TEMPERATURE (F)
 TODAY
  MAXIMUM         64    300 PM  95    1953  65     -1       69
  MINIMUM         53   1220 AM  19    1985  38     15       38
  AVERAGE         59                        52      7       54

PRECIPITATION (IN)
  TODAY            0.00          1.32 1971   0.05  -0.05     0.00
  MONTH TO DATE    0.00                      0.05  -0.05     0.00
  SINCE SEP 1      0.37                      1.64  -1.27     4.36
  SINCE JAN 1     13.06                     15.45  -2.39    20.67

SNOWFALL (IN)
  TODAY            0.0           0.2  1950   0.0    0.0      0.0
  MONTH TO DATE    0.0                       0.0    0.0      0.0
  SINCE SEP 1      0.0                       0.2   -0.2      0.0
  SINCE JUL 1      0.0                       0.2   -0.2      0.0
  SNOW DEPTH       0

DEGREE DAYS
 HEATING
  TODAY            6                        14     -8       11
  MONTH TO DATE    6                        14     -8       11
  SINCE SEP 1    194                       245    -51      114
  SINCE JUL 1    256                       300    -44      142

 COOLING
  TODAY            0                         0      0        0
  MONTH TO DATE    0                         0      0        0
  SINCE SEP 1     51                        38     13       75
  SINCE JAN 1    457                       519    -62      555
..................................................................


WIND (MPH)
  RESULTANT WIND SPEED  13   RESULTANT WIND DIRECTION   W (270)
  HIGHEST WIND SPEED    25   HIGHEST WIND DIRECTION     W (270)
  HIGHEST GUST SPEED    32   HIGHEST GUST DIRECTION     W (270)
  AVERAGE WIND SPEED    14.1


SKY COVER
  POSSIBLE SUNSHINE  MM
  AVERAGE SKY COVER 0.9


WEATHER CONDITIONS
 THE FOLLOWING WEATHER WAS RECORDED TODAY.
  NO SIGNIFICANT WEATHER WAS OBSERVED.


RELATIVE HUMIDITY (PERCENT)
 HIGHEST    93          1200 AM
 LOWEST     60           300 PM
 AVERAGE    77

..........................................................


THE BISMARCK ND CLIMATE NORMALS FOR TOMORROW
                         NORMAL    RECORD    YEAR
 MAXIMUM TEMPERATURE (F)   65        93      1997
 MINIMUM TEMPERATURE (F)   38        18      1999


SUNRISE AND SUNSET
OCTOBER  1 2014.......SUNRISE   742 AM CDT   SUNSET   723 PM CDT
OCTOBER  2 2014.......SUNRISE   743 AM CDT   SUNSET   721 PM CDT


-  INDICATES NEGATIVE NUMBERS.
R  INDICATES RECORD WAS SET OR TIED.
MM INDICATES DATA IS MISSING.
T  INDICATES TRACE AMOUNT.




$$
