000
CDUS43 KBIS 190728
CLIBIS


CLIMATE REPORT
NATIONAL WEATHER SERVICE BISMARCK ND
226 AM CDT SAT AUG 19 2017


...................................

...THE BISMARCK ND CLIMATE SUMMARY FOR AUGUST 18 2017...

CLIMATE NORMAL PERIOD 1981 TO 2010
CLIMATE RECORD PERIOD 1875 TO 2017


WEATHER ITEM   OBSERVED TIME   RECORD YEAR NORMAL DEPARTURE LAST
                VALUE   (LST)  VALUE       VALUE  FROM      YEAR
                                                  NORMAL
..................................................................
TEMPERATURE (F)
 YESTERDAY
  MAXIMUM         83    435 PM 106    1973  84     -1       79
  MINIMUM         58    622 AM  37    2002  56      2       53
  AVERAGE         71                        70      1       66

PRECIPITATION (IN)
  YESTERDAY        0.00          1.49 1998   0.07  -0.07      T
  MONTH TO DATE    4.97                      1.39   3.58     1.59
  SINCE JUN 1      8.39                      7.45   0.94    11.07
  SINCE JAN 1     11.52                     12.92  -1.40    18.25

DEGREE DAYS
 HEATING
  YESTERDAY        0                         1     -1        0
  MONTH TO DATE    8                        15     -7        0
  SINCE JUN 1     38                       125    -87       34
  SINCE JUL 1      8                        32    -24        8

 COOLING
  YESTERDAY        6                         6      0        1
  MONTH TO DATE   41                       120    -79      121
  SINCE JUN 1    508                       407    101      476
  SINCE JAN 1    522                       424     98      486
..................................................................


WIND (MPH)
  HIGHEST WIND SPEED    16   HIGHEST WIND DIRECTION    NW (320)
  HIGHEST GUST SPEED    22   HIGHEST GUST DIRECTION    NW (320)
  AVERAGE WIND SPEED     6.3


SKY COVER
  POSSIBLE SUNSHINE  MM
  AVERAGE SKY COVER 0.0


WEATHER CONDITIONS
 THE FOLLOWING WEATHER WAS RECORDED YESTERDAY.
  NO SIGNIFICANT WEATHER WAS OBSERVED.


RELATIVE HUMIDITY (PERCENT)
 HIGHEST    90          1200 AM
 LOWEST     34           400 PM
 AVERAGE    62

..........................................................


THE BISMARCK ND CLIMATE NORMALS FOR TODAY
                         NORMAL    RECORD    YEAR
 MAXIMUM TEMPERATURE (F)   83       103      1959
 MINIMUM TEMPERATURE (F)   55        38      1895


SUNRISE AND SUNSET
AUGUST 19 2017........SUNRISE   646 AM CDT   SUNSET   846 PM CDT
AUGUST 20 2017........SUNRISE   648 AM CDT   SUNSET   844 PM CDT


-  INDICATES NEGATIVE NUMBERS.
R  INDICATES RECORD WAS SET OR TIED.
MM INDICATES DATA IS MISSING.
T  INDICATES TRACE AMOUNT.




$$
