176
CDUS43 KBIS 262219
CLIBIS


CLIMATE REPORT
NATIONAL WEATHER SERVICE BISMARCK ND
519 PM CDT SUN MAR 26 2017


...................................

...THE BISMARCK ND CLIMATE SUMMARY FOR MARCH 26 2017...
VALID TODAY AS OF 0500 PM LOCAL TIME.

CLIMATE NORMAL PERIOD 1981 TO 2010
CLIMATE RECORD PERIOD 1875 TO 2017


WEATHER ITEM   OBSERVED TIME   RECORD YEAR NORMAL DEPARTURE LAST
                VALUE   (LST)  VALUE       VALUE  FROM      YEAR
                                                  NORMAL
..................................................................
TEMPERATURE (F)
 TODAY
  MAXIMUM         63    221 PM  74    1960  46     17       45
  MINIMUM         36    637 AM -13    1996  23     13       13
                                      1964
  AVERAGE         50                        34     16       29

PRECIPITATION (IN)
  TODAY            0.00          1.15 1950   0.03  -0.03     0.00
  MONTH TO DATE    0.52                      0.71  -0.19     0.22
  SINCE MAR 1      0.52                      0.71  -0.19     0.22
  SINCE JAN 1      1.92                      1.65   0.27     0.86

SNOWFALL (IN)
  TODAY            0.0          11.9  1950   0.2   -0.2      0.0
  MONTH TO DATE    8.7                       7.8    0.9      2.8
  SINCE MAR 1      8.7                       7.8    0.9      2.8
  SINCE JUL 1     71.6                      45.3   26.3     23.4
  SNOW DEPTH       0

DEGREE DAYS
 HEATING
  TODAY           15                        31    -16       36
  MONTH TO DATE  956                       943     13      702
  SINCE MAR 1    956                       943     13      702
  SINCE JUL 1   6958                      7374   -416     6022

 COOLING
  TODAY            0                         0      0        0
  MONTH TO DATE    0                         0      0        0
  SINCE MAR 1      0                         0      0        0
  SINCE JAN 1      0                         0      0        0
..................................................................


WIND (MPH)
  RESULTANT WIND SPEED   3   RESULTANT WIND DIRECTION  SE (120)
  HIGHEST WIND SPEED    12   HIGHEST WIND DIRECTION     E (80)
  HIGHEST GUST SPEED    16   HIGHEST GUST DIRECTION     E (90)
  AVERAGE WIND SPEED     4.1


SKY COVER
  POSSIBLE SUNSHINE  MM
  AVERAGE SKY COVER 0.7


WEATHER CONDITIONS
 THE FOLLOWING WEATHER WAS RECORDED TODAY.
  NO SIGNIFICANT WEATHER WAS OBSERVED.


RELATIVE HUMIDITY (PERCENT)
 HIGHEST    92           800 AM
 LOWEST     36           300 PM
 AVERAGE    64

..........................................................


THE BISMARCK ND CLIMATE NORMALS FOR TOMORROW
                         NORMAL    RECORD    YEAR
 MAXIMUM TEMPERATURE (F)   46        81      1946
 MINIMUM TEMPERATURE (F)   24       -10      1914


SUNRISE AND SUNSET
MARCH 26 2017.........SUNRISE   734 AM CDT   SUNSET   804 PM CDT
MARCH 27 2017.........SUNRISE   732 AM CDT   SUNSET   806 PM CDT


-  INDICATES NEGATIVE NUMBERS.
R  INDICATES RECORD WAS SET OR TIED.
MM INDICATES DATA IS MISSING.
T  INDICATES TRACE AMOUNT.




$$
