000
CDUS43 KBIS 240841
CLIBIS


CLIMATE REPORT
NATIONAL WEATHER SERVICE BISMARCK ND
241 AM CST FRI FEB 24 2017


...................................

...THE BISMARCK ND CLIMATE SUMMARY FOR FEBRUARY 23 2017...

CLIMATE NORMAL PERIOD 1981 TO 2010
CLIMATE RECORD PERIOD 1875 TO 2017


WEATHER ITEM   OBSERVED TIME   RECORD YEAR NORMAL DEPARTURE LAST
                VALUE   (LST)  VALUE       VALUE  FROM      YEAR
                                                  NORMAL
..................................................................
TEMPERATURE (F)
 YESTERDAY
  MAXIMUM         32    312 PM  63    1976  31      1       48
  MINIMUM         19   1159 PM -34    1889  11      8       26
  AVERAGE         26                        21      5       37

PRECIPITATION (IN)
  YESTERDAY        0.00          0.30 1883   0.03  -0.03     0.00
  MONTH TO DATE    0.75                      0.39   0.36     0.39
  SINCE DEC 1      3.44                      1.31   2.13     1.51
  SINCE JAN 1      1.39                      0.82   0.57     0.60

SNOWFALL (IN)
  YESTERDAY        0.0           7.0  1982   0.3   -0.3      0.0
  MONTH TO DATE    3.7                       6.4   -2.7      2.8
  SINCE DEC 1     43.4                      24.6   18.8     18.6
  SINCE JUL 1     62.4                      35.8   26.6     20.4
  SNOW DEPTH       4

DEGREE DAYS
 HEATING
  YESTERDAY       39                        44     -5       28
  MONTH TO DATE  955                      1099   -144      773
  SINCE DEC 1   4298                      4231     67     3573
  SINCE JUL 1   5778                      6217   -439     5158

 COOLING
  YESTERDAY        0                         0      0        0
  MONTH TO DATE    0                         0      0        0
  SINCE DEC 1      0                         0      0        0
  SINCE JAN 1      0                         0      0        0
..................................................................


WIND (MPH)
  HIGHEST WIND SPEED    17   HIGHEST WIND DIRECTION     N (20)
  HIGHEST GUST SPEED    22   HIGHEST GUST DIRECTION     N (20)
  AVERAGE WIND SPEED     6.9


SKY COVER
  POSSIBLE SUNSHINE  MM
  AVERAGE SKY COVER 0.8


WEATHER CONDITIONS
 THE FOLLOWING WEATHER WAS RECORDED YESTERDAY.
  FOG


RELATIVE HUMIDITY (PERCENT)
 HIGHEST    92           200 AM
 LOWEST     72           200 PM
 AVERAGE    82

..........................................................


THE BISMARCK ND CLIMATE NORMALS FOR TODAY
                         NORMAL    RECORD    YEAR
 MAXIMUM TEMPERATURE (F)   31        55      1958
 MINIMUM TEMPERATURE (F)   11       -28      1993


SUNRISE AND SUNSET
FEBRUARY 24 2017......SUNRISE   731 AM CST   SUNSET   622 PM CST
FEBRUARY 25 2017......SUNRISE   729 AM CST   SUNSET   623 PM CST


-  INDICATES NEGATIVE NUMBERS.
R  INDICATES RECORD WAS SET OR TIED.
MM INDICATES DATA IS MISSING.
T  INDICATES TRACE AMOUNT.




$$
