000
CDUS43 KBIS 210729
CLIBIS


CLIMATE REPORT
NATIONAL WEATHER SERVICE BISMARCK ND
227 AM CDT TUE OCT 21 2014


...................................

...THE BISMARCK ND CLIMATE SUMMARY FOR OCTOBER 20 2014...

CLIMATE NORMAL PERIOD 1981 TO 2010
CLIMATE RECORD PERIOD 1875 TO 2014


WEATHER ITEM   OBSERVED TIME   RECORD YEAR NORMAL DEPARTURE LAST
                VALUE   (LST)  VALUE       VALUE  FROM      YEAR
                                                  NORMAL
..................................................................
TEMPERATURE (F)
 YESTERDAY
  MAXIMUM         73    328 PM  82    1901  56     17       47
                                      1875
  MINIMUM         30    652 AM  13    1916  31     -1       32
                                      1896
  AVERAGE         52                        43      9       40

PRECIPITATION (IN)
  YESTERDAY        0.00          1.00 1883   0.04  -0.04     0.02
  MONTH TO DATE    0.07                      0.85  -0.78     4.59
  SINCE SEP 1      0.44                      2.44  -2.00     8.95
  SINCE JAN 1     13.13                     16.25  -3.12    25.26

SNOWFALL (IN)
  YESTERDAY        0.0           0.7  1936   0.1   -0.1       T
  MONTH TO DATE    0.0                       0.8   -0.8      0.6
  SINCE SEP 1      0.0                       1.0   -1.0      0.6
  SINCE JUL 1      0.0                       1.0   -1.0      0.6
  SNOW DEPTH       0

DEGREE DAYS
 HEATING
  YESTERDAY       13                        22     -9       25
  MONTH TO DATE  325                       353    -28      374
  SINCE SEP 1    513                       584    -71      477
  SINCE JUL 1    575                       639    -64      505

 COOLING
  YESTERDAY        0                         0      0        0
  MONTH TO DATE    0                         0      0        0
  SINCE SEP 1     51                        38     13       75
  SINCE JAN 1    457                       519    -62      555
..................................................................


WIND (MPH)
  HIGHEST WIND SPEED    20   HIGHEST WIND DIRECTION     S (160)
  HIGHEST GUST SPEED    24   HIGHEST GUST DIRECTION     S (160)
  AVERAGE WIND SPEED     6.6


SKY COVER
  POSSIBLE SUNSHINE  MM
  AVERAGE SKY COVER 0.0


WEATHER CONDITIONS
 THE FOLLOWING WEATHER WAS RECORDED YESTERDAY.
  NO SIGNIFICANT WEATHER WAS OBSERVED.


RELATIVE HUMIDITY (PERCENT)
 HIGHEST    92           100 AM
 LOWEST     25           100 PM
 AVERAGE    59

..........................................................


THE BISMARCK ND CLIMATE NORMALS FOR TODAY
                         NORMAL    RECORD    YEAR
 MAXIMUM TEMPERATURE (F)   55        84      1927
 MINIMUM TEMPERATURE (F)   30        14      1930
                                             1874


SUNRISE AND SUNSET
OCTOBER 21 2014.......SUNRISE   809 AM CDT   SUNSET   645 PM CDT
OCTOBER 22 2014.......SUNRISE   811 AM CDT   SUNSET   643 PM CDT


-  INDICATES NEGATIVE NUMBERS.
R  INDICATES RECORD WAS SET OR TIED.
MM INDICATES DATA IS MISSING.
T  INDICATES TRACE AMOUNT.




$$
