000
CDUS43 KBIS 210036
CLIBIS


CLIMATE REPORT
NATIONAL WEATHER SERVICE BISMARCK ND
635 PM CST SAT JAN 20 2018


...................................

...THE BISMARCK ND CLIMATE SUMMARY FOR JANUARY 20 2018...
VALID TODAY AS OF 0600 PM LOCAL TIME.

CLIMATE NORMAL PERIOD 1981 TO 2010
CLIMATE RECORD PERIOD 1875 TO 2018


WEATHER ITEM   OBSERVED TIME   RECORD YEAR NORMAL DEPARTURE LAST
                VALUE   (LST)  VALUE       VALUE  FROM      YEAR
                                                  NORMAL
..................................................................
TEMPERATURE (F)
 TODAY
  MAXIMUM         42    215 PM  53    1964  23     19       32
  MINIMUM         30    947 AM -37    1883   2     28       11
  AVERAGE         36                        13     23       22

PRECIPITATION (IN)
  TODAY            0.00          0.42 1906   0.02  -0.02      T
  MONTH TO DATE    0.42                      0.30   0.12     0.61
  SINCE DEC 1      0.84                      0.79   0.05     2.66
  SINCE JAN 1      0.42                      0.30   0.12     0.61

SNOWFALL (IN)
  TODAY            0.0           5.2  1937
  MONTH TO DATE    6.1
  SINCE DEC 1     11.7
  SINCE JUL 1     13.0

DEGREE DAYS
 HEATING
  TODAY           29                        52    -23       43
  MONTH TO DATE 1098                      1052     46     1257
  SINCE DEC 1   2498                      2566    -68     2937
  SINCE JUL 1   4237                      4552   -315     4417

 COOLING
  TODAY            0                         0      0        0
  MONTH TO DATE    0                         0      0        0
  SINCE DEC 1      0                         0      0        0
  SINCE JAN 1      0                         0      0        0
..................................................................


WIND (MPH)
  RESULTANT WIND SPEED   8   RESULTANT WIND DIRECTION   W (270)
  HIGHEST WIND SPEED    18   HIGHEST WIND DIRECTION     W (290)
  HIGHEST GUST SPEED    22   HIGHEST GUST DIRECTION     W (280)
  AVERAGE WIND SPEED     8.2


SKY COVER
  POSSIBLE SUNSHINE  MM
  AVERAGE SKY COVER 0.3


WEATHER CONDITIONS
 THE FOLLOWING WEATHER WAS RECORDED TODAY.
  NO SIGNIFICANT WEATHER WAS OBSERVED.


RELATIVE HUMIDITY (PERCENT)
 HIGHEST    89           400 AM
 LOWEST     55           200 PM
 AVERAGE    72

..........................................................


THE BISMARCK ND CLIMATE NORMALS FOR TOMORROW
                         NORMAL    RECORD    YEAR
 MAXIMUM TEMPERATURE (F)   24        53      1942
 MINIMUM TEMPERATURE (F)    2       -37      1954


SUNRISE AND SUNSET
JANUARY 20 2018.......SUNRISE   820 AM CST   SUNSET   529 PM CST
JANUARY 21 2018.......SUNRISE   819 AM CST   SUNSET   530 PM CST


-  INDICATES NEGATIVE NUMBERS.
R  INDICATES RECORD WAS SET OR TIED.
MM INDICATES DATA IS MISSING.
T  INDICATES TRACE AMOUNT.




$$
