000
CDUS43 KGRR 250522
CLIBIV


CLIMATE REPORT
NATIONAL WEATHER SERVICE GRAND RAPIDS, MI
119 AM EDT FRI APR 25 2014


...................................

...THE HOLLAND/TULIP CITY MI CLIMATE SUMMARY FOR APRIL 24 2014...

CLIMATE NORMAL PERIOD 1981 TO 2010
CLIMATE RECORD PERIOD 9999 TO 9999


WEATHER ITEM   OBSERVED TIME   NORMAL DEPARTURE LAST
                VALUE   (LST)  VALUE  FROM      YEAR
                                      NORMAL
......................................................
TEMPERATURE (F)
 YESTERDAY
  MAXIMUM         59    529 PM  62     -3       45
  MINIMUM         45    335 AM  42      3       36
  AVERAGE         52            52      0       41

PRECIPITATION (IN)
  YESTERDAY        0.01          0.11  -0.10     0.07
  MONTH TO DATE    1.54          2.39  -0.85     8.85
  SINCE MAR 1      2.68          4.66  -1.98     9.85
  SINCE JAN 1      6.64          8.55  -1.91    15.61

DEGREE DAYS
 HEATING
  YESTERDAY       13            14     -1       24
  MONTH TO DATE  434           430      4      508
  SINCE MAR 1   1560          1304    256     1498
  SINCE JUL 1   6718          5804    914     5750

 COOLING
  YESTERDAY        0             0      0        0
  MONTH TO DATE    0             0      0        0
  SINCE MAR 1      0             0      0        0
  SINCE JAN 1      0             0      0        0
......................................................


WIND (MPH)
  RESULTANT WIND SPEED  12   RESULTANT WIND DIRECTION   E (110)
  HIGHEST WIND SPEED    26   HIGHEST WIND DIRECTION     E (110)
  HIGHEST GUST SPEED    33   HIGHEST GUST DIRECTION    SE (120)
  AVERAGE WIND SPEED    12.4


SKY COVER
  AVERAGE SKY COVER 0.6


WEATHER CONDITIONS
 THE FOLLOWING WEATHER WAS RECORDED YESTERDAY.
  LIGHT RAIN


RELATIVE HUMIDITY (PERCENT)
 HIGHEST    62           300 AM
 LOWEST     23           400 PM
 AVERAGE    43

..........................................................


THE HOLLAND/TULIP CITY MI CLIMATE NORMALS FOR TODAY
                         NORMAL
 MAXIMUM TEMPERATURE (F)   62
 MINIMUM TEMPERATURE (F)   42


SUNRISE AND SUNSET
APRIL 25 2014.........SUNRISE   647 AM EDT   SUNSET   838 PM EDT
APRIL 26 2014.........SUNRISE   646 AM EDT   SUNSET   840 PM EDT


-  INDICATES NEGATIVE NUMBERS.
R  INDICATES RECORD WAS SET OR TIED.
MM INDICATES DATA IS MISSING.
T  INDICATES TRACE AMOUNT.




$$
