000
CDUS43 KGRR 160515
CLIBIV


CLIMATE REPORT
NATIONAL WEATHER SERVICE GRAND RAPIDS, MI
115 AM EDT WED APR 16 2014


...................................

...THE HOLLAND/TULIP CITY MI CLIMATE SUMMARY FOR APRIL 15 2014...

CLIMATE NORMAL PERIOD 1981 TO 2010
CLIMATE RECORD PERIOD 9999 TO 9999


WEATHER ITEM   OBSERVED TIME   NORMAL DEPARTURE LAST
                VALUE   (LST)  VALUE  FROM      YEAR
                                      NORMAL
......................................................
TEMPERATURE (F)
 YESTERDAY
  MAXIMUM         33    442 PM  58    -25       67
  MINIMUM         26   1159 PM  39    -13       48
  AVERAGE         30            48    -18       58

PRECIPITATION (IN)
  YESTERDAY        T             0.11  -0.11     0.69
  MONTH TO DATE    1.37          1.35   0.02     4.30
  SINCE MAR 1      2.51          3.62  -1.11     5.30
  SINCE JAN 1      6.47          7.51  -1.04    11.06

DEGREE DAYS
 HEATING
  YESTERDAY       35            17     18        7
  MONTH TO DATE  298           294      4      335
  SINCE MAR 1   1424          1168    256     1325
  SINCE JUL 1   6582          5668    914     5577

 COOLING
  YESTERDAY        0             0      0        0
  MONTH TO DATE    0             0      0        0
  SINCE MAR 1      0             0      0        0
  SINCE JAN 1      0             0      0        0
......................................................


WIND (MPH)
  RESULTANT WIND SPEED   8   RESULTANT WIND DIRECTION  NW (320)
  HIGHEST WIND SPEED    22   HIGHEST WIND DIRECTION    NW (320)
  HIGHEST GUST SPEED    35   HIGHEST GUST DIRECTION    NW (320)
  AVERAGE WIND SPEED     9.3


SKY COVER
  AVERAGE SKY COVER 0.4


WEATHER CONDITIONS
 THE FOLLOWING WEATHER WAS RECORDED YESTERDAY.
  LIGHT SNOW


RELATIVE HUMIDITY (PERCENT)
 HIGHEST    75           100 AM
 LOWEST     43           400 PM
 AVERAGE    59

..........................................................


THE HOLLAND/TULIP CITY MI CLIMATE NORMALS FOR TODAY
                         NORMAL
 MAXIMUM TEMPERATURE (F)   58
 MINIMUM TEMPERATURE (F)   39


SUNRISE AND SUNSET
APRIL 16 2014.........SUNRISE   702 AM EDT   SUNSET   828 PM EDT
APRIL 17 2014.........SUNRISE   700 AM EDT   SUNSET   829 PM EDT


-  INDICATES NEGATIVE NUMBERS.
R  INDICATES RECORD WAS SET OR TIED.
MM INDICATES DATA IS MISSING.
T  INDICATES TRACE AMOUNT.




$$
