000
CDUS43 KGRR 251438
CLIBIV


CLIMATE REPORT
NATIONAL WEATHER SERVICE GRAND RAPIDS, MI
937 AM EST THU DEC 25 2014


...................................

...THE HOLLAND/TULIP CITY MI CLIMATE SUMMARY FOR DECEMBER 25 2014...
VALID AS OF 0900 AM LOCAL TIME.

CLIMATE NORMAL PERIOD 1981 TO 2010
CLIMATE RECORD PERIOD 1996 TO 2014


WEATHER ITEM   OBSERVED TIME   RECORD YEAR NORMAL DEPARTURE LAST
                VALUE   (LST)  VALUE       VALUE  FROM      YEAR
                                                  NORMAL
..................................................................
TEMPERATURE (F)
 TODAY
  MAXIMUM         40    535 AM  MM      MM  34      6       28
  MINIMUM         38    859 AM  MM      MM  24     14       11
  AVERAGE         39                        29     10       20

PRECIPITATION (IN)
  TODAY            T            MM      MM   0.06  -0.06     0.11
  MONTH TO DATE    1.38                      1.97  -0.59     1.45
  SINCE DEC 1      1.38                      1.97  -0.59     1.45
  SINCE JAN 1     33.55                     36.13  -2.58    39.96

DEGREE DAYS
 HEATING
  TODAY           26                        36    -10       45
  MONTH TO DATE  736                       824    -88      953
  SINCE DEC 1    736                       824    -88      953
  SINCE JUL 1   2127                      2047     80     2189

 COOLING
  TODAY            0                         0      0        0
  MONTH TO DATE    0                         0      0        0
  SINCE DEC 1      0                         0      0        0
  SINCE JAN 1    570                       693   -123      813
..................................................................


WIND (MPH)
  HIGHEST WIND SPEED    22   HIGHEST WIND DIRECTION     W (260)
  HIGHEST GUST SPEED    28   HIGHEST GUST DIRECTION     W (270)



WEATHER CONDITIONS
 THE FOLLOWING WEATHER WAS RECORDED TODAY.
  LIGHT RAIN


..........................................................




SUNRISE AND SUNSET
DECEMBER 25 2014......SUNRISE   814 AM EST   SUNSET   516 PM EST
DECEMBER 26 2014......SUNRISE   814 AM EST   SUNSET   516 PM EST


-  INDICATES NEGATIVE NUMBERS.
R  INDICATES RECORD WAS SET OR TIED.
MM INDICATES DATA IS MISSING.
T  INDICATES TRACE AMOUNT.




$$

CAS
