919
CDUS43 KGRR 170522
CLIBIV


CLIMATE REPORT
NATIONAL WEATHER SERVICE GRAND RAPIDS, MI
1222 AM EST SUN DEC 17 2017


...................................

...THE HOLLAND/TULIP CITY MI CLIMATE SUMMARY FOR DECEMBER 16 2017...

CLIMATE NORMAL PERIOD 1981 TO 2010
CLIMATE RECORD PERIOD 1996 TO 2017


WEATHER ITEM   OBSERVED TIME   NORMAL DEPARTURE LAST
                VALUE   (LST)  VALUE  FROM      YEAR
                                      NORMAL
......................................................
TEMPERATURE (F)
 YESTERDAY
  MAXIMUM         38    435 AM  36      2       18
  MINIMUM         23    958 PM  26     -3       14
  AVERAGE         31            31      0       16

PRECIPITATION (IN)
  YESTERDAY        0.06          0.06   0.00     0.05
  MONTH TO DATE    0.79          1.40  -0.61     1.15
  SINCE DEC 1      0.79          1.40  -0.61     1.15
  SINCE JAN 1     39.75         35.56   4.19    31.02

DEGREE DAYS
 HEATING
  YESTERDAY       34            34      0       49
  MONTH TO DATE  524           508     16      573
  SINCE DEC 1    524           508     16      573
  SINCE JUL 1   1691          1731    -40     1471

 COOLING
  YESTERDAY        0             0      0        0
  MONTH TO DATE    0             0      0        0
  SINCE DEC 1      0             0      0        0
  SINCE JAN 1    613           693    -80      785
......................................................


WIND (MPH)
  RESULTANT WIND SPEED   3   RESULTANT WIND DIRECTION   E (80)
  HIGHEST WIND SPEED    20   HIGHEST WIND DIRECTION     W (260)
  HIGHEST GUST SPEED    26   HIGHEST GUST DIRECTION     W (270)
  AVERAGE WIND SPEED     9.2


SKY COVER
  AVERAGE SKY COVER 0.8


WEATHER CONDITIONS
 THE FOLLOWING WEATHER WAS RECORDED YESTERDAY.
  LIGHT RAIN
  LIGHT SNOW
  FOG


RELATIVE HUMIDITY (PERCENT)
 HIGHEST    89           100 AM
 LOWEST     70           700 AM
 AVERAGE    80

..........................................................


THE HOLLAND/TULIP CITY MI CLIMATE NORMALS FOR TODAY
                         NORMAL
 MAXIMUM TEMPERATURE (F)   36
 MINIMUM TEMPERATURE (F)   26


SUNRISE AND SUNSET
DECEMBER 17 2017......SUNRISE   810 AM EST   SUNSET   512 PM EST
DECEMBER 18 2017......SUNRISE   811 AM EST   SUNSET   512 PM EST


-  INDICATES NEGATIVE NUMBERS.
R  INDICATES RECORD WAS SET OR TIED.
MM INDICATES DATA IS MISSING.
T  INDICATES TRACE AMOUNT.




$$
