000
CDUS43 KGRR 290516
CLIBIV


CLIMATE REPORT
NATIONAL WEATHER SERVICE GRAND RAPIDS, MI
116 AM EDT WED MAR 29 2017


...................................

...THE HOLLAND/TULIP CITY MI CLIMATE SUMMARY FOR MARCH 28 2017...

CLIMATE NORMAL PERIOD 1981 TO 2010
CLIMATE RECORD PERIOD 1996 TO 2017


WEATHER ITEM   OBSERVED TIME   NORMAL DEPARTURE LAST
                VALUE   (LST)  VALUE  FROM      YEAR
                                      NORMAL
......................................................
TEMPERATURE (F)
 YESTERDAY
  MAXIMUM         49    458 PM  50     -1       44
  MINIMUM         32   1158 PM  32      0       34
  AVERAGE         41            41      0       39

PRECIPITATION (IN)
  YESTERDAY        0.00          0.07  -0.07     0.03
  MONTH TO DATE    1.81          2.07  -0.26     2.77
  SINCE MAR 1      1.81          2.07  -0.26     2.77
  SINCE JAN 1      6.47          5.96   0.51     6.63

DEGREE DAYS
 HEATING
  YESTERDAY       24            24      0       26
  MONTH TO DATE  810           805      5      707
  SINCE MAR 1    810           805      5      707
  SINCE JUL 1   4672          5305   -633     4697

 COOLING
  YESTERDAY        0             0      0        0
  MONTH TO DATE    0             0      0        0
  SINCE MAR 1      0             0      0        0
  SINCE JAN 1      0             0      0        0
......................................................


WIND (MPH)
  RESULTANT WIND SPEED   3   RESULTANT WIND DIRECTION   N (350)
  HIGHEST WIND SPEED    10   HIGHEST WIND DIRECTION    NW (300)
  HIGHEST GUST SPEED    14   HIGHEST GUST DIRECTION     N (20)
  AVERAGE WIND SPEED     5.5


SKY COVER
  AVERAGE SKY COVER 0.8


WEATHER CONDITIONS
 THE FOLLOWING WEATHER WAS RECORDED YESTERDAY.
  FOG


RELATIVE HUMIDITY (PERCENT)
 HIGHEST   100           600 AM
 LOWEST     66           200 PM
 AVERAGE    83

..........................................................


THE HOLLAND/TULIP CITY MI CLIMATE NORMALS FOR TODAY
                         NORMAL
 MAXIMUM TEMPERATURE (F)   50
 MINIMUM TEMPERATURE (F)   33


SUNRISE AND SUNSET
MARCH 29 2017.........SUNRISE   732 AM EDT   SUNSET   808 PM EDT
MARCH 30 2017.........SUNRISE   730 AM EDT   SUNSET   809 PM EDT


-  INDICATES NEGATIVE NUMBERS.
R  INDICATES RECORD WAS SET OR TIED.
MM INDICATES DATA IS MISSING.
T  INDICATES TRACE AMOUNT.




$$
