000
CDUS46 KBOI 070931
CLIBKE


CLIMATE REPORT
NATIONAL WEATHER SERVICE BOISE ID
231 AM MST SUN FEB 7 2016


...................................

...THE BAKER OR CLIMATE SUMMARY FOR FEBRUARY 6 2016...

CLIMATE NORMAL PERIOD 1981 TO 2010
CLIMATE RECORD PERIOD 1948 TO 2016


WEATHER ITEM   OBSERVED TIME   RECORD YEAR NORMAL DEPARTURE LAST
                VALUE   (LST)  VALUE       VALUE  FROM      YEAR
                                                  NORMAL
..................................................................
TEMPERATURE (F)
 YESTERDAY
  MAXIMUM         38   1207 PM  58    2015  37      1       58
  MINIMUM         21   1159 PM -25    1989  18      3       44
  AVERAGE         30                        27      3       51

PRECIPITATION (IN)
  YESTERDAY        0.00          0.78 1966   0.02  -0.02     0.01
  MONTH TO DATE    0.07                      0.13  -0.06     0.24
  SINCE OCT 1      3.00                      3.44  -0.44     2.83
  SINCE JAN 1      0.46                      0.93  -0.47     0.63

DEGREE DAYS
 HEATING
  YESTERDAY       35                        38     -3       14
  MONTH TO DATE  236                       228      8      152
  SINCE DEC 1   2531                      2714   -183     2294
  SINCE JUL 1   4382                      4751   -369     4097

 COOLING
  YESTERDAY        0                         0      0        0
  MONTH TO DATE    0                         0      0        0
  SINCE DEC 1      0                         0      0        0
  SINCE JAN 1      0                         0      0        0
..................................................................


WIND (MPH)
  RESULTANT WIND SPEED   1   RESULTANT WIND DIRECTION   E (110)
  HIGHEST WIND SPEED    21   HIGHEST WIND DIRECTION     E (110)
  HIGHEST GUST SPEED    25   HIGHEST GUST DIRECTION     E (110)
  AVERAGE WIND SPEED     2.3


SKY COVER
  AVERAGE SKY COVER 0.3


WEATHER CONDITIONS
 THE FOLLOWING WEATHER WAS RECORDED YESTERDAY.
  FOG


RELATIVE HUMIDITY (PERCENT)
 HIGHEST   100          1000 PM
 LOWEST     75          1200 PM
 AVERAGE    88

..........................................................


THE BAKER OR CLIMATE NORMALS FOR TODAY
                         NORMAL    RECORD    YEAR
 MAXIMUM TEMPERATURE (F)   37        62      2015
 MINIMUM TEMPERATURE (F)   18       -28      1989


SUNRISE AND SUNSET
FEBRUARY  7 2016......SUNRISE   704 AM PST   SUNSET   508 PM PST
FEBRUARY  8 2016......SUNRISE   702 AM PST   SUNSET   509 PM PST


-  INDICATES NEGATIVE NUMBERS.
R  INDICATES RECORD WAS SET OR TIED.
MM INDICATES DATA IS MISSING.
T  INDICATES TRACE AMOUNT.




$$
