000
CDUS46 KBOI 240937
CLIBKE


CLIMATE REPORT
NATIONAL WEATHER SERVICE BOISE ID
336 AM MDT TUE MAY 24 2016


...................................

...THE BAKER OR CLIMATE SUMMARY FOR MAY 23 2016...

CLIMATE NORMAL PERIOD 1981 TO 2010
CLIMATE RECORD PERIOD 1948 TO 2016


WEATHER ITEM   OBSERVED TIME   RECORD YEAR NORMAL DEPARTURE LAST
                VALUE   (LST)  VALUE       VALUE  FROM      YEAR
                                                  NORMAL
..................................................................
TEMPERATURE (F)
 YESTERDAY
  MAXIMUM         59   1121 AM  94    2001  68     -9       71
  MINIMUM         37    500 AM  22    1966  38     -1       50
  AVERAGE         48                        53     -5       61

PRECIPITATION (IN)
  YESTERDAY        0.00          0.55 1956   0.05  -0.05      T
  MONTH TO DATE    1.07                      1.06   0.01     1.87
  SINCE OCT 1      4.88                      6.62  -1.74     6.31
  SINCE JAN 1      2.34                      4.11  -1.77     4.11

DEGREE DAYS
 HEATING
  YESTERDAY       17                        12      5        4
  MONTH TO DATE  278                       344    -66      286
  SINCE MAR 1   1543                      1837   -294     1652
  SINCE JUL 1   6587                      7357   -770     6328

 COOLING
  YESTERDAY        0                         0      0        0
  MONTH TO DATE    0                         0      0        0
  SINCE MAR 1      0                         0      0        0
  SINCE JAN 1      0                         0      0        0
..................................................................


WIND (MPH)
  RESULTANT WIND SPEED   3   RESULTANT WIND DIRECTION   W (280)
  HIGHEST WIND SPEED    17   HIGHEST WIND DIRECTION    NW (310)
  HIGHEST GUST SPEED    22   HIGHEST GUST DIRECTION    NW (310)
  AVERAGE WIND SPEED     4.5


SKY COVER
  AVERAGE SKY COVER 0.5


WEATHER CONDITIONS
 THE FOLLOWING WEATHER WAS RECORDED YESTERDAY.
  NO SIGNIFICANT WEATHER WAS OBSERVED.


RELATIVE HUMIDITY (PERCENT)
 HIGHEST    92           400 AM
 LOWEST     51          1100 AM
 AVERAGE    72

..........................................................


THE BAKER OR CLIMATE NORMALS FOR TODAY
                         NORMAL    RECORD    YEAR
 MAXIMUM TEMPERATURE (F)   68        91      2003
 MINIMUM TEMPERATURE (F)   38        28      2002


SUNRISE AND SUNSET
MAY 24 2016...........SUNRISE   513 AM PDT   SUNSET   823 PM PDT
MAY 25 2016...........SUNRISE   513 AM PDT   SUNSET   824 PM PDT


-  INDICATES NEGATIVE NUMBERS.
R  INDICATES RECORD WAS SET OR TIED.
MM INDICATES DATA IS MISSING.
T  INDICATES TRACE AMOUNT.




$$
