000
CDUS46 KBOI 200935
CLIBKE


CLIMATE REPORT
NATIONAL WEATHER SERVICE BOISE ID
334 AM MDT FRI OCT 20 2017


...................................

...THE BAKER OR CLIMATE SUMMARY FOR OCTOBER 19 2017...

CLIMATE NORMAL PERIOD 1981 TO 2010
CLIMATE RECORD PERIOD 1928 TO 2017


WEATHER ITEM   OBSERVED TIME   RECORD YEAR NORMAL DEPARTURE LAST
                VALUE   (LST)  VALUE       VALUE  FROM      YEAR
                                                  NORMAL
..................................................................
TEMPERATURE (F)
 YESTERDAY
  MAXIMUM         74    202 PM  76    1974  59     15       56
  MINIMUM         35    208 AM  16    1995  27      8       24
                                      1948
  AVERAGE         55                        43     12       40

PRECIPITATION (IN)
  YESTERDAY        0.03          0.25 2007   0.02   0.01     0.00
  MONTH TO DATE    0.16                      0.35  -0.19     0.58
  SINCE OCT 1      0.16                      0.35  -0.19     0.58
  SINCE JAN 1      5.90                      7.97  -2.07     4.28

DEGREE DAYS
 HEATING
  YESTERDAY       10                        22    -12       25
  MONTH TO DATE  386                       349     37      368
  SINCE SEP 1    616                       640    -24      676
  SINCE JUL 1    628                       791   -163      822

 COOLING
  YESTERDAY        0                         0      0        0
  MONTH TO DATE    0                         0      0        0
  SINCE SEP 1     53                         9     44        0
  SINCE JAN 1    357                       169    188      132
..................................................................


WIND (MPH)
  RESULTANT WIND SPEED   9   RESULTANT WIND DIRECTION  SE (140)
  HIGHEST WIND SPEED    33   HIGHEST WIND DIRECTION    NW (330)
  HIGHEST GUST SPEED    41   HIGHEST GUST DIRECTION     S (190)
  AVERAGE WIND SPEED    12.7


SKY COVER
  AVERAGE SKY COVER 0.1


WEATHER CONDITIONS
 THE FOLLOWING WEATHER WAS RECORDED YESTERDAY.
  LIGHT RAIN


RELATIVE HUMIDITY (PERCENT)
 HIGHEST    59           200 AM
 LOWEST     16          1200 PM
 AVERAGE    38

..........................................................


THE BAKER OR CLIMATE NORMALS FOR TODAY
                         NORMAL    RECORD    YEAR
 MAXIMUM TEMPERATURE (F)   59        78      2003
 MINIMUM TEMPERATURE (F)   27        15      1945


SUNRISE AND SUNSET
OCTOBER 20 2017.......SUNRISE   714 AM PDT   SUNSET   557 PM PDT
OCTOBER 21 2017.......SUNRISE   715 AM PDT   SUNSET   556 PM PDT


-  INDICATES NEGATIVE NUMBERS.
R  INDICATES RECORD WAS SET OR TIED.
MM INDICATES DATA IS MISSING.
T  INDICATES TRACE AMOUNT.




$$
