000
CDUS46 KBOI 270934
CLIBKE


CLIMATE REPORT
NATIONAL WEATHER SERVICE BOISE ID
230 AM MST TUE JAN 27 2015


...................................

...THE BAKER OR CLIMATE SUMMARY FOR JANUARY 26 2015...

CLIMATE NORMAL PERIOD 1981 TO 2010
CLIMATE RECORD PERIOD 1948 TO 2015


WEATHER ITEM   OBSERVED TIME   RECORD YEAR NORMAL DEPARTURE LAST
                VALUE   (LST)  VALUE       VALUE  FROM      YEAR
                                                  NORMAL
..................................................................
TEMPERATURE (F)
 YESTERDAY
  MAXIMUM         47    142 PM  52    2003  35     12       26
  MINIMUM         27   1150 PM -21    1957  17     10       20
  AVERAGE         37                        26     11       23

PRECIPITATION (IN)
  YESTERDAY        0.00          0.42 1970   0.02  -0.02     0.00
  MONTH TO DATE    0.39                      0.69  -0.30     0.32
  SINCE OCT 1      2.59                      3.20  -0.61     1.49
  SINCE JAN 1      0.39                      0.69  -0.30     0.32

DEGREE DAYS
 HEATING
  YESTERDAY       28                        39    -11       42
  MONTH TO DATE  961                      1045    -84     1021
  SINCE DEC 1   1983                      2293   -310     2422
  SINCE JUL 1   3786                      4330   -544     4347

 COOLING
  YESTERDAY        0                         0      0        0
  MONTH TO DATE    0                         0      0        0
  SINCE DEC 1      0                         0      0        0
  SINCE JAN 1      0                         0      0        0
..................................................................


WIND (MPH)
  RESULTANT WIND SPEED   6   RESULTANT WIND DIRECTION   E (110)
  HIGHEST WIND SPEED    21   HIGHEST WIND DIRECTION     E (110)
  HIGHEST GUST SPEED    26   HIGHEST GUST DIRECTION    SE (120)
  AVERAGE WIND SPEED     7.6


SKY COVER
  AVERAGE SKY COVER 0.0


WEATHER CONDITIONS
 THE FOLLOWING WEATHER WAS RECORDED YESTERDAY.
  FOG


RELATIVE HUMIDITY (PERCENT)
 HIGHEST    96           700 PM
 LOWEST     65           200 PM
 AVERAGE    81

..........................................................


THE BAKER OR CLIMATE NORMALS FOR TODAY
                         NORMAL    RECORD    YEAR
 MAXIMUM TEMPERATURE (F)   35        51      1983
 MINIMUM TEMPERATURE (F)   17       -24      1957


SUNRISE AND SUNSET
JANUARY 27 2015.......SUNRISE   716 AM PST   SUNSET   452 PM PST
JANUARY 28 2015.......SUNRISE   715 AM PST   SUNSET   454 PM PST


-  INDICATES NEGATIVE NUMBERS.
R  INDICATES RECORD WAS SET OR TIED.
MM INDICATES DATA IS MISSING.
T  INDICATES TRACE AMOUNT.




$$
