000
CDUS46 KBOI 240931
CLIBKE


CLIMATE REPORT
NATIONAL WEATHER SERVICE BOISE ID
231 AM MST MON NOV 24 2014


...................................

...THE BAKER OR CLIMATE SUMMARY FOR NOVEMBER 23 2014...

CLIMATE NORMAL PERIOD 1981 TO 2010
CLIMATE RECORD PERIOD 1948 TO 2014


WEATHER ITEM   OBSERVED TIME   RECORD YEAR NORMAL DEPARTURE LAST
                VALUE   (LST)  VALUE       VALUE  FROM      YEAR
                                                  NORMAL
..................................................................
TEMPERATURE (F)
 YESTERDAY
  MAXIMUM         42    339 PM  53    1954  40      2       42
  MINIMUM         22    717 AM -15    1985  20      2        8
  AVERAGE         32                        30      2       25

PRECIPITATION (IN)
  YESTERDAY        T             0.61 1949   0.03  -0.03     0.00
  MONTH TO DATE    0.43                      0.68  -0.25     0.36
  SINCE OCT 1      0.66                      1.31  -0.65     0.53
  SINCE JAN 1      6.66                      8.93  -2.27     8.30

DEGREE DAYS
 HEATING
  YESTERDAY       33                        35     -2       40
  MONTH TO DATE  830                       704    126      690
  SINCE SEP 1   1529                      1632   -103     1649
  SINCE JUL 1   1606                      1783   -177     1681

 COOLING
  YESTERDAY        0                         0      0        0
  MONTH TO DATE    0                         0      0        0
  SINCE SEP 1     15                         9      6       28
  SINCE JAN 1    250                       169     81      258
..................................................................


WIND (MPH)
  RESULTANT WIND SPEED   3   RESULTANT WIND DIRECTION   E (90)
  HIGHEST WIND SPEED    16   HIGHEST WIND DIRECTION     N (340)
  HIGHEST GUST SPEED    20   HIGHEST GUST DIRECTION     N (350)
  AVERAGE WIND SPEED     5.0


SKY COVER
  AVERAGE SKY COVER 0.3


WEATHER CONDITIONS
 THE FOLLOWING WEATHER WAS RECORDED YESTERDAY.
  NO SIGNIFICANT WEATHER WAS OBSERVED.


RELATIVE HUMIDITY (PERCENT)
 HIGHEST    96           700 AM
 LOWEST     57           300 PM
 AVERAGE    77

..........................................................


THE BAKER OR CLIMATE NORMALS FOR TODAY
                         NORMAL    RECORD    YEAR
 MAXIMUM TEMPERATURE (F)   39        65      1960
 MINIMUM TEMPERATURE (F)   20       -11      1985


SUNRISE AND SUNSET
NOVEMBER 24 2014......SUNRISE   700 AM PST   SUNSET   415 PM PST
NOVEMBER 25 2014......SUNRISE   702 AM PST   SUNSET   415 PM PST


-  INDICATES NEGATIVE NUMBERS.
R  INDICATES RECORD WAS SET OR TIED.
MM INDICATES DATA IS MISSING.
T  INDICATES TRACE AMOUNT.




$$
