000
CDUS46 KBOI 270932
CLIBKE


CLIMATE REPORT
NATIONAL WEATHER SERVICE BOISE ID
331 AM MDT SAT AUG 27 2016


...................................

...THE BAKER OR CLIMATE SUMMARY FOR AUGUST 26 2016...

CLIMATE NORMAL PERIOD 1981 TO 2010
CLIMATE RECORD PERIOD 1948 TO 2016


WEATHER ITEM   OBSERVED TIME   RECORD YEAR NORMAL DEPARTURE LAST
                VALUE   (LST)  VALUE       VALUE  FROM      YEAR
                                                  NORMAL
..................................................................
TEMPERATURE (F)
 YESTERDAY
  MAXIMUM         85    309 PM  99    2001  82      3       96
  MINIMUM         39    513 AM  29    1992  43     -4       42
  AVERAGE         62                        62      0       69

PRECIPITATION (IN)
  YESTERDAY        0.00          0.44 1953   0.02  -0.02     0.00
  MONTH TO DATE    0.12                      0.58  -0.46     0.02
  SINCE OCT 1      6.17                      9.45  -3.28     9.48
  SINCE JAN 1      3.63                      6.94  -3.31     7.28

DEGREE DAYS
 HEATING
  YESTERDAY        3                         4     -1        0
  MONTH TO DATE   59                        58      1       38
  SINCE JUN 1    336                       354    -18      162
  SINCE JUL 1    144                       128     16       78

 COOLING
  YESTERDAY        0                         1     -1        4
  MONTH TO DATE   35                        61    -26       67
  SINCE JUN 1    125                       152    -27      218
  SINCE JAN 1    125                       154    -29      219
..................................................................


WIND (MPH)
  RESULTANT WIND SPEED   2   RESULTANT WIND DIRECTION   W (260)
  HIGHEST WIND SPEED    10   HIGHEST WIND DIRECTION    NW (320)
  HIGHEST GUST SPEED    14   HIGHEST GUST DIRECTION    NW (310)
  AVERAGE WIND SPEED     4.3


SKY COVER
  AVERAGE SKY COVER 0.0


WEATHER CONDITIONS
 THE FOLLOWING WEATHER WAS RECORDED YESTERDAY.
  NO SIGNIFICANT WEATHER WAS OBSERVED.


RELATIVE HUMIDITY (PERCENT)
 HIGHEST    76           500 AM
 LOWEST     13           300 PM
 AVERAGE    45

..........................................................


THE BAKER OR CLIMATE NORMALS FOR TODAY
                         NORMAL    RECORD    YEAR
 MAXIMUM TEMPERATURE (F)   82        96      1999
 MINIMUM TEMPERATURE (F)   43        33      1992


SUNRISE AND SUNSET
AUGUST 27 2016........SUNRISE   608 AM PDT   SUNSET   736 PM PDT
AUGUST 28 2016........SUNRISE   609 AM PDT   SUNSET   734 PM PDT


-  INDICATES NEGATIVE NUMBERS.
R  INDICATES RECORD WAS SET OR TIED.
MM INDICATES DATA IS MISSING.
T  INDICATES TRACE AMOUNT.




$$
