000
CDUS46 KBOI 080932
CLIBKE


CLIMATE REPORT
NATIONAL WEATHER SERVICE BOISE ID
232 AM MST THU DEC 8 2016


...................................

...THE BAKER OR CLIMATE SUMMARY FOR DECEMBER 7 2016...

CLIMATE NORMAL PERIOD 1981 TO 2010
CLIMATE RECORD PERIOD 1948 TO 2016


WEATHER ITEM   OBSERVED TIME   RECORD YEAR NORMAL DEPARTURE LAST
                VALUE   (LST)  VALUE       VALUE  FROM      YEAR
                                                  NORMAL
..................................................................
TEMPERATURE (F)
 YESTERDAY
  MAXIMUM         17    332 PM  51    2015  35    -18       51
  MINIMUM         -4    714 AM  -9    2013  17    -21       36
  AVERAGE          7                        26    -19       44

PRECIPITATION (IN)
  YESTERDAY        0.00          0.39 1973   0.04  -0.04     0.26
  MONTH TO DATE    0.07                      0.23  -0.16     0.40
  SINCE OCT 1      1.88                      1.76   0.12     1.60
  SINCE JAN 1      5.58                      9.38  -3.80     9.56

DEGREE DAYS
 HEATING
  YESTERDAY       58                        39     19       21
  MONTH TO DATE  300                       269     31      227
  SINCE DEC 1    300                       269     31      227
  SINCE JUL 1   2074                      2306   -232     2078

 COOLING
  YESTERDAY        0                         0      0        0
  MONTH TO DATE    0                         0      0        0
  SINCE DEC 1      0                         0      0        0
  SINCE JAN 1    132                       169    -37      225
..................................................................


WIND (MPH)
  RESULTANT WIND SPEED   0   RESULTANT WIND DIRECTION   W (250)
  HIGHEST WIND SPEED    12   HIGHEST WIND DIRECTION    SE (120)
  HIGHEST GUST SPEED    14   HIGHEST GUST DIRECTION     E (110)
  AVERAGE WIND SPEED     2.0


SKY COVER
  AVERAGE SKY COVER 0.1


WEATHER CONDITIONS
 THE FOLLOWING WEATHER WAS RECORDED YESTERDAY.
  NO SIGNIFICANT WEATHER WAS OBSERVED.


RELATIVE HUMIDITY (PERCENT)
 HIGHEST    91           400 AM
 LOWEST     61           200 PM
 AVERAGE    76

..........................................................


THE BAKER OR CLIMATE NORMALS FOR TODAY
                         NORMAL    RECORD    YEAR
 MAXIMUM TEMPERATURE (F)   35        55      2015
 MINIMUM TEMPERATURE (F)   17       -20      2013


SUNRISE AND SUNSET
DECEMBER  8 2016......SUNRISE   717 AM PST   SUNSET   410 PM PST
DECEMBER  9 2016......SUNRISE   717 AM PST   SUNSET   410 PM PST


-  INDICATES NEGATIVE NUMBERS.
R  INDICATES RECORD WAS SET OR TIED.
MM INDICATES DATA IS MISSING.
T  INDICATES TRACE AMOUNT.




$$
