000
CDUS46 KBOI 161155
CLIBKE


CLIMATE REPORT
NATIONAL WEATHER SERVICE BOISE ID
455 AM MST MON JAN 16 2017


...................................

...THE BAKER OR CLIMATE SUMMARY FOR JANUARY 15 2017...

CLIMATE NORMAL PERIOD 1981 TO 2010
CLIMATE RECORD PERIOD 1948 TO 2017


WEATHER ITEM   OBSERVED TIME   RECORD YEAR NORMAL DEPARTURE LAST
                VALUE   (LST)  VALUE       VALUE  FROM      YEAR
                                                  NORMAL
..................................................................
TEMPERATURE (F)
 YESTERDAY
  MAXIMUM          6    219 PM  57    1974  34    -28       34
  MINIMUM        -17   1045 PM -19    1947  16    -33       26
  AVERAGE         -5                        25    -30       30

PRECIPITATION (IN)
  YESTERDAY        T             0.58 1971   0.03  -0.03     0.01
  MONTH TO DATE    0.38                      0.43  -0.05     0.02
  SINCE OCT 1      3.12                      2.94   0.18     2.56
  SINCE JAN 1      0.38                      0.43  -0.05     0.02

DEGREE DAYS
 HEATING
  YESTERDAY       70                        40     30       35
  MONTH TO DATE  865                       609    256      601
  SINCE DEC 1   2418                      1857    561     1747
  SINCE JUL 1   4192                      3894    298     3598

 COOLING
  YESTERDAY        0                         0      0        0
  MONTH TO DATE    0                         0      0        0
  SINCE DEC 1      0                         0      0        0
  SINCE JAN 1      0                         0      0        0
..................................................................


WIND (MPH)
  RESULTANT WIND SPEED   1   RESULTANT WIND DIRECTION  SW (210)
  HIGHEST WIND SPEED     7   HIGHEST WIND DIRECTION     E (110)
  HIGHEST GUST SPEED     7   HIGHEST GUST DIRECTION     E (110)
  AVERAGE WIND SPEED     0.9


SKY COVER
  AVERAGE SKY COVER 0.5


WEATHER CONDITIONS
 THE FOLLOWING WEATHER WAS RECORDED YESTERDAY.
  SNOW
  FOG
  FOG W/VISIBILITY <= 1/4 MILE
  HAZE


RELATIVE HUMIDITY (PERCENT)
 HIGHEST    86           600 PM
 LOWEST     64          1000 AM
 AVERAGE    75

..........................................................


THE BAKER OR CLIMATE NORMALS FOR TODAY
                         NORMAL    RECORD    YEAR
 MAXIMUM TEMPERATURE (F)   34        52      1974
 MINIMUM TEMPERATURE (F)   16       -10      1949


SUNRISE AND SUNSET
JANUARY 16 2017.......SUNRISE   725 AM PST   SUNSET   438 PM PST
JANUARY 17 2017.......SUNRISE   724 AM PST   SUNSET   439 PM PST


-  INDICATES NEGATIVE NUMBERS.
R  INDICATES RECORD WAS SET OR TIED.
MM INDICATES DATA IS MISSING.
T  INDICATES TRACE AMOUNT.




$$
