000
CDUS46 KBOI 230935
CLIBKE


CLIMATE REPORT
NATIONAL WEATHER SERVICE BOISE ID
335 AM MDT WED JUL 23 2014


...................................

...THE BAKER OR CLIMATE SUMMARY FOR JULY 22 2014...

CLIMATE NORMAL PERIOD 1981 TO 2010
CLIMATE RECORD PERIOD 1948 TO 2014


WEATHER ITEM   OBSERVED TIME   RECORD YEAR NORMAL DEPARTURE LAST
                VALUE   (LST)  VALUE       VALUE  FROM      YEAR
                                                  NORMAL
..................................................................
TEMPERATURE (F)
 YESTERDAY
  MAXIMUM         91    319 PM 102    1980  86      5       91
  MINIMUM         53    505 AM  34    1965  47      6       40
  AVERAGE         72                        66      6       66

PRECIPITATION (IN)
  YESTERDAY        0.05          0.61 1955   0.02   0.03     0.00
  MONTH TO DATE    0.05                      0.49  -0.44     0.05
  SINCE OCT 1      6.09                      8.71  -2.62     7.86
  SINCE JAN 1      4.92                      6.20  -1.28     5.68

DEGREE DAYS
 HEATING
  YESTERDAY        0                         1     -1        0
  MONTH TO DATE    0                        58    -58       15
  SINCE JUN 1    233                       284    -51      211
  SINCE JUL 1      0                        58    -58       15

 COOLING
  YESTERDAY        7                         3      4        1
  MONTH TO DATE  119                        47     72       72
  SINCE JUN 1    119                        63     56       99
  SINCE JAN 1    119                        65     54      103
..................................................................


WIND (MPH)
  RESULTANT WIND SPEED   2   RESULTANT WIND DIRECTION   S (200)
  HIGHEST WIND SPEED    25   HIGHEST WIND DIRECTION    NW (330)
  HIGHEST GUST SPEED    34   HIGHEST GUST DIRECTION    NW (330)
  AVERAGE WIND SPEED     8.6


SKY COVER
  AVERAGE SKY COVER 0.3


WEATHER CONDITIONS
 THE FOLLOWING WEATHER WAS RECORDED YESTERDAY.
  NO SIGNIFICANT WEATHER WAS OBSERVED.


RELATIVE HUMIDITY (PERCENT)
 HIGHEST    93           100 AM
 LOWEST     18           300 PM
 AVERAGE    56

..........................................................


THE BAKER OR CLIMATE NORMALS FOR TODAY
                         NORMAL    RECORD    YEAR
 MAXIMUM TEMPERATURE (F)   86       101      2006
 MINIMUM TEMPERATURE (F)   47        36      2011


SUNRISE AND SUNSET
JULY 23 2014..........SUNRISE   527 AM PDT   SUNSET   827 PM PDT
JULY 24 2014..........SUNRISE   528 AM PDT   SUNSET   826 PM PDT


-  INDICATES NEGATIVE NUMBERS.
R  INDICATES RECORD WAS SET OR TIED.
MM INDICATES DATA IS MISSING.
T  INDICATES TRACE AMOUNT.




$$
