000
CDUS46 KBOI 260932
CLIBKE


CLIMATE REPORT
NATIONAL WEATHER SERVICE BOISE ID
331 AM MDT WED APR 26 2017


...................................

...THE BAKER OR CLIMATE SUMMARY FOR APRIL 25 2017...

CLIMATE NORMAL PERIOD 1981 TO 2010
CLIMATE RECORD PERIOD 1948 TO 2017


WEATHER ITEM   OBSERVED TIME   RECORD YEAR NORMAL DEPARTURE LAST
                VALUE   (LST)  VALUE       VALUE  FROM      YEAR
                                                  NORMAL
..................................................................
TEMPERATURE (F)
 YESTERDAY
  MAXIMUM         54    256 PM  86    1977  60     -6       55
  MINIMUM         31    509 AM  18    2009  31      0       36
  AVERAGE         43                        45     -2       46

PRECIPITATION (IN)
  YESTERDAY        0.02          0.45 1967   0.04  -0.02     0.00
  MONTH TO DATE    0.64                      0.68  -0.04     0.35
  SINCE OCT 1      5.98                      5.39   0.59     3.81
  SINCE JAN 1      3.24                      2.88   0.36     1.27

DEGREE DAYS
 HEATING
  YESTERDAY       22                        20      2       19
  MONTH TO DATE  572                       552     20      394
  SINCE MAR 1   1304                      1400    -96     1181
  SINCE JUL 1   7132                      6920    212     6225

 COOLING
  YESTERDAY        0                         0      0        0
  MONTH TO DATE    0                         0      0        0
  SINCE MAR 1      0                         0      0        0
  SINCE JAN 1      0                         0      0        0
..................................................................


WIND (MPH)
  RESULTANT WIND SPEED   2   RESULTANT WIND DIRECTION   S (170)
  HIGHEST WIND SPEED    17   HIGHEST WIND DIRECTION     S (170)
  HIGHEST GUST SPEED    22   HIGHEST GUST DIRECTION     S (200)
  AVERAGE WIND SPEED     5.3


SKY COVER
  AVERAGE SKY COVER 0.7


WEATHER CONDITIONS
 THE FOLLOWING WEATHER WAS RECORDED YESTERDAY.
  LIGHT RAIN


RELATIVE HUMIDITY (PERCENT)
 HIGHEST    92           200 AM
 LOWEST     44           400 PM
 AVERAGE    68

..........................................................


THE BAKER OR CLIMATE NORMALS FOR TODAY
                         NORMAL    RECORD    YEAR
 MAXIMUM TEMPERATURE (F)   61        81      2001
 MINIMUM TEMPERATURE (F)   31        14      2008


SUNRISE AND SUNSET
APRIL 26 2017.........SUNRISE   548 AM PDT   SUNSET   751 PM PDT
APRIL 27 2017.........SUNRISE   546 AM PDT   SUNSET   752 PM PDT


-  INDICATES NEGATIVE NUMBERS.
R  INDICATES RECORD WAS SET OR TIED.
MM INDICATES DATA IS MISSING.
T  INDICATES TRACE AMOUNT.




$$
