000
CDUS41 KRLX 282224
CLIBKW


CLIMATE REPORT
NATIONAL WEATHER SERVICE CHARLESTON WV
522 PM EST FRI NOV 28 2014


...................................

...THE BECKLEY WV CLIMATE SUMMARY FOR NOVEMBER 28 2014...
VALID TODAY AS OF 0500 PM LOCAL TIME.

CLIMATE NORMAL PERIOD 1981 TO 2010
CLIMATE RECORD PERIOD 1963 TO 2014


WEATHER ITEM   OBSERVED TIME   RECORD YEAR NORMAL DEPARTURE LAST
                VALUE   (LST)  VALUE       VALUE  FROM      YEAR
                                                  NORMAL
..................................................................
TEMPERATURE (F)
 TODAY
  MAXIMUM         29    224 PM  72    1909  48    -19       31
  MINIMUM         22    933 AM   6    1938  31     -9       18
  AVERAGE         26                        39    -13       25

PRECIPITATION (IN)
  TODAY            T             1.45 1921   0.10  -0.10     0.01
  MONTH TO DATE    2.20                      2.74  -0.54     3.28
  SINCE SEP 1      9.72                      8.32   1.40     6.51
  SINCE JAN 1     34.22                     37.98  -3.76    36.48

DEGREE DAYS
 HEATING
  TODAY           39                        26     13       40
  MONTH TO DATE  757                       581    176      681
  SINCE SEP 1   1172                      1066    106     1094
  SINCE JUL 1   1201                      1087    114     1114

 COOLING
  TODAY            0                         0      0        0
  MONTH TO DATE    0                         0      0        0
  SINCE SEP 1     78                        63     15       72
  SINCE JAN 1    602                       556     46      615
..................................................................


WIND (MPH)
  HIGHEST WIND SPEED    16   HIGHEST WIND DIRECTION    NW (310)
  HIGHEST GUST SPEED    21   HIGHEST GUST DIRECTION    NW (300)
  AVERAGE WIND SPEED     7.5


SKY COVER
  POSSIBLE SUNSHINE  MM
  AVERAGE SKY COVER 0.9


WEATHER CONDITIONS
 THE FOLLOWING WEATHER WAS RECORDED TODAY.
  LIGHT SNOW
  FOG
  HAZE


RELATIVE HUMIDITY (PERCENT)
 HIGHEST    88          1200 AM
 LOWEST     63           300 PM
 AVERAGE    76

..........................................................


THE BECKLEY WV CLIMATE NORMALS FOR TOMORROW
                         NORMAL    RECORD    YEAR
 MAXIMUM TEMPERATURE (F)   47        69      1991
                                             1916
 MINIMUM TEMPERATURE (F)   31         4      1930


SUNRISE AND SUNSET
NOVEMBER 28 2014......SUNRISE   718 AM EST   SUNSET   507 PM EST
NOVEMBER 29 2014......SUNRISE   719 AM EST   SUNSET   506 PM EST


-  INDICATES NEGATIVE NUMBERS.
R  INDICATES RECORD WAS SET OR TIED.
MM INDICATES DATA IS MISSING.
T  INDICATES TRACE AMOUNT.




$$
