000
CDUS41 KRLX 232124
CLIBKW


CLIMATE REPORT
NATIONAL WEATHER SERVICE CHARLESTON WV
522 PM EDT TUE SEP 23 2014


...................................

...THE BECKLEY WV CLIMATE SUMMARY FOR SEPTEMBER 23 2014...
VALID TODAY AS OF 0500 PM LOCAL TIME.

CLIMATE NORMAL PERIOD 1981 TO 2010
CLIMATE RECORD PERIOD 1963 TO 2014


WEATHER ITEM   OBSERVED TIME   RECORD YEAR NORMAL DEPARTURE LAST
                VALUE   (LST)  VALUE       VALUE  FROM      YEAR
                                                  NORMAL
..................................................................
TEMPERATURE (F)
 TODAY
  MAXIMUM         70    331 PM  89    1931  70      0       66
                                      1930
  MINIMUM         39    651 AM  28    1953  51    -12       43
  AVERAGE         55                        60     -5       55

PRECIPITATION (IN)
  TODAY            0.00          1.88 1912   0.10  -0.10     0.00
  MONTH TO DATE    2.15                      2.35  -0.20     1.63
  SINCE SEP 1      2.15                      2.35  -0.20     1.63
  SINCE JAN 1     26.65                     32.01  -5.36    31.60

DEGREE DAYS
 HEATING
  TODAY           10                         6      4       10
  MONTH TO DATE   53                        66    -13       64
  SINCE SEP 1     53                        66    -13       64
  SINCE JUL 1     82                        87     -5       84

 COOLING
  TODAY            0                         1     -1        0
  MONTH TO DATE   77                        52     25       57
  SINCE SEP 1     77                        52     25       57
  SINCE JAN 1    601                       545     56      600
..................................................................


WIND (MPH)
  HIGHEST WIND SPEED    13   HIGHEST WIND DIRECTION     S (170)
  HIGHEST GUST SPEED    16   HIGHEST GUST DIRECTION     S (160)
  AVERAGE WIND SPEED     2.6


SKY COVER
  POSSIBLE SUNSHINE  MM
  AVERAGE SKY COVER 0.0


WEATHER CONDITIONS
 THE FOLLOWING WEATHER WAS RECORDED TODAY.
  FOG


RELATIVE HUMIDITY (PERCENT)
 HIGHEST    93           400 AM
 LOWEST     40           300 PM
 AVERAGE    67

..........................................................


THE BECKLEY WV CLIMATE NORMALS FOR TOMORROW
                         NORMAL    RECORD    YEAR
 MAXIMUM TEMPERATURE (F)   70        89      1930
                                             1908
 MINIMUM TEMPERATURE (F)   50        29      1952


SUNRISE AND SUNSET
SEPTEMBER 23 2014.....SUNRISE   713 AM EDT   SUNSET   720 PM EDT
SEPTEMBER 24 2014.....SUNRISE   714 AM EDT   SUNSET   718 PM EDT


-  INDICATES NEGATIVE NUMBERS.
R  INDICATES RECORD WAS SET OR TIED.
MM INDICATES DATA IS MISSING.
T  INDICATES TRACE AMOUNT.




$$
