000
CDUS41 KRLX 232217
CLIBKW


CLIMATE REPORT
NATIONAL WEATHER SERVICE CHARLESTON WV
517 PM EST THU FEB 23 2017


...................................

...THE BECKLEY WV CLIMATE SUMMARY FOR FEBRUARY 23 2017...
VALID TODAY AS OF 0500 PM LOCAL TIME.

CLIMATE NORMAL PERIOD 1981 TO 2010
CLIMATE RECORD PERIOD 1963 TO 2017


WEATHER ITEM   OBSERVED TIME   RECORD YEAR NORMAL DEPARTURE LAST
                VALUE   (LST)  VALUE       VALUE  FROM      YEAR
                                                  NORMAL
..................................................................
TEMPERATURE (F)
 TODAY
  MAXIMUM         64    344 PM  72    1985  45     19       48
  MINIMUM         46    202 AM -11    1963  27     19       40
  AVERAGE         55                        36     19       44

PRECIPITATION (IN)
  TODAY            T             2.04 1984   0.10  -0.10     0.26
  MONTH TO DATE    0.95                      2.25  -1.30     3.00
  SINCE DEC 1     10.30                      8.06   2.24     8.97
  SINCE JAN 1      5.66                      5.06   0.60     5.42

DEGREE DAYS
 HEATING
  TODAY           10                        29    -19       21
  MONTH TO DATE  530                       716   -186      722
  SINCE DEC 1   2269                      2720   -451     2359
  SINCE JUL 1   3044                      3860   -816     3218

 COOLING
  TODAY            0                         0      0        0
  MONTH TO DATE    0                         0      0        0
  SINCE DEC 1      0                         0      0        0
  SINCE JAN 1      0                         0      0        0
..................................................................


WIND (MPH)
  HIGHEST WIND SPEED     9   HIGHEST WIND DIRECTION     W (260)
  HIGHEST GUST SPEED    13   HIGHEST GUST DIRECTION     W (250)
  AVERAGE WIND SPEED     2.9


SKY COVER
  POSSIBLE SUNSHINE  MM
  AVERAGE SKY COVER 0.8


WEATHER CONDITIONS
 THE FOLLOWING WEATHER WAS RECORDED TODAY.
  FOG


RELATIVE HUMIDITY (PERCENT)
 HIGHEST   100           300 AM
 LOWEST     64           100 PM
 AVERAGE    82

..........................................................


THE BECKLEY WV CLIMATE NORMALS FOR TOMORROW
                         NORMAL    RECORD    YEAR
 MAXIMUM TEMPERATURE (F)   45        71      1985
                                             1961
 MINIMUM TEMPERATURE (F)   27        -3      1967


SUNRISE AND SUNSET
FEBRUARY 23 2017......SUNRISE   704 AM EST   SUNSET   612 PM EST
FEBRUARY 24 2017......SUNRISE   702 AM EST   SUNSET   613 PM EST


-  INDICATES NEGATIVE NUMBERS.
R  INDICATES RECORD WAS SET OR TIED.
MM INDICATES DATA IS MISSING.
T  INDICATES TRACE AMOUNT.




$$
