000
CDUS41 KRLX 012120
CLIBKW


CLIMATE REPORT
NATIONAL WEATHER SERVICE CHARLESTON WV
518 PM EDT TUE SEP 1 2015


...................................

...THE BECKLEY WV CLIMATE SUMMARY FOR SEPTEMBER 1 2015...
VALID TODAY AS OF 0500 PM LOCAL TIME.

CLIMATE NORMAL PERIOD 1981 TO 2010
CLIMATE RECORD PERIOD 1963 TO 2015


WEATHER ITEM   OBSERVED TIME   RECORD YEAR NORMAL DEPARTURE LAST
                VALUE   (LST)  VALUE       VALUE  FROM      YEAR
                                                  NORMAL
..................................................................
TEMPERATURE (F)
 TODAY
  MAXIMUM         84    102 PM  96    1953  78      6       83
                                      1932
  MINIMUM         61    611 AM  36    1940  58      3       68
  AVERAGE         73                        68      5       76

PRECIPITATION (IN)
  TODAY            0.00          1.83 1959   0.10  -0.10     0.03
  MONTH TO DATE    0.00                      0.10  -0.10     0.03
  SINCE SEP 1      0.00                      0.10  -0.10     0.03
  SINCE JAN 1     37.07                     29.76   7.31    24.53

DEGREE DAYS
 HEATING
  TODAY            0                         1     -1        0
  MONTH TO DATE    0                         1     -1        0
  SINCE SEP 1      0                         1     -1        0
  SINCE JUL 1     12                        22    -10       29

 COOLING
  TODAY            8                         4      4       11
  MONTH TO DATE    8                         4      4       11
  SINCE SEP 1      8                         4      4       11
  SINCE JAN 1    666                       497    169      535
..................................................................


WIND (MPH)
  HIGHEST WIND SPEED    10   HIGHEST WIND DIRECTION     N (360)
  HIGHEST GUST SPEED    16   HIGHEST GUST DIRECTION     N (360)
  AVERAGE WIND SPEED     2.0


SKY COVER
  POSSIBLE SUNSHINE  MM
  AVERAGE SKY COVER 0.2


WEATHER CONDITIONS
 THE FOLLOWING WEATHER WAS RECORDED TODAY.
  FOG
  HAZE


RELATIVE HUMIDITY (PERCENT)
 HIGHEST    97           600 AM
 LOWEST     51           200 PM
 AVERAGE    74

..........................................................


THE BECKLEY WV CLIMATE NORMALS FOR TOMORROW
                         NORMAL    RECORD    YEAR
 MAXIMUM TEMPERATURE (F)   77        97      1953
                                             1932
 MINIMUM TEMPERATURE (F)   58        34      1940


SUNRISE AND SUNSET
SEPTEMBER  1 2015.....SUNRISE   654 AM EDT   SUNSET   754 PM EDT
SEPTEMBER  2 2015.....SUNRISE   655 AM EDT   SUNSET   753 PM EDT


-  INDICATES NEGATIVE NUMBERS.
R  INDICATES RECORD WAS SET OR TIED.
MM INDICATES DATA IS MISSING.
T  INDICATES TRACE AMOUNT.




$$
