000
CDUS41 KRLX 270717
CLIBKW


CLIMATE REPORT
NATIONAL WEATHER SERVICE CHARLESTON WV
317 AM EDT TUE JUN 27 2017


...................................

...THE BECKLEY WV CLIMATE SUMMARY FOR JUNE 26 2017...

CLIMATE NORMAL PERIOD 1981 TO 2010
CLIMATE RECORD PERIOD 1963 TO 2017


WEATHER ITEM   OBSERVED TIME   RECORD YEAR NORMAL DEPARTURE LAST
                VALUE   (LST)  VALUE       VALUE  FROM      YEAR
                                                  NORMAL
..................................................................
TEMPERATURE (F)
 YESTERDAY
  MAXIMUM         73    417 PM  93    1934  79     -6       82
  MINIMUM         51    520 AM  43    1961  60     -9       63
  AVERAGE         62                        70     -8       73

PRECIPITATION (IN)
  YESTERDAY        0.00          1.83 1922   0.13  -0.13     0.00
  MONTH TO DATE    7.37                      3.45   3.92     6.21
  SINCE JAN 1     27.83                     20.61   7.22    23.32

SNOWFALL (IN)
  YESTERDAY        0.0
  MONTH TO DATE    0.0
  SINCE SEP 1     26.0
  SNOW DEPTH       0

DEGREE DAYS
 HEATING
  YESTERDAY        3                         0      3        0
  MONTH TO DATE   31                        38     -7       16
  SINCE JUN 1     31                        38     -7       16
  SINCE JUL 1   4248                      5339  -1091     4395

 COOLING
  YESTERDAY        0                         5     -5        8
  MONTH TO DATE   87                        90     -3      121
  SINCE JUN 1     87                        90     -3      121
  SINCE JAN 1    152                       131     21      162
..................................................................


WIND (MPH)
  HIGHEST WIND SPEED    20   HIGHEST WIND DIRECTION     W (280)
  HIGHEST GUST SPEED    28   HIGHEST GUST DIRECTION     W (260)
  AVERAGE WIND SPEED     7.1


SKY COVER
  POSSIBLE SUNSHINE  MM
  AVERAGE SKY COVER 0.2


WEATHER CONDITIONS
 THE FOLLOWING WEATHER WAS RECORDED YESTERDAY.
  NO SIGNIFICANT WEATHER WAS OBSERVED.


RELATIVE HUMIDITY (PERCENT)
 HIGHEST    83           400 AM
 LOWEST     38           200 PM
 AVERAGE    61

..........................................................


THE BECKLEY WV CLIMATE NORMALS FOR TODAY
                         NORMAL    RECORD    YEAR
 MAXIMUM TEMPERATURE (F)   79        92      1931
 MINIMUM TEMPERATURE (F)   61        39      1955


SUNRISE AND SUNSET
JUNE 27 2017..........SUNRISE   605 AM EDT   SUNSET   850 PM EDT
JUNE 28 2017..........SUNRISE   605 AM EDT   SUNSET   850 PM EDT


-  INDICATES NEGATIVE NUMBERS.
R  INDICATES RECORD WAS SET OR TIED.
MM INDICATES DATA IS MISSING.
T  INDICATES TRACE AMOUNT.




$$
