000
CDUS41 KRLX 230717
CLIBKW


CLIMATE REPORT
NATIONAL WEATHER SERVICE CHARLESTON WV
315 AM EDT MON OCT 23 2017


...................................

...THE BECKLEY WV CLIMATE SUMMARY FOR OCTOBER 22 2017...

CLIMATE NORMAL PERIOD 1981 TO 2010
CLIMATE RECORD PERIOD 1963 TO 2017


WEATHER ITEM   OBSERVED TIME   RECORD YEAR NORMAL DEPARTURE LAST
                VALUE   (LST)  VALUE       VALUE  FROM      YEAR
                                                  NORMAL
..................................................................
TEMPERATURE (F)
 YESTERDAY
  MAXIMUM         72    202 PM  80    1909  62     10       47
  MINIMUM         55    649 AM  10    1913  41     14       35
  AVERAGE         64                        52     12       41

PRECIPITATION (IN)
  YESTERDAY        0.00          1.49 1990   0.08  -0.08     0.11
  MONTH TO DATE    1.76                      1.77  -0.01     3.04
  SINCE JAN 1     36.95                     34.44   2.51    40.37

SNOWFALL (IN)
  YESTERDAY        0.0           0.5  1913   0.0    0.0      0.0
  MONTH TO DATE    0.0                       0.1   -0.1      0.0
  SINCE SEP 1      0.0                       0.1   -0.1      0.0
  SNOW DEPTH       0

DEGREE DAYS
 HEATING
  YESTERDAY        1                        14    -13       24
  MONTH TO DATE   90                       239   -149      144
  SINCE SEP 1    188                       352   -164      161
  SINCE JUL 1    205                       373   -168      161

 COOLING
  YESTERDAY        0                         0      0        0
  MONTH TO DATE   33                         2     31       12
  SINCE SEP 1     81                        59     22      142
  SINCE JAN 1    594                       552     42      843
..................................................................


WIND (MPH)
  HIGHEST WIND SPEED    16   HIGHEST WIND DIRECTION     S (160)
  HIGHEST GUST SPEED    25   HIGHEST GUST DIRECTION    SE (140)
  AVERAGE WIND SPEED     8.0


SKY COVER
  POSSIBLE SUNSHINE  MM
  AVERAGE SKY COVER 0.0


WEATHER CONDITIONS
 THE FOLLOWING WEATHER WAS RECORDED YESTERDAY.
  NO SIGNIFICANT WEATHER WAS OBSERVED.


RELATIVE HUMIDITY (PERCENT)
 HIGHEST    72           100 AM
 LOWEST     37           400 PM
 AVERAGE    55

..........................................................


THE BECKLEY WV CLIMATE NORMALS FOR TODAY
                         NORMAL    RECORD    YEAR
 MAXIMUM TEMPERATURE (F)   61        84      1947
 MINIMUM TEMPERATURE (F)   41        13      1913


SUNRISE AND SUNSET
OCTOBER 23 2017.......SUNRISE   741 AM EDT   SUNSET   636 PM EDT
OCTOBER 24 2017.......SUNRISE   742 AM EDT   SUNSET   635 PM EDT


-  INDICATES NEGATIVE NUMBERS.
R  INDICATES RECORD WAS SET OR TIED.
MM INDICATES DATA IS MISSING.
T  INDICATES TRACE AMOUNT.




$$
