000
CDUS41 KRLX 220823
CLIBKW


CLIMATE REPORT
NATIONAL WEATHER SERVICE CHARLESTON WV
323 AM EST SUN JAN 22 2017


...................................

...THE BECKLEY WV CLIMATE SUMMARY FOR JANUARY 21 2017...

CLIMATE NORMAL PERIOD 1981 TO 2010
CLIMATE RECORD PERIOD 1963 TO 2017


WEATHER ITEM   OBSERVED TIME   RECORD YEAR NORMAL DEPARTURE LAST
                VALUE   (LST)  VALUE       VALUE  FROM      YEAR
                                                  NORMAL
..................................................................
TEMPERATURE (F)
 YESTERDAY
  MAXIMUM         59    132 PM  71    1906  39     20       30
  MINIMUM         45    800 AM -22    1985  23     22       15
  AVERAGE         52                        31     21       23

PRECIPITATION (IN)
  YESTERDAY        T             1.48 1947   0.09  -0.09      T
  MONTH TO DATE    2.72                      1.92   0.80     1.02
  SINCE JAN 1      2.72                      1.92   0.80     1.02

SNOWFALL (IN)
  YESTERDAY        0.0
  MONTH TO DATE    7.6
  SINCE SEP 1     12.6
  SNOW DEPTH       0

DEGREE DAYS
 HEATING
  YESTERDAY       13                        34    -21       42
  MONTH TO DATE  538                       714   -176      776
  SINCE DEC 1   1458                      1667   -209     1306
  SINCE JUL 1   2233                      2807   -574     2165

 COOLING
  YESTERDAY        0                         0      0        0
  MONTH TO DATE    0                         0      0        0
  SINCE DEC 1      0                         0      0        0
  SINCE JAN 1      0                         0      0        0
..................................................................


WIND (MPH)
  HIGHEST WIND SPEED    12   HIGHEST WIND DIRECTION    SW (220)
  HIGHEST GUST SPEED    15   HIGHEST GUST DIRECTION    SW (210)
  AVERAGE WIND SPEED     4.3


SKY COVER
  POSSIBLE SUNSHINE  MM
  AVERAGE SKY COVER 0.5


WEATHER CONDITIONS
 THE FOLLOWING WEATHER WAS RECORDED YESTERDAY.
  LIGHT RAIN


RELATIVE HUMIDITY (PERCENT)
 HIGHEST    92           800 AM
 LOWEST     62           100 PM
 AVERAGE    77

..........................................................


THE BECKLEY WV CLIMATE NORMALS FOR TODAY
                         NORMAL    RECORD    YEAR
 MAXIMUM TEMPERATURE (F)   39        70      1909
 MINIMUM TEMPERATURE (F)   23        -8      1970
                                             1961


SUNRISE AND SUNSET
JANUARY 22 2017.......SUNRISE   735 AM EST   SUNSET   537 PM EST
JANUARY 23 2017.......SUNRISE   735 AM EST   SUNSET   538 PM EST


-  INDICATES NEGATIVE NUMBERS.
R  INDICATES RECORD WAS SET OR TIED.
MM INDICATES DATA IS MISSING.
T  INDICATES TRACE AMOUNT.




$$
