000
CDUS41 KRLX 050718
CLIBKW


CLIMATE REPORT
NATIONAL WEATHER SERVICE CHARLESTON WV
317 AM EDT SUN JUL 5 2015


...................................

...THE BECKLEY WV CLIMATE SUMMARY FOR JULY 4 2015...

CLIMATE NORMAL PERIOD 1981 TO 2010
CLIMATE RECORD PERIOD 1963 TO 2015


WEATHER ITEM   OBSERVED TIME   RECORD YEAR NORMAL DEPARTURE LAST
                VALUE   (LST)  VALUE       VALUE  FROM      YEAR
                                                  NORMAL
..................................................................
TEMPERATURE (F)
 YESTERDAY
  MAXIMUM         73    453 PM  92    1931  80     -7       73
                                      1911
  MINIMUM         63   1159 PM  43    1933  61      2       54
  AVERAGE         68                        70     -2       64

PRECIPITATION (IN)
  YESTERDAY        0.90          2.10 1910   0.14   0.76     0.00
  MONTH TO DATE    2.59                      0.60   1.99     0.08
  SINCE JAN 1     27.90                     21.76   6.14    18.06

SNOWFALL (IN)
  YESTERDAY        0.0
  MONTH TO DATE    0.0
  SINCE SEP 1     66.2
  SNOW DEPTH       0

DEGREE DAYS
 HEATING
  YESTERDAY        0                         0      0        1
  MONTH TO DATE    0                         0      0        1
  SINCE JUN 1     10                        39    -29       13
  SINCE JUL 1      0                         0      0        1

 COOLING
  YESTERDAY        3                         6     -3        0
  MONTH TO DATE    8                        24    -16       27
  SINCE JUN 1    196                       135     61      198
  SINCE JAN 1    302                       176    126      273
..................................................................


WIND (MPH)
  HIGHEST WIND SPEED    12   HIGHEST WIND DIRECTION     W (280)
  HIGHEST GUST SPEED    15   HIGHEST GUST DIRECTION    SW (240)
  AVERAGE WIND SPEED     5.0


SKY COVER
  POSSIBLE SUNSHINE  MM
  AVERAGE SKY COVER 0.7


WEATHER CONDITIONS
 THE FOLLOWING WEATHER WAS RECORDED YESTERDAY.
  HEAVY RAIN
  RAIN
  LIGHT RAIN
  FOG


RELATIVE HUMIDITY (PERCENT)
 HIGHEST    93           400 AM
 LOWEST     68           500 PM
 AVERAGE    81

..........................................................


THE BECKLEY WV CLIMATE NORMALS FOR TODAY
                         NORMAL    RECORD    YEAR
 MAXIMUM TEMPERATURE (F)   80        94      1934
 MINIMUM TEMPERATURE (F)   61        40      1940


SUNRISE AND SUNSET
JULY  5 2015..........SUNRISE   608 AM EDT   SUNSET   850 PM EDT
JULY  6 2015..........SUNRISE   609 AM EDT   SUNSET   850 PM EDT


-  INDICATES NEGATIVE NUMBERS.
R  INDICATES RECORD WAS SET OR TIED.
MM INDICATES DATA IS MISSING.
T  INDICATES TRACE AMOUNT.




$$
