000
CDUS41 KRNK 300759
CLIBLF


CLIMATE REPORT
NATIONAL WEATHER SERVICE BLACKSBURG VA
355 AM EDT TUE JUN 30 2015


...................................

...THE BLUEFIELD WV CLIMATE SUMMARY FOR JUNE 29 2015...

CLIMATE NORMAL PERIOD 1981 TO 2010
CLIMATE RECORD PERIOD 1959 TO 2015


WEATHER ITEM   OBSERVED TIME   RECORD YEAR NORMAL DEPARTURE LAST
                VALUE   (LST)  VALUE       VALUE  FROM      YEAR
                                                  NORMAL
..................................................................
TEMPERATURE (F)
 YESTERDAY
  MAXIMUM         77    302 PM  97    2012  81     -4       79
  MINIMUM         56    143 AM  52    1970  64     -8       68
  AVERAGE         67                        72     -5       74

PRECIPITATION (IN)
  YESTERDAY        T             0.62 1984   0.14  -0.14     0.17
  MONTH TO DATE    3.13                      4.01  -0.88     3.60
  SINCE JUN 1      3.13                      4.01  -0.88     3.60
  SINCE JAN 1     18.92                     20.83  -1.91    15.26

SNOWFALL (IN)
  YESTERDAY        0.0                                       0.0
  MONTH TO DATE    0.0                                       0.0
  SINCE JUN 1      0.0                                       0.0
  SINCE JUL 1     39.7                                      47.0
  SNOW DEPTH       0

DEGREE DAYS
 HEATING
  YESTERDAY        0                         0      0        0
  MONTH TO DATE    3                        21    -18        2
  SINCE JUN 1      3                        21    -18        2
  SINCE JUL 1   4838                      4587    251     4654

 COOLING
  YESTERDAY        2                         7     -5        9
  MONTH TO DATE  234                       158     76      211
  SINCE JUN 1    234                       158     76      211
  SINCE JAN 1    391                       249    142      340
..................................................................


WIND (MPH)
  HIGHEST WIND SPEED    17   HIGHEST WIND DIRECTION    SW (220)
  HIGHEST GUST SPEED    23   HIGHEST GUST DIRECTION    SW (220)
  AVERAGE WIND SPEED     6.8


SKY COVER
  AVERAGE SKY COVER 0.4


WEATHER CONDITIONS
 THE FOLLOWING WEATHER WAS RECORDED YESTERDAY.
  LIGHT RAIN


RELATIVE HUMIDITY (PERCENT)
 HIGHEST    72           200 AM
 LOWEST     40           100 PM
 AVERAGE    56

..........................................................


THE BLUEFIELD WV CLIMATE NORMALS FOR TODAY
                         NORMAL    RECORD    YEAR
 MAXIMUM TEMPERATURE (F)   81        96      2012
 MINIMUM TEMPERATURE (F)   64        54      2000


SUNRISE AND SUNSET
JUNE 30 2015..........SUNRISE   607 AM EDT   SUNSET   849 PM EDT
JULY  1 2015..........SUNRISE   608 AM EDT   SUNSET   849 PM EDT


-  INDICATES NEGATIVE NUMBERS.
R  INDICATES RECORD WAS SET OR TIED.
MM INDICATES DATA IS MISSING.
T  INDICATES TRACE AMOUNT.

REMARKS:
DUE TO A TIPPING BUCKET FAILURE CAUSING MISSING PRECIPITATION ON
JUNE 1...ALL PRECIPITATION TOTALS AND DEPARTURES FROM NORMAL WILL BE
CALCULATED WITHOUT DATA FROM THIS DATE.

ALSO...DUE TO A POWER OUTAGE CAUSING A MISSING LOW TEMPERATURE ON
JUNE 7...ALL TEMPERATURE AND COOLING DEGREE DAY INFORMATION WILL BE
CALCULATED WITHOUT DATA FROM THIS DATE.


$$

PW

$$
