000
CDUS41 KRNK 130857
CLIBLF


CLIMATE REPORT
NATIONAL WEATHER SERVICE BLACKSBURG VA
349 AM EST WED DEC 13 2017


...................................

...THE BLUEFIELD WV CLIMATE SUMMARY FOR DECEMBER 12 2017...

CLIMATE NORMAL PERIOD 1981 TO 2010
CLIMATE RECORD PERIOD 1959 TO 2017


WEATHER ITEM   OBSERVED TIME   RECORD YEAR NORMAL DEPARTURE LAST
                VALUE   (LST)  VALUE       VALUE  FROM      YEAR
                                                  NORMAL
..................................................................
TEMPERATURE (F)
 YESTERDAY
  MAXIMUM         43    140 AM  70    2015  45     -2       49
  MINIMUM         15   1159 PM  -7    1962  30    -15       35
  AVERAGE         29                        38     -9       42

PRECIPITATION (IN)
  YESTERDAY        0.03          0.93 1964   0.10  -0.07     0.37
  MONTH TO DATE    0.24                      1.18  -0.94     1.19
  SINCE DEC 1      0.24                      1.18  -0.94     1.19
  SINCE JAN 1     39.57                     37.90   1.67    32.82

SNOWFALL (IN)
  YESTERDAY        1.8                                       0.0
  MONTH TO DATE    2.7                                       0.9
  SINCE DEC 1      2.7                                       0.9
  SINCE JUL 1      3.0                                       0.9
  SNOW DEPTH       2

DEGREE DAYS
 HEATING
  YESTERDAY       36                        27      9       23
  MONTH TO DATE  334                       306     28      378
  SINCE DEC 1    334                       306     28      378
  SINCE JUL 1   1361                      1209    152     1154

 COOLING
  YESTERDAY        0                         0      0        0
  MONTH TO DATE    0                         0      0        0
  SINCE DEC 1      0                         0      0        0
  SINCE JAN 1    488                       853   -365      737
..................................................................


WIND (MPH)
  HIGHEST WIND SPEED    26   HIGHEST WIND DIRECTION     W (290)
  HIGHEST GUST SPEED    40   HIGHEST GUST DIRECTION    NW (300)
  AVERAGE WIND SPEED    16.1


SKY COVER
  AVERAGE SKY COVER 0.8


WEATHER CONDITIONS
 THE FOLLOWING WEATHER WAS RECORDED YESTERDAY.
  HEAVY SNOW
  SNOW
  LIGHT SNOW
  FOG
  FOG W/VISIBILITY <= 1/4 MILE


RELATIVE HUMIDITY (PERCENT)
 HIGHEST    85          1100 AM
 LOWEST     49          1200 AM
 AVERAGE    67

..........................................................


THE BLUEFIELD WV CLIMATE NORMALS FOR TODAY
                         NORMAL    RECORD    YEAR
 MAXIMUM TEMPERATURE (F)   45        69      2015
 MINIMUM TEMPERATURE (F)   30        -9      1962


SUNRISE AND SUNSET
DECEMBER 13 2017......SUNRISE   730 AM EST   SUNSET   508 PM EST
DECEMBER 14 2017......SUNRISE   731 AM EST   SUNSET   508 PM EST


-  INDICATES NEGATIVE NUMBERS.
R  INDICATES RECORD WAS SET OR TIED.
MM INDICATES DATA IS MISSING.
T  INDICATES TRACE AMOUNT.




$$
