000
CDUS41 KRNK 200859
CLIBLF


CLIMATE REPORT
NATIONAL WEATHER SERVICE BLACKSBURG VA
358 AM EST TUE FEB 20 2018


...................................

...THE BLUEFIELD WV CLIMATE SUMMARY FOR FEBRUARY 19 2018...

CLIMATE NORMAL PERIOD 1981 TO 2010
CLIMATE RECORD PERIOD 1959 TO 2018


WEATHER ITEM   OBSERVED TIME   RECORD YEAR NORMAL DEPARTURE LAST
                VALUE   (LST)  VALUE       VALUE  FROM      YEAR
                                                  NORMAL
..................................................................
TEMPERATURE (F)
 YESTERDAY
  MAXIMUM         66R   425 PM  66    1994  47     19       49
  MINIMUM         43    248 AM  -4    2015  30     13       40
  AVERAGE         55                        38     17       45

PRECIPITATION (IN)
  YESTERDAY        0.03          0.74 2000   0.10  -0.07     0.00
                                      2000
                                      2012
  MONTH TO DATE    4.64                      1.84   2.80     0.70
  SINCE DEC 1      7.09                      7.65  -0.56     8.15
  SINCE JAN 1      6.13                      4.74   1.39     4.95

SNOWFALL (IN)
  YESTERDAY        0.0                                       0.0
  MONTH TO DATE    5.5                                       0.9
  SINCE DEC 1     14.4                                      17.2
  SINCE JUL 1     14.7                                      17.2
  SNOW DEPTH       0

DEGREE DAYS
 HEATING
  YESTERDAY       10                        27    -17       20
  MONTH TO DATE  497                       542    -45      477
  SINCE DEC 1   2624                      2359    265     2218
  SINCE JUL 1   3651                      3262    389     2994

 COOLING
  YESTERDAY        0                         0      0        0
  MONTH TO DATE    0                         0      0        0
  SINCE DEC 1      0                         0      0        0
  SINCE JAN 1      0                         0      0        0
..................................................................


WIND (MPH)
  HIGHEST WIND SPEED    20   HIGHEST WIND DIRECTION    SW (240)
  HIGHEST GUST SPEED    31   HIGHEST GUST DIRECTION     S (160)
  AVERAGE WIND SPEED     7.6


SKY COVER
  AVERAGE SKY COVER 0.7


WEATHER CONDITIONS
 THE FOLLOWING WEATHER WAS RECORDED YESTERDAY.
  LIGHT RAIN


RELATIVE HUMIDITY (PERCENT)
 HIGHEST    82           700 AM
 LOWEST     49          1200 AM
 AVERAGE    66

..........................................................


THE BLUEFIELD WV CLIMATE NORMALS FOR TODAY
                         NORMAL    RECORD    YEAR
 MAXIMUM TEMPERATURE (F)   47        67      2017
                                             1986
 MINIMUM TEMPERATURE (F)   30        -7      2015


SUNRISE AND SUNSET
FEBRUARY 20 2018......SUNRISE   708 AM EST   SUNSET   610 PM EST
FEBRUARY 21 2018......SUNRISE   706 AM EST   SUNSET   611 PM EST


-  INDICATES NEGATIVE NUMBERS.
R  INDICATES RECORD WAS SET OR TIED.
MM INDICATES DATA IS MISSING.
T  INDICATES TRACE AMOUNT.




$$
