000
CDUS41 KRNK 010946
CLIBLF


CLIMATE REPORT
NATIONAL WEATHER SERVICE BLACKSBURG VA
443 AM EST SUN MAR 1 2015


...................................

...THE BLUEFIELD WV CLIMATE SUMMARY FOR FEBRUARY 28 2015...

CLIMATE NORMAL PERIOD 1981 TO 2010
CLIMATE RECORD PERIOD 1959 TO 2015


WEATHER ITEM   OBSERVED TIME   RECORD YEAR NORMAL DEPARTURE LAST
                VALUE   (LST)  VALUE       VALUE  FROM      YEAR
                                                  NORMAL
..................................................................
TEMPERATURE (F)
 YESTERDAY
  MAXIMUM         40    438 PM  67    2012  49     -9       46
  MINIMUM          9R   633 AM  10    2002  32    -23       12
  AVERAGE         25                        40    -15

PRECIPITATION (IN)
  YESTERDAY        0.00          1.41 2011   0.11  -0.11     0.00
  MONTH TO DATE    2.08                      2.76  -0.68     2.56
  SINCE DEC 1      5.95                      8.57  -2.62     9.13
  SINCE JAN 1      3.56                      5.66  -2.10     4.13

SNOWFALL (IN)
  YESTERDAY        0.0
  MONTH TO DATE   28.8
  SINCE DEC 1     31.8
  SINCE JUL 1     36.6
  SNOW DEPTH      10

DEGREE DAYS
 HEATING
  YESTERDAY       40                        25     15
  MONTH TO DATE 1070                       773    297
  SINCE DEC 1   2835                      2590    245
  SINCE JUL 1   3920                      3493    427

 COOLING
  YESTERDAY        0                         0      0
  MONTH TO DATE    0                         0      0
  SINCE DEC 1      0                         0      0
  SINCE JAN 1      0                         0      0
..................................................................


WIND (MPH)
  HIGHEST WIND SPEED    16   HIGHEST WIND DIRECTION    SE (150)
  HIGHEST GUST SPEED    27   HIGHEST GUST DIRECTION     S (180)
  AVERAGE WIND SPEED     6.8


SKY COVER
  POSSIBLE SUNSHINE  MM
  AVERAGE SKY COVER 0.3


WEATHER CONDITIONS
 THE FOLLOWING WEATHER WAS RECORDED YESTERDAY.
  NO SIGNIFICANT WEATHER WAS OBSERVED.


RELATIVE HUMIDITY (PERCENT)
 HIGHEST    73           100 AM
 LOWEST     37           200 PM
 AVERAGE    55

..........................................................


THE BLUEFIELD WV CLIMATE NORMALS FOR TODAY
                         NORMAL    RECORD    YEAR
 MAXIMUM TEMPERATURE (F)   49        78      1997
 MINIMUM TEMPERATURE (F)   32         7      1980


SUNRISE AND SUNSET
MARCH  1 2015.........SUNRISE   656 AM EST   SUNSET   619 PM EST
MARCH  2 2015.........SUNRISE   655 AM EST   SUNSET   620 PM EST


-  INDICATES NEGATIVE NUMBERS.
R  INDICATES RECORD WAS SET OR TIED.
MM INDICATES DATA IS MISSING.
T  INDICATES TRACE AMOUNT.




$$
