000
CDUS41 KRNK 262105
CLIBLF


CLIMATE REPORT
NATIONAL WEATHER SERVICE BLACKSBURG VA
503 PM EDT TUE SEP 26 2017


...................................

...THE BLUEFIELD WV CLIMATE SUMMARY FOR SEPTEMBER 26 2017...
VALID TODAY AS OF 0500 PM LOCAL TIME.

CLIMATE NORMAL PERIOD 1981 TO 2010
CLIMATE RECORD PERIOD 1959 TO 2017


WEATHER ITEM   OBSERVED TIME   RECORD YEAR NORMAL DEPARTURE LAST
                VALUE   (LST)  VALUE       VALUE  FROM      YEAR
                                                  NORMAL
..................................................................
TEMPERATURE (F)
 TODAY
  MAXIMUM         79    259 PM  87    2007  71      8       77
  MINIMUM         55    653 AM  37    2001  53      2       62
  AVERAGE         67                        62      5       70

PRECIPITATION (IN)
  TODAY            0.00          1.91 2009   0.10  -0.10     0.05
  MONTH TO DATE    0.84                      2.71  -1.87     0.74
  SINCE SEP 1      0.84                      2.71  -1.87     0.74
  SINCE JAN 1     32.90                     31.10   1.80    27.63

SNOWFALL (IN)
  TODAY            0.0                                       0.0
  MONTH TO DATE    0.0                                       0.0
  SINCE SEP 1      0.0                                       0.0
  SINCE JUL 1      0.0                                       0.0
  SNOW DEPTH       0

DEGREE DAYS
 HEATING
  TODAY            0                         5     -5        0
  MONTH TO DATE  102                        53     49        8
  SINCE SEP 1    102                        53     49        8
  SINCE JUL 1    128                        59     69        8

 COOLING
  TODAY            2                         2      0        5
  MONTH TO DATE   33                        93    -60      118
  SINCE SEP 1     33                        93    -60      118
  SINCE JAN 1    457                       827   -370      726
..................................................................


WIND (MPH)
  HIGHEST WIND SPEED    14   HIGHEST WIND DIRECTION    NE (40)
  HIGHEST GUST SPEED    18   HIGHEST GUST DIRECTION    NE (40)
  AVERAGE WIND SPEED     2.8


SKY COVER
  AVERAGE SKY COVER 0.2


WEATHER CONDITIONS
 THE FOLLOWING WEATHER WAS RECORDED TODAY.
  FOG
  FOG W/VISIBILITY <= 1/4 MILE


RELATIVE HUMIDITY (PERCENT)
 HIGHEST   100           600 AM
 LOWEST     42           200 PM
 AVERAGE    71

..........................................................


THE BLUEFIELD WV CLIMATE NORMALS FOR TOMORROW
                         NORMAL    RECORD    YEAR
 MAXIMUM TEMPERATURE (F)   71        83      2007
 MINIMUM TEMPERATURE (F)   53        37      1991


SUNRISE AND SUNSET
SEPTEMBER 26 2017.....SUNRISE   716 AM EDT   SUNSET   715 PM EDT
SEPTEMBER 27 2017.....SUNRISE   717 AM EDT   SUNSET   714 PM EDT


-  INDICATES NEGATIVE NUMBERS.
R  INDICATES RECORD WAS SET OR TIED.
MM INDICATES DATA IS MISSING.
T  INDICATES TRACE AMOUNT.




$$
