000
CDUS41 KRNK 030736
CLIBLF


CLIMATE REPORT
NATIONAL WEATHER SERVICE BLACKSBURG VA
231 AM EST SAT DEC 3 2016


...................................

...THE BLUEFIELD WV CLIMATE SUMMARY FOR DECEMBER 2 2016...

CLIMATE NORMAL PERIOD 1981 TO 2010
CLIMATE RECORD PERIOD 1959 TO 2016


WEATHER ITEM   OBSERVED TIME   RECORD YEAR NORMAL DEPARTURE LAST
                VALUE   (LST)  VALUE       VALUE  FROM      YEAR
                                                  NORMAL
..................................................................
TEMPERATURE (F)
 YESTERDAY
  MAXIMUM         40    359 PM  72    1982  49     -9       58
  MINIMUM         28    738 AM  13    1985  33     -5       39
  AVERAGE         34                        41     -7       49

PRECIPITATION (IN)
  YESTERDAY        0.00          0.77 1991   0.09  -0.09     0.39
  MONTH TO DATE    0.00                      0.19  -0.19     1.17
  SINCE DEC 1      0.00                      0.19  -0.19     1.17
  SINCE JAN 1     31.63                     36.91  -5.28    39.34

SNOWFALL (IN)
  YESTERDAY        0.0                                       0.0
  MONTH TO DATE    0.0                                       0.0
  SINCE DEC 1      0.0                                       0.0
  SINCE JUL 1      T                                          T
  SNOW DEPTH       0

DEGREE DAYS
 HEATING
  YESTERDAY       31                        24      7       16
  MONTH TO DATE   58                        48     10       28
  SINCE DEC 1     58                        48     10       28
  SINCE JUL 1    834                       951   -117      750

 COOLING
  YESTERDAY        0                         0      0        0
  MONTH TO DATE    0                         0      0        0
  SINCE DEC 1      0                         0      0        0
  SINCE JAN 1    737                       853   -116     1041
..................................................................


WIND (MPH)
  HIGHEST WIND SPEED    21   HIGHEST WIND DIRECTION     W (280)
  HIGHEST GUST SPEED    30   HIGHEST GUST DIRECTION     W (280)
  AVERAGE WIND SPEED    10.5


SKY COVER
  AVERAGE SKY COVER 0.5


WEATHER CONDITIONS
 THE FOLLOWING WEATHER WAS RECORDED YESTERDAY.
  NO SIGNIFICANT WEATHER WAS OBSERVED.


RELATIVE HUMIDITY (PERCENT)
 HIGHEST    85           600 AM
 LOWEST     59           300 PM
 AVERAGE    72

..........................................................


THE BLUEFIELD WV CLIMATE NORMALS FOR TODAY
                         NORMAL    RECORD    YEAR
 MAXIMUM TEMPERATURE (F)   48        71      1982
 MINIMUM TEMPERATURE (F)   33        11      1979


SUNRISE AND SUNSET
DECEMBER  3 2016......SUNRISE   722 AM EST   SUNSET   507 PM EST
DECEMBER  4 2016......SUNRISE   723 AM EST   SUNSET   507 PM EST


-  INDICATES NEGATIVE NUMBERS.
R  INDICATES RECORD WAS SET OR TIED.
MM INDICATES DATA IS MISSING.
T  INDICATES TRACE AMOUNT.


REMARKS:
DUE TO A POWER OUTAGE CAUSING A MISSING HIGH TEMPERATURE ON
NOVEMBER 10...ALL TEMPERATURE AND HEATING DEGREE DAY INFORMATION
WILL BE CALCULATED WITHOUT DATA FROM THIS DATE.

$$
