000
CDUS41 KRNK 250551 CCA
CLIBLF

CLIMATE REPORT
NATIONAL WEATHER SERVICE BLACKSBURG VA
147 AM EDT THU MAY 25 2017


...................................

...THE BLUEFIELD WV CLIMATE SUMMARY FOR MAY 24 2017...

CLIMATE NORMAL PERIOD 1981 TO 2010
CLIMATE RECORD PERIOD 1959 TO 2017


WEATHER ITEM   OBSERVED TIME   RECORD YEAR NORMAL DEPARTURE LAST
                VALUE   (LST)  VALUE       VALUE  FROM      YEAR
                                                  NORMAL
..................................................................
TEMPERATURE (F)
 YESTERDAY
  MAXIMUM         58    351 PM  83    1991  74    -16       73
  MINIMUM         53   1148 PM  40    1963  55     -2       44
  AVERAGE         56                        64     -8       59

PRECIPITATION (IN)
  YESTERDAY        0.62          0.87 2011   0.14   0.48     0.00
  MONTH TO DATE    6.02                      3.25   2.77     6.22
  SINCE MAR 1     14.23                     10.10   4.13     9.90
  SINCE JAN 1     20.04                     15.76   4.28    14.72

SNOWFALL (IN)
  YESTERDAY        0.0                                       0.0
  MONTH TO DATE    0.0                                       0.0
  SINCE MAR 1      3.3                                       2.6
  SINCE JUL 1     20.5                                      34.8
  SNOW DEPTH       0

DEGREE DAYS
 HEATING
  YESTERDAY        9                         3      6        6
  MONTH TO DATE  168                       118     50      231
  SINCE MAR 1   1110                      1055     55     1053
  SINCE JUL 1   4242                      4548   -306     3866

 COOLING
  YESTERDAY        0                         3     -3        0
  MONTH TO DATE   28                        41    -13        4
  SINCE MAR 1     50                        69    -19        9
  SINCE JAN 1     50                        69    -19        9
..................................................................


WIND (MPH)
  HIGHEST WIND SPEED    15   HIGHEST WIND DIRECTION    SE (140)
  HIGHEST GUST SPEED    25   HIGHEST GUST DIRECTION    SE (120)
  AVERAGE WIND SPEED     5.8


SKY COVER
  AVERAGE SKY COVER 0.9


WEATHER CONDITIONS
 THE FOLLOWING WEATHER WAS RECORDED YESTERDAY.
  HEAVY RAIN
  RAIN
  LIGHT RAIN
  FOG


RELATIVE HUMIDITY (PERCENT)
 HIGHEST   100           800 AM
 LOWEST     86           100 PM
 AVERAGE    93

..........................................................


THE BLUEFIELD WV CLIMATE NORMALS FOR TODAY
                         NORMAL    RECORD    YEAR
 MAXIMUM TEMPERATURE (F)   74        85      2012
                                             1991
 MINIMUM TEMPERATURE (F)   55        35      1979


SUNRISE AND SUNSET
MAY 25 2017...........SUNRISE   609 AM EDT   SUNSET   835 PM EDT
MAY 26 2017...........SUNRISE   608 AM EDT   SUNSET   836 PM EDT


-  INDICATES NEGATIVE NUMBERS.
R  INDICATES RECORD WAS SET OR TIED.
MM INDICATES DATA IS MISSING.
T  INDICATES TRACE AMOUNT.

REMARKS: DUE TO A POWER OUTAGE CAUSING A MISSING HIGH TEMPERATURE ON
NOVEMBER 10...THE SEASONAL HEATING DEGREE DAY TOTAL AND DEPARTURE
FROM NORMAL WILL BE CALCULATED WITHOUT DATA FROM THIS DATE.

$$
