000
CDUS41 KRNK 270653
CLIBLF


CLIMATE REPORT
NATIONAL WEATHER SERVICE BLACKSBURG VA
252 AM EDT MON MAR 27 2017


...................................

...THE BLUEFIELD WV CLIMATE SUMMARY FOR MARCH 26 2017...

CLIMATE NORMAL PERIOD 1981 TO 2010
CLIMATE RECORD PERIOD 1959 TO 2017


WEATHER ITEM   OBSERVED TIME   RECORD YEAR NORMAL DEPARTURE LAST
                VALUE   (LST)  VALUE       VALUE  FROM      YEAR
                                                  NORMAL
..................................................................
TEMPERATURE (F)
 YESTERDAY
  MAXIMUM         63    333 PM  79    2007  58      5       65
  MINIMUM         53   1200 PM  17    2001  39     14       35
  AVERAGE         58                        48     10       50

PRECIPITATION (IN)
  YESTERDAY        0.08          0.56 1965   0.11  -0.03     0.00
  MONTH TO DATE    2.32                      2.94  -0.62     1.40
  SINCE MAR 1      2.32                      2.94  -0.62     1.40
  SINCE JAN 1      8.13                      8.60  -0.47     6.22

SNOWFALL (IN)
  YESTERDAY        0.0                                       0.0
  MONTH TO DATE    3.2                                       0.9
  SINCE MAR 1      3.2                                       0.9
  SINCE JUL 1     20.4                                      33.1
  SNOW DEPTH       0

DEGREE DAYS
 HEATING
  YESTERDAY        7                        17    -10       15
  MONTH TO DATE  662                       537    125      402
  SINCE MAR 1    662                       537    125      402
  SINCE JUL 1   3794                      4030   -236     3215

 COOLING
  YESTERDAY        0                         0      0        0
  MONTH TO DATE    0                         0      0        1
  SINCE MAR 1      0                         0      0        1
  SINCE JAN 1      0                         0      0        1
..................................................................


WIND (MPH)
  HIGHEST WIND SPEED    17   HIGHEST WIND DIRECTION    SE (150)
  HIGHEST GUST SPEED    25   HIGHEST GUST DIRECTION    SE (150)
  AVERAGE WIND SPEED     9.0


SKY COVER
  AVERAGE SKY COVER 0.2


WEATHER CONDITIONS
 THE FOLLOWING WEATHER WAS RECORDED YESTERDAY.
  LIGHT RAIN


RELATIVE HUMIDITY (PERCENT)
 HIGHEST    77          1000 PM
 LOWEST     61          1200 AM
 AVERAGE    69

..........................................................


THE BLUEFIELD WV CLIMATE NORMALS FOR TODAY
                         NORMAL    RECORD    YEAR
 MAXIMUM TEMPERATURE (F)   58        81      2007
 MINIMUM TEMPERATURE (F)   40        18      1982


SUNRISE AND SUNSET
MARCH 27 2017.........SUNRISE   717 AM EDT   SUNSET   743 PM EDT
MARCH 28 2017.........SUNRISE   716 AM EDT   SUNSET   744 PM EDT


-  INDICATES NEGATIVE NUMBERS.
R  INDICATES RECORD WAS SET OR TIED.
MM INDICATES DATA IS MISSING.
T  INDICATES TRACE AMOUNT.

REMARKS:
DUE TO A POWER OUTAGE CAUSING A MISSING HIGH TEMPERATURE ON NOVEMBER
10...THE SEASONAL HEATING DEGREE DAY TOTAL AND DEPARTURE FROM
NORMAL WILL BE CALCULATED WITHOUT DATA FROM THIS DATE.


$$
