000
CDUS41 KRNK 292113
CLIBLF


CLIMATE REPORT
NATIONAL WEATHER SERVICE BLACKSBURG VA
509 PM EDT FRI AUG 29 2014


...................................

...THE BLUEFIELD WV CLIMATE SUMMARY FOR AUGUST 29 2014...
VALID TODAY AS OF 0500 PM LOCAL TIME.

CLIMATE NORMAL PERIOD 1981 TO 2010
CLIMATE RECORD PERIOD 1959 TO 2014


WEATHER ITEM   OBSERVED TIME   RECORD YEAR NORMAL DEPARTURE LAST
                VALUE   (LST)  VALUE       VALUE  FROM      YEAR
                                                  NORMAL
..................................................................
TEMPERATURE (F)
 TODAY
  MAXIMUM         82    353 PM  91    1991  80      2       87
  MINIMUM         64    256 AM  39    1986  62      2       71
  AVERAGE         73                        71      2

PRECIPITATION (IN)
  TODAY            0.00          0.59 2006   0.09  -0.09      T
  MONTH TO DATE    6.35                      3.07   3.28     2.64
  SINCE JUN 1     12.90                     11.38   1.52    11.59
  SINCE JAN 1     24.56                     28.20  -3.64    30.12

SNOWFALL (IN)
  TODAY            0.0
  MONTH TO DATE    0.0
  SINCE JUN 1      0.0
  SINCE JUL 1      0.0
  SNOW DEPTH       0

DEGREE DAYS
 HEATING
  TODAY            0                         0      0
  MONTH TO DATE    2                         0      2
  SINCE JUN 1     12                        24    -12
  SINCE JUL 1     10                         2      8

 COOLING
  TODAY            8                         6      2
  MONTH TO DATE  146                       218    -72
  SINCE JUN 1    561                       632    -71
  SINCE JAN 1    690                       723    -33
..................................................................


WIND (MPH)
  HIGHEST WIND SPEED    13   HIGHEST WIND DIRECTION    SE (140)
  HIGHEST GUST SPEED    20   HIGHEST GUST DIRECTION    SE (140)
  AVERAGE WIND SPEED     6.0


SKY COVER
  POSSIBLE SUNSHINE  MM
  AVERAGE SKY COVER 0.0


WEATHER CONDITIONS
 THE FOLLOWING WEATHER WAS RECORDED TODAY.
  NO SIGNIFICANT WEATHER WAS OBSERVED.


RELATIVE HUMIDITY (PERCENT)
 HIGHEST    87          1200 AM
 LOWEST     58           200 PM
 AVERAGE    73

..........................................................


THE BLUEFIELD WV CLIMATE NORMALS FOR TOMORROW
                         NORMAL    RECORD    YEAR
 MAXIMUM TEMPERATURE (F)   79        90      1993
 MINIMUM TEMPERATURE (F)   62        48      1987


SUNRISE AND SUNSET
AUGUST 29 2014........SUNRISE   653 AM EDT   SUNSET   758 PM EDT
AUGUST 30 2014........SUNRISE   654 AM EDT   SUNSET   756 PM EDT


-  INDICATES NEGATIVE NUMBERS.
R  INDICATES RECORD WAS SET OR TIED.
MM INDICATES DATA IS MISSING.
T  INDICATES TRACE AMOUNT.

REMARKS:
DUE TO A POWER FAILURE CAUSING A MISSING LOW TEMPERATURE ON
MAY 30...THE SEASONAL TOTAL AND DEPARTURE FROM NORMAL FOR CDD
WILL BE CALCULATED WITHOUT DATA FROM THAT DATE.


$$
