000
CDUS41 KRNK 290741
CLIBLF


CLIMATE REPORT
NATIONAL WEATHER SERVICE BLACKSBURG VA
337 AM EDT FRI MAY 29 2015


...................................

...THE BLUEFIELD WV CLIMATE SUMMARY FOR MAY 28 2015...

CLIMATE NORMAL PERIOD 1981 TO 2010
CLIMATE RECORD PERIOD 1959 TO 2015


WEATHER ITEM   OBSERVED TIME   RECORD YEAR NORMAL DEPARTURE LAST
                VALUE   (LST)  VALUE       VALUE  FROM      YEAR
                                                  NORMAL
..................................................................
TEMPERATURE (F)
 YESTERDAY
  MAXIMUM         82    155 PM  86    2006  74      8       81
  MINIMUM         62    522 AM  34    1994  56      6       61
  AVERAGE         72                        65      7       71

PRECIPITATION (IN)
  YESTERDAY        0.00          1.27 1981   0.15  -0.15     0.03
  MONTH TO DATE    1.72                      3.85  -2.13     2.72
  SINCE MAR 1     12.13                     10.70   1.43     7.45
  SINCE JAN 1     15.69                     16.36  -0.67    11.58

SNOWFALL (IN)
  YESTERDAY        0.0                                       0.0
  MONTH TO DATE    0.0                                       0.0
  SINCE MAR 1      3.1                                       9.4
  SINCE JUL 1     39.7                                      47.0
  SNOW DEPTH       0

DEGREE DAYS
 HEATING
  YESTERDAY        0                         3     -3        0
  MONTH TO DATE   63                       130    -67       89
  SINCE MAR 1    915                      1067   -152     1017
  SINCE JUL 1   4835                      4560    275     4652

 COOLING
  YESTERDAY        7                         3      4        6
  MONTH TO DATE  119                        53     66       95
  SINCE MAR 1    130                        81     49      115
  SINCE JAN 1    130                        81     49      115
..................................................................


WIND (MPH)
  HIGHEST WIND SPEED    14   HIGHEST WIND DIRECTION    SE (140)
  HIGHEST GUST SPEED    19   HIGHEST GUST DIRECTION    SE (150)
  AVERAGE WIND SPEED     3.4


SKY COVER
  AVERAGE SKY COVER 0.6


WEATHER CONDITIONS
 THE FOLLOWING WEATHER WAS RECORDED YESTERDAY.
  THUNDERSTORM


RELATIVE HUMIDITY (PERCENT)
 HIGHEST    78           500 AM
 LOWEST     46           200 PM
 AVERAGE    62

..........................................................


THE BLUEFIELD WV CLIMATE NORMALS FOR TODAY
                         NORMAL    RECORD    YEAR
 MAXIMUM TEMPERATURE (F)   75        88      2006
 MINIMUM TEMPERATURE (F)   57        43      1971


SUNRISE AND SUNSET
MAY 29 2015...........SUNRISE   607 AM EDT   SUNSET   838 PM EDT
MAY 30 2015...........SUNRISE   607 AM EDT   SUNSET   838 PM EDT


-  INDICATES NEGATIVE NUMBERS.
R  INDICATES RECORD WAS SET OR TIED.
MM INDICATES DATA IS MISSING.
T  INDICATES TRACE AMOUNT.




$$
