000
CDUS41 KRNK 290522
CLIBLF


CLIMATE REPORT
NATIONAL WEATHER SERVICE BLACKSBURG VA
121 AM EDT FRI APR 29 2016


...................................

...THE BLUEFIELD WV CLIMATE SUMMARY FOR APRIL 28 2016...

CLIMATE NORMAL PERIOD 1981 TO 2010
CLIMATE RECORD PERIOD 1959 TO 2016


WEATHER ITEM   OBSERVED TIME   RECORD YEAR NORMAL DEPARTURE LAST
                VALUE   (LST)  VALUE       VALUE  FROM      YEAR
                                                  NORMAL
..................................................................
TEMPERATURE (F)
 YESTERDAY
  MAXIMUM         75    408 PM  84    1986  69      6       65
  MINIMUM         55    554 AM  25    1976  49      6       37
  AVERAGE         65                        59      6       51

PRECIPITATION (IN)
  YESTERDAY        0.16          1.16 1970   0.11   0.05     0.00
  MONTH TO DATE    1.91                      3.10  -1.19     5.17
  SINCE MAR 1      3.37                      6.61  -3.24    10.25
  SINCE JAN 1      8.19                     12.27  -4.08    13.81

SNOWFALL (IN)
  YESTERDAY        0.0                                       0.0
  MONTH TO DATE    1.7                                       0.0
  SINCE MAR 1      2.6                                       3.1
  SINCE JUL 1     34.8                                      39.7
  SNOW DEPTH       0

DEGREE DAYS
 HEATING
  YESTERDAY        0                         7     -7       14
  MONTH TO DATE  349                       307     42      249
  SINCE MAR 1    812                       923   -111      834
  SINCE JUL 1   3625                      4416   -791     4754

 COOLING
  YESTERDAY        0                         1     -1        0
  MONTH TO DATE    4                        26    -22       11
  SINCE MAR 1      5                        30    -25       11
  SINCE JAN 1      5                        30    -25       11
..................................................................


WIND (MPH)
  HIGHEST WIND SPEED    24   HIGHEST WIND DIRECTION     W (250)
  HIGHEST GUST SPEED    33   HIGHEST GUST DIRECTION     W (250)
  AVERAGE WIND SPEED     8.4


SKY COVER
  AVERAGE SKY COVER 0.5


WEATHER CONDITIONS
 THE FOLLOWING WEATHER WAS RECORDED YESTERDAY.
  THUNDERSTORM
  RAIN
  LIGHT RAIN


RELATIVE HUMIDITY (PERCENT)
 HIGHEST    93           500 AM
 LOWEST     38           200 PM
 AVERAGE    66

..........................................................


THE BLUEFIELD WV CLIMATE NORMALS FOR TODAY
                         NORMAL    RECORD    YEAR
 MAXIMUM TEMPERATURE (F)   69        83      1996
 MINIMUM TEMPERATURE (F)   49        32      1979


SUNRISE AND SUNSET
APRIL 29 2016.........SUNRISE   632 AM EDT   SUNSET   813 PM EDT
APRIL 30 2016.........SUNRISE   631 AM EDT   SUNSET   814 PM EDT


-  INDICATES NEGATIVE NUMBERS.
R  INDICATES RECORD WAS SET OR TIED.
MM INDICATES DATA IS MISSING.
T  INDICATES TRACE AMOUNT.

REMARKS:

DUE TO A SENSOR FAILURE CAUSING MISSING TEMPERATURES ON DECEMBER 20-
21...JANUARY 19-20...AND JANUARY 22-25...THE SEASONAL HEATING DEGREE
DAY TOTAL AND DEPARTURE FROM NORMAL WILL BE CALCULATED WITHOUT DATA
FROM THESE DATES.

$$
