000
CDUS46 KSEW 130831
CLIBLI


CLIMATE REPORT
NATIONAL WEATHER SERVICE SEATTLE WA
1231 AM PST WED DEC 13 2017


...................................

...THE BELLINGHAM WA AIRPORT CLIMATE SUMMARY FOR DECEMBER 12 2017...

CLIMATE NORMAL PERIOD 1981 TO 2010
CLIMATE RECORD PERIOD 1949 TO 2017


WEATHER ITEM   OBSERVED TIME   RECORD YEAR NORMAL DEPARTURE LAST
                VALUE   (LST)  VALUE       VALUE  FROM      YEAR
                                                  NORMAL
..................................................................
TEMPERATURE (F)
 YESTERDAY
  MAXIMUM         48    317 PM  61    2002  44      4       33
                                      1960
                                      1952
  MINIMUM         33    133 AM  17    1972  32      1       28
  AVERAGE         41                        38      3       31

PRECIPITATION (IN)
  YESTERDAY        0.00          1.61 2010   0.13  -0.13     0.03
  MONTH TO DATE    0.69                      1.82  -1.13     1.96
  SINCE OCT 1     12.23                     11.30   0.93    17.12
  SINCE JAN 1     30.90                     33.43  -2.53    36.53

DEGREE DAYS
 HEATING
  YESTERDAY       24                        27     -3       34
  MONTH TO DATE  308                       314     -6      354
  SINCE DEC 1    308                       314     -6      354

 COOLING
  YESTERDAY        0                         0      0        0
  MONTH TO DATE    0                         0      0        0
  SINCE DEC 1      0                         0      0        0
  SINCE JAN 1     97                        42     55      101
..................................................................


WIND (MPH)
  RESULTANT WIND SPEED   1   RESULTANT WIND DIRECTION   N (10)
  HIGHEST WIND SPEED     7   HIGHEST WIND DIRECTION     N (10)
  HIGHEST GUST SPEED     8   HIGHEST GUST DIRECTION     N (10)
  AVERAGE WIND SPEED     1.2


SKY COVER
  AVERAGE SKY COVER 0.3


WEATHER CONDITIONS
 THE FOLLOWING WEATHER WAS RECORDED YESTERDAY.
  FOG


RELATIVE HUMIDITY (PERCENT)
 HIGHEST   100           200 AM
 LOWEST     70          1200 PM
 AVERAGE    85

..........................................................


THE BELLINGHAM WA AIRPORT CLIMATE NORMALS FOR TODAY
                         NORMAL    RECORD    YEAR
 MAXIMUM TEMPERATURE (F)   44        62      1969
 MINIMUM TEMPERATURE (F)   32        15      1972


SUNRISE AND SUNSET
DECEMBER 13 2017......SUNRISE   755 AM PST   SUNSET   414 PM PST
DECEMBER 14 2017......SUNRISE   756 AM PST   SUNSET   414 PM PST


-  INDICATES NEGATIVE NUMBERS.
R  INDICATES RECORD WAS SET OR TIED.
MM INDICATES DATA IS MISSING.
T  INDICATES TRACE AMOUNT.




$$
