000
CDUS46 KSEW 250131
CLIBLI


CLIMATE REPORT
NATIONAL WEATHER SERVICE SEATTLE WA
531 PM PST TUE JAN 24 2017


...................................

...THE BELLINGHAM WA AIRPORT CLIMATE SUMMARY FOR JANUARY 24 2017...
VALID TODAY AS OF 0500 PM LOCAL TIME.

CLIMATE NORMAL PERIOD 1981 TO 2010
CLIMATE RECORD PERIOD 1949 TO 2017


WEATHER ITEM   OBSERVED TIME   RECORD YEAR NORMAL DEPARTURE LAST
                VALUE   (LST)  VALUE       VALUE  FROM      YEAR
                                                  NORMAL
..................................................................
TEMPERATURE (F)
 TODAY
  MAXIMUM         41    419 PM  56    2015  47     -6       48
  MINIMUM         31   1207 AM   4    1950  33     -2       36
  AVERAGE         36                        40     -4       42

PRECIPITATION (IN)
  TODAY            0.00          2.46 1984   0.15  -0.15     0.04
  MONTH TO DATE    1.65                      3.69  -2.04     1.92
  SINCE OCT 1     20.77                     17.39   3.38    15.99
  SINCE JAN 1      1.65                      3.69  -2.04     1.92

DEGREE DAYS
 HEATING
  TODAY           29                        25      4       23
  MONTH TO DATE  724                       623    101      597
  SINCE DEC 1   1674                      1457    217     1305

 COOLING
  TODAY            0                         0      0        0
  MONTH TO DATE    0                         0      0        0
  SINCE DEC 1      0                         0      0        0
  SINCE JAN 1      0                         0      0        0
..................................................................


WIND (MPH)
  RESULTANT WIND SPEED   0   RESULTANT WIND DIRECTION  SE (130)
  HIGHEST WIND SPEED     6   HIGHEST WIND DIRECTION    SE (140)
  HIGHEST GUST SPEED     7   HIGHEST GUST DIRECTION    SW (210)
  AVERAGE WIND SPEED     0.4


SKY COVER
  AVERAGE SKY COVER 1.0


WEATHER CONDITIONS
 THE FOLLOWING WEATHER WAS RECORDED TODAY.
  FOG


RELATIVE HUMIDITY (PERCENT)
 HIGHEST   100          1200 AM
 LOWEST     79           200 PM
 AVERAGE    90

..........................................................


THE BELLINGHAM WA AIRPORT CLIMATE NORMALS FOR TOMORROW
                         NORMAL    RECORD    YEAR
 MAXIMUM TEMPERATURE (F)   47        59      2015
 MINIMUM TEMPERATURE (F)   33        -2      1950


SUNRISE AND SUNSET
JANUARY 24 2017.......SUNRISE   749 AM PST   SUNSET   456 PM PST
JANUARY 25 2017.......SUNRISE   748 AM PST   SUNSET   457 PM PST


-  INDICATES NEGATIVE NUMBERS.
R  INDICATES RECORD WAS SET OR TIED.
MM INDICATES DATA IS MISSING.
T  INDICATES TRACE AMOUNT.




$$
