000
CDUS46 KSEW 190829
CLIBLI


CLIMATE REPORT
NATIONAL WEATHER SERVICE SEATTLE WA
129 AM PDT TUE SEP 19 2017


...................................

...THE BELLINGHAM WA AIRPORT CLIMATE SUMMARY FOR SEPTEMBER 18 2017...

CLIMATE NORMAL PERIOD 1981 TO 2010
CLIMATE RECORD PERIOD 1949 TO 2017


WEATHER ITEM   OBSERVED TIME   RECORD YEAR NORMAL DEPARTURE LAST
                VALUE   (LST)  VALUE       VALUE  FROM      YEAR
                                                  NORMAL
..................................................................
TEMPERATURE (F)
 YESTERDAY
  MAXIMUM         61    341 PM  78    1991  67     -6       67
  MINIMUM         50    857 AM  37    1972  47      3       55
  AVERAGE         56                        57     -1       61

PRECIPITATION (IN)
  YESTERDAY        0.18          0.59 1988   0.06   0.12      T
  MONTH TO DATE    0.48                      0.99  -0.51     1.10
  SINCE OCT 1     36.51                     35.04   1.47    32.96
  SINCE JAN 1     17.39                     21.34  -3.95    18.89

DEGREE DAYS
 HEATING
  YESTERDAY        9                         8      1        4
  MONTH TO DATE   56                       112    -56      100
  SINCE SEP 1     56                       112    -56      100

 COOLING
  YESTERDAY        0                         0      0        0
  MONTH TO DATE   29                         0     29        0
  SINCE SEP 1     29                         0     29        0
  SINCE JAN 1     95                        40     55      101
..................................................................


WIND (MPH)
  RESULTANT WIND SPEED   7   RESULTANT WIND DIRECTION  SE (150)
  HIGHEST WIND SPEED    17   HIGHEST WIND DIRECTION    SE (140)
  HIGHEST GUST SPEED    22   HIGHEST GUST DIRECTION    SE (150)
  AVERAGE WIND SPEED     7.5


SKY COVER
  AVERAGE SKY COVER 0.8


WEATHER CONDITIONS
 THE FOLLOWING WEATHER WAS RECORDED YESTERDAY.
  RAIN
  LIGHT RAIN
  FOG


RELATIVE HUMIDITY (PERCENT)
 HIGHEST   100           200 AM
 LOWEST     55           300 PM
 AVERAGE    78

..........................................................


THE BELLINGHAM WA AIRPORT CLIMATE NORMALS FOR TODAY
                         NORMAL    RECORD    YEAR
 MAXIMUM TEMPERATURE (F)   66        85      1974
 MINIMUM TEMPERATURE (F)   47        33      1957


SUNRISE AND SUNSET
SEPTEMBER 19 2017.....SUNRISE   653 AM PDT   SUNSET   714 PM PDT
SEPTEMBER 20 2017.....SUNRISE   654 AM PDT   SUNSET   711 PM PDT


-  INDICATES NEGATIVE NUMBERS.
R  INDICATES RECORD WAS SET OR TIED.
MM INDICATES DATA IS MISSING.
T  INDICATES TRACE AMOUNT.




$$
