000
CDUS46 KSEW 280830
CLIBLI


CLIMATE REPORT
NATIONAL WEATHER SERVICE SEATTLE WA
130 AM PDT THU MAY 28 2015


...................................

...THE BELLINGHAM WA AIRPORT CLIMATE SUMMARY FOR MAY 27 2015...

CLIMATE NORMAL PERIOD 1981 TO 2010
CLIMATE RECORD PERIOD 1949 TO 2015


WEATHER ITEM   OBSERVED TIME   RECORD YEAR NORMAL DEPARTURE LAST
                VALUE   (LST)  VALUE       VALUE  FROM      YEAR
                                                  NORMAL
..................................................................
TEMPERATURE (F)
 YESTERDAY
  MAXIMUM         73    454 PM  83    2005  64      9       65
  MINIMUM         55    729 AM  35    1973  48      7       47
  AVERAGE         64                        56      8       56

PRECIPITATION (IN)
  YESTERDAY        0.00          1.28 2004   0.09  -0.09     0.00
  MONTH TO DATE    0.67                      2.16  -1.49     2.47
  SINCE OCT 1     29.37                     29.46  -0.09    27.17
  SINCE JAN 1     14.64                     15.76  -1.12    16.86

DEGREE DAYS
 HEATING
  YESTERDAY        1                         9     -8        9
  MONTH TO DATE  216                       309    -93      192
  SINCE MAR 1   1191                      1450   -259     1207

 COOLING
  YESTERDAY        0                         0      0        0
  MONTH TO DATE    0                         0      0        1
  SINCE MAR 1      0                         0      0        1
  SINCE JAN 1      0                         0      0        1
..................................................................


WIND (MPH)
  RESULTANT WIND SPEED   4   RESULTANT WIND DIRECTION   S (170)
  HIGHEST WIND SPEED     9   HIGHEST WIND DIRECTION     S (160)
  HIGHEST GUST SPEED    13   HIGHEST GUST DIRECTION     S (160)
  AVERAGE WIND SPEED     4.4


SKY COVER
  AVERAGE SKY COVER 0.4


WEATHER CONDITIONS
 THE FOLLOWING WEATHER WAS RECORDED YESTERDAY.
  NO SIGNIFICANT WEATHER WAS OBSERVED.


RELATIVE HUMIDITY (PERCENT)
 HIGHEST    93           200 AM
 LOWEST     49           600 PM
 AVERAGE    71

..........................................................


THE BELLINGHAM WA AIRPORT CLIMATE NORMALS FOR TODAY
                         NORMAL    RECORD    YEAR
 MAXIMUM TEMPERATURE (F)   64        90      1983
 MINIMUM TEMPERATURE (F)   48        35      1966


SUNRISE AND SUNSET
MAY 28 2015...........SUNRISE   515 AM PDT   SUNSET   901 PM PDT
MAY 29 2015...........SUNRISE   514 AM PDT   SUNSET   902 PM PDT


-  INDICATES NEGATIVE NUMBERS.
R  INDICATES RECORD WAS SET OR TIED.
MM INDICATES DATA IS MISSING.
T  INDICATES TRACE AMOUNT.




$$
