000
CDUS46 KSEW 290831
CLIBLI


CLIMATE REPORT
NATIONAL WEATHER SERVICE SEATTLE WA
131 AM PDT SAT AUG 29 2015


...................................

...THE BELLINGHAM WA AIRPORT CLIMATE SUMMARY FOR AUGUST 28 2015...

CLIMATE NORMAL PERIOD 1981 TO 2010
CLIMATE RECORD PERIOD 1949 TO 2015


WEATHER ITEM   OBSERVED TIME   RECORD YEAR NORMAL DEPARTURE LAST
                VALUE   (LST)  VALUE       VALUE  FROM      YEAR
                                                  NORMAL
..................................................................
TEMPERATURE (F)
 YESTERDAY
  MAXIMUM         71    523 PM  86    1967  71      0       72
  MINIMUM         60    740 AM  41    2000  52      8       60
  AVERAGE         66                        61      5       66

PRECIPITATION (IN)
  YESTERDAY        0.27          0.67 2005   0.05   0.22     0.00
  MONTH TO DATE    0.49                      1.08  -0.59     0.67
  SINCE OCT 1     30.79                     33.90  -3.11    30.07
  SINCE JAN 1     16.06                     20.20  -4.14    19.76

DEGREE DAYS
 HEATING
  YESTERDAY        0                         4     -4        0
  MONTH TO DATE   21                        68    -47       10
  SINCE JUN 1    103                       370   -267      181

 COOLING
  YESTERDAY        1                         0      1        1
  MONTH TO DATE   53                         0     53       62
  SINCE JUN 1    191                        23    168      114
  SINCE JAN 1    191                        23    168      115
..................................................................


WIND (MPH)
  RESULTANT WIND SPEED   3   RESULTANT WIND DIRECTION   S (160)
  HIGHEST WIND SPEED    15   HIGHEST WIND DIRECTION     S (190)
  HIGHEST GUST SPEED    32   HIGHEST GUST DIRECTION    NE (30)
  AVERAGE WIND SPEED     3.8


SKY COVER
  AVERAGE SKY COVER 0.8


WEATHER CONDITIONS
 THE FOLLOWING WEATHER WAS RECORDED YESTERDAY.
  LIGHT RAIN
  FOG


RELATIVE HUMIDITY (PERCENT)
 HIGHEST   100           300 AM
 LOWEST     66           300 PM
 AVERAGE    83

..........................................................


THE BELLINGHAM WA AIRPORT CLIMATE NORMALS FOR TODAY
                         NORMAL    RECORD    YEAR
 MAXIMUM TEMPERATURE (F)   71        85      1974
 MINIMUM TEMPERATURE (F)   51        38      1969


SUNRISE AND SUNSET
AUGUST 29 2015........SUNRISE   623 AM PDT   SUNSET   759 PM PDT
AUGUST 30 2015........SUNRISE   624 AM PDT   SUNSET   757 PM PDT


-  INDICATES NEGATIVE NUMBERS.
R  INDICATES RECORD WAS SET OR TIED.
MM INDICATES DATA IS MISSING.
T  INDICATES TRACE AMOUNT.




$$
