000
CDUS46 KSEW 260834
CLIBLI


CLIMATE REPORT
NATIONAL WEATHER SERVICE SEATTLE WA
134 AM PDT FRI MAY 26 2017


...................................

...THE BELLINGHAM WA AIRPORT CLIMATE SUMMARY FOR MAY 25 2017...

CLIMATE NORMAL PERIOD 1981 TO 2010
CLIMATE RECORD PERIOD 1949 TO 2017


WEATHER ITEM   OBSERVED TIME   RECORD YEAR NORMAL DEPARTURE LAST
                VALUE   (LST)  VALUE       VALUE  FROM      YEAR
                                                  NORMAL
..................................................................
TEMPERATURE (F)
 YESTERDAY
  MAXIMUM         67    355 PM  80    1979  64      3       66
  MINIMUM         43    301 AM  35    1972  47     -4       52
  AVERAGE         55                        56     -1       59

PRECIPITATION (IN)
  YESTERDAY        0.00          0.61 1984   0.08  -0.08     0.00
  MONTH TO DATE    0.31                      1.99  -1.68     0.42
  SINCE OCT 1     34.01                     29.29   4.72    29.43
  SINCE JAN 1     14.89                     15.59  -0.70    15.36

DEGREE DAYS
 HEATING
  YESTERDAY       10                         9      1        6
  MONTH TO DATE  266                       291    -25      176
  SINCE MAR 1   1294                      1432   -138      996

 COOLING
  YESTERDAY        0                         0      0        0
  MONTH TO DATE    0                         0      0        1
  SINCE MAR 1      0                         0      0        1
  SINCE JAN 1      0                         0      0        1
..................................................................


WIND (MPH)
  RESULTANT WIND SPEED   2   RESULTANT WIND DIRECTION   S (180)
  HIGHEST WIND SPEED    13   HIGHEST WIND DIRECTION    NW (300)
  HIGHEST GUST SPEED    15   HIGHEST GUST DIRECTION     W (290)
  AVERAGE WIND SPEED     3.7


SKY COVER
  AVERAGE SKY COVER 0.2


WEATHER CONDITIONS
 THE FOLLOWING WEATHER WAS RECORDED YESTERDAY.
  NO SIGNIFICANT WEATHER WAS OBSERVED.


RELATIVE HUMIDITY (PERCENT)
 HIGHEST   100          1200 AM
 LOWEST     48           400 PM
 AVERAGE    74

..........................................................


THE BELLINGHAM WA AIRPORT CLIMATE NORMALS FOR TODAY
                         NORMAL    RECORD    YEAR
 MAXIMUM TEMPERATURE (F)   64        84      2005
 MINIMUM TEMPERATURE (F)   48        38      1951


SUNRISE AND SUNSET
MAY 26 2017...........SUNRISE   516 AM PDT   SUNSET   859 PM PDT
MAY 27 2017...........SUNRISE   515 AM PDT   SUNSET   900 PM PDT


-  INDICATES NEGATIVE NUMBERS.
R  INDICATES RECORD WAS SET OR TIED.
MM INDICATES DATA IS MISSING.
T  INDICATES TRACE AMOUNT.




$$
