000
CDUS46 KSEW 200833
CLIBLI


CLIMATE REPORT
NATIONAL WEATHER SERVICE SEATTLE WA
1233 AM PST TUE FEB 20 2018


...................................

...THE BELLINGHAM WA AIRPORT CLIMATE SUMMARY FOR FEBRUARY 19 2018...

CLIMATE NORMAL PERIOD 1981 TO 2010
CLIMATE RECORD PERIOD 1949 TO 2018


WEATHER ITEM   OBSERVED TIME   RECORD YEAR NORMAL DEPARTURE LAST
                VALUE   (LST)  VALUE       VALUE  FROM      YEAR
                                                  NORMAL
..................................................................
TEMPERATURE (F)
 YESTERDAY
  MAXIMUM         36    356 PM  60    1981  49    -13       50
                                      1978
                                      1977
  MINIMUM         24    722 AM   8    1986  33     -9       38
  AVERAGE         30                        41    -11       44

PRECIPITATION (IN)
  YESTERDAY        0.00          0.95 1961   0.10  -0.10     0.04
  MONTH TO DATE    3.81                      2.09   1.72     3.66
  SINCE OCT 1     26.43                     20.46   5.97    24.45
  SINCE JAN 1      8.81                      6.76   2.05     5.33

DEGREE DAYS
 HEATING
  YESTERDAY       35                        24     11       21
  MONTH TO DATE  450                       467    -17      494
  SINCE DEC 1   1995                      2101   -106     2351

 COOLING
  YESTERDAY        0                         0      0        0
  MONTH TO DATE    0                         0      0        0
  SINCE DEC 1      0                         0      0        0
  SINCE JAN 1      0                         0      0        0
..................................................................


WIND (MPH)
  RESULTANT WIND SPEED  11   RESULTANT WIND DIRECTION   N (20)
  HIGHEST WIND SPEED    25   HIGHEST WIND DIRECTION     N (20)
  HIGHEST GUST SPEED    36   HIGHEST GUST DIRECTION    NE (30)
  AVERAGE WIND SPEED    10.3


SKY COVER
  AVERAGE SKY COVER 0.0


WEATHER CONDITIONS
 THE FOLLOWING WEATHER WAS RECORDED YESTERDAY.
  NO SIGNIFICANT WEATHER WAS OBSERVED.


RELATIVE HUMIDITY (PERCENT)
 HIGHEST    68          1100 PM
 LOWEST     29          1200 PM
 AVERAGE    49

..........................................................


THE BELLINGHAM WA AIRPORT CLIMATE NORMALS FOR TODAY
                         NORMAL    RECORD    YEAR
 MAXIMUM TEMPERATURE (F)   49        61      1995
 MINIMUM TEMPERATURE (F)   33        15      1986


SUNRISE AND SUNSET
FEBRUARY 20 2018......SUNRISE   709 AM PST   SUNSET   540 PM PST
FEBRUARY 21 2018......SUNRISE   707 AM PST   SUNSET   541 PM PST


-  INDICATES NEGATIVE NUMBERS.
R  INDICATES RECORD WAS SET OR TIED.
MM INDICATES DATA IS MISSING.
T  INDICATES TRACE AMOUNT.




$$
