000
CDUS46 KSEW 210827
CLIBLI


CLIMATE REPORT
NATIONAL WEATHER SERVICE SEATTLE WA
126 AM PDT TUE OCT 21 2014


...................................

...THE BELLINGHAM WA AIRPORT CLIMATE SUMMARY FOR OCTOBER 20 2014...

CLIMATE NORMAL PERIOD 1981 TO 2010
CLIMATE RECORD PERIOD 1949 TO 2014


WEATHER ITEM   OBSERVED TIME   RECORD YEAR NORMAL DEPARTURE LAST
                VALUE   (LST)  VALUE       VALUE  FROM      YEAR
                                                  NORMAL
..................................................................
TEMPERATURE (F)
 YESTERDAY
  MAXIMUM         63    314 AM  67    1987  57      6       52
  MINIMUM         56    700 PM  24    1949  41     15       47
  AVERAGE         60                        49     11       50

PRECIPITATION (IN)
  YESTERDAY        0.65          1.40 2003   0.13   0.52     0.00
  MONTH TO DATE    2.74                      2.02   0.72     1.75
  SINCE OCT 1      2.74                      2.02   0.72     1.75
  SINCE JAN 1     24.83                     24.15   0.68    22.25

DEGREE DAYS
 HEATING
  YESTERDAY        5                        16    -11       15
  MONTH TO DATE  132                       280   -148      306
  SINCE SEP 1    241                       514   -273      455

 COOLING
  YESTERDAY        0                         0      0        0
  MONTH TO DATE    0                         0      0        0
  SINCE SEP 1      2                         2      0        6
  SINCE JAN 1    117                        42     75       95
..................................................................


WIND (MPH)
  RESULTANT WIND SPEED   8   RESULTANT WIND DIRECTION   S (160)
  HIGHEST WIND SPEED    21   HIGHEST WIND DIRECTION    SE (150)
  HIGHEST GUST SPEED    29   HIGHEST GUST DIRECTION    SE (150)
  AVERAGE WIND SPEED     8.4


SKY COVER
  AVERAGE SKY COVER 1.0


WEATHER CONDITIONS
 THE FOLLOWING WEATHER WAS RECORDED YESTERDAY.
  HEAVY RAIN
  RAIN
  LIGHT RAIN
  FOG


RELATIVE HUMIDITY (PERCENT)
 HIGHEST    93          1200 AM
 LOWEST     72           200 AM
 AVERAGE    83

..........................................................


THE BELLINGHAM WA AIRPORT CLIMATE NORMALS FOR TODAY
                         NORMAL    RECORD    YEAR
 MAXIMUM TEMPERATURE (F)   56        68      1998
                                             1965
 MINIMUM TEMPERATURE (F)   41        28      1949


SUNRISE AND SUNSET
OCTOBER 21 2014.......SUNRISE   740 AM PDT   SUNSET   609 PM PDT
OCTOBER 22 2014.......SUNRISE   741 AM PDT   SUNSET   607 PM PDT


-  INDICATES NEGATIVE NUMBERS.
R  INDICATES RECORD WAS SET OR TIED.
MM INDICATES DATA IS MISSING.
T  INDICATES TRACE AMOUNT.




$$
