000
CDUS43 KIND 200535
CLIBMG


CLIMATE REPORT
NATIONAL WEATHER SERVICE INDIANAPOLIS IN
1235 AM EST TUE FEB 20 2018


...................................

...THE BLOOMINGTON IN CLIMATE SUMMARY FOR FEBRUARY 19 2018...

CLIMATE NORMAL PERIOD 1981 TO 2010
CLIMATE RECORD PERIOD 9999 TO 9999


WEATHER ITEM   OBSERVED TIME   NORMAL DEPARTURE LAST
                VALUE   (LST)  VALUE  FROM      YEAR
                                      NORMAL
......................................................
TEMPERATURE (F)
 YESTERDAY
  MAXIMUM         71    450 PM  44     27       62
  MINIMUM         43    139 AM  24     19       38
  AVERAGE         57            34     23       50

PRECIPITATION (IN)
  YESTERDAY        0.14          0.11   0.03     0.00
  MONTH TO DATE    1.66          2.01  -0.35     0.64
  SINCE DEC 1      5.60          8.86  -3.26     7.02
  SINCE JAN 1      4.41          5.32  -0.91     4.54

DEGREE DAYS
 HEATING
  YESTERDAY        8            31    -23       15
  MONTH TO DATE  591           629    -38      466
  SINCE DEC 1   2799          2748     51     2385
  SINCE JUL 1   3716          3804    -88     3068

 COOLING
  YESTERDAY        0             0      0        0
  MONTH TO DATE    0             0      0        0
  SINCE DEC 1      0             0      0        0
  SINCE JAN 1      0             0      0        0
......................................................


WIND (MPH)
  HIGHEST WIND SPEED    26   HIGHEST WIND DIRECTION    SW (210)
  HIGHEST GUST SPEED    43   HIGHEST GUST DIRECTION    SW (220)
  AVERAGE WIND SPEED    14.8


SKY COVER
  AVERAGE SKY COVER 0.8


WEATHER CONDITIONS
 THE FOLLOWING WEATHER WAS RECORDED YESTERDAY.
  RAIN
  LIGHT RAIN
  FOG


RELATIVE HUMIDITY (PERCENT)
 HIGHEST    90          1000 AM
 LOWEST     57           700 PM
 AVERAGE    74

..........................................................


THE BLOOMINGTON IN CLIMATE NORMALS FOR TODAY
                         NORMAL
 MAXIMUM TEMPERATURE (F)   44
 MINIMUM TEMPERATURE (F)   24


SUNRISE AND SUNSET
FEBRUARY 20 2018......SUNRISE   732 AM EST   SUNSET   629 PM EST
FEBRUARY 21 2018......SUNRISE   730 AM EST   SUNSET   630 PM EST


-  INDICATES NEGATIVE NUMBERS.
R  INDICATES RECORD WAS SET OR TIED.
MM INDICATES DATA IS MISSING.
T  INDICATES TRACE AMOUNT.




$$
