000
CDUS43 KIND 240539
CLIBMG


CLIMATE REPORT
NATIONAL WEATHER SERVICE INDIANAPOLIS IN
1238 AM EST MON NOV 24 2014


...................................

...THE BLOOMINGTON IN CLIMATE SUMMARY FOR NOVEMBER 23 2014...

CLIMATE NORMAL PERIOD 1981 TO 2010
CLIMATE RECORD PERIOD 9999 TO 9999


WEATHER ITEM   OBSERVED TIME   NORMAL DEPARTURE LAST
                VALUE   (LST)  VALUE  FROM      YEAR
                                      NORMAL
......................................................
TEMPERATURE (F)
 YESTERDAY
  MAXIMUM         57   1156 PM  50      7       36
  MINIMUM         48    643 AM  31     17       20
  AVERAGE         53            40     13       28

PRECIPITATION (IN)
  YESTERDAY        1.45          0.13   1.32     0.00
  MONTH TO DATE    2.18          3.06  -0.88     2.20
  SINCE SEP 1     11.72          9.94   1.78    10.55
  SINCE JAN 1     42.35         43.13  -0.78    40.87

DEGREE DAYS
 HEATING
  YESTERDAY       12            25    -13       37
  MONTH TO DATE  655           452    203      479
  SINCE SEP 1   1080           864    216      869
  SINCE JUL 1   1086           871    215      883

 COOLING
  YESTERDAY        0             0      0        0
  MONTH TO DATE    0             0      0        0
  SINCE SEP 1     74           109    -35      165
  SINCE JAN 1    904           926    -22     1006
......................................................


WIND (MPH)
  HIGHEST WIND SPEED    26   HIGHEST WIND DIRECTION    SW (240)
  HIGHEST GUST SPEED    44   HIGHEST GUST DIRECTION     W (250)
  AVERAGE WIND SPEED    10.9


SKY COVER
  AVERAGE SKY COVER 0.9


WEATHER CONDITIONS
 THE FOLLOWING WEATHER WAS RECORDED YESTERDAY.
  HEAVY RAIN
  RAIN
  LIGHT RAIN
  FOG


RELATIVE HUMIDITY (PERCENT)
 HIGHEST   100           100 PM
 LOWEST     47          1200 AM
 AVERAGE    74

..........................................................


THE BLOOMINGTON IN CLIMATE NORMALS FOR TODAY
                         NORMAL
 MAXIMUM TEMPERATURE (F)   49
 MINIMUM TEMPERATURE (F)   31


SUNRISE AND SUNSET
NOVEMBER 24 2014......SUNRISE   739 AM EST   SUNSET   527 PM EST
NOVEMBER 25 2014......SUNRISE   741 AM EST   SUNSET   526 PM EST


-  INDICATES NEGATIVE NUMBERS.
R  INDICATES RECORD WAS SET OR TIED.
MM INDICATES DATA IS MISSING.
T  INDICATES TRACE AMOUNT.




$$
