000
CDUS43 KIND 230532
CLIBMG


CLIMATE REPORT
NATIONAL WEATHER SERVICE INDIANAPOLIS IN
132 AM EDT SUN APR 23 2017


...................................

...THE BLOOMINGTON IN CLIMATE SUMMARY FOR APRIL 22 2017...

CLIMATE NORMAL PERIOD 1981 TO 2010
CLIMATE RECORD PERIOD 9999 TO 9999


WEATHER ITEM   OBSERVED TIME   NORMAL DEPARTURE LAST
                VALUE   (LST)  VALUE  FROM      YEAR
                                      NORMAL
......................................................
TEMPERATURE (F)
 YESTERDAY
  MAXIMUM         58    448 PM  67     -9       70
  MINIMUM         45    334 AM  44      1       51
  AVERAGE         52            56     -4       61

PRECIPITATION (IN)
  YESTERDAY        0.00          0.17  -0.17     0.01
  MONTH TO DATE    2.07          3.36  -1.29     3.10
  SINCE MAR 1      6.50          7.24  -0.74     7.66
  SINCE JAN 1     11.54         13.31  -1.77    12.87

DEGREE DAYS
 HEATING
  YESTERDAY       13            10      3        4
  MONTH TO DATE  154           288   -134      304
  SINCE MAR 1    758           976   -218      773
  SINCE JUL 1   3945          5044  -1099     4093

 COOLING
  YESTERDAY        0             1     -1        0
  MONTH TO DATE   28            14     14        5
  SINCE MAR 1     31            17     14        5
  SINCE JAN 1     31            17     14        5
......................................................


WIND (MPH)
  HIGHEST WIND SPEED    21   HIGHEST WIND DIRECTION    NE (50)
  HIGHEST GUST SPEED    28   HIGHEST GUST DIRECTION    NE (50)
  AVERAGE WIND SPEED    11.4


SKY COVER
  AVERAGE SKY COVER 0.5


WEATHER CONDITIONS
 THE FOLLOWING WEATHER WAS RECORDED YESTERDAY.
  NO SIGNIFICANT WEATHER WAS OBSERVED.


RELATIVE HUMIDITY (PERCENT)
 HIGHEST    76          1200 AM
 LOWEST     46          1000 PM
 AVERAGE    61

..........................................................


THE BLOOMINGTON IN CLIMATE NORMALS FOR TODAY
                         NORMAL
 MAXIMUM TEMPERATURE (F)   67
 MINIMUM TEMPERATURE (F)   45


SUNRISE AND SUNSET
APRIL 23 2017.........SUNRISE   658 AM EDT   SUNSET   832 PM EDT
APRIL 24 2017.........SUNRISE   657 AM EDT   SUNSET   833 PM EDT


-  INDICATES NEGATIVE NUMBERS.
R  INDICATES RECORD WAS SET OR TIED.
MM INDICATES DATA IS MISSING.
T  INDICATES TRACE AMOUNT.




$$
