000
CDUS43 KIND 200532
CLIBMG


CLIMATE REPORT
NATIONAL WEATHER SERVICE INDIANAPOLIS IN
131 AM EDT THU JUL 20 2017


...................................

...THE BLOOMINGTON IN CLIMATE SUMMARY FOR JULY 19 2017...

CLIMATE NORMAL PERIOD 1981 TO 2010
CLIMATE RECORD PERIOD 9999 TO 9999


WEATHER ITEM   OBSERVED TIME   NORMAL DEPARTURE LAST
                VALUE   (LST)  VALUE  FROM      YEAR
                                      NORMAL
......................................................
TEMPERATURE (F)
 YESTERDAY
  MAXIMUM         89    424 PM  84      5       89
  MINIMUM         62    601 AM  64     -2       66
  AVERAGE         76            74      2       78

PRECIPITATION (IN)
  YESTERDAY        T             0.18  -0.18     0.00
  MONTH TO DATE    2.47          3.38  -0.91     4.45
  SINCE JUN 1      5.96          8.27  -2.31     8.08
  SINCE JAN 1     27.76         28.16  -0.40    26.68

DEGREE DAYS
 HEATING
  YESTERDAY        0             0      0        0
  MONTH TO DATE    0             0      0        3
  SINCE JUN 1      8            15     -7        4
  SINCE JUL 1      0             0      0        3

 COOLING
  YESTERDAY       11             9      2       13
  MONTH TO DATE  201           171     30      170
  SINCE JUN 1    423           379     44      458
  SINCE JAN 1    554           461     93      548
......................................................


WIND (MPH)
  HIGHEST WIND SPEED     8   HIGHEST WIND DIRECTION     E (70)
  HIGHEST GUST SPEED    14   HIGHEST GUST DIRECTION    NE (30)
  AVERAGE WIND SPEED     1.5


SKY COVER
  AVERAGE SKY COVER 0.2


WEATHER CONDITIONS
 THE FOLLOWING WEATHER WAS RECORDED YESTERDAY.
  LIGHT RAIN
  FOG
  FOG W/VISIBILITY <= 1/4 MILE


RELATIVE HUMIDITY (PERCENT)
 HIGHEST    93           100 AM
 LOWEST     51          1200 PM
 AVERAGE    72

..........................................................


THE BLOOMINGTON IN CLIMATE NORMALS FOR TODAY
                         NORMAL
 MAXIMUM TEMPERATURE (F)   84
 MINIMUM TEMPERATURE (F)   64


SUNRISE AND SUNSET
JULY 20 2017..........SUNRISE   637 AM EDT   SUNSET   908 PM EDT
JULY 21 2017..........SUNRISE   638 AM EDT   SUNSET   908 PM EDT


-  INDICATES NEGATIVE NUMBERS.
R  INDICATES RECORD WAS SET OR TIED.
MM INDICATES DATA IS MISSING.
T  INDICATES TRACE AMOUNT.




$$
