000
CDUS43 KIND 130536
CLIBMG


CLIMATE REPORT
NATIONAL WEATHER SERVICE INDIANAPOLIS IN
1234 AM EST WED DEC 13 2017


...................................

...THE BLOOMINGTON IN CLIMATE SUMMARY FOR DECEMBER 12 2017...

CLIMATE NORMAL PERIOD 1981 TO 2010
CLIMATE RECORD PERIOD 9999 TO 9999


WEATHER ITEM   OBSERVED TIME   NORMAL DEPARTURE LAST
                VALUE   (LST)  VALUE  FROM      YEAR
                                      NORMAL
......................................................
TEMPERATURE (F)
 YESTERDAY
  MAXIMUM         39   1217 AM  41     -2       40
  MINIMUM         20   1016 PM  25     -5       25
  AVERAGE         30            33     -3       33

PRECIPITATION (IN)
  YESTERDAY        0.00          0.10  -0.10     0.03
  MONTH TO DATE    0.45          1.28  -0.83     0.71
  SINCE DEC 1      0.45          1.28  -0.83     0.71
  SINCE JAN 1     39.41         45.29  -5.88    48.51

DEGREE DAYS
 HEATING
  YESTERDAY       35            32      3       32
  MONTH TO DATE  348           364    -16      380
  SINCE DEC 1    348           364    -16      380
  SINCE JUL 1   1265          1420   -155     1063

 COOLING
  YESTERDAY        0             0      0        0
  MONTH TO DATE    0             0      0        0
  SINCE DEC 1      0             0      0        0
  SINCE JAN 1   1088           927    161     1322
......................................................


WIND (MPH)
  HIGHEST WIND SPEED    21   HIGHEST WIND DIRECTION    NW (300)
  HIGHEST GUST SPEED    30   HIGHEST GUST DIRECTION    NW (300)
  AVERAGE WIND SPEED     9.9


SKY COVER
  AVERAGE SKY COVER 0.4


WEATHER CONDITIONS
 THE FOLLOWING WEATHER WAS RECORDED YESTERDAY.
  HAZE


RELATIVE HUMIDITY (PERCENT)
 HIGHEST    75           200 AM
 LOWEST     38           500 PM
 AVERAGE    57

..........................................................


THE BLOOMINGTON IN CLIMATE NORMALS FOR TODAY
                         NORMAL
 MAXIMUM TEMPERATURE (F)   41
 MINIMUM TEMPERATURE (F)   24


SUNRISE AND SUNSET
DECEMBER 13 2017......SUNRISE   757 AM EST   SUNSET   524 PM EST
DECEMBER 14 2017......SUNRISE   758 AM EST   SUNSET   525 PM EST


-  INDICATES NEGATIVE NUMBERS.
R  INDICATES RECORD WAS SET OR TIED.
MM INDICATES DATA IS MISSING.
T  INDICATES TRACE AMOUNT.




$$
