000
CDUS43 KIND 290539
CLIBMG


CLIMATE REPORT
NATIONAL WEATHER SERVICE INDIANAPOLIS IN
134 AM EDT MON MAY 29 2017


...................................

...THE BLOOMINGTON IN CLIMATE SUMMARY FOR MAY 28 2017...

CLIMATE NORMAL PERIOD 1981 TO 2010
CLIMATE RECORD PERIOD 9999 TO 9999


WEATHER ITEM   OBSERVED TIME   NORMAL DEPARTURE LAST
                VALUE   (LST)  VALUE  FROM      YEAR
                                      NORMAL
......................................................
TEMPERATURE (F)
 YESTERDAY
  MAXIMUM         78    450 PM  78      0       83
  MINIMUM         62    445 AM  55      7       70
  AVERAGE         70            66      4       77

PRECIPITATION (IN)
  YESTERDAY        0.05          0.15  -0.10     0.04
  MONTH TO DATE    6.19          4.70   1.49     2.57
  SINCE MAR 1     16.75         13.28   3.47    12.63
  SINCE JAN 1     21.79         19.35   2.44    17.84

DEGREE DAYS
 HEATING
  YESTERDAY        0             2     -2        0
  MONTH TO DATE  136           131      5      148
  SINCE MAR 1    930          1177   -247      955
  SINCE JUL 1   4117          5245  -1128     4275

 COOLING
  YESTERDAY        5             4      1       12
  MONTH TO DATE   75            54     21       48
  SINCE MAR 1    120            73     47       62
  SINCE JAN 1    120            73     47       62
......................................................


WIND (MPH)
  HIGHEST WIND SPEED    20   HIGHEST WIND DIRECTION    SW (240)
  HIGHEST GUST SPEED    25   HIGHEST GUST DIRECTION    SW (230)
  AVERAGE WIND SPEED     8.1


SKY COVER
  AVERAGE SKY COVER 0.4


WEATHER CONDITIONS
 THE FOLLOWING WEATHER WAS RECORDED YESTERDAY.
  THUNDERSTORM


RELATIVE HUMIDITY (PERCENT)
 HIGHEST    93           300 AM
 LOWEST     56           500 PM
 AVERAGE    75

..........................................................


THE BLOOMINGTON IN CLIMATE NORMALS FOR TODAY
                         NORMAL
 MAXIMUM TEMPERATURE (F)   78
 MINIMUM TEMPERATURE (F)   55


SUNRISE AND SUNSET
MAY 29 2017...........SUNRISE   624 AM EDT   SUNSET   905 PM EDT
MAY 30 2017...........SUNRISE   623 AM EDT   SUNSET   905 PM EDT


-  INDICATES NEGATIVE NUMBERS.
R  INDICATES RECORD WAS SET OR TIED.
MM INDICATES DATA IS MISSING.
T  INDICATES TRACE AMOUNT.




$$
