000
CDUS44 KOHX 200052
CLIBNA


CLIMATE REPORT
NATIONAL WEATHER SERVICE NASHVILLE TN
652 PM CST MON FEB 19 2018


...................................

...THE NASHVILLE CLIMATE SUMMARY FOR FEBRUARY 19 2018...
VALID TODAY AS OF 0600 PM LOCAL TIME.

CLIMATE NORMAL PERIOD 1981 TO 2010
CLIMATE RECORD PERIOD 1871 TO 2018


WEATHER ITEM   OBSERVED TIME   RECORD YEAR NORMAL DEPARTURE
                VALUE   (LST)  VALUE       VALUE  FROM
                                                  NORMAL
...............................................................
TEMPERATURE (F)
 TODAY
  MAXIMUM         76R   308 PM  75    1986  53     23
                                      1917
  MINIMUM         58    612 AM   5    2015  33     25
                                      1958
                                      1903
  AVERAGE         67                        43     24

PRECIPITATION (IN)
  TODAY            0.00          2.96 1933   0.15  -0.15
  MONTH TO DATE    7.59                      2.66   4.93
  SINCE JAN 1      9.22                      6.41   2.81

SNOWFALL (IN)
  TODAY            0.0           3.2  1963
  MONTH TO DATE    0.0
  SINCE DEC 1      2.4
  SINCE JUL 1      2.4

DEGREE DAYS
 HEATING
  TODAY            0                              -22
  MONTH TO DATE  375                              -90
  SINCE DEC 1   2019                              -57
  SINCE JUL 1   2593                             -157

 COOLING
  TODAY            2                                2
  MONTH TO DATE    7                                7
  SINCE DEC 1      7                                6
  SINCE JAN 1      7                                7
...............................................................


WIND (MPH)
  HIGHEST WIND SPEED    25   HIGHEST WIND DIRECTION     S (200)
  HIGHEST GUST SPEED    38   HIGHEST GUST DIRECTION     S (180)
  AVERAGE WIND SPEED    13.2




RELATIVE HUMIDITY (PERCENT)
 HIGHEST    93
 LOWEST     50
 AVERAGE    72

..........................................................


THE NASHVILLE CLIMATE NORMALS FOR TOMORROW
                         NORMAL    RECORD    YEAR
 MAXIMUM TEMPERATURE (F)   53        78      2014
                                             1986
 MINIMUM TEMPERATURE (F)   33         2      1885


SUNRISE AND SUNSET
FEBRUARY 19 2018......SUNRISE   629 AM CST   SUNSET   532 PM CST
FEBRUARY 20 2018......SUNRISE   628 AM CST   SUNSET   533 PM CST


-  INDICATES NEGATIVE NUMBERS.
R  INDICATES RECORD WAS SET OR TIED.
MM INDICATES DATA IS MISSING.
T  INDICATES TRACE AMOUNT.




$$
