000
CDUS44 KOHX 270724
CLIBNA


CLIMATE REPORT
NATIONAL WEATHER SERVICE NASHVILLE TN
224 AM CDT TUE SEP 27 2016


...................................

...THE NASHVILLE CLIMATE SUMMARY FOR SEPTEMBER 26 2016...

CLIMATE NORMAL PERIOD 1981 TO 2010
CLIMATE RECORD PERIOD 1871 TO 2016


WEATHER ITEM   OBSERVED TIME   RECORD YEAR NORMAL DEPARTURE
                VALUE   (LST)  VALUE       VALUE  FROM
                                                  NORMAL
...............................................................
TEMPERATURE (F)
 YESTERDAY
  MAXIMUM         78   1103 AM  92    1891  79     -1
  MINIMUM         57   1155 PM  38    2001  56      1
  AVERAGE         68                        68      0

PRECIPITATION (IN)
  YESTERDAY        0.08          2.90 2002   0.12  -0.04
  MONTH TO DATE    1.72                      2.93  -1.21
  SINCE JAN 1     33.34                     35.18  -1.84

SNOWFALL (IN)
  YESTERDAY        0.0           0.0  2002
                                      2001
                                      2000
  MONTH TO DATE    0.0
  SINCE SEP 1      0.0
  SINCE JUL 1      0.0

DEGREE DAYS
 HEATING
  YESTERDAY        0                               -2
  MONTH TO DATE    0                              -14
  SINCE SEP 1      0                              -14
  SINCE JUL 1      0                              -14

 COOLING
  YESTERDAY        3                               -1
  MONTH TO DATE  345                              140
  SINCE SEP 1    345                              140
  SINCE JAN 1   2092                              513
...............................................................


WIND (MPH)
  HIGHEST WIND SPEED    20   HIGHEST WIND DIRECTION     N (10)
  HIGHEST GUST SPEED    26   HIGHEST GUST DIRECTION     N (360)
  AVERAGE WIND SPEED     6.2



WEATHER CONDITIONS
 THE FOLLOWING WEATHER WAS RECORDED YESTERDAY.
  LIGHT RAIN
  FOG


RELATIVE HUMIDITY (PERCENT)
 HIGHEST    93
 LOWEST     54

..........................................................


THE NASHVILLE CLIMATE NORMALS FOR TODAY
                         NORMAL    RECORD    YEAR
 MAXIMUM TEMPERATURE (F)   78        93      1998
 MINIMUM TEMPERATURE (F)   56        39      1899


SUNRISE AND SUNSET
SEPTEMBER 27 2016.....SUNRISE   639 AM CDT   SUNSET   635 PM CDT
SEPTEMBER 28 2016.....SUNRISE   640 AM CDT   SUNSET   634 PM CDT


-  INDICATES NEGATIVE NUMBERS.
R  INDICATES RECORD WAS SET OR TIED.
MM INDICATES DATA IS MISSING.
T  INDICATES TRACE AMOUNT.




$$
