000
CDUS44 KOHX 240715
CLIBNA

CLIMATE REPORT
NATIONAL WEATHER SERVICE NASHVILLE TN
115 AM CST FRI FEB 24 2017

...THE NASHVILLE CLIMATE SUMMARY FOR FEBRUARY 23 2017...

CLIMATE NORMAL PERIOD 1981 TO 2010
CLIMATE RECORD PERIOD 1871 TO 2017


WEATHER ITEM   OBSERVED TIME   RECORD YEAR NORMAL DEPARTURE
                VALUE   (LST)  VALUE       VALUE  FROM
                                                  NORMAL
...............................................................
TEMPERATURE (F)
 YESTERDAY
  MAXIMUM         75    412 PM  83    1996  54     21
  MINIMUM         52    551 AM  12    1963  34     18
                                      1929
  AVERAGE         64                        44     20

PRECIPITATION (IN)
  YESTERDAY        0.00          3.69 1909   0.14  -0.14
  MONTH TO DATE    1.42                      3.23  -1.81
  SINCE JAN 1      4.76                      6.98  -2.22

SNOWFALL (IN)
  YESTERDAY        0.0           3.8  1947
  MONTH TO DATE    0.0
  SINCE DEC 1      0.7
  SINCE JUL 1      0.7

DEGREE DAYS
 HEATING
  YESTERDAY        1                              -20
  MONTH TO DATE  329                             -222
  SINCE DEC 1   1558                             -604
  SINCE JUL 1   1912                             -924

 COOLING
  YESTERDAY        0                                0
  MONTH TO DATE    0                                0
  SINCE DEC 1      4                                3
  SINCE JAN 1      0                                0
...............................................................

WIND (MPH)
  HIGHEST WIND SPEED    17   HIGHEST WIND DIRECTION     S (180)
  HIGHEST GUST SPEED    22   HIGHEST GUST DIRECTION     S (180)
  AVERAGE WIND SPEED   8.1


RELATIVE HUMIDITY (PERCENT)
 HIGHEST    93
 LOWEST     49

..........................................................

THE NASHVILLE CLIMATE NORMALS FOR TODAY
                         NORMAL    RECORD    YEAR
 MAXIMUM TEMPERATURE (F)   55        77      1890
 MINIMUM TEMPERATURE (F)   34        10      1967


SUNRISE AND SUNSET
FEBRUARY 24 2017......SUNRISE   623 AM CST   SUNSET   537 PM CST
FEBRUARY 25 2017......SUNRISE   622 AM CST   SUNSET   538 PM CST


-  INDICATES NEGATIVE NUMBERS.
R  INDICATES RECORD WAS SET OR TIED.
MM INDICATES DATA IS MISSING.
T  INDICATES TRACE AMOUNT.
$$
31
