000
CDUS44 KOHX 311450
CLIBNA


CLIMATE REPORT
NATIONAL WEATHER SERVICE NASHVILLE TN
950 AM CDT WED AUG 31 2016


...................................

...THE NASHVILLE CLIMATE SUMMARY FOR AUGUST 31 2016...
VALID AS OF 0900 AM LOCAL TIME.

CLIMATE NORMAL PERIOD 1981 TO 2010
CLIMATE RECORD PERIOD 1871 TO 2016


WEATHER ITEM   OBSERVED TIME   RECORD YEAR NORMAL DEPARTURE
                VALUE   (LST)  VALUE       VALUE  FROM
                                                  NORMAL
...............................................................
TEMPERATURE (F)
 TODAY
  MINIMUM         73    515 AM  47    1946  66      7

PRECIPITATION (IN)
  TODAY            0.00          2.27 1944   0.09  -0.09
  MONTH TO DATE    6.44                      3.17   3.27
  SINCE JAN 1     31.62                     32.25  -0.63

SNOWFALL (IN)
  TODAY            0.0           0.0  2002
                                      2001
                                      2000
  MONTH TO DATE    0.0
  SINCE JUN 1      0.0
  SINCE JUL 1      0.0

DEGREE DAYS
 HEATING
  TODAY            0                                0
  MONTH TO DATE    0                                0
  SINCE JUN 1      0                               -3
  SINCE JUL 1      0                                0

 COOLING
  TODAY           13                                1
  MONTH TO DATE  517                               92
  SINCE JUN 1   1504                              309
  SINCE JAN 1   1741                              367
...............................................................


WIND (MPH)
  HIGHEST WIND SPEED     4   HIGHEST WIND DIRECTION     S (170)
  HIGHEST GUST SPEED    MM   HIGHEST GUST DIRECTION    MM
  AVERAGE WIND SPEED     0.4



WEATHER CONDITIONS
 THE FOLLOWING WEATHER WAS RECORDED TODAY.
  NO SIGNIFICANT WEATHER WAS OBSERVED.


RELATIVE HUMIDITY (PERCENT)
 HIGHEST    94
 LOWEST     74
 AVERAGE    84

..........................................................


THE NASHVILLE CLIMATE NORMALS FOR TOMORROW
                         NORMAL    RECORD    YEAR
 MAXIMUM TEMPERATURE (F)   87       102      1953
 MINIMUM TEMPERATURE (F)   66        50      1946


SUNRISE AND SUNSET
AUGUST 31 2016........SUNRISE   618 AM CDT   SUNSET   715 PM CDT
SEPTEMBER  1 2016.....SUNRISE   619 AM CDT   SUNSET   714 PM CDT


-  INDICATES NEGATIVE NUMBERS.
R  INDICATES RECORD WAS SET OR TIED.
MM INDICATES DATA IS MISSING.
T  INDICATES TRACE AMOUNT.




$$
