000
CDUS45 KBOI 220140
CLIBNO


CLIMATE REPORT
NATIONAL WEATHER SERVICE BOISE ID
640 PM MST SAT JAN 21 2017


...................................

...THE BURNS OR CLIMATE SUMMARY FOR JANUARY 21 2017...
VALID TODAY AS OF 0600 PM LOCAL TIME.

CLIMATE NORMAL PERIOD 1981 TO 2010
CLIMATE RECORD PERIOD 1938 TO 2017


WEATHER ITEM   OBSERVED TIME   RECORD YEAR NORMAL DEPARTURE LAST
                VALUE   (LST)  VALUE       VALUE  FROM      YEAR
                                                  NORMAL
..................................................................
TEMPERATURE (F)
 TODAY
  MAXIMUM         31    303 PM  57    1963  35     -4       38
  MINIMUM          5    247 AM -26    1962  15    -10       24
  AVERAGE         18                        25     -7       31

PRECIPITATION (IN)
  TODAY            T             0.41 1972   0.03  -0.03     0.00
  MONTH TO DATE    2.95                      0.85   2.10     1.11
  SINCE OCT 1      6.46                      4.35   2.11     5.98
  SINCE JAN 1      2.95                      0.85   2.10     1.11

DEGREE DAYS
 HEATING
  TODAY           47                        40      7       34
  MONTH TO DATE 1133                       851    282      879
  SINCE DEC 1   2482                      2117    365     2138
  SINCE JUL 1   4295                      4118    177     3999

 COOLING
  TODAY            0                         0      0        0
  MONTH TO DATE    0                         0      0        0
  SINCE DEC 1      0                         0      0        0
  SINCE JAN 1      0                         0      0        0
..................................................................


WIND (MPH)
  HIGHEST WIND SPEED    10   HIGHEST WIND DIRECTION    NE (40)
  HIGHEST GUST SPEED    11   HIGHEST GUST DIRECTION    NE (30)
  AVERAGE WIND SPEED     3.0



WEATHER CONDITIONS
 THE FOLLOWING WEATHER WAS RECORDED TODAY.
  LIGHT SNOW
  FOG


RELATIVE HUMIDITY (PERCENT)
 HIGHEST   100          1200 AM
 LOWEST     78           400 PM
 AVERAGE    89

..........................................................


THE BURNS OR CLIMATE NORMALS FOR TOMORROW
                         NORMAL    RECORD    YEAR
 MAXIMUM TEMPERATURE (F)   35        55      1948
 MINIMUM TEMPERATURE (F)   15       -22      1962


SUNRISE AND SUNSET
JANUARY 21 2017.......SUNRISE   722 AM PST   SUNSET   453 PM PST
JANUARY 22 2017.......SUNRISE   721 AM PST   SUNSET   454 PM PST


-  INDICATES NEGATIVE NUMBERS.
R  INDICATES RECORD WAS SET OR TIED.
MM INDICATES DATA IS MISSING.
T  INDICATES TRACE AMOUNT.




$$
