000
CDUS45 KBOI 240931
CLIBNO


CLIMATE REPORT
NATIONAL WEATHER SERVICE BOISE ID
331 AM MDT WED MAY 24 2017


...................................

...THE BURNS OR CLIMATE SUMMARY FOR MAY 23 2017...

CLIMATE NORMAL PERIOD 1981 TO 2010
CLIMATE RECORD PERIOD 1938 TO 2017


WEATHER ITEM   OBSERVED TIME   RECORD YEAR NORMAL DEPARTURE LAST
                VALUE   (LST)  VALUE       VALUE  FROM      YEAR
                                                  NORMAL
..................................................................
TEMPERATURE (F)
 YESTERDAY
  MAXIMUM         85    401 PM  89    2001  68     17       61
  MINIMUM         41    157 AM  19    2013  38      3       31
  AVERAGE         63                        53     10       46

PRECIPITATION (IN)
  YESTERDAY        0.00          0.33 1963   0.04  -0.04     0.00
                                      1959
  MONTH TO DATE    0.36                      0.88  -0.52     0.69
  SINCE OCT 1     11.75                      8.61   3.14     8.72
  SINCE JAN 1      8.24                      5.11   3.13     3.85

DEGREE DAYS
 HEATING
  YESTERDAY        2                        12    -10       19
  MONTH TO DATE  348                       340      8      306
  SINCE MAR 1   1838                      1852    -14     1522
  SINCE JUL 1   7712                      7380    332     6683

 COOLING
  YESTERDAY        0                         0      0        0
  MONTH TO DATE    0                         0      0        0
  SINCE MAR 1      0                         0      0        0
  SINCE JAN 1      0                         0      0        0
..................................................................


WIND (MPH)
  HIGHEST WIND SPEED    14   HIGHEST WIND DIRECTION     W (280)
  HIGHEST GUST SPEED    20   HIGHEST GUST DIRECTION     S (190)
  AVERAGE WIND SPEED     6.1


SKY COVER
  POSSIBLE SUNSHINE  MM
  AVERAGE SKY COVER 0.0


WEATHER CONDITIONS
 THE FOLLOWING WEATHER WAS RECORDED YESTERDAY.
  NO SIGNIFICANT WEATHER WAS OBSERVED.


RELATIVE HUMIDITY (PERCENT)
 HIGHEST    86           200 AM
 LOWEST     17           500 PM
 AVERAGE    52

..........................................................


THE BURNS OR CLIMATE NORMALS FOR TODAY
                         NORMAL    RECORD    YEAR
 MAXIMUM TEMPERATURE (F)   68        88      2001
                                             1992
 MINIMUM TEMPERATURE (F)   38        29      2004
                                             1990
                                             1978


SUNRISE AND SUNSET
MAY 24 2017...........SUNRISE   522 AM PDT   SUNSET   824 PM PDT
MAY 25 2017...........SUNRISE   522 AM PDT   SUNSET   824 PM PDT


-  INDICATES NEGATIVE NUMBERS.
R  INDICATES RECORD WAS SET OR TIED.
MM INDICATES DATA IS MISSING.
T  INDICATES TRACE AMOUNT.




$$
