528
CDUS45 KBOI 250932
CLIBNO


CLIMATE REPORT
NATIONAL WEATHER SERVICE BOISE ID
231 AM MST SUN FEB 25 2018


...................................

...THE BURNS OR CLIMATE SUMMARY FOR FEBRUARY 24 2018...

CLIMATE NORMAL PERIOD 1981 TO 2010
CLIMATE RECORD PERIOD 1938 TO 2018


WEATHER ITEM   OBSERVED TIME   RECORD YEAR NORMAL DEPARTURE LAST
                VALUE   (LST)  VALUE       VALUE  FROM      YEAR
                                                  NORMAL
..................................................................
TEMPERATURE (F)
 YESTERDAY
  MAXIMUM         34   1123 AM  67    1995  42     -8       30
  MINIMUM         13    757 PM   3    2017  20     -7        3
  AVERAGE         24                        31     -7       17

PRECIPITATION (IN)
  YESTERDAY        0.11          0.30 1998   0.04   0.07      T
  MONTH TO DATE    0.31                      0.87  -0.56     1.72
  SINCE OCT 1      4.24                      5.56  -1.32     8.47
  SINCE JAN 1      1.58                      2.06  -0.48     4.96

DEGREE DAYS
 HEATING
  YESTERDAY       41                        34      7       48
  MONTH TO DATE  827                       883    -56      868
  SINCE DEC 1   3190                      3395   -205     3882
  SINCE JUL 1   5106                      5396   -290     5695

 COOLING
  YESTERDAY        0                         0      0        0
  MONTH TO DATE    0                         0      0        0
  SINCE DEC 1      0                         0      0        0
  SINCE JAN 1      0                         0      0        0
..................................................................


WIND (MPH)
  HIGHEST WIND SPEED    32   HIGHEST WIND DIRECTION     W (280)
  HIGHEST GUST SPEED    42   HIGHEST GUST DIRECTION     W (280)
  AVERAGE WIND SPEED    11.2


SKY COVER
  POSSIBLE SUNSHINE  MM
  AVERAGE SKY COVER 0.8


WEATHER CONDITIONS
 THE FOLLOWING WEATHER WAS RECORDED YESTERDAY.
  SNOW
  LIGHT SNOW
  FOG
  FOG W/VISIBILITY <= 1/4 MILE


RELATIVE HUMIDITY (PERCENT)
 HIGHEST   100           700 AM
 LOWEST     49           300 PM
 AVERAGE    75

..........................................................


THE BURNS OR CLIMATE NORMALS FOR TODAY
                         NORMAL    RECORD    YEAR
 MAXIMUM TEMPERATURE (F)   43        67      1995
 MINIMUM TEMPERATURE (F)   21        -9      1993


SUNRISE AND SUNSET
FEBRUARY 25 2018......SUNRISE   639 AM PST   SUNSET   540 PM PST
FEBRUARY 26 2018......SUNRISE   637 AM PST   SUNSET   541 PM PST


-  INDICATES NEGATIVE NUMBERS.
R  INDICATES RECORD WAS SET OR TIED.
MM INDICATES DATA IS MISSING.
T  INDICATES TRACE AMOUNT.




$$
