000
CDUS45 KBOI 020934
CLIBNO


CLIMATE REPORT
NATIONAL WEATHER SERVICE BOISE ID
333 AM MDT WED SEP 2 2015


...................................

...THE BURNS OR CLIMATE SUMMARY FOR SEPTEMBER 1 2015...

CLIMATE NORMAL PERIOD 1981 TO 2010
CLIMATE RECORD PERIOD 1938 TO 2015


WEATHER ITEM   OBSERVED TIME   RECORD YEAR NORMAL DEPARTURE LAST
                VALUE   (LST)  VALUE       VALUE  FROM      YEAR
                                                  NORMAL
..................................................................
TEMPERATURE (F)
 YESTERDAY
  MAXIMUM         85    423 PM  96    1950  81      4       78
  MINIMUM         39    453 AM  28    1999  41     -2       38
  AVERAGE         62                        61      1       58

PRECIPITATION (IN)
  YESTERDAY        0.00          0.92 2000   0.01  -0.01     0.00
  MONTH TO DATE    0.00                      0.01  -0.01     0.00
  SINCE OCT 1      9.28                     10.49  -1.21     6.96
  SINCE JAN 1      4.78                      6.99  -2.21     5.99

DEGREE DAYS
 HEATING
  YESTERDAY        3                         5     -2        7
  MONTH TO DATE    3                         5     -2        7
  SINCE SEP 1      3                         5     -2        7
  SINCE JUL 1     64                       142    -78       72

 COOLING
  YESTERDAY        0                         1     -1        0
  MONTH TO DATE    0                         1     -1        0
  SINCE SEP 1      0                         1     -1        0
  SINCE JAN 1    313                       207    106      313
..................................................................


WIND (MPH)
  HIGHEST WIND SPEED    18   HIGHEST WIND DIRECTION    SW (220)
  HIGHEST GUST SPEED    24   HIGHEST GUST DIRECTION     W (250)
  AVERAGE WIND SPEED     7.4


SKY COVER
  POSSIBLE SUNSHINE  MM
  AVERAGE SKY COVER 0.0


WEATHER CONDITIONS
 THE FOLLOWING WEATHER WAS RECORDED YESTERDAY.
  HAZE


RELATIVE HUMIDITY (PERCENT)
 HIGHEST    70           500 AM
 LOWEST     12           500 PM
 AVERAGE    41

..........................................................


THE BURNS OR CLIMATE NORMALS FOR TODAY
                         NORMAL    RECORD    YEAR
 MAXIMUM TEMPERATURE (F)   80       100      1950
 MINIMUM TEMPERATURE (F)   41        29      2012


SUNRISE AND SUNSET
SEPTEMBER  2 2015.....SUNRISE   620 AM PDT   SUNSET   730 PM PDT
SEPTEMBER  3 2015.....SUNRISE   622 AM PDT   SUNSET   728 PM PDT


-  INDICATES NEGATIVE NUMBERS.
R  INDICATES RECORD WAS SET OR TIED.
MM INDICATES DATA IS MISSING.
T  INDICATES TRACE AMOUNT.




$$
