000
CDUS45 KBOI 190933
CLIBNO


CLIMATE REPORT
NATIONAL WEATHER SERVICE BOISE ID
233 AM MST FRI DEC 19 2014


...................................

...THE BURNS OR CLIMATE SUMMARY FOR DECEMBER 18 2014...

CLIMATE NORMAL PERIOD 1981 TO 2010
CLIMATE RECORD PERIOD 1939 TO 2014


WEATHER ITEM   OBSERVED TIME   RECORD YEAR NORMAL DEPARTURE LAST
                VALUE   (LST)  VALUE       VALUE  FROM      YEAR
                                                  NORMAL
..................................................................
TEMPERATURE (F)
 YESTERDAY
  MAXIMUM         41    318 PM  50    1979  34      7       35
  MINIMUM         29    436 AM  -9    2012  13     16        4
  AVERAGE         35                        23     12       20

PRECIPITATION (IN)
  YESTERDAY        0.01          0.67 1961   0.05  -0.04     0.00
  MONTH TO DATE    0.85                      0.89  -0.04     0.17
  SINCE OCT 1      3.06                      2.84   0.22     0.93
  SINCE JAN 1      9.31                     10.26  -0.95     6.86

DEGREE DAYS
 HEATING
  YESTERDAY       30                        42    -12       45
  MONTH TO DATE  522                       724   -202      914
  SINCE DEC 1    522                       724   -202      914
  SINCE JUL 1   2252                      2725   -473     2837

 COOLING
  YESTERDAY        0                         0      0        0
  MONTH TO DATE    0                         0      0        0
  SINCE DEC 1      0                         0      0        0
  SINCE JAN 1    318                       215    103      372
..................................................................


WIND (MPH)
  HIGHEST WIND SPEED     8   HIGHEST WIND DIRECTION    NE (40)
  HIGHEST GUST SPEED     9   HIGHEST GUST DIRECTION    NE (50)
  AVERAGE WIND SPEED     2.5


SKY COVER
  POSSIBLE SUNSHINE  MM
  AVERAGE SKY COVER 1.0


WEATHER CONDITIONS
 THE FOLLOWING WEATHER WAS RECORDED YESTERDAY.
  FOG


RELATIVE HUMIDITY (PERCENT)
 HIGHEST   100           400 AM
 LOWEST     73           300 PM
 AVERAGE    87

..........................................................


THE BURNS OR CLIMATE NORMALS FOR TODAY
                         NORMAL    RECORD    YEAR
 MAXIMUM TEMPERATURE (F)   33        55      1946
 MINIMUM TEMPERATURE (F)   13       -20      1984


SUNRISE AND SUNSET
DECEMBER 19 2014......SUNRISE   725 AM PST   SUNSET   421 PM PST
DECEMBER 20 2014......SUNRISE   725 AM PST   SUNSET   422 PM PST


-  INDICATES NEGATIVE NUMBERS.
R  INDICATES RECORD WAS SET OR TIED.
MM INDICATES DATA IS MISSING.
T  INDICATES TRACE AMOUNT.




$$
