000
CDUS45 KBOI 250931
CLIBNO


CLIMATE REPORT
NATIONAL WEATHER SERVICE BOISE ID
331 AM MDT SAT MAR 25 2017


...................................

...THE BURNS OR CLIMATE SUMMARY FOR MARCH 24 2017...

CLIMATE NORMAL PERIOD 1981 TO 2010
CLIMATE RECORD PERIOD 1938 TO 2017


WEATHER ITEM   OBSERVED TIME   RECORD YEAR NORMAL DEPARTURE LAST
                VALUE   (LST)  VALUE       VALUE  FROM      YEAR
                                                  NORMAL
..................................................................
TEMPERATURE (F)
 YESTERDAY
  MAXIMUM         48    415 PM  72    1939  52     -4       55
  MINIMUM         33   1159 PM  13    2013  27      6       30
  AVERAGE         41                        39      2       43

PRECIPITATION (IN)
  YESTERDAY        0.14          0.50 1975   0.03   0.11     0.01
  MONTH TO DATE    1.13                      0.86   0.27     1.33
  SINCE OCT 1      9.64                      6.57   3.07     7.92
  SINCE JAN 1      6.13                      3.07   3.06     3.05

DEGREE DAYS
 HEATING
  YESTERDAY       24                        26     -2       22
  MONTH TO DATE  619                       684    -65      564
  SINCE MAR 1    619                       684    -65      564
  SINCE JUL 1   6493                      6212    281     5725

 COOLING
  YESTERDAY        0                         0      0        0
  MONTH TO DATE    0                         0      0        0
  SINCE MAR 1      0                         0      0        0
  SINCE JAN 1      0                         0      0        0
..................................................................


WIND (MPH)
  HIGHEST WIND SPEED    25   HIGHEST WIND DIRECTION     S (190)
  HIGHEST GUST SPEED    34   HIGHEST GUST DIRECTION     S (200)
  AVERAGE WIND SPEED    11.0


SKY COVER
  POSSIBLE SUNSHINE  MM
  AVERAGE SKY COVER 0.8


WEATHER CONDITIONS
 THE FOLLOWING WEATHER WAS RECORDED YESTERDAY.
  LIGHT RAIN
  FOG


RELATIVE HUMIDITY (PERCENT)
 HIGHEST    92           600 AM
 LOWEST     53           500 PM
 AVERAGE    73

..........................................................


THE BURNS OR CLIMATE NORMALS FOR TODAY
                         NORMAL    RECORD    YEAR
 MAXIMUM TEMPERATURE (F)   52        74      1960
 MINIMUM TEMPERATURE (F)   27        13      1996


SUNRISE AND SUNSET
MARCH 25 2017.........SUNRISE   649 AM PDT   SUNSET   715 PM PDT
MARCH 26 2017.........SUNRISE   648 AM PDT   SUNSET   716 PM PDT


-  INDICATES NEGATIVE NUMBERS.
R  INDICATES RECORD WAS SET OR TIED.
MM INDICATES DATA IS MISSING.
T  INDICATES TRACE AMOUNT.




$$
