000
CDUS45 KBOI 300942
CLIBNO


CLIMATE REPORT
NATIONAL WEATHER SERVICE BOISE ID
342 AM MDT TUE SEP 30 2014


...................................

...THE BURNS OR CLIMATE SUMMARY FOR SEPTEMBER 29 2014...

CLIMATE NORMAL PERIOD 1981 TO 2010
CLIMATE RECORD PERIOD 1939 TO 2014


WEATHER ITEM   OBSERVED TIME   RECORD YEAR NORMAL DEPARTURE LAST
                VALUE   (LST)  VALUE       VALUE  FROM      YEAR
                                                  NORMAL
..................................................................
TEMPERATURE (F)
 YESTERDAY
  MAXIMUM         66    356 PM  89    1992  70     -4       58
  MINIMUM         51   1159 PM  21    2007  32     19       43
                                      1983
  AVERAGE         59                        51      8       51

PRECIPITATION (IN)
  YESTERDAY        0.01          0.80 2013   0.01   0.00     0.80
  MONTH TO DATE    0.26                      0.42  -0.16     1.93
  SINCE OCT 1      7.22                     10.90  -3.68     9.75
  SINCE JAN 1      6.25                      7.40  -1.15     5.85

DEGREE DAYS
 HEATING
  YESTERDAY        6                        14     -8       14
  MONTH TO DATE  176                       267    -91      236
  SINCE SEP 1    176                       267    -91      236
  SINCE JUL 1    241                       404   -163      272

 COOLING
  YESTERDAY        0                         0      0        0
  MONTH TO DATE    5                         7     -2       21
  SINCE SEP 1      5                         7     -2       21
  SINCE JAN 1    318                       213    105      372
..................................................................


WIND (MPH)
  HIGHEST WIND SPEED    22   HIGHEST WIND DIRECTION     W (270)
  HIGHEST GUST SPEED    25   HIGHEST GUST DIRECTION     W (270)
  AVERAGE WIND SPEED     6.2


SKY COVER
  POSSIBLE SUNSHINE  MM
  AVERAGE SKY COVER 0.6


WEATHER CONDITIONS
 THE FOLLOWING WEATHER WAS RECORDED YESTERDAY.
  LIGHT RAIN


RELATIVE HUMIDITY (PERCENT)
 HIGHEST   100           100 AM
 LOWEST     45           400 PM
 AVERAGE    73

..........................................................


THE BURNS OR CLIMATE NORMALS FOR TODAY
                         NORMAL    RECORD    YEAR
 MAXIMUM TEMPERATURE (F)   70        89      2011
 MINIMUM TEMPERATURE (F)   31        23      1981


SUNRISE AND SUNSET
SEPTEMBER 30 2014.....SUNRISE   652 AM PDT   SUNSET   638 PM PDT
OCTOBER  1 2014.......SUNRISE   653 AM PDT   SUNSET   637 PM PDT


-  INDICATES NEGATIVE NUMBERS.
R  INDICATES RECORD WAS SET OR TIED.
MM INDICATES DATA IS MISSING.
T  INDICATES TRACE AMOUNT.




$$
