000
CDUS45 KBOI 290933
CLIBNO


CLIMATE REPORT
NATIONAL WEATHER SERVICE BOISE ID
332 AM MDT WED JUL 29 2015


...................................

...THE BURNS OR CLIMATE SUMMARY FOR JULY 28 2015...

CLIMATE NORMAL PERIOD 1981 TO 2010
CLIMATE RECORD PERIOD 1938 TO 2015


WEATHER ITEM   OBSERVED TIME   RECORD YEAR NORMAL DEPARTURE LAST
                VALUE   (LST)  VALUE       VALUE  FROM      YEAR
                                                  NORMAL
..................................................................
TEMPERATURE (F)
 YESTERDAY
  MAXIMUM         80    351 PM 101    1968  88     -8       97
  MINIMUM         36R   443 AM  38    1959  48    -12       61
  AVERAGE         58                        68    -10       79

PRECIPITATION (IN)
  YESTERDAY        0.00          0.35 1941   0.01  -0.01     0.00
  MONTH TO DATE    0.51                      0.36   0.15     0.32
  SINCE OCT 1      9.07                     10.08  -1.01     6.69
  SINCE JAN 1      4.57                      6.58  -2.01     5.72

DEGREE DAYS
 HEATING
  YESTERDAY        7                         1      6        0
  MONTH TO DATE   28                        54    -26       12
  SINCE JUN 1     77                       272   -195      197
  SINCE JUL 1     28                        54    -26       12

 COOLING
  YESTERDAY        0                         4     -4       14
  MONTH TO DATE   98                        94      4      175
  SINCE JUN 1    208                       114     94      183
  SINCE JAN 1    211                       117     94      183
..................................................................


WIND (MPH)
  HIGHEST WIND SPEED    12   HIGHEST WIND DIRECTION    NE (40)
  HIGHEST GUST SPEED    16   HIGHEST GUST DIRECTION    NE (40)
  AVERAGE WIND SPEED     4.0


SKY COVER
  POSSIBLE SUNSHINE  MM
  AVERAGE SKY COVER 0.0


WEATHER CONDITIONS
 THE FOLLOWING WEATHER WAS RECORDED YESTERDAY.
  NO SIGNIFICANT WEATHER WAS OBSERVED.


RELATIVE HUMIDITY (PERCENT)
 HIGHEST    70           300 AM
 LOWEST     12           500 PM
 AVERAGE    41

..........................................................


THE BURNS OR CLIMATE NORMALS FOR TODAY
                         NORMAL    RECORD    YEAR
 MAXIMUM TEMPERATURE (F)   88        99      2003
 MINIMUM TEMPERATURE (F)   48        38      1950


SUNRISE AND SUNSET
JULY 29 2015..........SUNRISE   542 AM PDT   SUNSET   822 PM PDT
JULY 30 2015..........SUNRISE   543 AM PDT   SUNSET   821 PM PDT


-  INDICATES NEGATIVE NUMBERS.
R  INDICATES RECORD WAS SET OR TIED.
MM INDICATES DATA IS MISSING.
T  INDICATES TRACE AMOUNT.




$$
