000
CDUS45 KBOI 230932
CLIBNO


CLIMATE REPORT
NATIONAL WEATHER SERVICE BOISE ID
331 AM MDT WED AUG 23 2017


...................................

...THE BURNS OR CLIMATE SUMMARY FOR AUGUST 22 2017...

CLIMATE NORMAL PERIOD 1981 TO 2010
CLIMATE RECORD PERIOD 1938 TO 2017


WEATHER ITEM   OBSERVED TIME   RECORD YEAR NORMAL DEPARTURE LAST
                VALUE   (LST)  VALUE       VALUE  FROM      YEAR
                                                  NORMAL
..................................................................
TEMPERATURE (F)
 YESTERDAY
  MAXIMUM         94    259 PM  95    1969  83     11       84
  MINIMUM         49    522 AM  30    2008  44      5       38
  AVERAGE         72                        64      8       61

PRECIPITATION (IN)
  YESTERDAY        T             0.69 2004   0.01  -0.01     0.00
  MONTH TO DATE    0.03                      0.25  -0.22      T
  SINCE OCT 1     11.88                     10.37   1.51     9.26
  SINCE JAN 1      8.37                      6.87   1.50     4.39

DEGREE DAYS
 HEATING
  YESTERDAY        0                         3     -3        4
  MONTH TO DATE   15                        42    -27       32
  SINCE JUN 1    198                       318   -120      269
  SINCE JUL 1     15                       100    -85       89

 COOLING
  YESTERDAY        7                         2      5        0
  MONTH TO DATE   57                        64     -7       90
  SINCE JUN 1    245                       193     52      226
  SINCE JAN 1    246                       196     50      226
..................................................................


WIND (MPH)
  HIGHEST WIND SPEED    18   HIGHEST WIND DIRECTION    NW (320)
  HIGHEST GUST SPEED    24   HIGHEST GUST DIRECTION    NW (330)
  AVERAGE WIND SPEED     5.3


SKY COVER
  POSSIBLE SUNSHINE  MM
  AVERAGE SKY COVER 0.0


WEATHER CONDITIONS
 THE FOLLOWING WEATHER WAS RECORDED YESTERDAY.
  NO SIGNIFICANT WEATHER WAS OBSERVED.


RELATIVE HUMIDITY (PERCENT)
 HIGHEST    52          1200 AM
 LOWEST      9           300 PM
 AVERAGE    31

..........................................................


THE BURNS OR CLIMATE NORMALS FOR TODAY
                         NORMAL    RECORD    YEAR
 MAXIMUM TEMPERATURE (F)   83        97      1969
 MINIMUM TEMPERATURE (F)   43        31      2010


SUNRISE AND SUNSET
AUGUST 23 2017........SUNRISE   610 AM PDT   SUNSET   746 PM PDT
AUGUST 24 2017........SUNRISE   611 AM PDT   SUNSET   744 PM PDT


-  INDICATES NEGATIVE NUMBERS.
R  INDICATES RECORD WAS SET OR TIED.
MM INDICATES DATA IS MISSING.
T  INDICATES TRACE AMOUNT.




$$
