000
CDUS45 KBOI 280930
CLIBNO


CLIMATE REPORT
NATIONAL WEATHER SERVICE BOISE ID
330 AM MDT THU AUG 28 2014


...................................

...THE BURNS OR CLIMATE SUMMARY FOR AUGUST 27 2014...

CLIMATE NORMAL PERIOD 1981 TO 2010
CLIMATE RECORD PERIOD 1939 TO 2014


WEATHER ITEM   OBSERVED TIME   RECORD YEAR NORMAL DEPARTURE LAST
                VALUE   (LST)  VALUE       VALUE  FROM      YEAR
                                                  NORMAL
..................................................................
TEMPERATURE (F)
 YESTERDAY
  MAXIMUM         91    236 PM  95    1986  82      9       88
                                      1974
  MINIMUM         41    514 AM  32    1995  42     -1       38
                                      1960
  AVERAGE         66                        62      4       63

PRECIPITATION (IN)
  YESTERDAY        0.00          0.11 1996   0.01  -0.01     0.00
  MONTH TO DATE    0.19                      0.31  -0.12     0.51
  SINCE OCT 1      6.94                     10.43  -3.49     7.82
  SINCE JAN 1      5.97                      6.93  -0.96     3.92

DEGREE DAYS
 HEATING
  YESTERDAY        0                         4     -4        2
  MONTH TO DATE   37                        60    -23       31
  SINCE JUN 1    234                       336   -102      223
  SINCE JUL 1     49                       118    -69       35

 COOLING
  YESTERDAY        1                         1      0        0
  MONTH TO DATE   95                        69     26       70
  SINCE JUN 1    309                       198    111      344
  SINCE JAN 1    309                       201    108      345
..................................................................


WIND (MPH)
  HIGHEST WIND SPEED    15   HIGHEST WIND DIRECTION     W (290)
  HIGHEST GUST SPEED    17   HIGHEST GUST DIRECTION    SW (220)
  AVERAGE WIND SPEED     4.9


SKY COVER
  POSSIBLE SUNSHINE  MM
  AVERAGE SKY COVER 0.0


WEATHER CONDITIONS
 THE FOLLOWING WEATHER WAS RECORDED YESTERDAY.
  NO SIGNIFICANT WEATHER WAS OBSERVED.


RELATIVE HUMIDITY (PERCENT)
 HIGHEST    70           500 AM
 LOWEST     15           300 PM
 AVERAGE    43

..........................................................


THE BURNS OR CLIMATE NORMALS FOR TODAY
                         NORMAL    RECORD    YEAR
 MAXIMUM TEMPERATURE (F)   82        96      1998
 MINIMUM TEMPERATURE (F)   42        31      1995


SUNRISE AND SUNSET
AUGUST 28 2014........SUNRISE   615 AM PDT   SUNSET   738 PM PDT
AUGUST 29 2014........SUNRISE   616 AM PDT   SUNSET   736 PM PDT


-  INDICATES NEGATIVE NUMBERS.
R  INDICATES RECORD WAS SET OR TIED.
MM INDICATES DATA IS MISSING.
T  INDICATES TRACE AMOUNT.




$$
