000
CDUS45 KBOI 130931
CLIBOI


CLIMATE REPORT
NATIONAL WEATHER SERVICE BOISE ID
231 AM MST SAT FEB 13 2016


...................................

...THE BOISE ID CLIMATE SUMMARY FOR FEBRUARY 12 2016...

CLIMATE NORMAL PERIOD 1981 TO 2010
CLIMATE RECORD PERIOD 1878 TO 2016


WEATHER ITEM   OBSERVED TIME   RECORD YEAR NORMAL DEPARTURE LAST
                VALUE   (LST)  VALUE       VALUE  FROM      YEAR
                                                  NORMAL
..................................................................
TEMPERATURE (F)
 YESTERDAY
  MAXIMUM         49    508 PM  61    2011  44      5       56
  MINIMUM         30    826 AM  -8    1884  28      2       35
  AVERAGE         40                        36      4       46

PRECIPITATION (IN)
  YESTERDAY        0.00          0.75 1898   0.03  -0.03     0.00
  MONTH TO DATE    0.07                      0.42  -0.35     1.27
  SINCE OCT 1      5.24                      5.31  -0.07     8.01
  SINCE JAN 1      0.90                      1.66  -0.76     2.10

SNOWFALL (IN)
  YESTERDAY        0.0           1.3  1966   0.1   -0.1      0.0
  MONTH TO DATE    0.7                       1.5   -0.8      0.0
  SINCE OCT 1     10.9                      16.3   -5.4     13.1
  SINCE JUL 1     10.9                      16.3   -5.4     13.1
  SNOW DEPTH       0

DEGREE DAYS
 HEATING
  YESTERDAY       25                        29     -4       19
  MONTH TO DATE  355                       366    -11      207
  SINCE DEC 1   2344                      2473   -129     2081
  SINCE JUL 1   3416                      3727   -311     3220

 COOLING
  YESTERDAY        0                         0      0        0
  MONTH TO DATE    0                         0      0        0
  SINCE DEC 1      0                         0      0        0
  SINCE JAN 1      0                         0      0        0
..................................................................


WIND (MPH)
  HIGHEST WIND SPEED     9   HIGHEST WIND DIRECTION    SW (220)
  HIGHEST GUST SPEED    13   HIGHEST GUST DIRECTION     N (20)
  AVERAGE WIND SPEED     1.5


SKY COVER
  POSSIBLE SUNSHINE  MM
  AVERAGE SKY COVER 0.0


WEATHER CONDITIONS
 THE FOLLOWING WEATHER WAS RECORDED YESTERDAY.
  NO SIGNIFICANT WEATHER WAS OBSERVED.


RELATIVE HUMIDITY (PERCENT)
 HIGHEST    92           800 AM
 LOWEST     56           400 PM
 AVERAGE    74

..........................................................


THE BOISE ID CLIMATE NORMALS FOR TODAY
                         NORMAL    RECORD    YEAR
 MAXIMUM TEMPERATURE (F)   44        63      1921
 MINIMUM TEMPERATURE (F)   28        -5      1933


SUNRISE AND SUNSET
FEBRUARY 13 2016......SUNRISE   747 AM MST   SUNSET   612 PM MST
FEBRUARY 14 2016......SUNRISE   745 AM MST   SUNSET   613 PM MST


-  INDICATES NEGATIVE NUMBERS.
R  INDICATES RECORD WAS SET OR TIED.
MM INDICATES DATA IS MISSING.
T  INDICATES TRACE AMOUNT.




$$
