000
CDUS45 KBOI 200931
CLIBOI


CLIMATE REPORT
NATIONAL WEATHER SERVICE BOISE ID
231 AM MST SAT JAN 20 2018


...................................

...THE BOISE ID CLIMATE SUMMARY FOR JANUARY 19 2018...

CLIMATE NORMAL PERIOD 1981 TO 2010
CLIMATE RECORD PERIOD 1875 TO 2018


WEATHER ITEM   OBSERVED TIME   RECORD YEAR NORMAL DEPARTURE LAST
                VALUE   (LST)  VALUE       VALUE  FROM      YEAR
                                                  NORMAL
..................................................................
TEMPERATURE (F)
 YESTERDAY
  MAXIMUM         45    218 PM  57    1896  38      7       39
  MINIMUM         30   1159 PM -16    1883  25      5       34
  AVERAGE         38                        32      6       37

PRECIPITATION (IN)
  YESTERDAY        0.20          0.91 1969   0.04   0.16     0.17
  MONTH TO DATE    1.15                      0.82   0.33     2.76
  SINCE OCT 1      4.54                      4.47   0.07     6.26
  SINCE JAN 1      1.15                      0.82   0.33     2.76

SNOWFALL (IN)
  YESTERDAY        0.0           6.9  1930   0.1   -0.1      0.0
  MONTH TO DATE    T                         3.4   -3.4     17.6
  SINCE OCT 1      9.8                      13.1   -3.3     31.6
  SINCE JUL 1      9.8                      13.1   -3.3     31.6
  SNOW DEPTH       0

DEGREE DAYS
 HEATING
  YESTERDAY       27                        33     -6       28
  MONTH TO DATE  531                       655   -124      873
  SINCE DEC 1   1651                      1716    -65     2157
  SINCE JUL 1   2875                      2970    -95     3062

 COOLING
  YESTERDAY        0                         0      0        0
  MONTH TO DATE    0                         0      0        0
  SINCE DEC 1      0                         0      0        0
  SINCE JAN 1      0                         0      0        0
..................................................................


WIND (MPH)
  HIGHEST WIND SPEED    20   HIGHEST WIND DIRECTION     N (340)
  HIGHEST GUST SPEED    30   HIGHEST GUST DIRECTION    NW (320)
  AVERAGE WIND SPEED     6.2


SKY COVER
  POSSIBLE SUNSHINE  MM
  AVERAGE SKY COVER 0.6


WEATHER CONDITIONS
 THE FOLLOWING WEATHER WAS RECORDED YESTERDAY.
  LIGHT RAIN
  FOG


RELATIVE HUMIDITY (PERCENT)
 HIGHEST    92          1200 AM
 LOWEST     53           200 PM
 AVERAGE    73

..........................................................


THE BOISE ID CLIMATE NORMALS FOR TODAY
                         NORMAL    RECORD    YEAR
 MAXIMUM TEMPERATURE (F)   38        57      1953
 MINIMUM TEMPERATURE (F)   25       -15      1937


SUNRISE AND SUNSET
JANUARY 20 2018.......SUNRISE   812 AM MST   SUNSET   540 PM MST
JANUARY 21 2018.......SUNRISE   811 AM MST   SUNSET   542 PM MST


-  INDICATES NEGATIVE NUMBERS.
R  INDICATES RECORD WAS SET OR TIED.
MM INDICATES DATA IS MISSING.
T  INDICATES TRACE AMOUNT.




$$
