000
CDUS45 KBOI 030121
CLIBOI


CLIMATE REPORT
NATIONAL WEATHER SERVICE BOISE ID
720 PM MDT TUE SEP 2 2014


...................................

...THE BOISE ID CLIMATE SUMMARY FOR SEPTEMBER 2 2014...
VALID TODAY AS OF 0600 PM LOCAL TIME.

CLIMATE NORMAL PERIOD 1981 TO 2010
CLIMATE RECORD PERIOD 1878 TO 2014


WEATHER ITEM   OBSERVED TIME   RECORD YEAR NORMAL DEPARTURE LAST
                VALUE   (LST)  VALUE       VALUE  FROM      YEAR
                                                  NORMAL
..................................................................
TEMPERATURE (F)
 TODAY
  MAXIMUM         89    549 PM 101    1950  84      5       88
  MINIMUM         55    640 AM  39    1894  56     -1       65
  AVERAGE         72                        70      2       77

PRECIPITATION (IN)
  TODAY            0.00          0.16 1897   0.02  -0.02      T
  MONTH TO DATE    0.00                      0.03  -0.03      T
  SINCE OCT 1     11.52                     11.18   0.34     7.56
  SINCE JAN 1      8.61                      7.53   1.08     4.91

DEGREE DAYS
 HEATING
  TODAY            0                         1     -1        0
  MONTH TO DATE    2                         2      0        0
  SINCE SEP 1      2                         2      0        0
  SINCE JUL 1      6                        20    -14        0

 COOLING
  TODAY            7                         6      1       12
  MONTH TO DATE    7                        12     -5       25
  SINCE SEP 1      7                        12     -5       25
  SINCE JAN 1    990                       846    144     1197
..................................................................


WIND (MPH)
  HIGHEST WIND SPEED    12   HIGHEST WIND DIRECTION    NE (40)
  HIGHEST GUST SPEED    15   HIGHEST GUST DIRECTION    NE (40)
  AVERAGE WIND SPEED     5.8



WEATHER CONDITIONS
 THE FOLLOWING WEATHER WAS RECORDED TODAY.
  NO SIGNIFICANT WEATHER WAS OBSERVED.


RELATIVE HUMIDITY (PERCENT)
 HIGHEST    47           400 AM
 LOWEST     14           500 PM
 AVERAGE    31

..........................................................


THE BOISE ID CLIMATE NORMALS FOR TOMORROW
                         NORMAL    RECORD    YEAR
 MAXIMUM TEMPERATURE (F)   84       101      2007
                                             1931
 MINIMUM TEMPERATURE (F)   55        37      1956


SUNRISE AND SUNSET
SEPTEMBER  2 2014.....SUNRISE   710 AM MDT   SUNSET   818 PM MDT
SEPTEMBER  3 2014.....SUNRISE   711 AM MDT   SUNSET   817 PM MDT


-  INDICATES NEGATIVE NUMBERS.
R  INDICATES RECORD WAS SET OR TIED.
MM INDICATES DATA IS MISSING.
T  INDICATES TRACE AMOUNT.




$$
