000
CDUS45 KBOI 230122
CLIBOI


CLIMATE REPORT
NATIONAL WEATHER SERVICE BOISE ID
722 PM MDT SAT APR 22 2017


...................................

...THE BOISE ID CLIMATE SUMMARY FOR APRIL 22 2017...
VALID TODAY AS OF 0600 PM LOCAL TIME.

CLIMATE NORMAL PERIOD 1981 TO 2010
CLIMATE RECORD PERIOD 1875 TO 2017


WEATHER ITEM   OBSERVED TIME   RECORD YEAR NORMAL DEPARTURE LAST
                VALUE   (LST)  VALUE       VALUE  FROM      YEAR
                                                  NORMAL
..................................................................
TEMPERATURE (F)
 TODAY
  MAXIMUM         70    550 PM  91    2012  64      6       76
  MINIMUM         40    540 AM  24    1968  40      0       52
  AVERAGE         55                        52      3       64

PRECIPITATION (IN)
  TODAY            0.00          0.62 1882   0.05  -0.05      T
  MONTH TO DATE    1.28                      0.90   0.38     0.22
  SINCE OCT 1     11.82                      8.17   3.65     7.52
  SINCE JAN 1      8.32                      4.52   3.80     3.18

DEGREE DAYS
 HEATING
  TODAY           10                        13     -3        1
  MONTH TO DATE  340                       334      6      165
  SINCE MAR 1    832                       970   -138      700
  SINCE JUL 1   5119                      5129    -10     4449

 COOLING
  TODAY            0                         0      0        0
  MONTH TO DATE    0                         0      0        5
  SINCE MAR 1      0                         0      0        5
  SINCE JAN 1      0                         0      0        5
..................................................................


WIND (MPH)
  HIGHEST WIND SPEED    36   HIGHEST WIND DIRECTION    SE (150)
  HIGHEST GUST SPEED    45   HIGHEST GUST DIRECTION    SE (130)
  AVERAGE WIND SPEED    18.3



WEATHER CONDITIONS
 THE FOLLOWING WEATHER WAS RECORDED TODAY.
  NO SIGNIFICANT WEATHER WAS OBSERVED.


RELATIVE HUMIDITY (PERCENT)
 HIGHEST    67           100 AM
 LOWEST     20           300 PM
 AVERAGE    44

..........................................................


THE BOISE ID CLIMATE NORMALS FOR TOMORROW
                         NORMAL    RECORD    YEAR
 MAXIMUM TEMPERATURE (F)   64        91      2012
 MINIMUM TEMPERATURE (F)   41        25      1992


SUNRISE AND SUNSET
APRIL 22 2017.........SUNRISE   650 AM MDT   SUNSET   837 PM MDT
APRIL 23 2017.........SUNRISE   649 AM MDT   SUNSET   838 PM MDT


-  INDICATES NEGATIVE NUMBERS.
R  INDICATES RECORD WAS SET OR TIED.
MM INDICATES DATA IS MISSING.
T  INDICATES TRACE AMOUNT.




$$
