000
CDUS45 KBOI 280120
CLIBOI


CLIMATE REPORT
NATIONAL WEATHER SERVICE BOISE ID
720 PM MDT WED JUL 27 2016


...................................

...THE BOISE ID CLIMATE SUMMARY FOR JULY 27 2016...
VALID TODAY AS OF 0600 PM LOCAL TIME.

CLIMATE NORMAL PERIOD 1981 TO 2010
CLIMATE RECORD PERIOD 1875 TO 2016


WEATHER ITEM   OBSERVED TIME   RECORD YEAR NORMAL DEPARTURE LAST
                VALUE   (LST)  VALUE       VALUE  FROM      YEAR
                                                  NORMAL
..................................................................
TEMPERATURE (F)
 TODAY
  MAXIMUM        101    456 PM 108    1975  93      8       75
                                      1934
  MINIMUM         67    543 AM  46    1918  62      5       56
  AVERAGE         84                        78      6       66

PRECIPITATION (IN)
  TODAY            0.00          0.06 1941   0.01  -0.01     0.00
  MONTH TO DATE    0.27                      0.29  -0.02     0.97
  SINCE OCT 1      9.31                     10.87  -1.56    11.84
  SINCE JAN 1      4.97                      7.22  -2.25     5.93

DEGREE DAYS
 HEATING
  TODAY            0                         0      0        0
  MONTH TO DATE    8                         4      4        0
  SINCE JUN 1     45                        68    -23        2
  SINCE JUL 1      8                         4      4        0

 COOLING
  TODAY           19                        13      6        1
  MONTH TO DATE  271                       291    -20      328
  SINCE JUN 1    518                       430     88      666
  SINCE JAN 1    549                       474     75      701
..................................................................


WIND (MPH)
  HIGHEST WIND SPEED    18   HIGHEST WIND DIRECTION    NW (310)
  HIGHEST GUST SPEED    22   HIGHEST GUST DIRECTION    NW (320)
  AVERAGE WIND SPEED     6.3



WEATHER CONDITIONS
 THE FOLLOWING WEATHER WAS RECORDED TODAY.
  HAZE


RELATIVE HUMIDITY (PERCENT)
 HIGHEST    53           300 AM
 LOWEST     11           500 PM
 AVERAGE    32

..........................................................


THE BOISE ID CLIMATE NORMALS FOR TOMORROW
                         NORMAL    RECORD    YEAR
 MAXIMUM TEMPERATURE (F)   93       106      1934
 MINIMUM TEMPERATURE (F)   62        45      1959
                                             1948


SUNRISE AND SUNSET
JULY 27 2016..........SUNRISE   630 AM MDT   SUNSET   913 PM MDT
JULY 28 2016..........SUNRISE   631 AM MDT   SUNSET   911 PM MDT


-  INDICATES NEGATIVE NUMBERS.
R  INDICATES RECORD WAS SET OR TIED.
MM INDICATES DATA IS MISSING.
T  INDICATES TRACE AMOUNT.




$$
