000
CDUS45 KBOI 200932
CLIBOI


CLIMATE REPORT
NATIONAL WEATHER SERVICE BOISE ID
231 AM MST MON NOV 20 2017


...................................

...THE BOISE ID CLIMATE SUMMARY FOR NOVEMBER 19 2017...

CLIMATE NORMAL PERIOD 1981 TO 2010
CLIMATE RECORD PERIOD 1875 TO 2017


WEATHER ITEM   OBSERVED TIME   RECORD YEAR NORMAL DEPARTURE LAST
                VALUE   (LST)  VALUE       VALUE  FROM      YEAR
                                                  NORMAL
..................................................................
TEMPERATURE (F)
 YESTERDAY
  MAXIMUM         49    356 PM  66    1908  46      3       53
  MINIMUM         28    739 AM   7    1985  31     -3       42
  AVERAGE         39                        38      1       48

PRECIPITATION (IN)
  YESTERDAY        0.00          0.71 1909   0.05  -0.05     0.00
  MONTH TO DATE    1.34                      0.82   0.52     0.08
  SINCE OCT 1      1.94                      1.57   0.37     1.36
  SINCE JAN 1     13.92                      9.65   4.27     6.54

SNOWFALL (IN)
  YESTERDAY        0.0           1.6  1902   0.1   -0.1      0.0
  MONTH TO DATE    0.0                       1.1   -1.1      0.0
  SINCE OCT 1      T                         1.2   -1.2      0.0
  SINCE JUL 1      T                         1.2   -1.2      0.0
  SNOW DEPTH       0

DEGREE DAYS
 HEATING
  YESTERDAY       26                        27     -1       17
  MONTH TO DATE  416                       430    -14      280
  SINCE SEP 1   1009                       918     91      637
  SINCE JUL 1   1009                       936     73      645

 COOLING
  YESTERDAY        0                         0      0        0
  MONTH TO DATE    0                         0      0        0
  SINCE SEP 1    175                       108     67       64
  SINCE JAN 1   1341                       942    399     1001
..................................................................


WIND (MPH)
  HIGHEST WIND SPEED    16   HIGHEST WIND DIRECTION    SE (150)
  HIGHEST GUST SPEED    21   HIGHEST GUST DIRECTION     S (160)
  AVERAGE WIND SPEED     6.6


SKY COVER
  POSSIBLE SUNSHINE  MM
  AVERAGE SKY COVER 0.0


WEATHER CONDITIONS
 THE FOLLOWING WEATHER WAS RECORDED YESTERDAY.
  NO SIGNIFICANT WEATHER WAS OBSERVED.


RELATIVE HUMIDITY (PERCENT)
 HIGHEST    72           900 AM
 LOWEST     39           300 PM
 AVERAGE    56

..........................................................


THE BOISE ID CLIMATE NORMALS FOR TODAY
                         NORMAL    RECORD    YEAR
 MAXIMUM TEMPERATURE (F)   46        67      2008
                                             1966
 MINIMUM TEMPERATURE (F)   31        11      1977


SUNRISE AND SUNSET
NOVEMBER 20 2017......SUNRISE   745 AM MST   SUNSET   515 PM MST
NOVEMBER 21 2017......SUNRISE   747 AM MST   SUNSET   515 PM MST


-  INDICATES NEGATIVE NUMBERS.
R  INDICATES RECORD WAS SET OR TIED.
MM INDICATES DATA IS MISSING.
T  INDICATES TRACE AMOUNT.




$$
