633
CDUS45 KBOI 260120
CLIBOI


CLIMATE REPORT
NATIONAL WEATHER SERVICE BOISE ID
720 PM MDT MON SEP 25 2017


...................................

...THE BOISE ID CLIMATE SUMMARY FOR SEPTEMBER 25 2017...
VALID TODAY AS OF 0600 PM LOCAL TIME.

CLIMATE NORMAL PERIOD 1981 TO 2010
CLIMATE RECORD PERIOD 1875 TO 2017


WEATHER ITEM   OBSERVED TIME   RECORD YEAR NORMAL DEPARTURE LAST
                VALUE   (LST)  VALUE       VALUE  FROM      YEAR
                                                  NORMAL
..................................................................
TEMPERATURE (F)
 TODAY
  MAXIMUM         67    427 PM  95    2015  75     -8       75
                                      1963
  MINIMUM         40    538 AM  28    1972  48     -8       44
                                      1926
  AVERAGE         54                        61     -7       60

PRECIPITATION (IN)
  TODAY            0.00          0.51 1998   0.02  -0.02     0.00
  MONTH TO DATE    0.53                      0.46   0.07     0.21
  SINCE OCT 1     15.45                     11.61   3.84     9.52
  SINCE JAN 1     11.95                      7.96   3.99     5.18

DEGREE DAYS
 HEATING
  TODAY           11                         5      6        5
  MONTH TO DATE  116                        72     44       89
  SINCE SEP 1    116                        72     44       89
  SINCE JUL 1    116                        90     26       97

 COOLING
  TODAY            0                         2     -2        0
  MONTH TO DATE  175                        93     82       23
  SINCE SEP 1    175                        93     82       23
  SINCE JAN 1   1341                       927    414      960
..................................................................


WIND (MPH)
  HIGHEST WIND SPEED    12   HIGHEST WIND DIRECTION    NW (310)
  HIGHEST GUST SPEED    15   HIGHEST GUST DIRECTION     W (280)
  AVERAGE WIND SPEED     5.6



WEATHER CONDITIONS
 THE FOLLOWING WEATHER WAS RECORDED TODAY.
  NO SIGNIFICANT WEATHER WAS OBSERVED.


RELATIVE HUMIDITY (PERCENT)
 HIGHEST    85           500 AM
 LOWEST     26           400 PM
 AVERAGE    56

..........................................................


THE BOISE ID CLIMATE NORMALS FOR TOMORROW
                         NORMAL    RECORD    YEAR
 MAXIMUM TEMPERATURE (F)   74        93      1963
 MINIMUM TEMPERATURE (F)   47        28      1934


SUNRISE AND SUNSET
SEPTEMBER 25 2017.....SUNRISE   736 AM MDT   SUNSET   736 PM MDT
SEPTEMBER 26 2017.....SUNRISE   737 AM MDT   SUNSET   734 PM MDT


-  INDICATES NEGATIVE NUMBERS.
R  INDICATES RECORD WAS SET OR TIED.
MM INDICATES DATA IS MISSING.
T  INDICATES TRACE AMOUNT.




$$
