000
CDUS45 KBOI 020121
CLIBOI


CLIMATE REPORT
NATIONAL WEATHER SERVICE BOISE ID
720 PM MDT SUN MAY 1 2016


...................................

...THE BOISE ID CLIMATE SUMMARY FOR MAY 1 2016...
VALID TODAY AS OF 0600 PM LOCAL TIME.

CLIMATE NORMAL PERIOD 1981 TO 2010
CLIMATE RECORD PERIOD 1875 TO 2016


WEATHER ITEM   OBSERVED TIME   RECORD YEAR NORMAL DEPARTURE LAST
                VALUE   (LST)  VALUE       VALUE  FROM      YEAR
                                                  NORMAL
..................................................................
TEMPERATURE (F)
 TODAY
  MAXIMUM         71    529 PM  88    1985  67      4       78
  MINIMUM         40    623 AM  26    1886  42     -2       44
  AVERAGE         56                        55      1       61

PRECIPITATION (IN)
  TODAY            0.00          1.04 1938   0.05  -0.05     0.00
  MONTH TO DATE    0.00                      0.05  -0.05     0.00
  SINCE OCT 1      7.99                      8.55  -0.56     9.20
  SINCE JAN 1      3.65                      4.90  -1.25     3.29

DEGREE DAYS
 HEATING
  TODAY            9                        11     -2        4
  MONTH TO DATE    9                        11     -2        4
  SINCE MAR 1    798                      1076   -278      878
  SINCE JUL 1   4547                      5235   -688     4473

 COOLING
  TODAY            0                         0      0        0
  MONTH TO DATE    0                         0      0        0
  SINCE MAR 1      5                         3      2        0
  SINCE JAN 1      5                         3      2        0
..................................................................


WIND (MPH)
  HIGHEST WIND SPEED    13   HIGHEST WIND DIRECTION    NW (320)
  HIGHEST GUST SPEED    16   HIGHEST GUST DIRECTION    NW (330)
  AVERAGE WIND SPEED     2.9



WEATHER CONDITIONS
 THE FOLLOWING WEATHER WAS RECORDED TODAY.
  NO SIGNIFICANT WEATHER WAS OBSERVED.


RELATIVE HUMIDITY (PERCENT)
 HIGHEST    76           400 AM
 LOWEST     31           300 PM
 AVERAGE    54

..........................................................


THE BOISE ID CLIMATE NORMALS FOR TOMORROW
                         NORMAL    RECORD    YEAR
 MAXIMUM TEMPERATURE (F)   67        91      1947
 MINIMUM TEMPERATURE (F)   43        23      1988


SUNRISE AND SUNSET
MAY  1 2016...........SUNRISE   637 AM MDT   SUNSET   848 PM MDT
MAY  2 2016...........SUNRISE   635 AM MDT   SUNSET   849 PM MDT


-  INDICATES NEGATIVE NUMBERS.
R  INDICATES RECORD WAS SET OR TIED.
MM INDICATES DATA IS MISSING.
T  INDICATES TRACE AMOUNT.




$$
