000
CDUS45 KBOI 260121
CLIBOI


CLIMATE REPORT
NATIONAL WEATHER SERVICE BOISE ID
621 PM MST SAT FEB 25 2017


...................................

...THE BOISE ID CLIMATE SUMMARY FOR FEBRUARY 25 2017...
VALID TODAY AS OF 0600 PM LOCAL TIME.

CLIMATE NORMAL PERIOD 1981 TO 2010
CLIMATE RECORD PERIOD 1875 TO 2017


WEATHER ITEM   OBSERVED TIME   RECORD YEAR NORMAL DEPARTURE LAST
                VALUE   (LST)  VALUE       VALUE  FROM      YEAR
                                                  NORMAL
..................................................................
TEMPERATURE (F)
 TODAY
  MAXIMUM         39    454 PM  70    1986  48     -9       56
  MINIMUM         20    731 AM  10    1890  30    -10       30
  AVERAGE         30                        39     -9       43

PRECIPITATION (IN)
  TODAY            0.00          0.47 1930   0.04  -0.04     0.00
  MONTH TO DATE    1.13                      0.88   0.25     0.49
  SINCE OCT 1      7.59                      5.77   1.82     5.66
  SINCE JAN 1      4.09                      2.12   1.97     1.32

DEGREE DAYS
 HEATING
  TODAY           35                        26      9       22
  MONTH TO DATE  658                       723    -65      618
  SINCE DEC 1   3287                      2830    457     2607
  SINCE JUL 1   4192                      4084    108     3679

 COOLING
  TODAY            0                         0      0        0
  MONTH TO DATE    0                         0      0        0
  SINCE DEC 1      0                         0      0        0
  SINCE JAN 1      0                         0      0        0
..................................................................


WIND (MPH)
  HIGHEST WIND SPEED    13   HIGHEST WIND DIRECTION    NW (300)
  HIGHEST GUST SPEED    18   HIGHEST GUST DIRECTION    NW (300)
  AVERAGE WIND SPEED     4.4



WEATHER CONDITIONS
 THE FOLLOWING WEATHER WAS RECORDED TODAY.
  NO SIGNIFICANT WEATHER WAS OBSERVED.


RELATIVE HUMIDITY (PERCENT)
 HIGHEST    77           800 AM
 LOWEST     37           400 PM
 AVERAGE    57

..........................................................


THE BOISE ID CLIMATE NORMALS FOR TOMORROW
                         NORMAL    RECORD    YEAR
 MAXIMUM TEMPERATURE (F)   49        66      1950
 MINIMUM TEMPERATURE (F)   30         0      1890


SUNRISE AND SUNSET
FEBRUARY 25 2017......SUNRISE   727 AM MST   SUNSET   629 PM MST
FEBRUARY 26 2017......SUNRISE   726 AM MST   SUNSET   630 PM MST


-  INDICATES NEGATIVE NUMBERS.
R  INDICATES RECORD WAS SET OR TIED.
MM INDICATES DATA IS MISSING.
T  INDICATES TRACE AMOUNT.




$$
