000
CDUS41 KBOX 190615
CLIBOS


CLIMATE REPORT
NATIONAL WEATHER SERVICE TAUNTON MA
105 AM EST SUN NOV 19 2017


...................................

...THE BOSTON MA CLIMATE SUMMARY FOR NOVEMBER 18 2017...

CLIMATE NORMAL PERIOD 1981 TO 2010
CLIMATE RECORD PERIOD 1872 TO 2017


WEATHER ITEM   OBSERVED TIME   RECORD YEAR NORMAL DEPARTURE LAST
                VALUE   (LST)  VALUE       VALUE  FROM      YEAR
                                                  NORMAL
..................................................................
TEMPERATURE (F)
 YESTERDAY
  MAXIMUM         52   1159 PM  73    1953  51      1       63
  MINIMUM         30    647 AM  14    1936  37     -7       43
  AVERAGE         41                        44     -3       53

PRECIPITATION (IN)
  YESTERDAY        0.09          3.09 1878   0.13  -0.04     0.00
  MONTH TO DATE    0.68                      2.36  -1.68     1.20
  SINCE SEP 1      8.55                      9.74  -1.19     8.04
  SINCE JAN 1     39.84                     38.36   1.48    28.30

SNOWFALL (IN)
  YESTERDAY        0.0           2.2  1980   0.0    0.0      0.0
  MONTH TO DATE    0.0                       0.4   -0.4       T
  SINCE SEP 1      0.0                       0.4   -0.4       T
  SINCE JUL 1      0.0                       0.4   -0.4       T
  SNOW DEPTH      MM

DEGREE DAYS
 HEATING
  YESTERDAY       24                        21      3       12
  MONTH TO DATE  364                       332     32      276
  SINCE SEP 1    546                       766   -220      627
  SINCE JUL 1    558                       779   -221      634

 COOLING
  YESTERDAY        0                         0      0        0
  MONTH TO DATE    0                         0      0        0
  SINCE SEP 1    151                        88     63      141
  SINCE JAN 1    880                       747    133     1035
..................................................................


WIND (MPH)
  RESULTANT WIND SPEED   4   RESULTANT WIND DIRECTION  SW (210)
  HIGHEST WIND SPEED    15   HIGHEST WIND DIRECTION    NW (300)
  HIGHEST GUST SPEED    19   HIGHEST GUST DIRECTION    NW (300)
  AVERAGE WIND SPEED     6.6


SKY COVER
  POSSIBLE SUNSHINE  MM
  AVERAGE SKY COVER 0.6


WEATHER CONDITIONS
 THE FOLLOWING WEATHER WAS RECORDED YESTERDAY.
  LIGHT RAIN
  FOG


RELATIVE HUMIDITY (PERCENT)
 HIGHEST    93           900 PM
 LOWEST     33          1200 PM
 AVERAGE    63

..........................................................


THE BOSTON MA CLIMATE NORMALS FOR TODAY
                         NORMAL    RECORD    YEAR
 MAXIMUM TEMPERATURE (F)   50        75      1941
 MINIMUM TEMPERATURE (F)   37        14      1936


SUNRISE AND SUNSET
NOVEMBER 19 2017......SUNRISE   640 AM EST   SUNSET   419 PM EST
NOVEMBER 20 2017......SUNRISE   641 AM EST   SUNSET   418 PM EST


-  INDICATES NEGATIVE NUMBERS.
R  INDICATES RECORD WAS SET OR TIED.
MM INDICATES DATA IS MISSING.
T  INDICATES TRACE AMOUNT.




$$
