000
CDUS41 KBOX 040546
CLIBOS


CLIMATE REPORT
NATIONAL WEATHER SERVICE TAUNTON MA
1235 AM EST WED MAR 4 2015


...................................

...THE BOSTON MA CLIMATE SUMMARY FOR MARCH 3 2015...

CLIMATE NORMAL PERIOD 1981 TO 2010
CLIMATE RECORD PERIOD 1872 TO 2015


WEATHER ITEM   OBSERVED TIME   RECORD YEAR NORMAL DEPARTURE LAST
                VALUE   (LST)  VALUE       VALUE  FROM      YEAR
                                                  NORMAL
..................................................................
TEMPERATURE (F)
 YESTERDAY
  MAXIMUM         33   1159 PM  61    1945  42     -9       30
  MINIMUM         20    617 AM   4    1950  28     -8       16
  AVERAGE         27                        35     -8       23

PRECIPITATION (IN)
  YESTERDAY        0.26          1.95 1972   0.13   0.13     0.00
  MONTH TO DATE    0.44                      0.40   0.04      T
  SINCE MAR 1      0.44                      0.40   0.04      T
  SINCE JAN 1      7.38                      7.01   0.37     7.37

SNOWFALL (IN)
  YESTERDAY        1.6           8.3  1960   0.4    1.2      0.0
  MONTH TO DATE    3.7                       1.1    2.6       T
  SINCE MAR 1      3.7                       1.1    2.6       T
  SINCE JUL 1    105.7                      35.2   70.5     56.4
  SNOW DEPTH      MM

DEGREE DAYS
 HEATING
  YESTERDAY       38                        30      8       42
  MONTH TO DATE  115                        91     24      111
  SINCE MAR 1    115                        91     24      111
  SINCE JUL 1   4430                      4133    297     4259

 COOLING
  YESTERDAY        0                         0      0        0
  MONTH TO DATE    0                         0      0        0
  SINCE MAR 1      0                         0      0        0
  SINCE JAN 1      0                         0      0        0
..................................................................


WIND (MPH)
  RESULTANT WIND SPEED   6   RESULTANT WIND DIRECTION   W (260)
  HIGHEST WIND SPEED    24   HIGHEST WIND DIRECTION     S (190)
  HIGHEST GUST SPEED    32   HIGHEST GUST DIRECTION    NW (320)
  AVERAGE WIND SPEED    10.1


SKY COVER
  POSSIBLE SUNSHINE  MM
  AVERAGE SKY COVER 0.6


WEATHER CONDITIONS
 THE FOLLOWING WEATHER WAS RECORDED YESTERDAY.
  LT FREEZING RAIN
  LIGHT SNOW
  SLEET
  FOG


RELATIVE HUMIDITY (PERCENT)
 HIGHEST    92           900 PM
 LOWEST     28           100 PM
 AVERAGE    60

..........................................................


THE BOSTON MA CLIMATE NORMALS FOR TODAY
                         NORMAL    RECORD    YEAR
 MAXIMUM TEMPERATURE (F)   42        70      1974
 MINIMUM TEMPERATURE (F)   28         2      1950


SUNRISE AND SUNSET
MARCH  4 2015.........SUNRISE   615 AM EST   SUNSET   537 PM EST
MARCH  5 2015.........SUNRISE   613 AM EST   SUNSET   538 PM EST


-  INDICATES NEGATIVE NUMBERS.
R  INDICATES RECORD WAS SET OR TIED.
MM INDICATES DATA IS MISSING.
T  INDICATES TRACE AMOUNT.




$$
