000
CDUS41 KBOX 220559
CLIBOS


CLIMATE REPORT
NATIONAL WEATHER SERVICE TAUNTON MA
1254 AM EST WED FEB 22 2017


...................................

...THE BOSTON MA CLIMATE SUMMARY FOR FEBRUARY 21 2017...

CLIMATE NORMAL PERIOD 1981 TO 2010
CLIMATE RECORD PERIOD 1872 TO 2017


WEATHER ITEM   OBSERVED TIME   RECORD YEAR NORMAL DEPARTURE LAST
                VALUE   (LST)  VALUE       VALUE  FROM      YEAR
                                                  NORMAL
..................................................................
TEMPERATURE (F)
 YESTERDAY
  MAXIMUM         40    806 PM  63    1906  40      0       54
  MINIMUM         30    704 AM  -1    1950  26      4       42
  AVERAGE         35                        33      2       48

PRECIPITATION (IN)
  YESTERDAY        0.00          2.45 1898   0.12  -0.12     0.00
  MONTH TO DATE    3.12                      2.37   0.75     2.77
  SINCE DEC 1     10.62                      9.51   1.11    10.32
  SINCE JAN 1      7.37                      5.73   1.64     6.04

SNOWFALL (IN)
  YESTERDAY        0.0           8.5  1947   0.4   -0.4      0.0
  MONTH TO DATE   21.5                       8.2   13.3     15.0
  SINCE DEC 1     36.3                      30.1    6.2     25.4
  SINCE JUL 1     36.3                      31.4    4.9     25.4
  SNOW DEPTH      MM

DEGREE DAYS
 HEATING
  YESTERDAY       30                        32     -2       17
  MONTH TO DATE  683                       711    -28      686
  SINCE DEC 1   2518                      2766   -248     2290
  SINCE JUL 1   3433                      3821   -388     3145

 COOLING
  YESTERDAY        0                         0      0        0
  MONTH TO DATE    0                         0      0        0
  SINCE DEC 1      0                         0      0        0
  SINCE JAN 1      0                         0      0        0
..................................................................


WIND (MPH)
  RESULTANT WIND SPEED   1   RESULTANT WIND DIRECTION   E (100)
  HIGHEST WIND SPEED    16   HIGHEST WIND DIRECTION    SW (210)
  HIGHEST GUST SPEED    21   HIGHEST GUST DIRECTION    SW (210)
  AVERAGE WIND SPEED     9.1


SKY COVER
  POSSIBLE SUNSHINE  MM
  AVERAGE SKY COVER 0.5


WEATHER CONDITIONS
 THE FOLLOWING WEATHER WAS RECORDED YESTERDAY.
  NO SIGNIFICANT WEATHER WAS OBSERVED.


RELATIVE HUMIDITY (PERCENT)
 HIGHEST    70           400 PM
 LOWEST     47          1200 AM
 AVERAGE    59

..........................................................


THE BOSTON MA CLIMATE NORMALS FOR TODAY
                         NORMAL    RECORD    YEAR
 MAXIMUM TEMPERATURE (F)   40        66      1997
 MINIMUM TEMPERATURE (F)   26         2      1918


SUNRISE AND SUNSET
FEBRUARY 22 2017......SUNRISE   630 AM EST   SUNSET   526 PM EST
FEBRUARY 23 2017......SUNRISE   629 AM EST   SUNSET   527 PM EST


-  INDICATES NEGATIVE NUMBERS.
R  INDICATES RECORD WAS SET OR TIED.
MM INDICATES DATA IS MISSING.
T  INDICATES TRACE AMOUNT.




$$
