000
CDUS41 KBOX 261235
CLIBOS


CLIMATE REPORT
NATIONAL WEATHER SERVICE TAUNTON MA
835 AM EDT TUE MAY 26 2015


...................................

...THE BOSTON MA CLIMATE SUMMARY FOR MAY 25 2015...

CLIMATE NORMAL PERIOD 1981 TO 2010
CLIMATE RECORD PERIOD 1872 TO 2015


WEATHER ITEM   OBSERVED TIME   RECORD YEAR NORMAL DEPARTURE LAST
                VALUE   (LST)  VALUE       VALUE  FROM      YEAR
                                                  NORMAL
..................................................................
TEMPERATURE (F)
 YESTERDAY
  MAXIMUM         81   1047 AM  92    2007  69     12       66
  MINIMUM         58    526 AM  40    1967  53      5       52
  AVERAGE         70                        61      9       59

PRECIPITATION (IN)
  YESTERDAY        T             2.63 1967   0.13  -0.13     0.00
  MONTH TO DATE    0.31                      2.73  -2.42     2.18
  SINCE MAR 1      5.64                     10.79  -5.15     9.90
  SINCE JAN 1     12.58                     17.40  -4.82    17.27

SNOWFALL (IN)
  YESTERDAY        0.0           0.0  2002   0.0    0.0      0.0
                                      2001
                                      2000
  MONTH TO DATE    0.0                       0.1   -0.1      0.0
  SINCE MAR 1      8.6                       9.8   -1.2      2.5
  SINCE JUL 1    110.6                      43.9   66.7     58.9
  SNOW DEPTH       0

DEGREE DAYS
 HEATING
  YESTERDAY        0                         6     -6        6
  MONTH TO DATE  134                       217    -83      158
  SINCE MAR 1   1613                      1556     57     1629
  SINCE JUL 1   5928                      5598    330     5777

 COOLING
  YESTERDAY        5                         1      4        0
  MONTH TO DATE   22                        12     10       19
  SINCE MAR 1     22                        15      7       20
  SINCE JAN 1     22                        15      7       20
..................................................................


WIND (MPH)
  RESULTANT WIND SPEED  10   RESULTANT WIND DIRECTION  SW (210)
  HIGHEST WIND SPEED    20   HIGHEST WIND DIRECTION     S (200)
  HIGHEST GUST SPEED    26   HIGHEST GUST DIRECTION     S (180)
  AVERAGE WIND SPEED    10.7


SKY COVER
  POSSIBLE SUNSHINE  MM
  AVERAGE SKY COVER 0.8


WEATHER CONDITIONS
 THE FOLLOWING WEATHER WAS RECORDED YESTERDAY.
  LIGHT RAIN


RELATIVE HUMIDITY (PERCENT)
 HIGHEST    73          1000 PM
 LOWEST     35          1100 AM
 AVERAGE    54

..........................................................


THE BOSTON MA CLIMATE NORMALS FOR TODAY
                         NORMAL    RECORD    YEAR
 MAXIMUM TEMPERATURE (F)   69        97      1880
 MINIMUM TEMPERATURE (F)   53        39      1882


SUNRISE AND SUNSET
MAY 26 2015...........SUNRISE   514 AM EDT   SUNSET   809 PM EDT
MAY 27 2015...........SUNRISE   513 AM EDT   SUNSET   810 PM EDT


-  INDICATES NEGATIVE NUMBERS.
R  INDICATES RECORD WAS SET OR TIED.
MM INDICATES DATA IS MISSING.
T  INDICATES TRACE AMOUNT.




$$
