000
CDUS41 KBOX 060546
CLIBOS


CLIMATE REPORT
NATIONAL WEATHER SERVICE TAUNTON MA
145 AM EDT FRI MAY 6 2016


...................................

...THE BOSTON MA CLIMATE SUMMARY FOR MAY 5 2016...

CLIMATE NORMAL PERIOD 1981 TO 2010
CLIMATE RECORD PERIOD 1872 TO 2016


WEATHER ITEM   OBSERVED TIME   RECORD YEAR NORMAL DEPARTURE LAST
                VALUE   (LST)  VALUE       VALUE  FROM      YEAR
                                                  NORMAL
..................................................................
TEMPERATURE (F)
 YESTERDAY
  MAXIMUM         47    117 PM  89    1949  63    -16       70
  MINIMUM         44    457 PM  35    1907  47     -3       54
                                      1891
                                      1874
  AVERAGE         46                        55     -9       62

PRECIPITATION (IN)
  YESTERDAY        0.15          2.06 1922   0.12   0.03     0.02
  MONTH TO DATE    1.22                      0.54   0.68     0.02
  SINCE MAR 1      7.29                      8.60  -1.31     5.35
  SINCE JAN 1     14.73                     15.21  -0.48    12.29

SNOWFALL (IN)
  YESTERDAY        0.0           T    1917   0.0    0.0      0.0
  MONTH TO DATE    0.0                       0.0    0.0      0.0
  SINCE MAR 1     10.7                       9.7    1.0      8.6
  SINCE JUL 1     36.1                      43.8   -7.7    110.6
  SNOW DEPTH      MM

DEGREE DAYS
 HEATING
  YESTERDAY       19                        11      8        3
  MONTH TO DATE   90                        57     33       53
  SINCE MAR 1   1313                      1396    -83     1532
  SINCE JUL 1   4643                      5438   -795     5847

 COOLING
  YESTERDAY        0                         0      0        0
  MONTH TO DATE    0                         0      0        2
  SINCE MAR 1      3                         3      0        2
  SINCE JAN 1      3                         3      0        2
..................................................................


WIND (MPH)
  RESULTANT WIND SPEED  16   RESULTANT WIND DIRECTION  NE (30)
  HIGHEST WIND SPEED    25   HIGHEST WIND DIRECTION    NE (30)
  HIGHEST GUST SPEED    32   HIGHEST GUST DIRECTION    NE (40)
  AVERAGE WIND SPEED    16.3


SKY COVER
  POSSIBLE SUNSHINE  MM
  AVERAGE SKY COVER 1.0


WEATHER CONDITIONS
 THE FOLLOWING WEATHER WAS RECORDED YESTERDAY.
  LIGHT RAIN
  FOG


RELATIVE HUMIDITY (PERCENT)
 HIGHEST    92          1200 AM
 LOWEST     86           900 AM
 AVERAGE    89

..........................................................


THE BOSTON MA CLIMATE NORMALS FOR TODAY
                         NORMAL    RECORD    YEAR
 MAXIMUM TEMPERATURE (F)   63        90      1930
 MINIMUM TEMPERATURE (F)   47        33      1891


SUNRISE AND SUNSET
MAY  6 2016...........SUNRISE   532 AM EDT   SUNSET   750 PM EDT
MAY  7 2016...........SUNRISE   531 AM EDT   SUNSET   751 PM EDT


-  INDICATES NEGATIVE NUMBERS.
R  INDICATES RECORD WAS SET OR TIED.
MM INDICATES DATA IS MISSING.
T  INDICATES TRACE AMOUNT.




$$
