000
CDUS41 KBOX 060546
CLIBOS


CLIMATE REPORT
NATIONAL WEATHER SERVICE TAUNTON MA
1246 AM EST TUE DEC 6 2016


...................................

...THE BOSTON MA CLIMATE SUMMARY FOR DECEMBER 5 2016...

CLIMATE NORMAL PERIOD 1981 TO 2010
CLIMATE RECORD PERIOD 1872 TO 2016


WEATHER ITEM   OBSERVED TIME   RECORD YEAR NORMAL DEPARTURE LAST
                VALUE   (LST)  VALUE       VALUE  FROM      YEAR
                                                  NORMAL
..................................................................
TEMPERATURE (F)
 YESTERDAY
  MAXIMUM         40    903 PM  66    2001  45     -5       53
  MINIMUM         31    646 AM   4    1926  32     -1       39
  AVERAGE         36                        38     -2       46

PRECIPITATION (IN)
  YESTERDAY        0.14          2.76 1993   0.13   0.01     0.00
  MONTH TO DATE    0.45                      0.66  -0.21     0.46
  SINCE DEC 1      0.45                      0.66  -0.21     0.46
  SINCE JAN 1     30.25                     40.65 -10.40    30.98

SNOWFALL (IN)
  YESTERDAY        0.3           8.0  1926   0.2    0.1      0.0
  MONTH TO DATE    0.3                       0.9   -0.6      0.0
  SINCE DEC 1      0.3                       0.9   -0.6      0.0
  SINCE JUL 1      0.3                       2.2   -1.9       T
  SNOW DEPTH      MM

DEGREE DAYS
 HEATING
  YESTERDAY       29                        27      2       19
  MONTH TO DATE  117                       130    -13      105
  SINCE DEC 1    117                       130    -13      105
  SINCE JUL 1   1032                      1185   -153      960

 COOLING
  YESTERDAY        0                         0      0        0
  MONTH TO DATE    0                         0      0        0
  SINCE DEC 1      0                         0      0        0
  SINCE JAN 1   1035                       747    288      921
..................................................................


WIND (MPH)
  RESULTANT WIND SPEED   6   RESULTANT WIND DIRECTION   W (280)
  HIGHEST WIND SPEED    18   HIGHEST WIND DIRECTION     W (260)
  HIGHEST GUST SPEED    24   HIGHEST GUST DIRECTION     W (270)
  AVERAGE WIND SPEED     7.9


SKY COVER
  POSSIBLE SUNSHINE  MM
  AVERAGE SKY COVER 0.5


WEATHER CONDITIONS
 THE FOLLOWING WEATHER WAS RECORDED YESTERDAY.
  RAIN
  LIGHT RAIN
  SNOW
  LIGHT SNOW
  FOG


RELATIVE HUMIDITY (PERCENT)
 HIGHEST   100           900 AM
 LOWEST     63          1200 AM
 AVERAGE    82

..........................................................


THE BOSTON MA CLIMATE NORMALS FOR TODAY
                         NORMAL    RECORD    YEAR
 MAXIMUM TEMPERATURE (F)   44        72      2001
 MINIMUM TEMPERATURE (F)   32         8      1935


SUNRISE AND SUNSET
DECEMBER  6 2016......SUNRISE   659 AM EST   SUNSET   411 PM EST
DECEMBER  7 2016......SUNRISE   700 AM EST   SUNSET   411 PM EST


-  INDICATES NEGATIVE NUMBERS.
R  INDICATES RECORD WAS SET OR TIED.
MM INDICATES DATA IS MISSING.
T  INDICATES TRACE AMOUNT.




$$
