000
CDUS45 KRIW 010746
CLIBPI


CLIMATE REPORT
NATIONAL WEATHER SERVICE RIVERTON WY
137 AM MDT MON SEP 1 2014


...................................

...THE BIG PINEY WY CLIMATE SUMMARY FOR AUGUST 31 2014...

CLIMATE NORMAL PERIOD 1981 TO 2010
CLIMATE RECORD PERIOD 1976 TO 2014


WEATHER ITEM   OBSERVED TIME   RECORD YEAR NORMAL DEPARTURE LAST
                VALUE   (LST)  VALUE       VALUE  FROM      YEAR
                                                  NORMAL
..................................................................
TEMPERATURE (F)
 YESTERDAY
  MAXIMUM         64    153 PM  86    2013  75    -11       86
  MINIMUM         36   1146 PM  24    2005  36      0       40
  AVERAGE         50                        56     -6       63

PRECIPITATION (IN)
  YESTERDAY        0.02          0.39 2008   0.03  -0.01     0.00
  MONTH TO DATE    1.60                      0.69   0.91     0.41
  SINCE JUN 1      2.22                      2.19   0.03     1.30
  SINCE JAN 1      3.37                      4.66  -1.29     3.00

DEGREE DAYS
 HEATING
  YESTERDAY       15                        10      5        2
  MONTH TO DATE  175                       177     -2       77
  SINCE JUN 1    576                       598    -22      318
  SINCE JUL 1    229                       293    -64      101

 COOLING
  YESTERDAY        0                         0      0        0
  MONTH TO DATE    0                        11    -11        7
  SINCE JUN 1     26                        35     -9       84
  SINCE JAN 1     26                        35     -9       84
..................................................................


WIND (MPH)
  HIGHEST WIND SPEED    23   HIGHEST WIND DIRECTION    NW (310)
  HIGHEST GUST SPEED    28   HIGHEST GUST DIRECTION    NW (300)
  AVERAGE WIND SPEED     9.2


SKY COVER
  POSSIBLE SUNSHINE  MM
  AVERAGE SKY COVER 0.4


WEATHER CONDITIONS
 THE FOLLOWING WEATHER WAS RECORDED YESTERDAY.
  RAIN
  LIGHT RAIN
  FOG


RELATIVE HUMIDITY (PERCENT)
 HIGHEST    92           400 AM
 LOWEST     36           500 PM
 AVERAGE    64

..........................................................


THE BIG PINEY WY CLIMATE NORMALS FOR TODAY
                         NORMAL    RECORD    YEAR
 MAXIMUM TEMPERATURE (F)   74        85      1995
 MINIMUM TEMPERATURE (F)   36        19      1984


SUNRISE AND SUNSET
SEPTEMBER  1 2014.....SUNRISE   645 AM MDT   SUNSET   754 PM MDT
SEPTEMBER  2 2014.....SUNRISE   646 AM MDT   SUNSET   753 PM MDT


-  INDICATES NEGATIVE NUMBERS.
R  INDICATES RECORD WAS SET OR TIED.
MM INDICATES DATA IS MISSING.
T  INDICATES TRACE AMOUNT.




$$
