000
CDUS45 KRIW 240737
CLIBPI


CLIMATE REPORT
NATIONAL WEATHER SERVICE RIVERTON WY
1237 AM MST SAT FEB 24 2018


...................................

...THE BIG PINEY WY CLIMATE SUMMARY FOR FEBRUARY 23 2018...

CLIMATE NORMAL PERIOD 1981 TO 2010
CLIMATE RECORD PERIOD 1976 TO 2018


WEATHER ITEM   OBSERVED TIME   RECORD YEAR NORMAL DEPARTURE LAST
                VALUE   (LST)  VALUE       VALUE  FROM      YEAR
                                                  NORMAL
..................................................................
TEMPERATURE (F)
 YESTERDAY
  MAXIMUM         26    337 PM  44    1995  32     -6       27
  MINIMUM         -4   1046 PM -22    2015   3     -7       17
  AVERAGE         11                        17     -6       22

PRECIPITATION (IN)
  YESTERDAY        T             0.01 2001   0.01  -0.01     0.01
                                      2001
                                      2017
  MONTH TO DATE    T                         0.29  -0.29     0.68
  SINCE DEC 1      0.12                      0.90  -0.78     2.22
  SINCE JAN 1      0.05                      0.60  -0.55     1.67

DEGREE DAYS
 HEATING
  YESTERDAY       54                        48      6       43
  MONTH TO DATE 1027                      1179   -152     1014
  SINCE DEC 1   3689                      4477   -788     4666
  SINCE JUL 1   6245                      7292  -1047     7115

 COOLING
  YESTERDAY        0                         0      0        0
  MONTH TO DATE    0                         0      0        0
  SINCE DEC 1      0                         0      0        0
  SINCE JAN 1      0                         0      0        0
..................................................................


WIND (MPH)
  HIGHEST WIND SPEED    17   HIGHEST WIND DIRECTION     N (340)
  HIGHEST GUST SPEED    20   HIGHEST GUST DIRECTION     N (340)
  AVERAGE WIND SPEED     7.6


SKY COVER
  POSSIBLE SUNSHINE  MM
  AVERAGE SKY COVER 0.4


WEATHER CONDITIONS
 THE FOLLOWING WEATHER WAS RECORDED YESTERDAY.
  LIGHT SNOW
  FOG
  HAZE


RELATIVE HUMIDITY (PERCENT)
 HIGHEST    95           200 AM
 LOWEST     46           400 PM
 AVERAGE    71

..........................................................


THE BIG PINEY WY CLIMATE NORMALS FOR TODAY
                         NORMAL    RECORD    YEAR
 MAXIMUM TEMPERATURE (F)   32        49      1981
 MINIMUM TEMPERATURE (F)    4       -15      1997


SUNRISE AND SUNSET
FEBRUARY 24 2018......SUNRISE   704 AM MST   SUNSET   604 PM MST
FEBRUARY 25 2018......SUNRISE   702 AM MST   SUNSET   605 PM MST


-  INDICATES NEGATIVE NUMBERS.
R  INDICATES RECORD WAS SET OR TIED.
MM INDICATES DATA IS MISSING.
T  INDICATES TRACE AMOUNT.




$$
