000
CDUS45 KRIW 250739
CLIBPI


CLIMATE REPORT
NATIONAL WEATHER SERVICE RIVERTON WY
138 AM MDT THU MAY 25 2017


...................................

...THE BIG PINEY WY CLIMATE SUMMARY FOR MAY 24 2017...

CLIMATE NORMAL PERIOD 1981 TO 2010
CLIMATE RECORD PERIOD 1976 TO 2017


WEATHER ITEM   OBSERVED TIME   RECORD YEAR NORMAL DEPARTURE LAST
                VALUE   (LST)  VALUE       VALUE  FROM      YEAR
                                                  NORMAL
..................................................................
TEMPERATURE (F)
 YESTERDAY
  MAXIMUM         72   1250 PM  80    2001  64      8       59
  MINIMUM         31    514 AM  20    2007  32     -1       27
  AVERAGE         52                        48      4       43

PRECIPITATION (IN)
  YESTERDAY        0.08          0.24 2011   0.03   0.05     0.14
  MONTH TO DATE    1.02                      0.65   0.37     3.72
  SINCE MAR 1      3.64                      1.62   2.02     5.61
  SINCE JAN 1      5.38                      2.28   3.10     5.78

DEGREE DAYS
 HEATING
  YESTERDAY       13                        17     -4       22
  MONTH TO DATE  457                       486    -29      483
  SINCE MAR 1   2420                      2494    -74     2291
  SINCE JUL 1   9850                     10017   -167     9145

 COOLING
  YESTERDAY        0                         0      0        0
  MONTH TO DATE    0                         0      0        0
  SINCE MAR 1      0                         0      0        0
  SINCE JAN 1      0                         0      0        0
..................................................................


WIND (MPH)
  HIGHEST WIND SPEED    45   HIGHEST WIND DIRECTION     W (280)
  HIGHEST GUST SPEED    54   HIGHEST GUST DIRECTION     W (290)
  AVERAGE WIND SPEED    11.6


SKY COVER
  POSSIBLE SUNSHINE  MM
  AVERAGE SKY COVER 0.4


WEATHER CONDITIONS
 THE FOLLOWING WEATHER WAS RECORDED YESTERDAY.
  THUNDERSTORM
  LIGHT RAIN


RELATIVE HUMIDITY (PERCENT)
 HIGHEST    86           900 PM
 LOWEST     28          1000 AM
 AVERAGE    57

..........................................................


THE BIG PINEY WY CLIMATE NORMALS FOR TODAY
                         NORMAL    RECORD    YEAR
 MAXIMUM TEMPERATURE (F)   65        78      2006
                                             2001
 MINIMUM TEMPERATURE (F)   33        21      2004
                                             1990
                                             1989


SUNRISE AND SUNSET
MAY 25 2017...........SUNRISE   549 AM MDT   SUNSET   846 PM MDT
MAY 26 2017...........SUNRISE   549 AM MDT   SUNSET   847 PM MDT


-  INDICATES NEGATIVE NUMBERS.
R  INDICATES RECORD WAS SET OR TIED.
MM INDICATES DATA IS MISSING.
T  INDICATES TRACE AMOUNT.




$$
