000
CDUS45 KRIW 260743
CLIBPI


CLIMATE REPORT
NATIONAL WEATHER SERVICE RIVERTON WY
1228 AM MST THU FEB 26 2015


...................................

...THE BIG PINEY WY CLIMATE SUMMARY FOR FEBRUARY 25 2015...

CLIMATE NORMAL PERIOD 1981 TO 2010
CLIMATE RECORD PERIOD 1976 TO 2015


WEATHER ITEM   OBSERVED TIME   RECORD YEAR NORMAL DEPARTURE LAST
                VALUE   (LST)  VALUE       VALUE  FROM      YEAR
                                                  NORMAL
..................................................................
TEMPERATURE (F)
 YESTERDAY
  MAXIMUM         37    141 PM  51    1981  32      5       43
  MINIMUM         16   1044 PM -12    1997   4     12       14
  AVERAGE         27                        18      9       29

PRECIPITATION (IN)
  YESTERDAY        0.00          0.04 2011   0.01  -0.01     0.00
                                      1993
  MONTH TO DATE    0.04                      0.31  -0.27     0.02
  SINCE DEC 1      0.17                      0.92  -0.75     0.23
  SINCE JAN 1      0.05                      0.62  -0.57     0.04

DEGREE DAYS
 HEATING
  YESTERDAY       38                        47     -9       36
  MONTH TO DATE  924                      1273   -349     1221
  SINCE DEC 1   3735                      4571   -836     4359
  SINCE JUL 1   5963                      7386  -1423     6824

 COOLING
  YESTERDAY        0                         0      0        0
  MONTH TO DATE    0                         0      0        0
  SINCE DEC 1      0                         0      0        0
  SINCE JAN 1      0                         0      0        0
..................................................................


WIND (MPH)
  HIGHEST WIND SPEED    30   HIGHEST WIND DIRECTION     N (350)
  HIGHEST GUST SPEED    35   HIGHEST GUST DIRECTION     N (350)
  AVERAGE WIND SPEED    15.3


SKY COVER
  POSSIBLE SUNSHINE  MM
  AVERAGE SKY COVER 0.2


WEATHER CONDITIONS
 THE FOLLOWING WEATHER WAS RECORDED YESTERDAY.
  NO SIGNIFICANT WEATHER WAS OBSERVED.


RELATIVE HUMIDITY (PERCENT)
 HIGHEST    80          1100 PM
 LOWEST     35          1200 PM
 AVERAGE    58

..........................................................


THE BIG PINEY WY CLIMATE NORMALS FOR TODAY
                         NORMAL    RECORD    YEAR
 MAXIMUM TEMPERATURE (F)   33        48      1988
 MINIMUM TEMPERATURE (F)    5       -22      1987


SUNRISE AND SUNSET
FEBRUARY 26 2015......SUNRISE   701 AM MST   SUNSET   606 PM MST
FEBRUARY 27 2015......SUNRISE   659 AM MST   SUNSET   607 PM MST


-  INDICATES NEGATIVE NUMBERS.
R  INDICATES RECORD WAS SET OR TIED.
MM INDICATES DATA IS MISSING.
T  INDICATES TRACE AMOUNT.




$$
