000
CDUS45 KRIW 210738
CLIBPI


CLIMATE REPORT
NATIONAL WEATHER SERVICE RIVERTON WY
1237 AM MST SAT JAN 21 2017


...................................

...THE BIG PINEY WY CLIMATE SUMMARY FOR JANUARY 20 2017...

CLIMATE NORMAL PERIOD 1981 TO 2010
CLIMATE RECORD PERIOD 1976 TO 2017


WEATHER ITEM   OBSERVED TIME   RECORD YEAR NORMAL DEPARTURE LAST
                VALUE   (LST)  VALUE       VALUE  FROM      YEAR
                                                  NORMAL
..................................................................
TEMPERATURE (F)
 YESTERDAY
  MAXIMUM         11    323 PM  46    1994  26    -15       29
  MINIMUM         -7    906 PM -37    1984  -4     -3        5
  AVERAGE          2                        11     -9       17

PRECIPITATION (IN)
  YESTERDAY        T             0.02 2008   0.01  -0.01     0.01
                                      1997
  MONTH TO DATE    0.53                      0.21   0.32     0.04
  SINCE DEC 1      1.08                      0.51   0.57     0.15
  SINCE JAN 1      0.53                      0.21   0.32     0.04

DEGREE DAYS
 HEATING
  YESTERDAY       63                        54      9       48
  MONTH TO DATE 1299                      1080    219     1044
  SINCE DEC 1   3027                      2704    323     2716
  SINCE JUL 1   5476                      5519    -43     5197

 COOLING
  YESTERDAY        0                         0      0        0
  MONTH TO DATE    0                         0      0        0
  SINCE DEC 1      0                         0      0        0
  SINCE JAN 1      0                         0      0        0
..................................................................


WIND (MPH)
  HIGHEST WIND SPEED     9   HIGHEST WIND DIRECTION     E (70)
  HIGHEST GUST SPEED    10   HIGHEST GUST DIRECTION    NW (330)
  AVERAGE WIND SPEED     3.5


SKY COVER
  POSSIBLE SUNSHINE  MM
  AVERAGE SKY COVER 0.5


WEATHER CONDITIONS
 THE FOLLOWING WEATHER WAS RECORDED YESTERDAY.
  LIGHT SNOW
  FOG
  FOG W/VISIBILITY <= 1/4 MILE


RELATIVE HUMIDITY (PERCENT)
 HIGHEST   100           500 AM
 LOWEST     79           900 AM
 AVERAGE    90

..........................................................


THE BIG PINEY WY CLIMATE NORMALS FOR TODAY
                         NORMAL    RECORD    YEAR
 MAXIMUM TEMPERATURE (F)   26        44      1977
 MINIMUM TEMPERATURE (F)   -4       -23      2008


SUNRISE AND SUNSET
JANUARY 21 2017.......SUNRISE   744 AM MST   SUNSET   520 PM MST
JANUARY 22 2017.......SUNRISE   743 AM MST   SUNSET   522 PM MST


-  INDICATES NEGATIVE NUMBERS.
R  INDICATES RECORD WAS SET OR TIED.
MM INDICATES DATA IS MISSING.
T  INDICATES TRACE AMOUNT.




$$
