000
CDUS45 KRIW 170733
CLIBPI


CLIMATE REPORT
NATIONAL WEATHER SERVICE RIVERTON WY
133 AM MDT WED SEP 17 2014


...................................

...THE BIG PINEY WY CLIMATE SUMMARY FOR SEPTEMBER 16 2014...

CLIMATE NORMAL PERIOD 1981 TO 2010
CLIMATE RECORD PERIOD 1976 TO 2014


WEATHER ITEM   OBSERVED TIME   RECORD YEAR NORMAL DEPARTURE LAST
                VALUE   (LST)  VALUE       VALUE  FROM      YEAR
                                                  NORMAL
..................................................................
TEMPERATURE (F)
 YESTERDAY
  MAXIMUM         81    321 PM  83    2000  68     13       71
  MINIMUM         34    619 AM  15    1987  31      3       43
  AVERAGE         58                        50      8       57

PRECIPITATION (IN)
  YESTERDAY        T             0.46 1996   0.03  -0.03     0.00
  MONTH TO DATE    0.11                      0.41  -0.30     0.65
  SINCE SEP 1      0.11                      0.41  -0.30     0.65
  SINCE JAN 1      3.48                      5.07  -1.59     3.65

DEGREE DAYS
 HEATING
  YESTERDAY        7                        15     -8        8
  MONTH TO DATE  200                       202     -2       84
  SINCE SEP 1    200                       202     -2       84
  SINCE JUL 1    429                       495    -66      185

 COOLING
  YESTERDAY        0                         0      0        0
  MONTH TO DATE    0                         0      0        5
  SINCE SEP 1      0                         0      0        5
  SINCE JAN 1     26                        35     -9       89
..................................................................


WIND (MPH)
  HIGHEST WIND SPEED    22   HIGHEST WIND DIRECTION     N (340)
  HIGHEST GUST SPEED    27   HIGHEST GUST DIRECTION     W (290)
  AVERAGE WIND SPEED     6.6


SKY COVER
  POSSIBLE SUNSHINE  MM
  AVERAGE SKY COVER 0.1


WEATHER CONDITIONS
 THE FOLLOWING WEATHER WAS RECORDED YESTERDAY.
  NO SIGNIFICANT WEATHER WAS OBSERVED.


RELATIVE HUMIDITY (PERCENT)
 HIGHEST    64           200 AM
 LOWEST     19           100 PM
 AVERAGE    42

..........................................................


THE BIG PINEY WY CLIMATE NORMALS FOR TODAY
                         NORMAL    RECORD    YEAR
 MAXIMUM TEMPERATURE (F)   67        83      1990
 MINIMUM TEMPERATURE (F)   31        22      1984


SUNRISE AND SUNSET
SEPTEMBER 17 2014.....SUNRISE   702 AM MDT   SUNSET   726 PM MDT
SEPTEMBER 18 2014.....SUNRISE   703 AM MDT   SUNSET   725 PM MDT


-  INDICATES NEGATIVE NUMBERS.
R  INDICATES RECORD WAS SET OR TIED.
MM INDICATES DATA IS MISSING.
T  INDICATES TRACE AMOUNT.




$$
