000
CDUS45 KRIW 240753
CLIBPI


CLIMATE REPORT
NATIONAL WEATHER SERVICE RIVERTON WY
153 AM MDT SUN SEP 24 2017


...................................

...THE BIG PINEY WY CLIMATE SUMMARY FOR SEPTEMBER 23 2017...

CLIMATE NORMAL PERIOD 1981 TO 2010
CLIMATE RECORD PERIOD 1976 TO 2017


WEATHER ITEM   OBSERVED TIME   RECORD YEAR NORMAL DEPARTURE LAST
                VALUE   (LST)  VALUE       VALUE  FROM      YEAR
                                                  NORMAL
..................................................................
TEMPERATURE (F)
 YESTERDAY
  MAXIMUM         52    449 PM  81    2015  65    -13       50
  MINIMUM         28    635 AM  13    1996  29     -1       39
  AVERAGE         40                        47     -7       45

PRECIPITATION (IN)
  YESTERDAY        0.03          0.44 2000   0.03   0.00     0.05
  MONTH TO DATE    1.04                      0.60   0.44     1.47
  SINCE SEP 1      1.04                      0.60   0.44     1.47
  SINCE JAN 1      8.14                      5.26   2.88     8.95

DEGREE DAYS
 HEATING
  YESTERDAY       25                        18      7       20
  MONTH TO DATE  254                       321    -67      270
  SINCE SEP 1    254                       321    -67      270
  SINCE JUL 1    441                       614   -173      553

 COOLING
  YESTERDAY        0                         0      0        0
  MONTH TO DATE    0                         0      0        0
  SINCE SEP 1      0                         0      0        0
  SINCE JAN 1     27                        35     -8       23
..................................................................


WIND (MPH)
  HIGHEST WIND SPEED    12   HIGHEST WIND DIRECTION     N (350)
  HIGHEST GUST SPEED    16   HIGHEST GUST DIRECTION    NE (40)
  AVERAGE WIND SPEED     4.8


SKY COVER
  POSSIBLE SUNSHINE  MM
  AVERAGE SKY COVER 0.7


WEATHER CONDITIONS
 THE FOLLOWING WEATHER WAS RECORDED YESTERDAY.
  THUNDERSTORM
  LIGHT RAIN


RELATIVE HUMIDITY (PERCENT)
 HIGHEST   100          1200 AM
 LOWEST     44           500 PM
 AVERAGE    72

..........................................................


THE BIG PINEY WY CLIMATE NORMALS FOR TODAY
                         NORMAL    RECORD    YEAR
 MAXIMUM TEMPERATURE (F)   65        81      1987
 MINIMUM TEMPERATURE (F)   29        16      1984


SUNRISE AND SUNSET
SEPTEMBER 24 2017.....SUNRISE   710 AM MDT   SUNSET   714 PM MDT
SEPTEMBER 25 2017.....SUNRISE   711 AM MDT   SUNSET   712 PM MDT


-  INDICATES NEGATIVE NUMBERS.
R  INDICATES RECORD WAS SET OR TIED.
MM INDICATES DATA IS MISSING.
T  INDICATES TRACE AMOUNT.




$$
