000
CDUS45 KRIW 050746
CLIBPI


CLIMATE REPORT
NATIONAL WEATHER SERVICE RIVERTON WY
141 AM MDT SUN JUL 5 2015


...................................

...THE BIG PINEY WY CLIMATE SUMMARY FOR JULY 4 2015...

CLIMATE NORMAL PERIOD 1981 TO 2010
CLIMATE RECORD PERIOD 1976 TO 2015


WEATHER ITEM   OBSERVED TIME   RECORD YEAR NORMAL DEPARTURE LAST
                VALUE   (LST)  VALUE       VALUE  FROM      YEAR
                                                  NORMAL
..................................................................
TEMPERATURE (F)
 YESTERDAY
  MAXIMUM         91    148 PM  92    2001  79     12       83
  MINIMUM         49    523 AM  33    2000  42      7       43
                                      1997
  AVERAGE         70                        60     10       63

PRECIPITATION (IN)
  YESTERDAY        0.00          0.18 1993   0.02  -0.02     0.01
  MONTH TO DATE    T                         0.08  -0.08     0.11
  SINCE JUN 1      0.23                      0.87  -0.64     0.29
  SINCE JAN 1      3.21                      3.34  -0.13     1.44

DEGREE DAYS
 HEATING
  YESTERDAY        0                         5     -5        2
  MONTH TO DATE    0                        22    -22       21
  SINCE JUN 1    135                       327   -192      368
  SINCE JUL 1      0                        22    -22       21

 COOLING
  YESTERDAY        5                         0      5        0
  MONTH TO DATE   18                         0     18        0
  SINCE JUN 1     42                         2     40        0
  SINCE JAN 1     42                         2     40        0
..................................................................


WIND (MPH)
  HIGHEST WIND SPEED    22   HIGHEST WIND DIRECTION    NW (310)
  HIGHEST GUST SPEED    29   HIGHEST GUST DIRECTION    NW (320)
  AVERAGE WIND SPEED     7.7


SKY COVER
  POSSIBLE SUNSHINE  MM
  AVERAGE SKY COVER 0.0


WEATHER CONDITIONS
 THE FOLLOWING WEATHER WAS RECORDED YESTERDAY.
  NO SIGNIFICANT WEATHER WAS OBSERVED.


RELATIVE HUMIDITY (PERCENT)
 HIGHEST    66           600 AM
 LOWEST     12           100 PM
 AVERAGE    39

..........................................................


THE BIG PINEY WY CLIMATE NORMALS FOR TODAY
                         NORMAL    RECORD    YEAR
 MAXIMUM TEMPERATURE (F)   79        90      2001
 MINIMUM TEMPERATURE (F)   42        32      2010
                                             2000
                                             1994


SUNRISE AND SUNSET
JULY  5 2015..........SUNRISE   549 AM MDT   SUNSET   901 PM MDT
JULY  6 2015..........SUNRISE   549 AM MDT   SUNSET   901 PM MDT


-  INDICATES NEGATIVE NUMBERS.
R  INDICATES RECORD WAS SET OR TIED.
MM INDICATES DATA IS MISSING.
T  INDICATES TRACE AMOUNT.




$$
