000
CDUS44 KLCH 282212
CLIBPT


CLIMATE REPORT
NATIONAL WEATHER SERVICE LAKE CHARLES, LA
509 PM CDT TUE MAR 28 2017


...................................

...THE BEAUMONT PORT ARTHUR CLIMATE SUMMARY FOR MARCH 28 2017...
VALID TODAY AS OF 0500 PM LOCAL TIME.

CLIMATE NORMAL PERIOD 1981 TO 2010
CLIMATE RECORD PERIOD 1901 TO 2017


WEATHER ITEM   OBSERVED TIME   RECORD YEAR NORMAL DEPARTURE LAST
                VALUE   (LST)  VALUE       VALUE  FROM      YEAR
                                                  NORMAL
..................................................................
TEMPERATURE (F)
 TODAY
  MAXIMUM         84    123 PM  85    1944  75      9       78
  MINIMUM         69    634 AM  30    1906  55     14       56
  AVERAGE         77                        64     13       67

PRECIPITATION (IN)
  TODAY            0.00          2.25 1992   0.12  -0.12     0.00
  MONTH TO DATE    4.15                      3.20   0.95     4.69
  SINCE MAR 1      4.15                      3.20   0.95     4.69
  SINCE JAN 1      6.20                     12.04  -5.84    10.65

SNOWFALL (IN)
  TODAY            0.0           0.0    MM   0.0    0.0      0.0
  MONTH TO DATE    0.0                       0.0    0.0      0.0
  SINCE MAR 1      0.0                       0.0    0.0      0.0
  SINCE JUL 1      0.0                       T      0.0      0.0
  SNOW DEPTH       0

DEGREE DAYS
 HEATING
  TODAY            0                         3     -3        0
  MONTH TO DATE   54                       139    -85       54
  SINCE MAR 1     54                       139    -85       54
  SINCE JUL 1    609                      1352   -743      878

 COOLING
  TODAY           12                         3      9        2
  MONTH TO DATE  139                        46     93      111
  SINCE MAR 1    139                        46     93      111
  SINCE JAN 1    333                        72    261      142
..................................................................


WIND (MPH)
  HIGHEST WIND SPEED    25   HIGHEST WIND DIRECTION    SE (120)
  HIGHEST GUST SPEED    32   HIGHEST GUST DIRECTION    SE (120)
  AVERAGE WIND SPEED    10.4


SKY COVER
  POSSIBLE SUNSHINE  MM
  AVERAGE SKY COVER 0.8


WEATHER CONDITIONS
 THE FOLLOWING WEATHER WAS RECORDED TODAY.
  FOG


RELATIVE HUMIDITY (PERCENT)
 HIGHEST    97           500 AM
 LOWEST     62          1100 AM
 AVERAGE    80

..........................................................


THE BEAUMONT PORT ARTHUR CLIMATE NORMALS FOR TOMORROW
                         NORMAL    RECORD    YEAR
 MAXIMUM TEMPERATURE (F)   75        87      1974
                                             1946
 MINIMUM TEMPERATURE (F)   55        35      1955
                                             1906


SUNRISE AND SUNSET
MARCH 28 2017.........SUNRISE   710 AM CDT   SUNSET   733 PM CDT
MARCH 29 2017.........SUNRISE   709 AM CDT   SUNSET   733 PM CDT


-  INDICATES NEGATIVE NUMBERS.
R  INDICATES RECORD WAS SET OR TIED.
MM INDICATES DATA IS MISSING.
T  INDICATES TRACE AMOUNT.




$$
