000
CDUS44 KLCH 011245
CLIBPT


CLIMATE REPORT
NATIONAL WEATHER SERVICE LAKE CHARLES, LA
745 AM CDT SUN MAY 1 2016


...................................

...THE BEAUMONT PORT ARTHUR CLIMATE SUMMARY FOR APRIL 30 2016...

CLIMATE NORMAL PERIOD 1981 TO 2010
CLIMATE RECORD PERIOD 1901 TO 2016


WEATHER ITEM   OBSERVED TIME   RECORD YEAR NORMAL DEPARTURE LAST
                VALUE   (LST)  VALUE       VALUE  FROM      YEAR
                                                  NORMAL
..................................................................
TEMPERATURE (F)
 YESTERDAY
  MAXIMUM         88    311 PM  93    1955  81      7       82
  MINIMUM         68    736 AM  42    1996  63      5       53
  AVERAGE         78                        72      6       68

PRECIPITATION (IN)
  YESTERDAY        0.09          2.35 1918   0.13  -0.04     0.00
  MONTH TO DATE    8.39                      3.21   5.18    11.11
  SINCE MAR 1     13.24                      6.74   6.50    19.23
  SINCE JAN 1     19.20                     15.58   3.62    26.21

SNOWFALL (IN)
  YESTERDAY        0.0           0.0    MM   0.0    0.0      0.0
  MONTH TO DATE    0.0                       0.0    0.0      0.0
  SINCE MAR 1      0.0                       0.0    0.0       T
  SINCE JUL 1      0.0                       T      0.0       T
  SNOW DEPTH       0

DEGREE DAYS
 HEATING
  YESTERDAY        0                         0      0        0
  MONTH TO DATE   11                        39    -28        2
  SINCE MAR 1     65                       187   -122      105
  SINCE JUL 1    889                      1400   -511     1362

 COOLING
  YESTERDAY       13                         7      6        3
  MONTH TO DATE  193                       146     47      240
  SINCE MAR 1    325                       201    124      311
  SINCE JAN 1    356                       227    129      319
..................................................................


WIND (MPH)
  HIGHEST WIND SPEED    23   HIGHEST WIND DIRECTION     S (160)
  HIGHEST GUST SPEED    29   HIGHEST GUST DIRECTION    SE (150)
  AVERAGE WIND SPEED     8.9


SKY COVER
  POSSIBLE SUNSHINE  MM
  AVERAGE SKY COVER 0.6


WEATHER CONDITIONS
 THE FOLLOWING WEATHER WAS RECORDED YESTERDAY.
  THUNDERSTORM
  RAIN
  LIGHT RAIN
  FOG


RELATIVE HUMIDITY (PERCENT)
 HIGHEST    94          1200 AM
 LOWEST     51           100 PM
 AVERAGE    73

..........................................................


THE BEAUMONT PORT ARTHUR CLIMATE NORMALS FOR TODAY
                         NORMAL    RECORD    YEAR
 MAXIMUM TEMPERATURE (F)   81        92      1943
                                             1902
 MINIMUM TEMPERATURE (F)   63        45      1903


SUNRISE AND SUNSET
MAY  1 2016...........SUNRISE   633 AM CDT   SUNSET   754 PM CDT
MAY  2 2016...........SUNRISE   632 AM CDT   SUNSET   754 PM CDT


-  INDICATES NEGATIVE NUMBERS.
R  INDICATES RECORD WAS SET OR TIED.
MM INDICATES DATA IS MISSING.
T  INDICATES TRACE AMOUNT.




$$
