000
CDUS44 KLCH 190910
CLIBPT


CLIMATE REPORT
NATIONAL WEATHER SERVICE LAKE CHARLES, LA
304 AM CST SUN NOV 19 2017


...................................

...THE BEAUMONT PORT ARTHUR CLIMATE SUMMARY FOR NOVEMBER 18 2017...

CLIMATE NORMAL PERIOD 1981 TO 2010
CLIMATE RECORD PERIOD 1901 TO 2017


WEATHER ITEM   OBSERVED TIME   RECORD YEAR NORMAL DEPARTURE LAST
                VALUE   (LST)  VALUE       VALUE  FROM      YEAR
                                                  NORMAL
..................................................................
TEMPERATURE (F)
 YESTERDAY
  MAXIMUM         84    311 PM  87    1905  71     13       84
  MINIMUM         57   1159 PM  27    1959  51      6       57
  AVERAGE         71                        61     10       71

PRECIPITATION (IN)
  YESTERDAY        0.00          2.73 2003   0.13  -0.13     0.38
  MONTH TO DATE    1.86                      2.67  -0.81     2.58
  SINCE SEP 1      8.15                     14.22  -6.07     6.99
  SINCE JAN 1     97.75                     53.45  44.30    64.51

SNOWFALL (IN)
  YESTERDAY        0.0           0.0    MM   0.0    0.0      0.0
  MONTH TO DATE    0.0                       0.0    0.0      0.0
  SINCE SEP 1      0.0                       0.0    0.0      0.0
  SINCE JUL 1      0.0                       0.0    0.0      0.0
  SNOW DEPTH       0

DEGREE DAYS
 HEATING
  YESTERDAY        0                         6     -6        0
  MONTH TO DATE   14                        73    -59       12
  SINCE SEP 1     53                       107    -54       16
  SINCE JUL 1     53                       107    -54       16

 COOLING
  YESTERDAY        6                         2      4        6
  MONTH TO DATE  110                        48     62       94
  SINCE SEP 1    809                       672    137      928
  SINCE JAN 1   3102                      2839    263     3381
..................................................................


WIND (MPH)
  HIGHEST WIND SPEED    31   HIGHEST WIND DIRECTION     N (340)
  HIGHEST GUST SPEED    42   HIGHEST GUST DIRECTION     N (340)
  AVERAGE WIND SPEED    14.4


SKY COVER
  POSSIBLE SUNSHINE  MM
  AVERAGE SKY COVER 0.3


WEATHER CONDITIONS
 THE FOLLOWING WEATHER WAS RECORDED YESTERDAY.
  NO SIGNIFICANT WEATHER WAS OBSERVED.


RELATIVE HUMIDITY (PERCENT)
 HIGHEST    97           100 AM
 LOWEST     44           700 PM
 AVERAGE    71

..........................................................


THE BEAUMONT PORT ARTHUR CLIMATE NORMALS FOR TODAY
                         NORMAL    RECORD    YEAR
 MAXIMUM TEMPERATURE (F)   71        84      1908
 MINIMUM TEMPERATURE (F)   51        30      1951


SUNRISE AND SUNSET
NOVEMBER 19 2017......SUNRISE   645 AM CST   SUNSET   518 PM CST
NOVEMBER 20 2017......SUNRISE   645 AM CST   SUNSET   518 PM CST


-  INDICATES NEGATIVE NUMBERS.
R  INDICATES RECORD WAS SET OR TIED.
MM INDICATES DATA IS MISSING.
T  INDICATES TRACE AMOUNT.




$$
