000
CDUS44 KLCH 301245
CLIBPT


CLIMATE REPORT
NATIONAL WEATHER SERVICE LAKE CHARLES, LA
745 AM CDT SUN AUG 30 2015


...................................

...THE BEAUMONT PORT ARTHUR CLIMATE SUMMARY FOR AUGUST 29 2015...

CLIMATE NORMAL PERIOD 1981 TO 2010
CLIMATE RECORD PERIOD 1901 TO 2015


WEATHER ITEM   OBSERVED TIME   RECORD YEAR NORMAL DEPARTURE LAST
                VALUE   (LST)  VALUE       VALUE  FROM      YEAR
                                                  NORMAL
..................................................................
TEMPERATURE (F)
 YESTERDAY
  MAXIMUM         91    152 PM 104    2011  91      0       87
  MINIMUM         66    526 AM  62    1952  74     -8       75
  AVERAGE         79                        82     -3       81

PRECIPITATION (IN)
  YESTERDAY        0.00          5.32 1945   0.19  -0.19     0.21
  MONTH TO DATE    5.67                      4.98   0.69     2.03
  SINCE JUN 1     13.44                     18.02  -4.58    19.78
  SINCE JAN 1     47.42                     38.83   8.59    32.23

SNOWFALL (IN)
  YESTERDAY        0.0           0.0    MM   0.0    0.0      0.0
  MONTH TO DATE    0.0                       0.0    0.0      0.0
  SINCE JUN 1      0.0                       0.0    0.0      0.0
  SINCE JUL 1      0.0                       0.0    0.0      0.0
  SNOW DEPTH       0

DEGREE DAYS
 HEATING
  YESTERDAY        0                         0      0        0
  MONTH TO DATE    0                         0      0        0
  SINCE JUN 1      0                         0      0        0
  SINCE JUL 1      0                         0      0        0

 COOLING
  YESTERDAY       14                        17     -3       16
  MONTH TO DATE  570                       521     49      555
  SINCE JUN 1   1708                      1561    147     1617
  SINCE JAN 1   2433                      2127    306     2111
..................................................................


WIND (MPH)
  HIGHEST WIND SPEED    12   HIGHEST WIND DIRECTION     S (180)
  HIGHEST GUST SPEED    15   HIGHEST GUST DIRECTION     S (160)
  AVERAGE WIND SPEED     3.5


SKY COVER
  POSSIBLE SUNSHINE  MM
  AVERAGE SKY COVER 0.1


WEATHER CONDITIONS
 THE FOLLOWING WEATHER WAS RECORDED YESTERDAY.
  NO SIGNIFICANT WEATHER WAS OBSERVED.


RELATIVE HUMIDITY (PERCENT)
 HIGHEST   100           600 AM
 LOWEST     44           200 PM
 AVERAGE    72

..........................................................


THE BEAUMONT PORT ARTHUR CLIMATE NORMALS FOR TODAY
                         NORMAL    RECORD    YEAR
 MAXIMUM TEMPERATURE (F)   91       103      2000
 MINIMUM TEMPERATURE (F)   73        58      1911


SUNRISE AND SUNSET
AUGUST 30 2015........SUNRISE   652 AM CDT   SUNSET   741 PM CDT
AUGUST 31 2015........SUNRISE   652 AM CDT   SUNSET   740 PM CDT


-  INDICATES NEGATIVE NUMBERS.
R  INDICATES RECORD WAS SET OR TIED.
MM INDICATES DATA IS MISSING.
T  INDICATES TRACE AMOUNT.




$$
