000
CDUS44 KLCH 280831
CLIBPT


CLIMATE REPORT
NATIONAL WEATHER SERVICE LAKE CHARLES, LA
230 AM CST SAT FEB 28 2015


...................................

...THE BEAUMONT PORT ARTHUR CLIMATE SUMMARY FOR FEBRUARY 27 2015...

CLIMATE NORMAL PERIOD 1981 TO 2010
CLIMATE RECORD PERIOD 1901 TO 2015


WEATHER ITEM   OBSERVED TIME   RECORD YEAR NORMAL DEPARTURE LAST
                VALUE   (LST)  VALUE       VALUE  FROM      YEAR
                                                  NORMAL
..................................................................
TEMPERATURE (F)
 YESTERDAY
  MAXIMUM         53    441 PM  83    1956  68    -15       55
  MINIMUM         37    821 AM  21    2002  49    -12       36
  AVERAGE         45                        58    -13       46

PRECIPITATION (IN)
  YESTERDAY        0.00          3.96 1910   0.12  -0.12     0.00
  MONTH TO DATE    0.99                      3.46  -2.47     5.45
  SINCE DEC 1     10.12                     14.01  -3.89     8.01
  SINCE JAN 1      6.98                      8.72  -1.74     6.72

SNOWFALL (IN)
  YESTERDAY        0.0           0.0    MM   0.0    0.0      0.0
  MONTH TO DATE    0.0                       0.0    0.0       T
  SINCE DEC 1      0.0                       T      0.0      0.3
  SINCE JUL 1      0.0                       T      0.0      0.3
  SNOW DEPTH       0

DEGREE DAYS
 HEATING
  YESTERDAY       20                         7     13       19
  MONTH TO DATE  316                       263     53      301
  SINCE DEC 1   1005                      1011     -6     1215
  SINCE JUL 1   1242                      1206     36     1457

 COOLING
  YESTERDAY        0                         1     -1        0
  MONTH TO DATE    8                        15     -7       24
  SINCE DEC 1     28                        48    -20       48
  SINCE JAN 1      8                        26    -18       24
..................................................................


WIND (MPH)
  HIGHEST WIND SPEED    24   HIGHEST WIND DIRECTION     E (70)
  HIGHEST GUST SPEED    33   HIGHEST GUST DIRECTION    NE (50)
  AVERAGE WIND SPEED    11.6


SKY COVER
  POSSIBLE SUNSHINE  MM
  AVERAGE SKY COVER 0.5


WEATHER CONDITIONS
 THE FOLLOWING WEATHER WAS RECORDED YESTERDAY.
  NO SIGNIFICANT WEATHER WAS OBSERVED.


RELATIVE HUMIDITY (PERCENT)
 HIGHEST    79          1200 AM
 LOWEST     48           300 PM
 AVERAGE    64

..........................................................


THE BEAUMONT PORT ARTHUR CLIMATE NORMALS FOR TODAY
                         NORMAL    RECORD    YEAR
 MAXIMUM TEMPERATURE (F)   68        83      1932
                                             1918
 MINIMUM TEMPERATURE (F)   49        30      1935


SUNRISE AND SUNSET
FEBRUARY 28 2015......SUNRISE   643 AM CST   SUNSET   614 PM CST
MARCH  1 2015.........SUNRISE   642 AM CST   SUNSET   615 PM CST


-  INDICATES NEGATIVE NUMBERS.
R  INDICATES RECORD WAS SET OR TIED.
MM INDICATES DATA IS MISSING.
T  INDICATES TRACE AMOUNT.




$$
