000
CDUS44 KLCH 170848
CLIBPT


CLIMATE REPORT
NATIONAL WEATHER SERVICE LAKE CHARLES, LA
247 AM CST WED JAN 17 2018


...................................

...THE BEAUMONT PORT ARTHUR CLIMATE SUMMARY FOR JANUARY 16 2018...

CLIMATE NORMAL PERIOD 1981 TO 2010
CLIMATE RECORD PERIOD 1901 TO 2018


WEATHER ITEM   OBSERVED TIME   RECORD YEAR NORMAL DEPARTURE LAST
                VALUE   (LST)  VALUE       VALUE  FROM      YEAR
                                                  NORMAL
..................................................................
TEMPERATURE (F)
 YESTERDAY
  MAXIMUM         52    217 AM  82    2017  62    -10       82
  MINIMUM         26   1159 PM  22    1972  43    -17       65
  AVERAGE         39                        52    -13       74

PRECIPITATION (IN)
  YESTERDAY        0.21          2.51 1919   0.17   0.04     0.00
  MONTH TO DATE    2.43                      2.82  -0.39     0.85
  SINCE DEC 1      8.04                      8.11  -0.07    13.87
  SINCE JAN 1      2.43                      2.82  -0.39     0.85

SNOWFALL (IN)
  YESTERDAY       MM             0.0    MM   0.0   MM        0.0
  MONTH TO DATE    T                         0.0    0.0      0.0
  SINCE DEC 1      3.0                       T      3.0      0.0
  SINCE JUL 1      3.0                       T      3.0      0.0
  SNOW DEPTH       0

DEGREE DAYS
 HEATING
  YESTERDAY       26                        13     13        0
  MONTH TO DATE  316                       208    108      123
  SINCE DEC 1    683                       563    120      344
  SINCE JUL 1    813                       758     55      414

 COOLING
  YESTERDAY        0                         0      0        9
  MONTH TO DATE    0                         0      0       46
  SINCE DEC 1     18                        22     -4      116
  SINCE JAN 1      0                         0      0       46
..................................................................


WIND (MPH)
  HIGHEST WIND SPEED    26   HIGHEST WIND DIRECTION     N (350)
  HIGHEST GUST SPEED    36   HIGHEST GUST DIRECTION     N (360)
  AVERAGE WIND SPEED    16.1


SKY COVER
  POSSIBLE SUNSHINE  MM
  AVERAGE SKY COVER 1.0


WEATHER CONDITIONS
 THE FOLLOWING WEATHER WAS RECORDED YESTERDAY.
  LIGHT RAIN
  LIGHT SNOW
  SLEET
  FOG


RELATIVE HUMIDITY (PERCENT)
 HIGHEST    96           600 AM
 LOWEST     75           900 PM
 AVERAGE    86

..........................................................


THE BEAUMONT PORT ARTHUR CLIMATE NORMALS FOR TODAY
                         NORMAL    RECORD    YEAR
 MAXIMUM TEMPERATURE (F)   62        81      1906
 MINIMUM TEMPERATURE (F)   43        20      1965


SUNRISE AND SUNSET
JANUARY 17 2018.......SUNRISE   712 AM CST   SUNSET   540 PM CST
JANUARY 18 2018.......SUNRISE   712 AM CST   SUNSET   541 PM CST


-  INDICATES NEGATIVE NUMBERS.
R  INDICATES RECORD WAS SET OR TIED.
MM INDICATES DATA IS MISSING.
T  INDICATES TRACE AMOUNT.




$$
