000
CDUS44 KLCH 282217
CLIBPT


CLIMATE REPORT
NATIONAL WEATHER SERVICE LAKE CHARLES, LA
416 PM CST SUN DEC 28 2014


...................................

...THE BEAUMONT PORT ARTHUR CLIMATE SUMMARY FOR DECEMBER 28 2014...
VALID TODAY AS OF 0400 PM LOCAL TIME.

CLIMATE NORMAL PERIOD 1981 TO 2010
CLIMATE RECORD PERIOD 1901 TO 2014


WEATHER ITEM   OBSERVED TIME   RECORD YEAR NORMAL DEPARTURE LAST
                VALUE   (LST)  VALUE       VALUE  FROM      YEAR
                                                  NORMAL
..................................................................
TEMPERATURE (F)
 TODAY
  MAXIMUM         50    535 AM  79    1981  62    -12       57
  MINIMUM         47    359 PM  23    1925  43      4       37
  AVERAGE         49                        53     -4       47

PRECIPITATION (IN)
  TODAY            0.47          2.63 1927   0.18   0.29     0.00
  MONTH TO DATE    3.04                      4.76  -1.72     1.29
  SINCE DEC 1      3.04                      4.76  -1.72     1.29
  SINCE JAN 1     51.75                     59.94  -8.19    56.12

SNOWFALL (IN)
  TODAY           MM             T    1939   0.0   MM        0.0
  MONTH TO DATE    0.0                       0.0    0.0      0.0
  SINCE DEC 1      0.0                       0.0    0.0      0.0
  SINCE JUL 1      0.0                       0.0    0.0      0.0
  SNOW DEPTH       0

DEGREE DAYS
 HEATING
  TODAY           16                        13      3       18
  MONTH TO DATE  192                       317   -125      362
  SINCE DEC 1    192                       317   -125      362
  SINCE JUL 1    429                       512    -83      604

 COOLING
  TODAY            0                         1     -1        0
  MONTH TO DATE   20                        28     -8       24
  SINCE DEC 1     20                        28     -8       24
  SINCE JAN 1   2931                      2883     48     3019
..................................................................


WIND (MPH)
  HIGHEST WIND SPEED    20   HIGHEST WIND DIRECTION     N (340)
  HIGHEST GUST SPEED    26   HIGHEST GUST DIRECTION     N (340)
  AVERAGE WIND SPEED    10.3


SKY COVER
  POSSIBLE SUNSHINE  MM
  AVERAGE SKY COVER 0.9


WEATHER CONDITIONS
 THE FOLLOWING WEATHER WAS RECORDED TODAY.
  RAIN
  LIGHT RAIN
  FOG


RELATIVE HUMIDITY (PERCENT)
 HIGHEST    93           100 AM
 LOWEST     86           500 AM
 AVERAGE    90

..........................................................


THE BEAUMONT PORT ARTHUR CLIMATE NORMALS FOR TOMORROW
                         NORMAL    RECORD    YEAR
 MAXIMUM TEMPERATURE (F)   62        79      1984
 MINIMUM TEMPERATURE (F)   43        26      1961


SUNRISE AND SUNSET
DECEMBER 28 2014......SUNRISE   711 AM CST   SUNSET   525 PM CST
DECEMBER 29 2014......SUNRISE   711 AM CST   SUNSET   525 PM CST


-  INDICATES NEGATIVE NUMBERS.
R  INDICATES RECORD WAS SET OR TIED.
MM INDICATES DATA IS MISSING.
T  INDICATES TRACE AMOUNT.




$$
