000
CDUS43 KDVN 290905
CLIBRL


CLIMATE REPORT
NATIONAL WEATHER SERVICE QUAD CITIES IA IL
405 AM CDT MON MAY 29 2017


...................................

...THE BURLINGTON IA CLIMATE SUMMARY FOR MAY 28 2017...

CLIMATE NORMAL PERIOD 1981 TO 2010
CLIMATE RECORD PERIOD 1897 TO 2017


WEATHER ITEM   OBSERVED TIME   RECORD YEAR NORMAL DEPARTURE LAST
                VALUE   (LST)  VALUE       VALUE  FROM      YEAR
                                                  NORMAL
..................................................................
TEMPERATURE (F)
 YESTERDAY
  MAXIMUM         79    425 PM  94    2006  78      1       81
  MINIMUM         59    510 AM  37    1947  57      2       66
  AVERAGE         69                        68      1       74

PRECIPITATION (IN)
  YESTERDAY        0.00         MM      MM   0.14  -0.14     0.03
  MONTH TO DATE    3.32                      4.39  -1.07     2.57
  SINCE MAR 1     12.29                     10.94   1.35     9.04
  SINCE JAN 1     14.15                     13.80   0.35    10.42

DEGREE DAYS
 HEATING
  YESTERDAY        0                         2     -2        0
  MONTH TO DATE  134                       120     14      158
  SINCE MAR 1   1112                      1204    -92     1114
  SINCE JUL 1   4806                      5582   -776     4996

 COOLING
  YESTERDAY        4                         5     -1        9
  MONTH TO DATE   55                        69    -14       57
  SINCE MAR 1     75                        89    -14       75
  SINCE JAN 1     75                        89    -14       75
..................................................................


WIND (MPH)
  HIGHEST WIND SPEED    20   HIGHEST WIND DIRECTION     W (280)
  HIGHEST GUST SPEED    27   HIGHEST GUST DIRECTION     W (290)
  AVERAGE WIND SPEED     8.5


SKY COVER
  POSSIBLE SUNSHINE  MM
  AVERAGE SKY COVER 0.3


WEATHER CONDITIONS
 THE FOLLOWING WEATHER WAS RECORDED YESTERDAY.
  FOG
  HAZE


RELATIVE HUMIDITY (PERCENT)
 HIGHEST   100           200 AM
 LOWEST     32           500 PM
 AVERAGE    66

..........................................................


THE BURLINGTON IA CLIMATE NORMALS FOR TODAY
                         NORMAL    RECORD    YEAR
 MAXIMUM TEMPERATURE (F)   79        98      1934
 MINIMUM TEMPERATURE (F)   57        36      1947


SUNRISE AND SUNSET
MAY 29 2017...........SUNRISE   537 AM CDT   SUNSET   828 PM CDT
MAY 30 2017...........SUNRISE   536 AM CDT   SUNSET   828 PM CDT


-  INDICATES NEGATIVE NUMBERS.
R  INDICATES RECORD WAS SET OR TIED.
MM INDICATES DATA IS MISSING.
T  INDICATES TRACE AMOUNT.




$$
