000
CDUS43 KDVN 270921
CLIBRL


CLIMATE REPORT
NATIONAL WEATHER SERVICE QUAD CITIES IA IL
421 AM CDT SAT AUG 27 2016


...................................

...THE BURLINGTON IA CLIMATE SUMMARY FOR AUGUST 26 2016...

CLIMATE NORMAL PERIOD 1981 TO 2010
CLIMATE RECORD PERIOD 1897 TO 2016


WEATHER ITEM   OBSERVED TIME   RECORD YEAR NORMAL DEPARTURE LAST
                VALUE   (LST)  VALUE       VALUE  FROM      YEAR
                                                  NORMAL
..................................................................
TEMPERATURE (F)
 YESTERDAY
  MAXIMUM         79    327 PM  99    2003  84     -5       78
  MINIMUM         66    655 AM  46    1910  64      2       51
  AVERAGE         73                        74     -1       65

PRECIPITATION (IN)
  YESTERDAY        0.13         MM      MM   0.14  -0.01     0.00
  MONTH TO DATE    4.89                      3.55   1.34     3.47
  SINCE JUN 1     13.26                     12.27   0.99    19.63
  SINCE JAN 1     24.11                     26.53  -2.42    28.59

DEGREE DAYS
 HEATING
  YESTERDAY        0                         0      0        0
  MONTH TO DATE    0                         0      0        2
  SINCE JUN 1      6                        14     -8       11
  SINCE JUL 1      6                         1      5        6

 COOLING
  YESTERDAY        8                         9     -1        0
  MONTH TO DATE  255                       271    -16      192
  SINCE JUN 1    873                       897    -24      728
  SINCE JAN 1    972                      1000    -28      821
..................................................................


WIND (MPH)
  HIGHEST WIND SPEED    14   HIGHEST WIND DIRECTION     E (80)
  HIGHEST GUST SPEED    19   HIGHEST GUST DIRECTION     E (110)
  AVERAGE WIND SPEED     6.9


SKY COVER
  POSSIBLE SUNSHINE  MM
  AVERAGE SKY COVER 0.6


WEATHER CONDITIONS
 THE FOLLOWING WEATHER WAS RECORDED YESTERDAY.
  THUNDERSTORM
  LIGHT RAIN
  FOG
  HAZE


RELATIVE HUMIDITY (PERCENT)
 HIGHEST   100          1000 PM
 LOWEST     67           200 PM
 AVERAGE    84

..........................................................


THE BURLINGTON IA CLIMATE NORMALS FOR TODAY
                         NORMAL    RECORD    YEAR
 MAXIMUM TEMPERATURE (F)   84        97      1955
 MINIMUM TEMPERATURE (F)   64        44      1915


SUNRISE AND SUNSET
AUGUST 27 2016........SUNRISE   627 AM CDT   SUNSET   744 PM CDT
AUGUST 28 2016........SUNRISE   628 AM CDT   SUNSET   742 PM CDT


-  INDICATES NEGATIVE NUMBERS.
R  INDICATES RECORD WAS SET OR TIED.
MM INDICATES DATA IS MISSING.
T  INDICATES TRACE AMOUNT.




$$
