000
CDUS43 KDVN 010901
CLIBRL


CLIMATE REPORT
NATIONAL WEATHER SERVICE QUAD CITIES IA IL
400 AM CDT SAT OCT 1 2016


...................................

...THE BURLINGTON IA CLIMATE SUMMARY FOR SEPTEMBER 30 2016...

CLIMATE NORMAL PERIOD 1981 TO 2010
CLIMATE RECORD PERIOD 1897 TO 2016


WEATHER ITEM   OBSERVED TIME   RECORD YEAR NORMAL DEPARTURE LAST
                VALUE   (LST)  VALUE       VALUE  FROM      YEAR
                                                  NORMAL
..................................................................
TEMPERATURE (F)
 YESTERDAY
  MAXIMUM         67    234 PM  91    1994  73     -6       67
  MINIMUM         53    623 AM  23    1899  50      3       48
  AVERAGE         60                        61     -1       58

PRECIPITATION (IN)
  YESTERDAY        T            MM      MM   0.09  -0.09     0.00
  MONTH TO DATE    3.23                      3.52  -0.29     1.09
  SINCE SEP 1      3.23                      3.52  -0.29     1.09
  SINCE JAN 1     27.48                     30.77  -3.29    29.68

DEGREE DAYS
 HEATING
  YESTERDAY        5                         6     -1        7
  MONTH TO DATE   24                        67    -43       39
  SINCE SEP 1     24                        67    -43       39
  SINCE JUL 1     30                        71    -41       46

 COOLING
  YESTERDAY        0                         2     -2        0
  MONTH TO DATE  196                       139     57      227
  SINCE SEP 1    196                       139     57      227
  SINCE JAN 1   1229                      1182     47     1079
..................................................................


WIND (MPH)
  HIGHEST WIND SPEED    17   HIGHEST WIND DIRECTION     N (10)
  HIGHEST GUST SPEED    23   HIGHEST GUST DIRECTION     N (20)
  AVERAGE WIND SPEED    10.6


SKY COVER
  POSSIBLE SUNSHINE  MM
  AVERAGE SKY COVER 0.8


WEATHER CONDITIONS
 THE FOLLOWING WEATHER WAS RECORDED YESTERDAY.
  FOG


RELATIVE HUMIDITY (PERCENT)
 HIGHEST   100           600 AM
 LOWEST     78          1200 AM
 AVERAGE    89

..........................................................


THE BURLINGTON IA CLIMATE NORMALS FOR TODAY
                         NORMAL    RECORD    YEAR
 MAXIMUM TEMPERATURE (F)   72        93      1897
 MINIMUM TEMPERATURE (F)   50        30      2003


SUNRISE AND SUNSET
OCTOBER  1 2016.......SUNRISE   702 AM CDT   SUNSET   646 PM CDT
OCTOBER  2 2016.......SUNRISE   703 AM CDT   SUNSET   644 PM CDT


-  INDICATES NEGATIVE NUMBERS.
R  INDICATES RECORD WAS SET OR TIED.
MM INDICATES DATA IS MISSING.
T  INDICATES TRACE AMOUNT.




$$
