000
CDUS43 KDVN 250911
CLIBRL


CLIMATE REPORT
NATIONAL WEATHER SERVICE QUAD CITIES IA IL
411 AM CDT TUE APR 25 2017


...................................

...THE BURLINGTON IA CLIMATE SUMMARY FOR APRIL 24 2017...

CLIMATE NORMAL PERIOD 1981 TO 2010
CLIMATE RECORD PERIOD 1897 TO 2017


WEATHER ITEM   OBSERVED TIME   RECORD YEAR NORMAL DEPARTURE LAST
                VALUE   (LST)  VALUE       VALUE  FROM      YEAR
                                                  NORMAL
..................................................................
TEMPERATURE (F)
 YESTERDAY
  MAXIMUM         76    254 PM  85    1954  68      8       79
  MINIMUM         44    402 AM  22    1956  46     -2       54
  AVERAGE         60                        57      3       67

PRECIPITATION (IN)
  YESTERDAY        0.00         MM      MM   0.15  -0.15     0.00
  MONTH TO DATE    3.08                      2.86   0.22     1.64
  SINCE MAR 1      6.06                      5.65   0.41     4.85
  SINCE JAN 1      7.92                      8.51  -0.59     6.23

DEGREE DAYS
 HEATING
  YESTERDAY        5                         9     -4        0
  MONTH TO DATE  208                       308   -100      314
  SINCE MAR 1    899                      1036   -137      896
  SINCE JUL 1   4593                      5414   -821     4778

 COOLING
  YESTERDAY        0                         1     -1        2
  MONTH TO DATE   19                        14      5       10
  SINCE MAR 1     19                        16      3       11
  SINCE JAN 1     19                        16      3       11
..................................................................


WIND (MPH)
  HIGHEST WIND SPEED    20   HIGHEST WIND DIRECTION    SE (150)
  HIGHEST GUST SPEED    25   HIGHEST GUST DIRECTION    SE (150)
  AVERAGE WIND SPEED     8.9


SKY COVER
  POSSIBLE SUNSHINE  MM
  AVERAGE SKY COVER 0.0


WEATHER CONDITIONS
 THE FOLLOWING WEATHER WAS RECORDED YESTERDAY.
  NO SIGNIFICANT WEATHER WAS OBSERVED.


RELATIVE HUMIDITY (PERCENT)
 HIGHEST    70           400 AM
 LOWEST     19           400 PM
 AVERAGE    45

..........................................................


THE BURLINGTON IA CLIMATE NORMALS FOR TODAY
                         NORMAL    RECORD    YEAR
 MAXIMUM TEMPERATURE (F)   68        92      1986
 MINIMUM TEMPERATURE (F)   46        29      1910


SUNRISE AND SUNSET
APRIL 25 2017.........SUNRISE   611 AM CDT   SUNSET   755 PM CDT
APRIL 26 2017.........SUNRISE   609 AM CDT   SUNSET   756 PM CDT


-  INDICATES NEGATIVE NUMBERS.
R  INDICATES RECORD WAS SET OR TIED.
MM INDICATES DATA IS MISSING.
T  INDICATES TRACE AMOUNT.




$$
