000
CDUS43 KDVN 240936
CLIBRL


CLIMATE REPORT
NATIONAL WEATHER SERVICE QUAD CITIES IA IL
435 AM CDT SUN SEP 24 2017


...................................

...THE BURLINGTON IA CLIMATE SUMMARY FOR SEPTEMBER 23 2017...

CLIMATE NORMAL PERIOD 1981 TO 2010
CLIMATE RECORD PERIOD 1897 TO 2017


WEATHER ITEM   OBSERVED TIME   RECORD YEAR NORMAL DEPARTURE LAST
                VALUE   (LST)  VALUE       VALUE  FROM      YEAR
                                                  NORMAL
..................................................................
TEMPERATURE (F)
 YESTERDAY
  MAXIMUM         93R   247 PM  93    2007  76     17       87
  MINIMUM         66    558 AM  33    1913  53     13       67
  AVERAGE         80                        64     16       77

PRECIPITATION (IN)
  YESTERDAY        0.00         MM      MM   0.11  -0.11     0.00
  MONTH TO DATE    0.12                      2.80  -2.68     3.23
  SINCE SEP 1      0.12                      2.80  -2.68     3.23
  SINCE JAN 1     25.45                     30.05  -4.60    27.48

DEGREE DAYS
 HEATING
  YESTERDAY        0                         3     -3        0
  MONTH TO DATE   23                        34    -11        3
  SINCE SEP 1     23                        34    -11        3
  SINCE JUL 1     23                        38    -15        9

 COOLING
  YESTERDAY       15                         3     12       12
  MONTH TO DATE  120                       124     -4      177
  SINCE SEP 1    120                       124     -4      177
  SINCE JAN 1    994                      1167   -173     1210
..................................................................


WIND (MPH)
  HIGHEST WIND SPEED    12   HIGHEST WIND DIRECTION     S (180)
  HIGHEST GUST SPEED    14   HIGHEST GUST DIRECTION    SE (140)
  AVERAGE WIND SPEED     4.8


SKY COVER
  POSSIBLE SUNSHINE  MM
  AVERAGE SKY COVER 0.0


WEATHER CONDITIONS
 THE FOLLOWING WEATHER WAS RECORDED YESTERDAY.
  NO SIGNIFICANT WEATHER WAS OBSERVED.


RELATIVE HUMIDITY (PERCENT)
 HIGHEST    93           500 AM
 LOWEST     38           100 PM
 AVERAGE    66

..........................................................


THE BURLINGTON IA CLIMATE NORMALS FOR TODAY
                         NORMAL    RECORD    YEAR
 MAXIMUM TEMPERATURE (F)   75        91      2007
 MINIMUM TEMPERATURE (F)   53        33      1942


SUNRISE AND SUNSET
SEPTEMBER 24 2017.....SUNRISE   654 AM CDT   SUNSET   658 PM CDT
SEPTEMBER 25 2017.....SUNRISE   655 AM CDT   SUNSET   656 PM CDT


-  INDICATES NEGATIVE NUMBERS.
R  INDICATES RECORD WAS SET OR TIED.
MM INDICATES DATA IS MISSING.
T  INDICATES TRACE AMOUNT.




$$
