000
CDUS43 KDVN 191016
CLIBRL


CLIMATE REPORT
NATIONAL WEATHER SERVICE QUAD CITIES IA IL
416 AM CST SUN FEB 19 2017


...................................

...THE BURLINGTON IA CLIMATE SUMMARY FOR FEBRUARY 18 2017...

CLIMATE NORMAL PERIOD 1981 TO 2010
CLIMATE RECORD PERIOD 1897 TO 2017


WEATHER ITEM   OBSERVED TIME   RECORD YEAR NORMAL DEPARTURE LAST
                VALUE   (LST)  VALUE       VALUE  FROM      YEAR
                                                  NORMAL
..................................................................
TEMPERATURE (F)
 YESTERDAY
  MAXIMUM         69R   412 PM  65    1913  40     29       48
  MINIMUM         40   1158 PM -14    1936  22     18       31
  AVERAGE         55                        31     24       40

PRECIPITATION (IN)
  YESTERDAY        0.00         MM      MM   0.06  -0.06     0.00
  MONTH TO DATE    0.08                      0.93  -0.85     0.84
  SINCE DEC 1      2.52                      4.26  -1.74     5.89
  SINCE JAN 1      1.54                      2.17  -0.63     1.38

DEGREE DAYS
 HEATING
  YESTERDAY       10                        34    -24       25
  MONTH TO DATE  517                       655   -138      694
  SINCE DEC 1   2778                      2983   -205     2713
  SINCE JUL 1   3534                      4056   -522     3630

 COOLING
  YESTERDAY        0                         0      0        0
  MONTH TO DATE    0                         0      0        0
  SINCE DEC 1      0                         0      0        0
  SINCE JAN 1      0                         0      0        0
..................................................................


WIND (MPH)
  HIGHEST WIND SPEED    12   HIGHEST WIND DIRECTION    SW (230)
  HIGHEST GUST SPEED    14   HIGHEST GUST DIRECTION    SW (230)
  AVERAGE WIND SPEED     5.0


SKY COVER
  POSSIBLE SUNSHINE  MM
  AVERAGE SKY COVER 0.0


WEATHER CONDITIONS
 THE FOLLOWING WEATHER WAS RECORDED YESTERDAY.
  HAZE


RELATIVE HUMIDITY (PERCENT)
 HIGHEST    76           800 AM
 LOWEST     32           400 PM
 AVERAGE    54

..........................................................


THE BURLINGTON IA CLIMATE NORMALS FOR TODAY
                         NORMAL    RECORD    YEAR
 MAXIMUM TEMPERATURE (F)   40        70      1930
 MINIMUM TEMPERATURE (F)   23        -9      1936


SUNRISE AND SUNSET
FEBRUARY 19 2017......SUNRISE   653 AM CST   SUNSET   544 PM CST
FEBRUARY 20 2017......SUNRISE   651 AM CST   SUNSET   546 PM CST


-  INDICATES NEGATIVE NUMBERS.
R  INDICATES RECORD WAS SET OR TIED.
MM INDICATES DATA IS MISSING.
T  INDICATES TRACE AMOUNT.




$$
