000
CDUS44 KBRO 202125
CLIBRO


CLIMATE REPORT
NATIONAL WEATHER SERVICE BROWNSVILLE TX
425 PM CDT MON OCT 20 2014


...................................

...THE BROWNSVILLE CLIMATE SUMMARY FOR OCTOBER 20 2014...
VALID TODAY AS OF 0400 PM LOCAL TIME.

CLIMATE NORMAL PERIOD 1981 TO 2010
CLIMATE RECORD PERIOD 1878 TO 2014


WEATHER ITEM   OBSERVED TIME   RECORD YEAR NORMAL DEPARTURE LAST
                VALUE   (LST)  VALUE       VALUE  FROM      YEAR
                                                  NORMAL
..................................................................
TEMPERATURE (F)
 TODAY
  MAXIMUM         89    125 PM  94    1918  85      4       83
  MINIMUM         71    336 AM  40    1989  66      5       63
  AVERAGE         80                        76      4       73

PRECIPITATION (IN)
  TODAY            0.00          1.22 2006   0.12  -0.12      T
  MONTH TO DATE    2.06                      2.68  -0.62     0.84
  SINCE SEP 1     12.42                      8.60   3.82    12.72
  SINCE JAN 1     21.94                     23.41  -1.47    22.77

SNOWFALL (IN)
  TODAY            0.0           0.0  2002   0.0
                                      2001
  MONTH TO DATE    0.0                       0.0
  SINCE SEP 1      0.0                       0.0
  SINCE JUL 1      0.0                       0.0

DEGREE DAYS
 HEATING
  TODAY            0                         0      0        0
  MONTH TO DATE    0                         0      0        0
  SINCE SEP 1      0                         0      0        0
  SINCE JUL 1      0                         0      0        0

 COOLING
  TODAY           15                        11      4        8
  MONTH TO DATE  308                       248     60      238
  SINCE SEP 1    836                       752     84      775
  SINCE JAN 1   3656                      3659     -3     3808
..................................................................


WIND (MPH)
  HIGHEST WIND SPEED    13   HIGHEST WIND DIRECTION    NE (50)
  HIGHEST GUST SPEED    17   HIGHEST GUST DIRECTION    NE (40)
  AVERAGE WIND SPEED     4.8


SKY COVER
  POSSIBLE SUNSHINE  MM
  AVERAGE SKY COVER 0.2


WEATHER CONDITIONS
 THE FOLLOWING WEATHER WAS RECORDED TODAY.
  NO SIGNIFICANT WEATHER WAS OBSERVED.


RELATIVE HUMIDITY (PERCENT)
 HIGHEST    93           300 AM
 LOWEST     50          1100 AM
 AVERAGE    72

..........................................................


THE BROWNSVILLE CLIMATE NORMALS FOR TOMORROW
                         NORMAL    RECORD    YEAR
 MAXIMUM TEMPERATURE (F)   85        92      2007
                                             1979
                                             1920
 MINIMUM TEMPERATURE (F)   66        50      1964
                                             1917


SUNRISE AND SUNSET
OCTOBER 20 2014.......SUNRISE   731 AM CDT   SUNSET   657 PM CDT
OCTOBER 21 2014.......SUNRISE   732 AM CDT   SUNSET   657 PM CDT


-  INDICATES NEGATIVE NUMBERS.
R  INDICATES RECORD WAS SET OR TIED.
MM INDICATES DATA IS MISSING.
T  INDICATES TRACE AMOUNT.




$$
