000
CDUS44 KBRO 190725
CLIBRO


CLIMATE REPORT
NATIONAL WEATHER SERVICE BROWNSVILLE TX
125 AM CST THU JAN 19 2017


...................................

...THE BROWNSVILLE CLIMATE SUMMARY FOR JANUARY 18 2017...

CLIMATE NORMAL PERIOD 1981 TO 2010
CLIMATE RECORD PERIOD 1878 TO 2017


WEATHER ITEM   OBSERVED TIME   RECORD YEAR NORMAL DEPARTURE LAST
                VALUE   (LST)  VALUE       VALUE  FROM      YEAR
                                                  NORMAL
..................................................................
TEMPERATURE (F)
 YESTERDAY
  MAXIMUM         73   1228 PM  87    1971  71      2       71
  MINIMUM         63   1159 PM  24    1930  52     11       48
  AVERAGE         68                        61      7       60

PRECIPITATION (IN)
  YESTERDAY        T             0.94 1978   0.04  -0.04     0.00
  MONTH TO DATE    0.02                      0.67  -0.65     1.81
  SINCE DEC 1      1.69                      1.82  -0.13     1.97
  SINCE JAN 1      0.02                      0.67  -0.65     1.81

SNOWFALL (IN)
  YESTERDAY        0.0           0.0  2002   0.0
                                      1998
                                      2000
  MONTH TO DATE    0.0                       0.0
  SINCE DEC 1      0.0                       0.0
  SINCE JUL 1      0.0                       0.0

DEGREE DAYS
 HEATING
  YESTERDAY        0                         6     -6        5
  MONTH TO DATE   57                       108    -51      141
  SINCE DEC 1    147                       273   -126      201
  SINCE JUL 1    155                       327   -172      223

 COOLING
  YESTERDAY        3                         2      1        0
  MONTH TO DATE  102                        36     66        7
  SINCE DEC 1    278                       116    162      141
  SINCE JAN 1    102                        36     66        7
..................................................................


WIND (MPH)
  HIGHEST WIND SPEED    14   HIGHEST WIND DIRECTION    NW (310)
  HIGHEST GUST SPEED    17   HIGHEST GUST DIRECTION    NW (310)
  AVERAGE WIND SPEED     7.5


SKY COVER
  POSSIBLE SUNSHINE  MM
  AVERAGE SKY COVER 0.9


WEATHER CONDITIONS
 THE FOLLOWING WEATHER WAS RECORDED YESTERDAY.
  LIGHT RAIN
  FOG
  HAZE


RELATIVE HUMIDITY (PERCENT)
 HIGHEST   100           200 AM
 LOWEST     66           200 PM
 AVERAGE    83

..........................................................


THE BROWNSVILLE CLIMATE NORMALS FOR TODAY
                         NORMAL    RECORD    YEAR
 MAXIMUM TEMPERATURE (F)   71        84      2009
                                             1990
                                             1922
 MINIMUM TEMPERATURE (F)   52        26      1940


SUNRISE AND SUNSET
JANUARY 19 2017.......SUNRISE   718 AM CST   SUNSET   604 PM CST
JANUARY 20 2017.......SUNRISE   718 AM CST   SUNSET   604 PM CST


-  INDICATES NEGATIVE NUMBERS.
R  INDICATES RECORD WAS SET OR TIED.
MM INDICATES DATA IS MISSING.
T  INDICATES TRACE AMOUNT.




$$
