001
CDUS44 KBRO 240626
CLIBRO


CLIMATE REPORT
NATIONAL WEATHER SERVICE BROWNSVILLE TX
125 AM CDT THU AUG 24 2017


...................................

...THE BROWNSVILLE CLIMATE SUMMARY FOR AUGUST 23 2017...

CLIMATE NORMAL PERIOD 1981 TO 2010
CLIMATE RECORD PERIOD 1878 TO 2017


WEATHER ITEM   OBSERVED TIME   RECORD YEAR NORMAL DEPARTURE LAST
                VALUE   (LST)  VALUE       VALUE  FROM      YEAR
                                                  NORMAL
..................................................................
TEMPERATURE (F)
 YESTERDAY
  MAXIMUM         96   1244 PM 102    1917  94      2       96
  MINIMUM         76    558 AM  70    1973  76      0       78
                                      1961
                                      1956
  AVERAGE         86                        85      1       87

PRECIPITATION (IN)
  YESTERDAY        0.00          1.10 1897   0.09  -0.09     0.00
  MONTH TO DATE    1.22                      1.57  -0.35     0.30
  SINCE JUN 1      7.02                      6.18   0.84     3.46
  SINCE JAN 1     12.88                     13.94  -1.06    13.45

SNOWFALL (IN)
  YESTERDAY        0.0           0.0  2002   0.0
                                      2001
  MONTH TO DATE    0.0                       0.0
  SINCE JUN 1      0.0                       0.0
  SINCE JUL 1      0.0                       0.0

DEGREE DAYS
 HEATING
  YESTERDAY        0                         0      0        0
  MONTH TO DATE    0                         0      0        0
  SINCE JUN 1      0                         0      0        0
  SINCE JUL 1      0                         0      0        0

 COOLING
  YESTERDAY       21                        20      1       22
  MONTH TO DATE  509                       476     33      518
  SINCE JUN 1   1720                      1661     59     1780
  SINCE JAN 1   3357                      2754    603     2940
..................................................................


WIND (MPH)
  HIGHEST WIND SPEED    20   HIGHEST WIND DIRECTION    NE (60)
  HIGHEST GUST SPEED    25   HIGHEST GUST DIRECTION     E (80)
  AVERAGE WIND SPEED     7.1


SKY COVER
  POSSIBLE SUNSHINE  MM
  AVERAGE SKY COVER 0.1


WEATHER CONDITIONS
 THE FOLLOWING WEATHER WAS RECORDED YESTERDAY.
  NO SIGNIFICANT WEATHER WAS OBSERVED.


RELATIVE HUMIDITY (PERCENT)
 HIGHEST   100           200 AM
 LOWEST     52           100 PM
 AVERAGE    76

..........................................................


THE BROWNSVILLE CLIMATE NORMALS FOR TODAY
                         NORMAL    RECORD    YEAR
 MAXIMUM TEMPERATURE (F)   94       100      1970
 MINIMUM TEMPERATURE (F)   76        64      1891


SUNRISE AND SUNSET
AUGUST 24 2017........SUNRISE   707 AM CDT   SUNSET   757 PM CDT
AUGUST 25 2017........SUNRISE   707 AM CDT   SUNSET   756 PM CDT


-  INDICATES NEGATIVE NUMBERS.
R  INDICATES RECORD WAS SET OR TIED.
MM INDICATES DATA IS MISSING.
T  INDICATES TRACE AMOUNT.




$$
