000
CDUS44 KBRO 242144
CLIBRO


CLIMATE REPORT
NATIONAL WEATHER SERVICE BROWNSVILLE TX
444 PM CDT THU JUL 24 2014


...................................

...THE BROWNSVILLE CLIMATE SUMMARY FOR JULY 24 2014...
VALID TODAY AS OF 0400 PM LOCAL TIME.

CLIMATE NORMAL PERIOD 1981 TO 2010
CLIMATE RECORD PERIOD 1878 TO 2014


WEATHER ITEM   OBSERVED TIME   RECORD YEAR NORMAL DEPARTURE LAST
                VALUE   (LST)  VALUE       VALUE  FROM      YEAR
                                                  NORMAL
..................................................................
TEMPERATURE (F)
 TODAY
  MAXIMUM         96    105 PM  99    1934  94      2       94
  MINIMUM         76    613 AM  65    1915  76      0       79
  AVERAGE         86                        85      1       87

PRECIPITATION (IN)
  TODAY            0.00          1.92 1949   0.05  -0.05     0.00
  MONTH TO DATE    1.64                      1.65  -0.01     2.13
  SINCE JUN 1      2.28                      4.22  -1.94     2.98
  SINCE JAN 1      7.61                     11.98  -4.37     8.58

SNOWFALL (IN)
  TODAY            0.0           0.0  2002   0.0
                                      2001
  MONTH TO DATE    0.0                       0.0
  SINCE JUN 1      0.0                       0.0
  SINCE JUL 1      0.0                       0.0

DEGREE DAYS
 HEATING
  TODAY            0                         0      0        0
  MONTH TO DATE    0                         0      0        0
  SINCE JUN 1      0                         0      0        0
  SINCE JUL 1      0                         0      0        0

 COOLING
  TODAY           21                        20      1       22
  MONTH TO DATE  471                       480     -9      478
  SINCE JUN 1   1068                      1047     21     1101
  SINCE JAN 1   1990                      2140   -150     2223
..................................................................


WIND (MPH)
  HIGHEST WIND SPEED    21   HIGHEST WIND DIRECTION    SE (150)
  HIGHEST GUST SPEED    28   HIGHEST GUST DIRECTION    SE (150)
  AVERAGE WIND SPEED     6.8


SKY COVER
  POSSIBLE SUNSHINE  MM
  AVERAGE SKY COVER 0.2


WEATHER CONDITIONS
 THE FOLLOWING WEATHER WAS RECORDED TODAY.
  NO SIGNIFICANT WEATHER WAS OBSERVED.


RELATIVE HUMIDITY (PERCENT)
 HIGHEST    97           700 AM
 LOWEST     43          1200 PM
 AVERAGE    70

..........................................................


THE BROWNSVILLE CLIMATE NORMALS FOR TOMORROW
                         NORMAL    RECORD    YEAR
 MAXIMUM TEMPERATURE (F)   94        99      2000
                                             1943
 MINIMUM TEMPERATURE (F)   76        64      1915


SUNRISE AND SUNSET
JULY 24 2014..........SUNRISE   652 AM CDT   SUNSET   820 PM CDT
JULY 25 2014..........SUNRISE   652 AM CDT   SUNSET   820 PM CDT


-  INDICATES NEGATIVE NUMBERS.
R  INDICATES RECORD WAS SET OR TIED.
MM INDICATES DATA IS MISSING.
T  INDICATES TRACE AMOUNT.




$$
