000
CDUS44 KBRO 220633
CLIBRO


CLIMATE REPORT
NATIONAL WEATHER SERVICE BROWNSVILLE TX
133 AM CDT THU JUN 22 2017


...................................

...THE BROWNSVILLE CLIMATE SUMMARY FOR JUNE 21 2017...

CLIMATE NORMAL PERIOD 1981 TO 2010
CLIMATE RECORD PERIOD 1878 TO 2017


WEATHER ITEM   OBSERVED TIME   RECORD YEAR NORMAL DEPARTURE LAST
                VALUE   (LST)  VALUE       VALUE  FROM      YEAR
                                                  NORMAL
..................................................................
TEMPERATURE (F)
 YESTERDAY
  MAXIMUM        102R   216 PM 102    1878  93      9       95
  MINIMUM         77    406 AM  69    1976  76      1       75
  AVERAGE         90                        84      6       85

PRECIPITATION (IN)
  YESTERDAY        0.00          4.03 1887   0.10  -0.10     0.00
  MONTH TO DATE    T                         1.71  -1.71     2.77
  SINCE JUN 1      T                         1.71  -1.71     2.77
  SINCE JAN 1      5.86                      9.47  -3.61    12.76

SNOWFALL (IN)
  YESTERDAY        0.0          MM    2001   0.0
  MONTH TO DATE    0.0                       0.0
  SINCE JUN 1      0.0                       0.0
  SINCE JUL 1      0.0                       0.0

DEGREE DAYS
 HEATING
  YESTERDAY        0                         0      0        0
  MONTH TO DATE    0                         0      0        0
  SINCE JUN 1      0                         0      0        0
  SINCE JUL 1    201                       554   -353      374

 COOLING
  YESTERDAY       25                        19      6       20
  MONTH TO DATE  434                       392     42      382
  SINCE JUN 1    434                       392     42      382
  SINCE JAN 1   2071                      1485    586     1542
..................................................................


WIND (MPH)
  HIGHEST WIND SPEED    20   HIGHEST WIND DIRECTION    NE (50)
  HIGHEST GUST SPEED    28   HIGHEST GUST DIRECTION    NW (320)
  AVERAGE WIND SPEED     8.8


SKY COVER
  POSSIBLE SUNSHINE  MM
  AVERAGE SKY COVER 0.2


WEATHER CONDITIONS
 THE FOLLOWING WEATHER WAS RECORDED YESTERDAY.
  NO SIGNIFICANT WEATHER WAS OBSERVED.


RELATIVE HUMIDITY (PERCENT)
 HIGHEST    91           100 AM
 LOWEST     33           200 PM
 AVERAGE    62

..........................................................


THE BROWNSVILLE CLIMATE NORMALS FOR TODAY
                         NORMAL    RECORD    YEAR
 MAXIMUM TEMPERATURE (F)   93        99      1900
 MINIMUM TEMPERATURE (F)   76        69      1961


SUNRISE AND SUNSET
JUNE 22 2017..........SUNRISE   639 AM CDT   SUNSET   825 PM CDT
JUNE 23 2017..........SUNRISE   639 AM CDT   SUNSET   825 PM CDT


-  INDICATES NEGATIVE NUMBERS.
R  INDICATES RECORD WAS SET OR TIED.
MM INDICATES DATA IS MISSING.
T  INDICATES TRACE AMOUNT.




$$
