119
CDUS44 KBRO 300634
CLIBRO


CLIMATE REPORT
NATIONAL WEATHER SERVICE BROWNSVILLE TX
131 AM CDT SUN APR 30 2017


...................................

...THE BROWNSVILLE CLIMATE SUMMARY FOR APRIL 29 2017...

CLIMATE NORMAL PERIOD 1981 TO 2010
CLIMATE RECORD PERIOD 1878 TO 2017


WEATHER ITEM   OBSERVED TIME   RECORD YEAR NORMAL DEPARTURE LAST
                VALUE   (LST)  VALUE       VALUE  FROM      YEAR
                                                  NORMAL
..................................................................
TEMPERATURE (F)
 YESTERDAY
  MAXIMUM         94    118 PM  99    1953  86      8       85
                                      1937
  MINIMUM         79    154 AM  50    1916  69     10       79
  AVERAGE         87                        77     10       82

PRECIPITATION (IN)
  YESTERDAY        0.00          2.64 1976   0.05  -0.05     0.00
  MONTH TO DATE    0.63                      1.49  -0.86     3.23
  SINCE MAR 1      2.47                      2.72  -0.25     5.90
  SINCE JAN 1      4.01                      5.07  -1.06     7.78

SNOWFALL (IN)
  YESTERDAY        0.0          90.0  2001   0.0
  MONTH TO DATE    0.0                       0.0
  SINCE MAR 1      0.0                       0.0
  SINCE JUL 1      0.0                       0.0

DEGREE DAYS
 HEATING
  YESTERDAY        0                         0      0        0
  MONTH TO DATE    0                         6     -6        1
  SINCE MAR 1      2                        49    -47       14
  SINCE JUL 1    201                       552   -351      374

 COOLING
  YESTERDAY       22                        12     10       17
  MONTH TO DATE  405                       289    116      306
  SINCE MAR 1    699                       463    236      549
  SINCE JAN 1   1086                       604    482      657
..................................................................


WIND (MPH)
  HIGHEST WIND SPEED    35   HIGHEST WIND DIRECTION     S (160)
  HIGHEST GUST SPEED    41   HIGHEST GUST DIRECTION     S (160)
  AVERAGE WIND SPEED    22.0


SKY COVER
  POSSIBLE SUNSHINE  MM
  AVERAGE SKY COVER 0.7


WEATHER CONDITIONS
 THE FOLLOWING WEATHER WAS RECORDED YESTERDAY.
  NO SIGNIFICANT WEATHER WAS OBSERVED.


RELATIVE HUMIDITY (PERCENT)
 HIGHEST    91           200 AM
 LOWEST     56           100 PM
 AVERAGE    74

..........................................................


THE BROWNSVILLE CLIMATE NORMALS FOR TODAY
                         NORMAL    RECORD    YEAR
 MAXIMUM TEMPERATURE (F)   86       100      1909
 MINIMUM TEMPERATURE (F)   69        48      1996


SUNRISE AND SUNSET
APRIL 30 2017.........SUNRISE   653 AM CDT   SUNSET   801 PM CDT
MAY  1 2017...........SUNRISE   653 AM CDT   SUNSET   801 PM CDT


-  INDICATES NEGATIVE NUMBERS.
R  INDICATES RECORD WAS SET OR TIED.
MM INDICATES DATA IS MISSING.
T  INDICATES TRACE AMOUNT.




$$
