000
CDUS44 KBRO 172232
CLIBRO


CLIMATE REPORT
NATIONAL WEATHER SERVICE BROWNSVILLE TX
427 PM CST WED DEC 17 2014


...................................

...THE BROWNSVILLE CLIMATE SUMMARY FOR DECEMBER 17 2014...
VALID TODAY AS OF 0400 PM LOCAL TIME.

CLIMATE NORMAL PERIOD 1981 TO 2010
CLIMATE RECORD PERIOD 1878 TO 2014


WEATHER ITEM   OBSERVED TIME   RECORD YEAR NORMAL DEPARTURE LAST
                VALUE   (LST)  VALUE       VALUE  FROM      YEAR
                                                  NORMAL
..................................................................
TEMPERATURE (F)
 TODAY
  MAXIMUM         78   1155 AM  84    2006  71      7       76
                                      1981
                                      1948
  MINIMUM         66    752 AM  29    1932  52     14       44
  AVERAGE         72                        62     10       60

PRECIPITATION (IN)
  TODAY            T             1.62 1927   0.04  -0.04     0.00
  MONTH TO DATE    0.88                      0.68   0.20     0.11
  SINCE DEC 1      0.88                      0.68   0.20     0.11
  SINCE JAN 1     28.04                     26.97   1.07    25.60

SNOWFALL (IN)
  TODAY            0.0           0.0  2001   0.0
  MONTH TO DATE    0.0                       0.0
  SINCE DEC 1      0.0                       0.0
  SINCE JUL 1      0.0                       0.0

DEGREE DAYS
 HEATING
  TODAY            0                         6     -6        5
  MONTH TO DATE    9                        79    -70      137
  SINCE DEC 1      9                        79    -70      137
  SINCE JUL 1    122                       133    -11      245

 COOLING
  TODAY            7                         2      5        0
  MONTH TO DATE   83                        51     32       40
  SINCE DEC 1     83                        51     32       40
  SINCE JAN 1   3983                      3996    -13     4160
..................................................................


WIND (MPH)
  HIGHEST WIND SPEED    24   HIGHEST WIND DIRECTION     S (170)
  HIGHEST GUST SPEED    30   HIGHEST GUST DIRECTION    SE (150)
  AVERAGE WIND SPEED    11.5


SKY COVER
  POSSIBLE SUNSHINE  MM
  AVERAGE SKY COVER 0.3


WEATHER CONDITIONS
 THE FOLLOWING WEATHER WAS RECORDED TODAY.
  LIGHT RAIN
  FOG


RELATIVE HUMIDITY (PERCENT)
 HIGHEST    93           100 AM
 LOWEST     64           100 PM
 AVERAGE    79

..........................................................


THE BROWNSVILLE CLIMATE NORMALS FOR TOMORROW
                         NORMAL    RECORD    YEAR
 MAXIMUM TEMPERATURE (F)   71        85      2012
 MINIMUM TEMPERATURE (F)   52        32      1964


SUNRISE AND SUNSET
DECEMBER 17 2014......SUNRISE   710 AM CST   SUNSET   542 PM CST
DECEMBER 18 2014......SUNRISE   711 AM CST   SUNSET   542 PM CST


-  INDICATES NEGATIVE NUMBERS.
R  INDICATES RECORD WAS SET OR TIED.
MM INDICATES DATA IS MISSING.
T  INDICATES TRACE AMOUNT.




$$
