000
CDUS44 KBRO 230626
CLIBRO


CLIMATE REPORT
NATIONAL WEATHER SERVICE BROWNSVILLE TX
126 AM CDT SAT MAY 23 2015


...................................

...THE BROWNSVILLE CLIMATE SUMMARY FOR MAY 22 2015...

CLIMATE NORMAL PERIOD 1981 TO 2010
CLIMATE RECORD PERIOD 1878 TO 2015


WEATHER ITEM   OBSERVED TIME   RECORD YEAR NORMAL DEPARTURE LAST
                VALUE   (LST)  VALUE       VALUE  FROM      YEAR
                                                  NORMAL
..................................................................
TEMPERATURE (F)
 YESTERDAY
  MAXIMUM         90    119 PM 102    1916  90      0       87
  MINIMUM         74    420 AM  60    1911  73      1       75
  AVERAGE         82                        82      0       81

PRECIPITATION (IN)
  YESTERDAY        0.00          2.25 1945   0.09  -0.09     0.00
  MONTH TO DATE    0.43                      1.82  -1.39     2.09
  SINCE MAR 1      6.88                      4.59   2.29     3.83
  SINCE JAN 1     11.20                      6.94   4.26     4.59

SNOWFALL (IN)
  YESTERDAY        0.0           0.0  2002   0.0
                                      2001
                                      2000
  MONTH TO DATE    0.0                       0.0
  SINCE MAR 1      0.0                       0.0
  SINCE JUL 1      0.0                       0.0

DEGREE DAYS
 HEATING
  YESTERDAY        0                         0      0        0
  MONTH TO DATE    0                         0      0        0
  SINCE MAR 1     67                        51     16      100
  SINCE JUL 1    690                       554    136      824

 COOLING
  YESTERDAY       17                        16      1       16
  MONTH TO DATE  356                       321     35      231
  SINCE MAR 1    853                       797     56      645
  SINCE JAN 1    910                       938    -28      765
..................................................................


WIND (MPH)
  HIGHEST WIND SPEED    23   HIGHEST WIND DIRECTION    SE (150)
  HIGHEST GUST SPEED    28   HIGHEST GUST DIRECTION    SE (150)
  AVERAGE WIND SPEED    10.8


SKY COVER
  POSSIBLE SUNSHINE  MM
  AVERAGE SKY COVER 0.3


WEATHER CONDITIONS
 THE FOLLOWING WEATHER WAS RECORDED YESTERDAY.
  FOG
  FOG W/VISIBILITY <= 1/4 MILE


RELATIVE HUMIDITY (PERCENT)
 HIGHEST   100           100 AM
 LOWEST     59           100 PM
 AVERAGE    80

..........................................................


THE BROWNSVILLE CLIMATE NORMALS FOR TODAY
                         NORMAL    RECORD    YEAR
 MAXIMUM TEMPERATURE (F)   90        95      2011
                                             1988
                                             1916
 MINIMUM TEMPERATURE (F)   74        58      1883


SUNRISE AND SUNSET
MAY 23 2015...........SUNRISE   640 AM CDT   SUNSET   813 PM CDT
MAY 24 2015...........SUNRISE   640 AM CDT   SUNSET   813 PM CDT


-  INDICATES NEGATIVE NUMBERS.
R  INDICATES RECORD WAS SET OR TIED.
MM INDICATES DATA IS MISSING.
T  INDICATES TRACE AMOUNT.




$$
