000
CDUS44 KBRO 260635
CLIBRO


CLIMATE REPORT
NATIONAL WEATHER SERVICE BROWNSVILLE TX
133 AM CDT SUN MAR 26 2017


...................................

...THE BROWNSVILLE CLIMATE SUMMARY FOR MARCH 25 2017...

CLIMATE NORMAL PERIOD 1981 TO 2010
CLIMATE RECORD PERIOD 1878 TO 2017


WEATHER ITEM   OBSERVED TIME   RECORD YEAR NORMAL DEPARTURE LAST
                VALUE   (LST)  VALUE       VALUE  FROM      YEAR
                                                  NORMAL
..................................................................
TEMPERATURE (F)
 YESTERDAY
  MAXIMUM         90    319 PM  95    1901  81      9       74
  MINIMUM         67    709 AM  40    1912  61      6       54
  AVERAGE         79                        71      8       64

PRECIPITATION (IN)
  YESTERDAY        0.00          1.03 1882   0.06  -0.06     0.00
  MONTH TO DATE    1.84                      0.97   0.87     2.67
  SINCE MAR 1      1.84                      0.97   0.87     2.67
  SINCE JAN 1      3.38                      3.32   0.06     4.55

SNOWFALL (IN)
  YESTERDAY        0.0           0.0  2002   0.0
                                      2001
  MONTH TO DATE    0.0                       0.0
  SINCE MAR 1      0.0                       0.0
  SINCE JUL 1      0.0                       0.0

DEGREE DAYS
 HEATING
  YESTERDAY        0                         1     -1        1
  MONTH TO DATE    2                        38    -36       13
  SINCE MAR 1      2                        38    -36       13
  SINCE JUL 1    201                       541   -340      373

 COOLING
  YESTERDAY       14                         7      7        0
  MONTH TO DATE  222                       131     91      181
  SINCE MAR 1    222                       131     91      181
  SINCE JAN 1    609                       272    337      289
..................................................................


WIND (MPH)
  HIGHEST WIND SPEED    21   HIGHEST WIND DIRECTION    SE (150)
  HIGHEST GUST SPEED    25   HIGHEST GUST DIRECTION    SE (130)
  AVERAGE WIND SPEED     9.3


SKY COVER
  POSSIBLE SUNSHINE  MM
  AVERAGE SKY COVER 0.3


WEATHER CONDITIONS
 THE FOLLOWING WEATHER WAS RECORDED YESTERDAY.
  FOG


RELATIVE HUMIDITY (PERCENT)
 HIGHEST   100           600 AM
 LOWEST     44           300 PM
 AVERAGE    72

..........................................................


THE BROWNSVILLE CLIMATE NORMALS FOR TODAY
                         NORMAL    RECORD    YEAR
 MAXIMUM TEMPERATURE (F)   81       102      1928
 MINIMUM TEMPERATURE (F)   62        39      1955


SUNRISE AND SUNSET
MARCH 26 2017.........SUNRISE   727 AM CDT   SUNSET   744 PM CDT
MARCH 27 2017.........SUNRISE   726 AM CDT   SUNSET   744 PM CDT


-  INDICATES NEGATIVE NUMBERS.
R  INDICATES RECORD WAS SET OR TIED.
MM INDICATES DATA IS MISSING.
T  INDICATES TRACE AMOUNT.




$$
