000
CDAK49 PABR 170915
CLIBRW

CLIMATE REPORT
NATIONAL WEATHER SERVICE BARROW, AK
115 AM AKDT WED SEP 17 2014

...................................
...THE BARROW WSO AP CLIMATE SUMMARY FOR SEPTEMBER 16 2014...

CLIMATE NORMAL PERIOD  1981 TO  2010
CLIMATE RECORD PERIOD  1915 TO  2014

WEATHER ITEM   OBSERVED TIME    RECORD YEAR NORMAL DEPARTURE LAST
               VALUE    (LST)   VALUE       VALUE  FROM      YEAR
                                                   NORMAL
...................................................................
TEMPERATURE
YESTERDAY
 MAXIMUM            37  0531 PM    51  2010     36       1     31
 MINIMUM            34  1212 AM    14  1987     29       5     27
 AVERAGE            36                          32       4     29

PRECIPITATION
(INCHES)
 YESTERDAY        0.01           0.19  1993   0.03   -0.02   0.01
 MONTH TO DATE    0.51                        0.44    0.07   0.82
 SINCE SEP 1      0.51                        0.44    0.07   0.82
 SINCE JAN 1      5.06                        3.49    1.57   5.84

SNOWFALL
(INCHES)
 YESTERDAY         0.0            2.0  2000    0.1    -0.1    0.2
 MONTH TO DATE     4.6                         1.7     2.9    0.7
 SINCE SEP 1       4.6                         1.7     2.9    0.7
 SINCE JUL 1       6.0                         2.8     3.2    1.8
 SNOW DEPTH (IN)     0                                          T

DEGREE DAYS
 HEATING
  YESTERDAY         29                          33      -4     36
  MONTH TO DATE    478                         486      -8    468
  SINCE SEP 1      478                         486      -8    468
  SINCE JUL 1     2144                        2040     104   1877

 COOLING
  YESTERDAY          0                           0       0      0
  MONTH TO DATE      0                           0       0      0
  SINCE SEP 1        0                           0       0      0
  SINCE JAN 1        0                           0       0      0
...................................................................

WIND (MPH)
 HIGHEST WIND SPEED    17     HIGHEST WIND DIRECTION     80
 HIGHEST GUST SPEED    22     HIGHEST GUST DIRECTION     90
 AVERAGE WIND SPEED  12.3

SKY COVER
  POSSIBLE SUNSHINE    MM          AVERAGE SKY COVER     MM

WEATHER CONDITIONS
 THE FOLLOWING WEATHER WAS RECORDED YESTERDAY.
  DRIZZLE
  RAIN
  FOG WITH VISIBILITY AS LOW AS ONE QUARTER MILE.

RELATIVE HUMIDITY
 HIGHEST RH     100 PERCENT
 LOWEST  RH     100 PERCENT
 AVERAGE RH     100 PERCENT
...................................................................

THE BARROW CLIMATE NORMALS FOR TODAY
                           NORMAL    RECORD   YEAR
 MAXIMUM TEMPERATURE (F)     36        51     1991
 MINIMUM TEMPERATURE (F)     29        12     1983

SUNRISE AND SUNSET
 SEP 17 2014..........SUNRISE  7:47 AM      SUNSET  8:55 PM
 SEP 18 2014..........SUNRISE  7:51 AM      SUNSET  8:50 PM

-  INDICATES NEGATIVE NUMBERS.
R  INDICATES RECORD HAS BEEN SET OR TIED.
MM INDICATES DATA IS MISSING.
T  INDICATES TRACE OF PRECIPITATION.
&&
-------------------------------------------------------------------

AMOUNT OF DAYLIGHT TODAY  (HOUR:MIN)........13 HOURS 8 MINUTES
GAIN/LOSS SINCE YESTERDAY (HOUR:MIN:SEC)....-0:09:15

$$
RFL SEP 14
