000
CDAK49 PABR 022309
CLIBRW

CLIMATE REPORT
NATIONAL WEATHER SERVICE BARROW, AK
309 PM AKDT TUE JUN 2 2015

...................................
...THE BARROW WSO AP CLIMATE SUMMARY FOR JUNE 2 2015...
VALID TODAY AS OF 2:00 PM LOCAL TIME

CLIMATE NORMAL PERIOD  1981 TO  2010
CLIMATE RECORD PERIOD  1915 TO  2015

WEATHER ITEM   OBSERVED TIME    RECORD YEAR NORMAL DEPARTURE LAST
               VALUE    (LST)   VALUE       VALUE  FROM      YEAR
                                                   NORMAL
...................................................................
TEMPERATURE
TODAY
 MAXIMUM            33  1115 AM    51  1983     34      -1     30
 MINIMUM            29  0755 AM    10  1939     26       3     25
 AVERAGE            31                          30       1     28

PRECIPITATION
(INCHES)
 TODAY               T           0.14  1974   0.00       T      T
 MONTH TO DATE       T                        0.01   -0.01   0.01
 SINCE JUN 1      0.00                        0.01   -0.01   0.01
 SINCE JAN 1      1.96                        0.71    1.25   1.63

SNOWFALL
(INCHES)
 TODAY             0.1            1.6  1974    0.0     0.1      T
 MONTH TO DATE     0.1                         0.1     0.0    0.4
 SINCE JUN 1       0.1                         0.1     0.0    0.4
 SINCE JUL 1      55.0                        37.1    17.9   53.7
 SNOW DEPTH (IN)     0                                          2

DEGREE DAYS
 HEATING
  TODAY             34                          35      -1     37
  MONTH TO DATE     69                          70      -1     78
  SINCE JUN 1       69                          70      -1     78
  SINCE JUL 1    17442                       18577   -1135  16978

 COOLING
  TODAY              0                           0       0      0
  MONTH TO DATE      0                           0       0      0
  SINCE JUN 1        0                           0       0      0
  SINCE JAN 1        0                           0       0      0
...................................................................

WIND (MPH)
 HIGHEST WIND SPEED    22     HIGHEST WIND DIRECTION     20
 HIGHEST GUST SPEED    27     HIGHEST GUST DIRECTION     20
 AVERAGE WIND SPEED    MM

WEATHER CONDITIONS
 THE FOLLOWING WEATHER WAS RECORDED TODAY.
 DRIZZLE
 SNOW
 FOG AND FREEZING FOG WITH VISIBILITY AS LOW AS ONE QUARTER MILE.

RELATIVE HUMIDITY
 HIGHEST RH     MM PERCENT       MM
 LOWEST  RH     MM PERCENT       MM
 AVERAGE RH     MM PERCENT       MM
...................................................................

THE BARROW CLIMATE NORMALS FOR TOMORROW
                        NORMAL    RECORD   YEAR
 MAXIMUM TEMPERATURE      35        44     1998
 MINIMUM TEMPERATURE      27        11     1922

SUNRISE AND SUNSET
 THE SUN IS CONTINUOUSLY ABOVE THE HORIZON ALL DAY.

-  INDICATES NEGATIVE NUMBERS.
R  INDICATES RECORD HAS BEEN SET OR TIED.
MM INDICATES DATA IS MISSING.
T  INDICATES TRACE OF PRECIPITATION.

&&
-------------------------------------------------------------------

AMOUNT OF DAYLIGHT TODAY  (HOUR:MIN)........24 HOURS 00 MINUTES
GAIN/LOSS SINCE YESTERDAY (HOUR:MIN:SEC)....+0:00:00

$$
RFL JUN 15
