000
CDAK49 PABR 110903
CLIBRW

CLIMATE REPORT
NATIONAL WEATHER SERVICE BARROW, AK
103 AM AKDT FRI JUL 11 2014

...................................
...THE BARROW WSO AP CLIMATE SUMMARY FOR JULY 10 2014...

CLIMATE NORMAL PERIOD  1981 TO  2010
CLIMATE RECORD PERIOD  1915 TO  2014

WEATHER ITEM   OBSERVED TIME    RECORD YEAR NORMAL DEPARTURE LAST
               VALUE    (LST)   VALUE       VALUE  FROM      YEAR
                                                   NORMAL
...................................................................
TEMPERATURE
YESTERDAY
 MAXIMUM            46  0853 PM    75  1921     47      -1     43
 MINIMUM            32  1202 AM    24  1922     35      -3     30
 AVERAGE            39                          41      -2     37

PRECIPITATION
(INCHES)
 YESTERDAY        0.00           0.51  1975   0.03   -0.03   0.00
 MONTH TO DATE    0.05                        0.27   -0.22   0.53
 SINCE JUN 1      1.52                        0.59    0.93   1.30
 SINCE JAN 1      3.14                        1.29    1.85   2.52

SNOWFALL
(INCHES)
 YESTERDAY         0.0              T  1996    0.0     0.0    0.0
 MONTH TO DATE     0.0                         0.0     0.0    0.0
 SINCE JUN 1       0.9                         0.7     0.2    0.3
 SINCE JUL 1       0.0                         0.0     0.0    0.0
 SNOW DEPTH (IN)     0                                          0

DEGREE DAYS
 HEATING
  YESTERDAY         26                          24       2     28
  MONTH TO DATE    257                         243      14    216
  SINCE JUN 1     1190                        1123      67    994
  SINCE JUL 1      257                         243      14    216

 COOLING
  YESTERDAY          0                           0       0      0
  MONTH TO DATE      0                           0       0      0
  SINCE JUN 1        0                           0       0      0
  SINCE JAN 1        0                           0       0      0
...................................................................

WIND (MPH)
 HIGHEST WIND SPEED    26     HIGHEST WIND DIRECTION    110
 HIGHEST GUST SPEED    31     HIGHEST GUST DIRECTION    110
 AVERAGE WIND SPEED  19.1

WEATHER CONDITIONS
 THE FOLLOWING WEATHER WAS RECORDED YESTERDAY.
  FOG

RELATIVE HUMIDITY
 HIGHEST RH     96 PERCENT       1153 PM
 LOWEST  RH     73 PERCENT       1053 PM
 AVERAGE RH     86 PERCENT
...................................................................

THE BARROW CLIMATE NORMALS FOR TODAY
                           NORMAL    RECORD   YEAR
 MAXIMUM TEMPERATURE (F)     47        75     1960
 MINIMUM TEMPERATURE (F)     35        27     1979

SUNRISE AND SUNSET
 JUL 11 2014..........SUNRISE  **.**      SUNSET **.**
 JUL 12 2014..........SUNRISE  **.**      SUNSET **.**

-  INDICATES NEGATIVE NUMBERS.
R  INDICATES RECORD HAS BEEN SET OR TIED.
MM INDICATES DATA IS MISSING.
T  INDICATES TRACE OF PRECIPITATION.

&&
-------------------------------------------------------------------

AMOUNT OF DAYLIGHT TODAY  (HOUR:MIN)........24 HOURS 00 MINUTES
GAIN/LOSS SINCE YESTERDAY (HOUR:MIN:SEC)....+0:00:00

$$
GMS JUL 14
