000
CDAK49 PAFG 230041
CLIBRW

CLIMATE REPORT
NATIONAL WEATHER SERVICE FAIRBANKS AK
441 PM AKDT MON MAY 22 2017


...................................

...THE BARROW AK CLIMATE SUMMARY FOR MAY 22 2017...
VALID TODAY AS OF 0400 PM LOCAL TIME.

CLIMATE NORMAL PERIOD 1981 TO 2010
CLIMATE RECORD PERIOD 1920 TO 2017


WEATHER ITEM   OBSERVED TIME   RECORD YEAR NORMAL DEPARTURE LAST
                VALUE   (LST)  VALUE       VALUE  FROM      YEAR
                                                  NORMAL
..................................................................
TEMPERATURE (F)
 TODAY
  MAXIMUM         27    506 AM  42    1965  29     -2       35
  MINIMUM         21   1202 PM   2    1924  21      0       32
  AVERAGE         24                        25     -1       34

PRECIPITATION (IN)
  TODAY            T             0.03 2004   0.00   0.00     0.02
                                      1960
                                      1925
  MONTH TO DATE    0.19                      0.11   0.08     0.04
  SINCE MAR 1      0.49                      0.36   0.13     0.27
  SINCE JAN 1      1.36                      0.63   0.73     3.33

SNOWFALL (IN)
  TODAY            T             0.4  2003   0.1   -0.1       T
                                      1925
  MONTH TO DATE    2.7                       2.0    0.7      0.7
  SINCE MAR 1      5.7                       7.3   -1.6      1.5
  SINCE JUL 1     32.6                      36.3   -3.7     10.3
  SNOW DEPTH       7

DEGREE DAYS
 HEATING
  TODAY           41                        40      1       31
  MONTH TO DATE  936                      1020    -84      835
  SINCE MAR 1   4915                      5323   -408     4426
  SINCE JUL 1  15877                     18180  -2303    15822

 COOLING
  TODAY            0                         0      0        0
  MONTH TO DATE    0                         0      0        0
  SINCE MAR 1      0                         0      0        0
  SINCE JAN 1      0                         0      0        0
..................................................................


WIND (MPH)
  HIGHEST GUST SPEED    21   HIGHEST GUST DIRECTION    NE (60)


SKY COVER
  AVERAGE SKY COVER 1.0


WEATHER CONDITIONS
 THE FOLLOWING WEATHER WAS RECORDED TODAY.
  LIGHT SNOW
  FOG
  HAZE


RELATIVE HUMIDITY (PERCENT)
 HIGHEST    92
 LOWEST     81
 AVERAGE    87

..........................................................


THE BARROW AK CLIMATE NORMALS FOR TOMORROW
                         NORMAL    RECORD    YEAR
 MAXIMUM TEMPERATURE (F)   29        47      1996
 MINIMUM TEMPERATURE (F)   21        -1      1954


SUNRISE AND SUNSET
MAY 22 2017...........SUN ABOVE VISIBLE HORIZON.
MAY 23 2017...........SUN ABOVE VISIBLE HORIZON.

-  INDICATES NEGATIVE NUMBERS.
R  INDICATES RECORD WAS SET OR TIED.
MM INDICATES DATA IS MISSING.
T  INDICATES TRACE AMOUNT.

&&

SNOW DEPTH IS MEASURED AT 3AM AKST/4AM AKDT.

----------------------------
AVAILABLE DAYLIGHT

AMOUNT OF DAYLIGHT TODAY  (HOUR:MIN)........24:00
GAIN/LOSS SINCE YESTERDAY (HOUR:MIN:SEC)....+0:00:00

$$
MAY 17
