000
CDAK49 PABR 300915
CLIBRW

CLIMATE REPORT
NATIONAL WEATHER SERVICE BARROW, AK
115 AM AKDT SUN AUG 30 2015

...................................
...THE BARROW WSO AP CLIMATE SUMMARY FOR AUGUST 29 2015...

CLIMATE NORMAL PERIOD  1981 TO  2010
CLIMATE RECORD PERIOD  1915 TO  2015

WEATHER ITEM   OBSERVED TIME    RECORD YEAR NORMAL DEPARTURE LAST
               VALUE    (LST)   VALUE       VALUE  FROM      YEAR
                                                   NORMAL
...................................................................
TEMPERATURE
YESTERDAY
 MAXIMUM            37  0551 PM    62  1992     41      -4     38
 MINIMUM            33  0948 PM    21  1956     33       0     27
 AVERAGE            35                          37      -2     33

PRECIPITATION
(INCHES)
 YESTERDAY        0.08           0.30  1938   0.03    0.05   0.04
 MONTH TO DATE    1.60                        0.99    0.61   0.17
 SINCE JUN 1      2.66                        2.29    0.37   2.65
 SINCE JAN 1      4.62                        2.99    1.63   4.27

SNOWFALL
(INCHES)
 YESTERDAY         0.4            1.1  1955    0.1     0.3    0.3
 MONTH TO DATE     0.8                         0.8     0.0    0.3
 SINCE JUN 1       1.8                         1.7     0.1    2.1
 SINCE JUL 1       0.8                         1.0    -0.2    1.2
 SNOW DEPTH (IN)     0                                          T

DEGREE DAYS
 HEATING
  YESTERDAY         30                          28       2     32
  MONTH TO DATE    767                         751      16    779
  SINCE JUN 1     2260                        2378    -118   2540
  SINCE JUL 1     1518                        1498      20   1607

 COOLING
  YESTERDAY          0                           0       0      0
  MONTH TO DATE      0                           0       0      0
  SINCE JUN 1        0                           0       0      0
  SINCE JAN 1        0                           0       0      0
...................................................................

WIND (MPH)
 HIGHEST WIND SPEED    21     HIGHEST WIND DIRECTION    280
 HIGHEST GUST SPEED    24     HIGHEST GUST DIRECTION    270
 AVERAGE WIND SPEED   8.7

WEATHER CONDITIONS
 THE FOLLOWING WEATHER WAS RECORDED YESTERDAY.
  FOG
RAIN
SNOW


RELATIVE HUMIDITY
 HIGHEST RH     MM PERCENT       MM
 LOWEST  RH     MM PERCENT       MM
 AVERAGE RH     MM PERCENT       MM
...................................................................

THE BARROW CLIMATE NORMALS FOR TODAY
                           NORMAL    RECORD   YEAR
 MAXIMUM TEMPERATURE (F)     41        59     2000
 MINIMUM TEMPERATURE (F)     33        22     1988

SUNRISE AND SUNSET
 AUG 30 2015..........SUNRISE  6:25 AM      SUNSET 10:28 PM
 AUG 31 2015..........SUNRISE  6:30 AM      SUNSET 10:23 PM

-  INDICATES NEGATIVE NUMBERS.
R  INDICATES RECORD HAS BEEN SET OR TIED.
MM INDICATES DATA IS MISSING.
T  INDICATES TRACE OF PRECIPITATION.

&&
-------------------------------------------------------------------

AMOUNT OF DAYLIGHT TODAY  (HOUR:MIN)........16 HOURS 3 MINUTES
GAIN/LOSS SINCE YESTERDAY (HOUR:MIN:SEC)....-0:10:07

$$
DZB AUG 15
