000
CDAK49 PAFG 150946
CLIBRW

CLIMATE REPORT
NATIONAL WEATHER SERVICE FAIRBANKS AK
1246 AM AKST FRI DEC 15 2017


...................................

...THE BARROW AK CLIMATE SUMMARY FOR DECEMBER 14 2017...

CLIMATE NORMAL PERIOD 1981 TO 2010
CLIMATE RECORD PERIOD 1920 TO 2017


WEATHER ITEM   OBSERVED TIME   RECORD YEAR NORMAL DEPARTURE LAST
                VALUE   (LST)  VALUE       VALUE  FROM      YEAR
                                                  NORMAL
..................................................................
TEMPERATURE (F)
 YESTERDAY
  MAXIMUM          5    222 AM  30    2008  -1      6        3
  MINIMUM         -2   1159 PM -42    1924 -13     11      -13
  AVERAGE          2                        -7      9       -5

PRECIPITATION (IN)
  YESTERDAY        T             0.15 1920   0.01  -0.01     0.00
  MONTH TO DATE    0.20                      0.07   0.13     0.04
  SINCE DEC 1      0.20                      0.07   0.13     0.04
  SINCE JAN 1      8.21                      4.46   3.75     7.18

SNOWFALL (IN)
  YESTERDAY        T             2.5  1920   0.2   -0.2      0.0
  MONTH TO DATE    4.4                       1.8    2.6      0.6
  SINCE DEC 1      4.4                       1.8    2.6      0.6
  SINCE JUL 1     21.1                      22.1   -1.0     13.7
  SNOW DEPTH       7

DEGREE DAYS
 HEATING
  YESTERDAY       63                        72     -9       70
  MONTH TO DATE  854                       993   -139      980
  SINCE DEC 1    854                       993   -139      980
  SINCE JUL 1   5782                      6945  -1163     5935

 COOLING
  YESTERDAY        0                         0      0        0
  MONTH TO DATE    0                         0      0        0
  SINCE DEC 1      0                         0      0        0
  SINCE JAN 1      0                         0      0        0
..................................................................


WIND (MPH)
  HIGHEST GUST SPEED    44   HIGHEST GUST DIRECTION    NE (60)


SKY COVER
  AVERAGE SKY COVER 0.7


WEATHER CONDITIONS
 THE FOLLOWING WEATHER WAS RECORDED YESTERDAY.
  LIGHT SNOW
  HAZE
  BLOWING SNOW


RELATIVE HUMIDITY (PERCENT)
 HIGHEST    87
 LOWEST     79
 AVERAGE    83

..........................................................


THE BARROW AK CLIMATE NORMALS FOR TODAY
                         NORMAL    RECORD    YEAR
 MAXIMUM TEMPERATURE (F)   -1        26      2008
 MINIMUM TEMPERATURE (F)  -14       -39      1959


SUNRISE AND SUNSET
DECEMBER 15 2017......SUN BELOW VISIBLE HORIZON.
DECEMBER 16 2017......SUN BELOW VISIBLE HORIZON.

-  INDICATES NEGATIVE NUMBERS.
R  INDICATES RECORD WAS SET OR TIED.
MM INDICATES DATA IS MISSING.
T  INDICATES TRACE AMOUNT.

&&

SNOW DEPTH IS MEASURED AT 3AM AKST/4AM AKDT.

----------------------------
AVAILABLE DAYLIGHT

AMOUNT OF DAYLIGHT TODAY  (HOUR:MIN)........0:00
GAIN/LOSS SINCE YESTERDAY (HOUR:MIN:SEC)....+0:00:00

$$
SDB DEC 17
