000
CDUS43 KGRR 252125
CLIBTL


CLIMATE REPORT
NATIONAL WEATHER SERVICE GRAND RAPIDS, MI
525 PM EDT SUN JUN 25 2017


...................................

...THE BATTLE CREEK MI CLIMATE SUMMARY FOR JUNE 25 2017...
VALID TODAY AS OF 0500 PM LOCAL TIME.

CLIMATE NORMAL PERIOD 1981 TO 2010
CLIMATE RECORD PERIOD 1998 TO 2017


WEATHER ITEM   OBSERVED TIME   NORMAL DEPARTURE LAST
                VALUE   (LST)  VALUE  FROM      YEAR
                                      NORMAL
......................................................
TEMPERATURE (F)
 TODAY
  MAXIMUM         72    153 PM  82    -10       84
  MINIMUM         54    549 AM  58     -4       58
  AVERAGE         63            70     -7       71

PRECIPITATION (IN)
  TODAY            0.02          0.11  -0.09     0.00
  MONTH TO DATE    0.95          2.72  -1.77     1.39
  SINCE JUN 1      0.95          2.72  -1.77     1.39
  SINCE JAN 1     16.43         14.20   2.23    11.23

DEGREE DAYS
 HEATING
  TODAY            2             1      1        0
  MONTH TO DATE   12            53    -41       26
  SINCE JUN 1     12            53    -41       26
  SINCE JUL 1   5425          6687  -1262     5441

 COOLING
  TODAY            0             6     -6        6
  MONTH TO DATE  147            96     51      114
  SINCE JUN 1    147            96     51      114
  SINCE JAN 1    184           134     50      169
......................................................


WIND (MPH)
  RESULTANT WIND SPEED  11   RESULTANT WIND DIRECTION   W (270)
  HIGHEST WIND SPEED    25   HIGHEST WIND DIRECTION     W (270)
  HIGHEST GUST SPEED    34   HIGHEST GUST DIRECTION     W (270)
  AVERAGE WIND SPEED    12.3


SKY COVER
  AVERAGE SKY COVER 0.5


WEATHER CONDITIONS
 THE FOLLOWING WEATHER WAS RECORDED TODAY.
  NO SIGNIFICANT WEATHER WAS OBSERVED.


RELATIVE HUMIDITY (PERCENT)
 HIGHEST    93           500 AM
 LOWEST     41           200 PM
 AVERAGE    67

..........................................................


THE BATTLE CREEK MI CLIMATE NORMALS FOR TOMORROW
                         NORMAL
 MAXIMUM TEMPERATURE (F)   82
 MINIMUM TEMPERATURE (F)   58


SUNRISE AND SUNSET
JUNE 25 2017..........SUNRISE   606 AM EDT   SUNSET   922 PM EDT
JUNE 26 2017..........SUNRISE   606 AM EDT   SUNSET   922 PM EDT


-  INDICATES NEGATIVE NUMBERS.
R  INDICATES RECORD WAS SET OR TIED.
MM INDICATES DATA IS MISSING.
T  INDICATES TRACE AMOUNT.




$$
