000
CDUS43 KGRR 261335
CLIBTL


CLIMATE REPORT
NATIONAL WEATHER SERVICE GRAND RAPIDS, MI
934 AM EDT SAT JUL 26 2014


...................................

...THE BATTLE CREEK MI CLIMATE SUMMARY FOR JULY 26 2014...
VALID AS OF 0900 AM LOCAL TIME.

CLIMATE NORMAL PERIOD 1981 TO 2010
CLIMATE RECORD PERIOD 9999 TO 9999


WEATHER ITEM   OBSERVED TIME   RECORD YEAR NORMAL DEPARTURE LAST
                VALUE   (LST)  VALUE       VALUE  FROM      YEAR
                                                  NORMAL
..................................................................
TEMPERATURE (F)
 TODAY
  MAXIMUM         68    759 AM  MM      MM  82    -14       77
  MINIMUM         61    540 AM  MM      MM  59      2       60
  AVERAGE         65                        71     -6       69

PRECIPITATION (IN)
  TODAY            0.00         MM      MM   0.11  -0.11     0.04
  MONTH TO DATE    3.62                      2.80   0.82     4.63
  SINCE JUN 1      9.19                      6.03   3.16     8.37
  SINCE JAN 1     17.15                     17.51  -0.36    21.15

DEGREE DAYS
 HEATING
  TODAY            0                         0      0        0
  MONTH TO DATE   13                         6      7        4
  SINCE JUN 1     31                        63    -32       46

 COOLING
  TODAY            0                         6     -6        4
  MONTH TO DATE   86                       168    -82      226
  SINCE JUN 1    262                       294    -32      372
..................................................................


WIND (MPH)
  HIGHEST WIND SPEED     9   HIGHEST WIND DIRECTION    SW (210)
  HIGHEST GUST SPEED    11   HIGHEST GUST DIRECTION    SW (210)



WEATHER CONDITIONS
 THE FOLLOWING WEATHER WAS RECORDED TODAY.
  NO SIGNIFICANT WEATHER WAS OBSERVED.


..........................................................




SUNRISE AND SUNSET
JULY 26 2014..........SUNRISE   628 AM EDT   SUNSET   907 PM EDT
JULY 27 2014..........SUNRISE   629 AM EDT   SUNSET   906 PM EDT


-  INDICATES NEGATIVE NUMBERS.
R  INDICATES RECORD WAS SET OR TIED.
MM INDICATES DATA IS MISSING.
T  INDICATES TRACE AMOUNT.




$$

JAM
