000
CDUS43 KGRR 131424
CLIBTL


CLIMATE REPORT
NATIONAL WEATHER SERVICE GRAND RAPIDS, MI
924 AM EST WED DEC 13 2017


...................................

...THE BATTLE CREEK MI CLIMATE SUMMARY FOR DECEMBER 13 2017...
VALID AS OF 0900 AM LOCAL TIME.

CLIMATE NORMAL PERIOD 1981 TO 2010
CLIMATE RECORD PERIOD 1998 TO 2017


WEATHER ITEM   OBSERVED TIME   NORMAL DEPARTURE LAST
                VALUE   (LST)  VALUE  FROM      YEAR
                                      NORMAL
......................................................
TEMPERATURE (F)
 TODAY
  MAXIMUM         18    859 AM  36    -18       26
  MINIMUM         14    403 AM  20     -6       11
  AVERAGE         16            28    -12       19

PRECIPITATION (IN)
  TODAY            T             0.06  -0.06      T
  MONTH TO DATE    0.24          0.87  -0.63     0.63
  SINCE DEC 1      0.24          0.87  -0.63     0.63
  SINCE JAN 1     36.95         32.03   4.92    31.01

DEGREE DAYS
 HEATING
  TODAY           49            37     12       46
  MONTH TO DATE  426           454    -28      456
  SINCE DEC 1    426           454    -28      456
  SINCE JUL 1   1621          1892   -271     1299

 COOLING
  TODAY            0             0      0        0
  MONTH TO DATE    0             0      0        0
  SINCE DEC 1      0             0      0        0
  SINCE JAN 1    735           578    157      727
......................................................


WIND (MPH)
  RESULTANT WIND SPEED   8   RESULTANT WIND DIRECTION   S (190)
  HIGHEST WIND SPEED    13   HIGHEST WIND DIRECTION     S (180)
  HIGHEST GUST SPEED    16   HIGHEST GUST DIRECTION     S (170)
  AVERAGE WIND SPEED     8.2


SKY COVER
  AVERAGE SKY COVER 1.0


WEATHER CONDITIONS
 THE FOLLOWING WEATHER WAS RECORDED TODAY.
  LIGHT SNOW
  FOG


RELATIVE HUMIDITY (PERCENT)
 HIGHEST    88           200 AM
 LOWEST     74          1200 AM
 AVERAGE    81

..........................................................


THE BATTLE CREEK MI CLIMATE NORMALS FOR TOMORROW
                         NORMAL
 MAXIMUM TEMPERATURE (F)   35
 MINIMUM TEMPERATURE (F)   20


SUNRISE AND SUNSET
DECEMBER 13 2017......SUNRISE   802 AM EST   SUNSET   509 PM EST
DECEMBER 14 2017......SUNRISE   802 AM EST   SUNSET   509 PM EST


-  INDICATES NEGATIVE NUMBERS.
R  INDICATES RECORD WAS SET OR TIED.
MM INDICATES DATA IS MISSING.
T  INDICATES TRACE AMOUNT.




$$
