000
CDUS43 KGRR 300518
CLIBTL


CLIMATE REPORT
NATIONAL WEATHER SERVICE GRAND RAPIDS, MI
118 AM EDT SUN AUG 30 2015


...................................

...THE BATTLE CREEK MI CLIMATE SUMMARY FOR AUGUST 29 2015...

CLIMATE NORMAL PERIOD 1981 TO 2010
CLIMATE RECORD PERIOD 1998 TO 2015


WEATHER ITEM   OBSERVED TIME   NORMAL DEPARTURE LAST
                VALUE   (LST)  VALUE  FROM      YEAR
                                      NORMAL
......................................................
TEMPERATURE (F)
 YESTERDAY
  MAXIMUM         70    447 PM  79     -9       82
  MINIMUM         63    628 AM  56      7       63
  AVERAGE         67            68     -1       73

PRECIPITATION (IN)
  YESTERDAY        0.27          0.11   0.16      T
  MONTH TO DATE    2.19          3.23  -1.04     2.05
  SINCE JUN 1     14.97          9.82   5.15    11.83
  SINCE JAN 1     23.22         21.30   1.92    19.79

DEGREE DAYS
 HEATING
  YESTERDAY        0             1     -1        0
  MONTH TO DATE   15            29    -14       11
  SINCE JUN 1     45           101    -56       47
  SINCE JUL 1     22            44    -22       29

 COOLING
  YESTERDAY        2             4     -2        8
  MONTH TO DATE  149           152     -3      182
  SINCE JUN 1    493           475     18      463
  SINCE JAN 1    566           513     53      515
......................................................


WIND (MPH)
  RESULTANT WIND SPEED   3   RESULTANT WIND DIRECTION  SE (130)
  HIGHEST WIND SPEED     9   HIGHEST WIND DIRECTION    SE (140)
  HIGHEST GUST SPEED    13   HIGHEST GUST DIRECTION    SE (130)
  AVERAGE WIND SPEED     3.6


SKY COVER
  AVERAGE SKY COVER 0.6


WEATHER CONDITIONS
 THE FOLLOWING WEATHER WAS RECORDED YESTERDAY.
  LIGHT RAIN
  FOG


RELATIVE HUMIDITY (PERCENT)
 HIGHEST    93          1100 AM
 LOWEST     76           100 AM
 AVERAGE    85

..........................................................


THE BATTLE CREEK MI CLIMATE NORMALS FOR TODAY
                         NORMAL
 MAXIMUM TEMPERATURE (F)   79
 MINIMUM TEMPERATURE (F)   56


SUNRISE AND SUNSET
AUGUST 30 2015........SUNRISE   704 AM EDT   SUNSET   819 PM EDT
AUGUST 31 2015........SUNRISE   705 AM EDT   SUNSET   817 PM EDT


-  INDICATES NEGATIVE NUMBERS.
R  INDICATES RECORD WAS SET OR TIED.
MM INDICATES DATA IS MISSING.
T  INDICATES TRACE AMOUNT.




$$
