000
CDUS43 KGRR 190523
CLIBTL


CLIMATE REPORT
NATIONAL WEATHER SERVICE GRAND RAPIDS, MI
1222 AM EST THU JAN 19 2017


...................................

...THE BATTLE CREEK MI CLIMATE SUMMARY FOR JANUARY 18 2017...

CLIMATE NORMAL PERIOD 1981 TO 2010
CLIMATE RECORD PERIOD 1998 TO 2017


WEATHER ITEM   OBSERVED TIME   NORMAL DEPARTURE LAST
                VALUE   (LST)  VALUE  FROM      YEAR
                                      NORMAL
......................................................
TEMPERATURE (F)
 YESTERDAY
  MAXIMUM         38    149 PM  31      7       13
  MINIMUM         33   1159 PM  15     18        6
  AVERAGE         36            23     13       10

PRECIPITATION (IN)
  YESTERDAY        T             0.05  -0.05      T
  MONTH TO DATE    2.41          1.09   1.32     0.75
  SINCE DEC 1      3.45          3.08   0.37     3.87
  SINCE JAN 1      2.41          1.09   1.32     0.75

DEGREE DAYS
 HEATING
  YESTERDAY       29            42    -13       55
  MONTH TO DATE  696           746    -50      708
  SINCE DEC 1   1864          1908    -44     1318
  SINCE JUL 1   2707          3346   -639     2368

 COOLING
  YESTERDAY        0             0      0        0
  MONTH TO DATE    0             0      0        0
  SINCE DEC 1      0             0      0        0
  SINCE JAN 1      0             0      0        0
......................................................


WIND (MPH)
  RESULTANT WIND SPEED  11   RESULTANT WIND DIRECTION   W (250)
  HIGHEST WIND SPEED    20   HIGHEST WIND DIRECTION    SW (230)
  HIGHEST GUST SPEED    23   HIGHEST GUST DIRECTION    SW (230)
  AVERAGE WIND SPEED    11.7


SKY COVER
  AVERAGE SKY COVER 1.0


WEATHER CONDITIONS
 THE FOLLOWING WEATHER WAS RECORDED YESTERDAY.
  LIGHT RAIN
  FOG


RELATIVE HUMIDITY (PERCENT)
 HIGHEST   100           300 AM
 LOWEST     92          1200 AM
 AVERAGE    96

..........................................................


THE BATTLE CREEK MI CLIMATE NORMALS FOR TODAY
                         NORMAL
 MAXIMUM TEMPERATURE (F)   31
 MINIMUM TEMPERATURE (F)   15


SUNRISE AND SUNSET
JANUARY 19 2017.......SUNRISE   805 AM EST   SUNSET   539 PM EST
JANUARY 20 2017.......SUNRISE   804 AM EST   SUNSET   540 PM EST


-  INDICATES NEGATIVE NUMBERS.
R  INDICATES RECORD WAS SET OR TIED.
MM INDICATES DATA IS MISSING.
T  INDICATES TRACE AMOUNT.




$$
