000
CDUS43 KGRR 232135
CLIBTL


CLIMATE REPORT
NATIONAL WEATHER SERVICE GRAND RAPIDS, MI
535 PM EDT TUE MAY 23 2017


...................................

...THE BATTLE CREEK MI CLIMATE SUMMARY FOR MAY 23 2017...
VALID TODAY AS OF 0500 PM LOCAL TIME.

CLIMATE NORMAL PERIOD 1981 TO 2010
CLIMATE RECORD PERIOD 1998 TO 2017


WEATHER ITEM   OBSERVED TIME   NORMAL DEPARTURE LAST
                VALUE   (LST)  VALUE  FROM      YEAR
                                      NORMAL
......................................................
TEMPERATURE (F)
 TODAY
  MAXIMUM         67   1230 PM  73     -6       77
  MINIMUM         58    611 AM  48     10       41
  AVERAGE         63            60      3       59

PRECIPITATION (IN)
  TODAY            0.01          0.13  -0.12     0.00
  MONTH TO DATE    2.53          2.76  -0.23     1.96
  SINCE MAR 1      9.66          7.47   2.19     7.40
  SINCE JAN 1     15.13         10.47   4.66     9.00

DEGREE DAYS
 HEATING
  TODAY            2             6     -4        6
  MONTH TO DATE  223           204     19      241
  SINCE MAR 1   1490          1628   -138     1500
  SINCE JUL 1   5393          6593  -1200     5415

 COOLING
  TODAY            0             1     -1        0
  MONTH TO DATE   23            17      6        0
  SINCE MAR 1     32            24      8        2
  SINCE JAN 1     32            24      8        2
......................................................


WIND (MPH)
  RESULTANT WIND SPEED   8   RESULTANT WIND DIRECTION  SW (210)
  HIGHEST WIND SPEED    15   HIGHEST WIND DIRECTION     W (250)
  HIGHEST GUST SPEED    18   HIGHEST GUST DIRECTION     W (260)
  AVERAGE WIND SPEED     9.1


SKY COVER
  AVERAGE SKY COVER 0.9


WEATHER CONDITIONS
 THE FOLLOWING WEATHER WAS RECORDED TODAY.
  LIGHT RAIN


RELATIVE HUMIDITY (PERCENT)
 HIGHEST    84           300 PM
 LOWEST     58          1200 PM
 AVERAGE    71

..........................................................


THE BATTLE CREEK MI CLIMATE NORMALS FOR TOMORROW
                         NORMAL
 MAXIMUM TEMPERATURE (F)   73
 MINIMUM TEMPERATURE (F)   48


SUNRISE AND SUNSET
MAY 23 2017...........SUNRISE   612 AM EDT   SUNSET   904 PM EDT
MAY 24 2017...........SUNRISE   612 AM EDT   SUNSET   905 PM EDT


-  INDICATES NEGATIVE NUMBERS.
R  INDICATES RECORD WAS SET OR TIED.
MM INDICATES DATA IS MISSING.
T  INDICATES TRACE AMOUNT.




$$
