000
CDUS45 KMSO 112333
CLIBTM


CLIMATE REPORT
NATIONAL WEATHER SERVICE MISSOULA, MT
432 PM MST THU FEB 11 2016


...................................

...THE BUTTE MT CLIMATE SUMMARY FOR FEBRUARY 11 2016...
VALID TODAY AS OF 0400 PM LOCAL TIME.

CLIMATE NORMAL PERIOD 1981 TO 2010
CLIMATE RECORD PERIOD 1895 TO 2016


WEATHER ITEM   OBSERVED TIME   RECORD YEAR NORMAL DEPARTURE LAST
                VALUE   (LST)  VALUE       VALUE  FROM      YEAR
                                                  NORMAL
..................................................................
TEMPERATURE (F)
 TODAY
  MAXIMUM         48    217 PM  54    2005  34     14       48
  MINIMUM         23    821 AM -29    1982   8     15       24
  AVERAGE         36                        21     15       36

PRECIPITATION (IN)
  TODAY            0.00          0.40 1906   0.01  -0.01     0.00
  MONTH TO DATE    0.03                      0.15  -0.12     0.07
  SINCE OCT 1      3.11                      2.51   0.60     2.63
  SINCE JAN 1      0.37                      0.62  -0.25     0.24

SNOWFALL (IN)
  TODAY           MM
  MONTH TO DATE   MM
  SINCE JAN 1     MM
  SINCE JUL 1     MM
  SNOW DEPTH      MM

DEGREE DAYS
 HEATING
  TODAY           29                        44    -15       29
  MONTH TO DATE  476                       489    -13      313
  SINCE DEC 1   3388                      3370     18     2878
  SINCE JUL 1   5808                      5860    -52     5208

 COOLING
  TODAY            0                         0      0        0
  MONTH TO DATE    0                         0      0        0
  SINCE DEC 1      0                         0      0        0
  SINCE JAN 1      0                         0      0        0
..................................................................


WIND (MPH)
  HIGHEST WIND SPEED     9   HIGHEST WIND DIRECTION     N (10)
  HIGHEST GUST SPEED    12   HIGHEST GUST DIRECTION     W (280)
  AVERAGE WIND SPEED     3.2


SKY COVER
  POSSIBLE SUNSHINE  MM
  AVERAGE SKY COVER 0.3


WEATHER CONDITIONS
 THE FOLLOWING WEATHER WAS RECORDED TODAY.
  NO SIGNIFICANT WEATHER WAS OBSERVED.


RELATIVE HUMIDITY (PERCENT)
 HIGHEST    81           300 AM
 LOWEST     42           400 PM
 AVERAGE    62

..........................................................


THE BUTTE MT CLIMATE NORMALS FOR TOMORROW
                         NORMAL    RECORD    YEAR
 MAXIMUM TEMPERATURE (F)   34        56      1924
 MINIMUM TEMPERATURE (F)    8       -36      1949


SUNRISE AND SUNSET
FEBRUARY 11 2016......SUNRISE   739 AM MST   SUNSET   550 PM MST
FEBRUARY 12 2016......SUNRISE   738 AM MST   SUNSET   551 PM MST


-  INDICATES NEGATIVE NUMBERS.
R  INDICATES RECORD WAS SET OR TIED.
MM INDICATES DATA IS MISSING.
T  INDICATES TRACE AMOUNT.




$$
