000
CDUS45 KMSO 310737
CLIBTM


CLIMATE REPORT
NATIONAL WEATHER SERVICE MISSOULA, MT
137 AM MDT WED AUG 31 2016


...................................

...THE BUTTE MT CLIMATE SUMMARY FOR AUGUST 30 2016...

CLIMATE NORMAL PERIOD 1981 TO 2010
CLIMATE RECORD PERIOD 1895 TO 2016


WEATHER ITEM   OBSERVED TIME   RECORD YEAR NORMAL DEPARTURE LAST
                VALUE   (LST)  VALUE       VALUE  FROM      YEAR
                                                  NORMAL
..................................................................
TEMPERATURE (F)
 YESTERDAY
  MAXIMUM         87    303 PM  89    1954  75     12       76
  MINIMUM         45    613 AM  25    1965  41      4       48
  AVERAGE         66                        58      8       62

PRECIPITATION (IN)
  YESTERDAY        0.00          0.52 2005   0.05  -0.05     0.30
  MONTH TO DATE    0.66                      1.32  -0.66     0.67
  SINCE OCT 1      8.80                     11.73  -2.93     9.20
  SINCE JAN 1      6.06                      9.84  -3.78     6.81

SNOWFALL (IN)
  YESTERDAY       MM
  MONTH TO DATE   MM
  SINCE JAN 1     MM
  SINCE JUL 1     MM
  SNOW DEPTH      MM

DEGREE DAYS
 HEATING
  YESTERDAY        0                         7     -7        3
  MONTH TO DATE  165                       120     45      118
  SINCE JUN 1    487                       507    -20      370
  SINCE JUL 1    298                       220     78      222

 COOLING
  YESTERDAY        1                         0      1        0
  MONTH TO DATE    5                        24    -19       34
  SINCE JUN 1     52                        75    -23      101
  SINCE JAN 1     52                        75    -23      101
..................................................................


WIND (MPH)
  HIGHEST WIND SPEED    21   HIGHEST WIND DIRECTION     E (100)
  HIGHEST GUST SPEED    25   HIGHEST GUST DIRECTION     E (80)
  AVERAGE WIND SPEED     4.8


SKY COVER
  POSSIBLE SUNSHINE  MM
  AVERAGE SKY COVER 0.2


WEATHER CONDITIONS
 THE FOLLOWING WEATHER WAS RECORDED YESTERDAY.
  HAZE


RELATIVE HUMIDITY (PERCENT)
 HIGHEST    56           300 AM
 LOWEST     12           300 PM
 AVERAGE    34

..........................................................


THE BUTTE MT CLIMATE NORMALS FOR TODAY
                         NORMAL    RECORD    YEAR
 MAXIMUM TEMPERATURE (F)   75        91      1955
 MINIMUM TEMPERATURE (F)   41        27      2006


SUNRISE AND SUNSET
AUGUST 31 2016........SUNRISE   650 AM MDT   SUNSET   809 PM MDT
SEPTEMBER  1 2016.....SUNRISE   651 AM MDT   SUNSET   807 PM MDT


-  INDICATES NEGATIVE NUMBERS.
R  INDICATES RECORD WAS SET OR TIED.
MM INDICATES DATA IS MISSING.
T  INDICATES TRACE AMOUNT.




$$
