000
CDUS45 KMSO 060929
CLIBTM


CLIMATE REPORT
NATIONAL WEATHER SERVICE MISSOULA, MT
329 AM MDT MON JUL 6 2015


...................................

...THE BUTTE MT CLIMATE SUMMARY FOR JULY 5 2015...

CLIMATE NORMAL PERIOD 1981 TO 2010
CLIMATE RECORD PERIOD 1895 TO 2015


WEATHER ITEM   OBSERVED TIME   RECORD YEAR NORMAL DEPARTURE LAST
                VALUE   (LST)  VALUE       VALUE  FROM      YEAR
                                                  NORMAL
..................................................................
TEMPERATURE (F)
 YESTERDAY
  MAXIMUM         72    229 PM  97    1981  78     -6       85
  MINIMUM         51   1159 PM  31    1999  45      6       48
                                      1932
  AVERAGE         62                        61      1       67

PRECIPITATION (IN)
  YESTERDAY        0.00          0.80 1895   0.05  -0.05     0.00
  MONTH TO DATE    0.00                      0.24  -0.24     0.03
  SINCE OCT 1      6.67                      9.30  -2.63     8.78
  SINCE JAN 1      4.28                      7.41  -3.13     7.74

SNOWFALL (IN)
  YESTERDAY       MM
  MONTH TO DATE   MM
  SINCE JAN 1     MM
  SINCE JUL 1     MM
  SNOW DEPTH      MM

DEGREE DAYS
 HEATING
  YESTERDAY        3                         5     -2        0
  MONTH TO DATE    3                        26    -23        9
  SINCE JUN 1    151                       313   -162      362
  SINCE JUL 1      3                        26    -23        9

 COOLING
  YESTERDAY        0                         1     -1        2
  MONTH TO DATE   18                         5     13       14
  SINCE JUN 1     64                        12     52       14
  SINCE JAN 1     64                        12     52       14
..................................................................


WIND (MPH)
  HIGHEST WIND SPEED    30   HIGHEST WIND DIRECTION     N (20)
  HIGHEST GUST SPEED    41   HIGHEST GUST DIRECTION    NE (30)
  AVERAGE WIND SPEED     9.0


SKY COVER
  POSSIBLE SUNSHINE  MM
  AVERAGE SKY COVER 0.6


WEATHER CONDITIONS
 THE FOLLOWING WEATHER WAS RECORDED YESTERDAY.
  NO SIGNIFICANT WEATHER WAS OBSERVED.


RELATIVE HUMIDITY (PERCENT)
 HIGHEST    77           400 AM
 LOWEST     37          1200 AM
 AVERAGE    57

..........................................................


THE BUTTE MT CLIMATE NORMALS FOR TODAY
                         NORMAL    RECORD    YEAR
 MAXIMUM TEMPERATURE (F)   78        96      2007
 MINIMUM TEMPERATURE (F)   45        31      1986


SUNRISE AND SUNSET
JULY  6 2015..........SUNRISE   546 AM MDT   SUNSET   923 PM MDT
JULY  7 2015..........SUNRISE   547 AM MDT   SUNSET   922 PM MDT


-  INDICATES NEGATIVE NUMBERS.
R  INDICATES RECORD WAS SET OR TIED.
MM INDICATES DATA IS MISSING.
T  INDICATES TRACE AMOUNT.




$$
