000
CDUS45 KMSO 250737
CLIBTM


CLIMATE REPORT
NATIONAL WEATHER SERVICE MISSOULA, MT
137 AM MDT SUN JUN 25 2017


...................................

...THE BUTTE MT CLIMATE SUMMARY FOR JUNE 24 2017...

CLIMATE NORMAL PERIOD 1981 TO 2010
CLIMATE RECORD PERIOD 1895 TO 2017


WEATHER ITEM   OBSERVED TIME   RECORD YEAR NORMAL DEPARTURE LAST
                VALUE   (LST)  VALUE       VALUE  FROM      YEAR
                                                  NORMAL
..................................................................
TEMPERATURE (F)
 YESTERDAY
  MAXIMUM         77    430 PM  92    1974  73      4       73
  MINIMUM         37    538 AM  28    1920  43     -6       44
  AVERAGE         57                        58     -1       59

PRECIPITATION (IN)
  YESTERDAY        0.00          1.05 1958   0.06  -0.06     0.01
  MONTH TO DATE    2.58                      1.92   0.66     0.93
  SINCE OCT 1     11.13                      8.72   2.41     7.20
  SINCE JAN 1      7.91                      6.83   1.08     4.46

SNOWFALL (IN)
  YESTERDAY       MM
  MONTH TO DATE   MM
  SINCE JAN 1     MM
  SINCE JUL 1     MM
  SNOW DEPTH      MM

DEGREE DAYS
 HEATING
  YESTERDAY        8                         7      1        6
  MONTH TO DATE  206                       248    -42      169
  SINCE JUN 1    206                       248    -42      169
  SINCE JUL 1   9093                      9180    -87     8742

 COOLING
  YESTERDAY        0                         0      0        0
  MONTH TO DATE   10                         0     10        5
  SINCE JUN 1     10                         0     10        5
  SINCE JAN 1     10                         0     10        5
..................................................................


WIND (MPH)
  HIGHEST WIND SPEED    16   HIGHEST WIND DIRECTION    SE (130)
  HIGHEST GUST SPEED    19   HIGHEST GUST DIRECTION    SE (140)
  AVERAGE WIND SPEED     4.8


SKY COVER
  POSSIBLE SUNSHINE  MM
  AVERAGE SKY COVER 0.0


WEATHER CONDITIONS
 THE FOLLOWING WEATHER WAS RECORDED YESTERDAY.
  NO SIGNIFICANT WEATHER WAS OBSERVED.


RELATIVE HUMIDITY (PERCENT)
 HIGHEST    79           300 AM
 LOWEST     19           300 PM
 AVERAGE    49

..........................................................


THE BUTTE MT CLIMATE NORMALS FOR TODAY
                         NORMAL    RECORD    YEAR
 MAXIMUM TEMPERATURE (F)   74        94      1988
 MINIMUM TEMPERATURE (F)   43        29      1953


SUNRISE AND SUNSET
JUNE 25 2017..........SUNRISE   541 AM MDT   SUNSET   925 PM MDT
JUNE 26 2017..........SUNRISE   541 AM MDT   SUNSET   925 PM MDT


-  INDICATES NEGATIVE NUMBERS.
R  INDICATES RECORD WAS SET OR TIED.
MM INDICATES DATA IS MISSING.
T  INDICATES TRACE AMOUNT.




$$
