000
CDUS45 KMSO 292331
CLIBTM


CLIMATE REPORT
NATIONAL WEATHER SERVICE MISSOULA, MT
431 PM MST THU JAN 29 2015


...................................

...THE BUTTE MT CLIMATE SUMMARY FOR JANUARY 29 2015...
VALID TODAY AS OF 0400 PM LOCAL TIME.

CLIMATE NORMAL PERIOD 1981 TO 2010
CLIMATE RECORD PERIOD 1895 TO 2015


WEATHER ITEM   OBSERVED TIME   RECORD YEAR NORMAL DEPARTURE LAST
                VALUE   (LST)  VALUE       VALUE  FROM      YEAR
                                                  NORMAL
..................................................................
TEMPERATURE (F)
 TODAY
  MAXIMUM         40    255 PM  58    1931  33      7       39
  MINIMUM         15    803 AM -46    1951   8      7       28
  AVERAGE         28                        20      8       34

PRECIPITATION (IN)
  TODAY            0.00          0.40 1904   0.01  -0.01      T
  MONTH TO DATE    0.17                      0.44  -0.27     0.11
  SINCE OCT 1      2.56                      2.33   0.23     1.15
  SINCE JAN 1      0.17                      0.44  -0.27     0.11

SNOWFALL (IN)
  TODAY           MM
  MONTH TO DATE   MM
  SINCE JAN 1     MM
  SINCE JUL 1     MM
  SNOW DEPTH      MM

DEGREE DAYS
 HEATING
  TODAY           37                        45     -8       31
  MONTH TO DATE 1173                      1319   -146     1144
  SINCE DEC 1   2488                      2793   -305     2602
  SINCE JUL 1   4818                      5283   -465     4862

 COOLING
  TODAY            0                         0      0        0
  MONTH TO DATE    0                         0      0        0
  SINCE DEC 1      0                         0      0        0
  SINCE JAN 1      0                         0      0        0
..................................................................


WIND (MPH)
  HIGHEST WIND SPEED     6   HIGHEST WIND DIRECTION    SE (150)
  HIGHEST GUST SPEED     6   HIGHEST GUST DIRECTION    SE (130)
  AVERAGE WIND SPEED     1.8


SKY COVER
  POSSIBLE SUNSHINE  MM
  AVERAGE SKY COVER 0.0


WEATHER CONDITIONS
 THE FOLLOWING WEATHER WAS RECORDED TODAY.
  NO SIGNIFICANT WEATHER WAS OBSERVED.


RELATIVE HUMIDITY (PERCENT)
 HIGHEST    92          1200 AM
 LOWEST     48           200 PM
 AVERAGE    70

..........................................................


THE BUTTE MT CLIMATE NORMALS FOR TOMORROW
                         NORMAL    RECORD    YEAR
 MAXIMUM TEMPERATURE (F)   33        56      1971
 MINIMUM TEMPERATURE (F)    8       -39      1951


SUNRISE AND SUNSET
JANUARY 29 2015.......SUNRISE   756 AM MST   SUNSET   531 PM MST
JANUARY 30 2015.......SUNRISE   755 AM MST   SUNSET   532 PM MST


-  INDICATES NEGATIVE NUMBERS.
R  INDICATES RECORD WAS SET OR TIED.
MM INDICATES DATA IS MISSING.
T  INDICATES TRACE AMOUNT.




$$
