000
CDUS44 KLIX 160702
CLIBTR


CLIMATE REPORT
NATIONAL WEATHER SERVICE NEW ORLEANS
201 AM CDT WED APR 16 2014


...................................

...THE BATON ROUGE  ASOS CLIMATE SUMMARY FOR APRIL 15 2014...

CLIMATE NORMAL PERIOD 1981 TO 2010
CLIMATE RECORD PERIOD 1894 TO 2014


WEATHER ITEM   OBSERVED TIME   RECORD YEAR NORMAL DEPARTURE LAST
                VALUE   (LST)  VALUE       VALUE  FROM      YEAR
                                                  NORMAL
..................................................................
TEMPERATURE (F)
 YESTERDAY
  MAXIMUM         62    253 PM  89    1972  79    -17       80
  MINIMUM         44   1159 PM  36    2008  57    -13       64
  AVERAGE         53                        68    -15       72

PRECIPITATION (IN)
  YESTERDAY        0.00          4.80 1896   0.15  -0.15     0.03
  MONTH TO DATE    3.50                      2.31   1.19     4.00
  SINCE MAR 1      6.72                      6.72   0.00     6.91
  SINCE JAN 1     15.99                     17.48  -1.49    28.95

SNOWFALL (IN)
  YESTERDAY        0.0
  MONTH TO DATE    0.0
  SINCE MAR 1      0.0
  SINCE JUL 1      0.4
  SNOW DEPTH       0

DEGREE DAYS
 HEATING
  YESTERDAY       12                         2     10        0
  MONTH TO DATE   30                        38     -8       41
  SINCE MAR 1    251                       205     46      317
  SINCE JUL 1   1957                      1540    417     1489

 COOLING
  YESTERDAY        0                         5     -5        7
  MONTH TO DATE   58                        55      3       43
  SINCE MAR 1     84                       113    -29       62
  SINCE JAN 1    104                       144    -40       87
..................................................................


WIND (MPH)
  HIGHEST WIND SPEED    21   HIGHEST WIND DIRECTION    NW (320)
  HIGHEST GUST SPEED    30   HIGHEST GUST DIRECTION    NW (330)
  AVERAGE WIND SPEED     9.1


SKY COVER
  POSSIBLE SUNSHINE  MM
  AVERAGE SKY COVER 0.4


WEATHER CONDITIONS
 THE FOLLOWING WEATHER WAS RECORDED YESTERDAY.
  NO SIGNIFICANT WEATHER WAS OBSERVED.


RELATIVE HUMIDITY (PERCENT)
 HIGHEST    80           100 AM
 LOWEST     25           500 PM
 AVERAGE    53

..........................................................


THE BATON ROUGE  ASOS CLIMATE NORMALS FOR TODAY
                         NORMAL    RECORD    YEAR
 MAXIMUM TEMPERATURE (F)   79        90      1920
 MINIMUM TEMPERATURE (F)   57        39      1983


SUNRISE AND SUNSET
APRIL 16 2014.........SUNRISE   636 AM CDT   SUNSET   733 PM CDT
APRIL 17 2014.........SUNRISE   635 AM CDT   SUNSET   734 PM CDT


-  INDICATES NEGATIVE NUMBERS.
R  INDICATES RECORD WAS SET OR TIED.
MM INDICATES DATA IS MISSING.
T  INDICATES TRACE AMOUNT.




$$
