000
CDUS44 KLIX 272119
CLIBTR


CLIMATE REPORT
NATIONAL WEATHER SERVICE NEW ORLEANS
419 PM CDT FRI MAY 27 2016


...................................

...THE BATON ROUGE  ASOS CLIMATE SUMMARY FOR MAY 27 2016...
VALID TODAY AS OF 0400 PM LOCAL TIME.

CLIMATE NORMAL PERIOD 1981 TO 2010
CLIMATE RECORD PERIOD 1894 TO 2016


WEATHER ITEM   OBSERVED TIME   RECORD YEAR NORMAL DEPARTURE LAST
                VALUE   (LST)  VALUE       VALUE  FROM      YEAR
                                                  NORMAL
..................................................................
TEMPERATURE (F)
 TODAY
  MAXIMUM         87   1209 PM  98    1922  89     -2       80
  MINIMUM         75    622 AM  49    1961  68      7       66
  AVERAGE         81

PRECIPITATION (IN)
  TODAY            T             2.94 1948   0.17  -0.17     0.25
  MONTH TO DATE    6.11                      4.22   1.89     5.96
  SINCE MAR 1     20.85                     13.09   7.76    17.42
  SINCE JAN 1     30.16                     23.85   6.31    27.17

SNOWFALL (IN)
  TODAY            0.0
  MONTH TO DATE    0.0
  SINCE MAR 1      0.0
  SINCE JUL 1      0.0
  SNOW DEPTH       0

DEGREE DAYS
 HEATING
  TODAY            0                         0      0        0
  MONTH TO DATE    0                         0      0        0
  SINCE MAR 1     88                       218   -130       99
  SINCE JUL 1   1079                      1553   -474     1641

 COOLING
  TODAY           16                        13      3        8
  MONTH TO DATE  245                       279    -34      306
  SINCE MAR 1    501                       479     22      613
  SINCE JAN 1    518                       510      8      617
..................................................................


WIND (MPH)
  HIGHEST WIND SPEED    20   HIGHEST WIND DIRECTION    SE (140)
  HIGHEST GUST SPEED    26   HIGHEST GUST DIRECTION    SE (120)
  AVERAGE WIND SPEED     9.5


SKY COVER
  POSSIBLE SUNSHINE  MM
  AVERAGE SKY COVER 0.3


WEATHER CONDITIONS
 THE FOLLOWING WEATHER WAS RECORDED TODAY.
  NO SIGNIFICANT WEATHER WAS OBSERVED.


RELATIVE HUMIDITY (PERCENT)
 HIGHEST    87           400 AM
 LOWEST     55          1200 PM
 AVERAGE    71

..........................................................


THE BATON ROUGE  ASOS CLIMATE NORMALS FOR TOMORROW
                         NORMAL    RECORD    YEAR
 MAXIMUM TEMPERATURE (F)   89        98      1953
 MINIMUM TEMPERATURE (F)   68        47      1961


SUNRISE AND SUNSET
MAY 27 2016...........SUNRISE   604 AM CDT   SUNSET   800 PM CDT
MAY 28 2016...........SUNRISE   604 AM CDT   SUNSET   800 PM CDT


-  INDICATES NEGATIVE NUMBERS.
R  INDICATES RECORD WAS SET OR TIED.
MM INDICATES DATA IS MISSING.
T  INDICATES TRACE AMOUNT.




$$
