826
CDUS44 KLIX 170701
CLIBTR


CLIMATE REPORT
NATIONAL WEATHER SERVICE NEW ORLEANS
200 AM CDT TUE OCT 17 2017


...................................

...THE BATON ROUGE  ASOS CLIMATE SUMMARY FOR OCTOBER 16 2017...

CLIMATE NORMAL PERIOD 1981 TO 2010
CLIMATE RECORD PERIOD 1894 TO 2017


WEATHER ITEM   OBSERVED TIME   RECORD YEAR NORMAL DEPARTURE LAST
                VALUE   (LST)  VALUE       VALUE  FROM      YEAR
                                                  NORMAL
..................................................................
TEMPERATURE (F)
 YESTERDAY
  MAXIMUM         75    301 PM  95    2015  81     -6       90
  MINIMUM         54   1159 PM  40    1907  58     -4       69
  AVERAGE         65                        69     -4       80

PRECIPITATION (IN)
  YESTERDAY        0.18          2.36 1932   0.17   0.01     0.00
  MONTH TO DATE    2.55                      2.32   0.23     0.01
  SINCE SEP 1      2.63                      6.86  -4.23     2.49
  SINCE JAN 1     58.02                     48.57   9.45    77.64

SNOWFALL (IN)
  YESTERDAY        0.0
  MONTH TO DATE    0.0
  SINCE SEP 1      0.0
  SINCE JUL 1      0.0
  SNOW DEPTH       0

DEGREE DAYS
 HEATING
  YESTERDAY        0                         1     -1        0
  MONTH TO DATE    0                        11    -11        0
  SINCE SEP 1      0                        13    -13        0
  SINCE JUL 1      0                        13    -13        0

 COOLING
  YESTERDAY        0                         5     -5       15
  MONTH TO DATE  204                       116     88      164
  SINCE SEP 1    606                       526     80      671
  SINCE JAN 1   2865                      2687    178     2947
..................................................................


WIND (MPH)
  HIGHEST WIND SPEED    21   HIGHEST WIND DIRECTION     N (10)
  HIGHEST GUST SPEED    28   HIGHEST GUST DIRECTION     N (10)
  AVERAGE WIND SPEED     9.8


SKY COVER
  POSSIBLE SUNSHINE  MM
  AVERAGE SKY COVER 0.3


WEATHER CONDITIONS
 THE FOLLOWING WEATHER WAS RECORDED YESTERDAY.
  THUNDERSTORM
  HEAVY RAIN
  RAIN
  LIGHT RAIN
  FOG


RELATIVE HUMIDITY (PERCENT)
 HIGHEST    84           500 AM
 LOWEST     31           300 PM
 AVERAGE    58

..........................................................


THE BATON ROUGE  ASOS CLIMATE NORMALS FOR TODAY
                         NORMAL    RECORD    YEAR
 MAXIMUM TEMPERATURE (F)   81        91      1972
                                             1915
 MINIMUM TEMPERATURE (F)   57        36      1943


SUNRISE AND SUNSET
OCTOBER 17 2017.......SUNRISE   708 AM CDT   SUNSET   631 PM CDT
OCTOBER 18 2017.......SUNRISE   709 AM CDT   SUNSET   630 PM CDT


-  INDICATES NEGATIVE NUMBERS.
R  INDICATES RECORD WAS SET OR TIED.
MM INDICATES DATA IS MISSING.
T  INDICATES TRACE AMOUNT.




$$
