000
CDUS44 KLIX 010801
CLIBTR


CLIMATE REPORT
NATIONAL WEATHER SERVICE NEW ORLEANS
200 AM CST SUN MAR 1 2015


...................................

...THE BATON ROUGE  ASOS CLIMATE SUMMARY FOR FEBRUARY 28 2015...

CLIMATE NORMAL PERIOD 1981 TO 2010
CLIMATE RECORD PERIOD 1894 TO 2015


WEATHER ITEM   OBSERVED TIME   RECORD YEAR NORMAL DEPARTURE LAST
                VALUE   (LST)  VALUE       VALUE  FROM      YEAR
                                                  NORMAL
..................................................................
TEMPERATURE (F)
 YESTERDAY
  MAXIMUM         67    311 PM  87    2011  69     -2       65
                                      1917
  MINIMUM         33    408 AM  22    1935  47    -14       32
  AVERAGE         50                        58     -8       49

PRECIPITATION (IN)
  YESTERDAY        0.00          2.07 1995   0.17  -0.17     0.00
  MONTH TO DATE    3.38                      5.04  -1.66     7.18
  SINCE DEC 1     15.42                     16.36  -0.94    12.99
  SINCE JAN 1      9.75                     10.76  -1.01     9.27

SNOWFALL (IN)
  YESTERDAY        0.0
  MONTH TO DATE    0.0
  SINCE DEC 1      T
  SINCE JUL 1      T
  SNOW DEPTH       0

DEGREE DAYS
 HEATING
  YESTERDAY       15                         8      7       16
  MONTH TO DATE  424                       295    129      352
  SINCE DEC 1   1201                      1100    101     1419
  SINCE JUL 1   1542                      1335    207     1706

 COOLING
  YESTERDAY        0                         1     -1        0
  MONTH TO DATE    3                        18    -15       20
  SINCE DEC 1     18                        53    -35       64
  SINCE JAN 1      4                        31    -27       20
..................................................................


WIND (MPH)
  HIGHEST WIND SPEED    17   HIGHEST WIND DIRECTION     E (100)
  HIGHEST GUST SPEED    22   HIGHEST GUST DIRECTION     E (90)
  AVERAGE WIND SPEED     9.5


SKY COVER
  POSSIBLE SUNSHINE  MM
  AVERAGE SKY COVER 0.3


WEATHER CONDITIONS
 THE FOLLOWING WEATHER WAS RECORDED YESTERDAY.
  NO SIGNIFICANT WEATHER WAS OBSERVED.


RELATIVE HUMIDITY (PERCENT)
 HIGHEST    82           200 AM
 LOWEST     40           200 PM
 AVERAGE    61

..........................................................


THE BATON ROUGE  ASOS CLIMATE NORMALS FOR TODAY
                         NORMAL    RECORD    YEAR
 MAXIMUM TEMPERATURE (F)   69        86      1917
 MINIMUM TEMPERATURE (F)   48        25      1937
                                             1920


SUNRISE AND SUNSET
MARCH  1 2015.........SUNRISE   631 AM CST   SUNSET   603 PM CST
MARCH  2 2015.........SUNRISE   630 AM CST   SUNSET   604 PM CST


-  INDICATES NEGATIVE NUMBERS.
R  INDICATES RECORD WAS SET OR TIED.
MM INDICATES DATA IS MISSING.
T  INDICATES TRACE AMOUNT.




$$
