000
CDUS44 KLIX 290702
CLIBTR


CLIMATE REPORT
NATIONAL WEATHER SERVICE NEW ORLEANS
202 AM CDT FRI JUL 29 2016


...................................

...THE BATON ROUGE  ASOS CLIMATE SUMMARY FOR JULY 28 2016...

CLIMATE NORMAL PERIOD 1981 TO 2010
CLIMATE RECORD PERIOD 1894 TO 2016


WEATHER ITEM   OBSERVED TIME   RECORD YEAR NORMAL DEPARTURE LAST
                VALUE   (LST)  VALUE       VALUE  FROM      YEAR
                                                  NORMAL
..................................................................
TEMPERATURE (F)
 YESTERDAY
  MAXIMUM         91   1102 AM 100    1995  93     -2       98
  MINIMUM         73   1146 PM  65    1911  74     -1       74
  AVERAGE         82                        83     -1       86

PRECIPITATION (IN)
  YESTERDAY        0.88          2.72 1951   0.17   0.71     0.00
  MONTH TO DATE    5.99                      4.47   1.52     3.42
  SINCE JUN 1     13.33                     10.88   2.45     9.40
  SINCE JAN 1     43.54                     35.40   8.14    41.78

SNOWFALL (IN)
  YESTERDAY        0.0
  MONTH TO DATE    0.0
  SINCE JUN 1      0.0
  SINCE JUL 1      0.0
  SNOW DEPTH       0

DEGREE DAYS
 HEATING
  YESTERDAY        0                         0      0        0
  MONTH TO DATE    0                         0      0        0
  SINCE JUN 1      0                         0      0        0
  SINCE JUL 1      0                         0      0        0

 COOLING
  YESTERDAY       17                        18     -1       21
  MONTH TO DATE  548                       504     44      568
  SINCE JUN 1   1065                       988     77     1064
  SINCE JAN 1   1641                      1553     88     1735
..................................................................


WIND (MPH)
  HIGHEST WIND SPEED    26   HIGHEST WIND DIRECTION     W (270)
  HIGHEST GUST SPEED    32   HIGHEST GUST DIRECTION     W (270)
  AVERAGE WIND SPEED     3.7


SKY COVER
  POSSIBLE SUNSHINE  MM
  AVERAGE SKY COVER 0.3


WEATHER CONDITIONS
 THE FOLLOWING WEATHER WAS RECORDED YESTERDAY.
  THUNDERSTORM
  HEAVY RAIN
  RAIN
  LIGHT RAIN
  FOG
  HAZE


RELATIVE HUMIDITY (PERCENT)
 HIGHEST    94           600 AM
 LOWEST     59          1200 PM
 AVERAGE    77

..........................................................


THE BATON ROUGE  ASOS CLIMATE NORMALS FOR TODAY
                         NORMAL    RECORD    YEAR
 MAXIMUM TEMPERATURE (F)   93        99      2015
                                             1921
                                             1907
 MINIMUM TEMPERATURE (F)   74        65      1994


SUNRISE AND SUNSET
JULY 29 2016..........SUNRISE   621 AM CDT   SUNSET   801 PM CDT
JULY 30 2016..........SUNRISE   622 AM CDT   SUNSET   800 PM CDT


-  INDICATES NEGATIVE NUMBERS.
R  INDICATES RECORD WAS SET OR TIED.
MM INDICATES DATA IS MISSING.
T  INDICATES TRACE AMOUNT.




$$
