000
CDUS44 KLIX 302117
CLIBTR


CLIMATE REPORT
NATIONAL WEATHER SERVICE NEW ORLEANS
417 PM CDT SAT MAY 30 2015


...................................

...THE BATON ROUGE  ASOS CLIMATE SUMMARY FOR MAY 30 2015...
VALID TODAY AS OF 0400 PM LOCAL TIME.

CLIMATE NORMAL PERIOD 1981 TO 2010
CLIMATE RECORD PERIOD 1894 TO 2015


WEATHER ITEM   OBSERVED TIME   RECORD YEAR NORMAL DEPARTURE LAST
                VALUE   (LST)  VALUE       VALUE  FROM      YEAR
                                                  NORMAL
..................................................................
TEMPERATURE (F)
 TODAY
  MAXIMUM         89    201 PM  96    1921  89      0       87
                                      1896
  MINIMUM         70    519 AM  50    1984  69      1       72
  AVERAGE         80

PRECIPITATION (IN)
  TODAY            0.08          2.73 1979   0.17  -0.09     0.04
  MONTH TO DATE    6.90                      4.73   2.17     8.29
  SINCE MAR 1     18.36                     13.60   4.76    15.04
  SINCE JAN 1     28.11                     24.36   3.75    24.31

SNOWFALL (IN)
  TODAY            0.0
  MONTH TO DATE    0.0
  SINCE MAR 1      T
  SINCE JUL 1      T
  SNOW DEPTH       0

DEGREE DAYS
 HEATING
  TODAY            0                         0      0        0
  MONTH TO DATE    0                         0      0        6
  SINCE MAR 1     99                       218   -119      278
  SINCE JUL 1   1641                      1553     88     1984

 COOLING
  TODAY           15                        14      1       15
  MONTH TO DATE  349                       320     29      280
  SINCE MAR 1    656                       520    136      473
  SINCE JAN 1    660                       551    109      493
..................................................................


WIND (MPH)
  HIGHEST WIND SPEED     9   HIGHEST WIND DIRECTION    SE (150)
  HIGHEST GUST SPEED    13   HIGHEST GUST DIRECTION    SW (220)
  AVERAGE WIND SPEED     2.8


SKY COVER
  POSSIBLE SUNSHINE  MM
  AVERAGE SKY COVER 0.2


WEATHER CONDITIONS
 THE FOLLOWING WEATHER WAS RECORDED TODAY.
  THUNDERSTORM
  RAIN


RELATIVE HUMIDITY (PERCENT)
 HIGHEST    97           500 AM
 LOWEST     51           100 PM
 AVERAGE    74

..........................................................


THE BATON ROUGE  ASOS CLIMATE NORMALS FOR TOMORROW
                         NORMAL    RECORD    YEAR
 MAXIMUM TEMPERATURE (F)   89        97      1998
 MINIMUM TEMPERATURE (F)   69        49      1984


SUNRISE AND SUNSET
MAY 30 2015...........SUNRISE   603 AM CDT   SUNSET   801 PM CDT
MAY 31 2015...........SUNRISE   603 AM CDT   SUNSET   802 PM CDT


-  INDICATES NEGATIVE NUMBERS.
R  INDICATES RECORD WAS SET OR TIED.
MM INDICATES DATA IS MISSING.
T  INDICATES TRACE AMOUNT.




$$
