000
CDUS44 KLIX 250804
CLIBTR


CLIMATE REPORT
NATIONAL WEATHER SERVICE NEW ORLEANS
203 AM CST SUN FEB 25 2018


...................................

...THE BATON ROUGE  ASOS CLIMATE SUMMARY FOR FEBRUARY 24 2018...

CLIMATE NORMAL PERIOD 1981 TO 2010
CLIMATE RECORD PERIOD 1894 TO 2018


WEATHER ITEM   OBSERVED TIME   RECORD YEAR NORMAL DEPARTURE LAST
                VALUE   (LST)  VALUE       VALUE  FROM      YEAR
                                                  NORMAL
..................................................................
TEMPERATURE (F)
 YESTERDAY
  MAXIMUM         84R   308 PM  83    2011  68     16       82
  MINIMUM         68    240 AM  23    1989  46     22       57
  AVERAGE         76                        57     19       70

PRECIPITATION (IN)
  YESTERDAY        T             1.75 1959   0.18  -0.18     0.00
  MONTH TO DATE    2.83                      4.39  -1.56     1.28
  SINCE DEC 1     15.94                     15.71   0.23    20.67
  SINCE JAN 1     10.00                     10.11  -0.11    10.96

SNOWFALL (IN)
  YESTERDAY        0.0
  MONTH TO DATE    0.0
  SINCE DEC 1      4.0
  SINCE JUL 1      4.0
  SNOW DEPTH       0

DEGREE DAYS
 HEATING
  YESTERDAY        0                         9     -9        0
  MONTH TO DATE  108                       263   -155       81
  SINCE DEC 1   1078                      1068     10      574
  SINCE JUL 1   1285                      1303    -18      687

 COOLING
  YESTERDAY       11                         1     10        5
  MONTH TO DATE  106                        22     84       70
  SINCE DEC 1    124                        57     67      189
  SINCE JAN 1    106                        35     71      124
..................................................................


WIND (MPH)
  HIGHEST WIND SPEED    29   HIGHEST WIND DIRECTION     S (180)
  HIGHEST GUST SPEED    35   HIGHEST GUST DIRECTION     S (180)
  AVERAGE WIND SPEED    13.4


SKY COVER
  POSSIBLE SUNSHINE  MM
  AVERAGE SKY COVER 0.8


WEATHER CONDITIONS
 THE FOLLOWING WEATHER WAS RECORDED YESTERDAY.
  FOG


RELATIVE HUMIDITY (PERCENT)
 HIGHEST   100           400 AM
 LOWEST     47           400 PM
 AVERAGE    74

..........................................................


THE BATON ROUGE  ASOS CLIMATE NORMALS FOR TODAY
                         NORMAL    RECORD    YEAR
 MAXIMUM TEMPERATURE (F)   68        84      1977
                                             1962
 MINIMUM TEMPERATURE (F)   47        25      1965
                                             1914


SUNRISE AND SUNSET
FEBRUARY 25 2018......SUNRISE   635 AM CST   SUNSET   600 PM CST
FEBRUARY 26 2018......SUNRISE   634 AM CST   SUNSET   601 PM CST


-  INDICATES NEGATIVE NUMBERS.
R  INDICATES RECORD WAS SET OR TIED.
MM INDICATES DATA IS MISSING.
T  INDICATES TRACE AMOUNT.




$$
