000
CDUS41 KBTV 292219
CLIBTV


CLIMATE REPORT
NATIONAL WEATHER SERVICE BURLINGTON VT
518 PM EST THU JAN 29 2015


...................................

...THE BURLINGTON VT CLIMATE SUMMARY FOR JANUARY 29 2015...
VALID TODAY AS OF 0500 PM LOCAL TIME.

CLIMATE NORMAL PERIOD 1981 TO 2010
CLIMATE RECORD PERIOD 1884 TO 2015


WEATHER ITEM   OBSERVED TIME   RECORD YEAR NORMAL DEPARTURE LAST
                VALUE   (LST)  VALUE       VALUE  FROM      YEAR
                                                  NORMAL
..................................................................
TEMPERATURE (F)
 TODAY
  MAXIMUM         30    459 PM  49    1950  27      3       19
  MINIMUM         -5    640 AM -18    1954  10    -15        4
  AVERAGE         13                        19     -6       12

PRECIPITATION (IN)
  TODAY            0.00          0.80 1900   0.07  -0.07     0.00
  MONTH TO DATE    1.09                      1.93  -0.84     2.45
  SINCE DEC 1      3.94                      4.31  -0.37     4.99
  SINCE JAN 1      1.09                      1.93  -0.84     2.45

SNOWFALL (IN)
  TODAY            0.0           8.3  1958   0.7   -0.7      0.0
  MONTH TO DATE   13.0                      19.8   -6.8     12.5
  SINCE DEC 1     34.9                      37.7   -2.8     27.8
  SINCE JUL 1     45.5                      43.1    2.4     34.2
  SNOW DEPTH       3

DEGREE DAYS
 HEATING
  TODAY           52                        46      6       53
  MONTH TO DATE 1403                      1346     57     1360
  SINCE DEC 1   2481                      2560    -79     2640
  SINCE JUL 1   3806                      4105   -299     4133

 COOLING
  TODAY            0                         0      0        0
  MONTH TO DATE    0                         0      0        0
  SINCE DEC 1      0                         0      0        0
  SINCE JAN 1      0                         0      0        0
..................................................................


WIND (MPH)
  HIGHEST WIND SPEED    18   HIGHEST WIND DIRECTION     S (180)
  HIGHEST GUST SPEED    24   HIGHEST GUST DIRECTION     S (180)
  AVERAGE WIND SPEED     5.1


SKY COVER
  POSSIBLE SUNSHINE  MM
  AVERAGE SKY COVER 0.4


WEATHER CONDITIONS
 THE FOLLOWING WEATHER WAS RECORDED TODAY.
  NO SIGNIFICANT WEATHER WAS OBSERVED.


RELATIVE HUMIDITY (PERCENT)
 HIGHEST    79           300 AM
 LOWEST     28           500 PM
 AVERAGE    54

..........................................................


THE BURLINGTON VT CLIMATE NORMALS FOR TOMORROW
                         NORMAL    RECORD    YEAR
 MAXIMUM TEMPERATURE (F)   28        57      2013
 MINIMUM TEMPERATURE (F)   10       -20      1948


SUNRISE AND SUNSET
JANUARY 29 2015.......SUNRISE   715 AM EST   SUNSET   457 PM EST
JANUARY 30 2015.......SUNRISE   714 AM EST   SUNSET   459 PM EST


-  INDICATES NEGATIVE NUMBERS.
R  INDICATES RECORD WAS SET OR TIED.
MM INDICATES DATA IS MISSING.
T  INDICATES TRACE AMOUNT.




$$
