000
CDUS41 KBTV 060531
CLIBTV


CLIMATE REPORT
NATIONAL WEATHER SERVICE BURLINGTON VT
1231 AM EST SAT FEB 6 2016


...................................

...THE BURLINGTON VT CLIMATE SUMMARY FOR FEBRUARY 5 2016...

CLIMATE NORMAL PERIOD 1981 TO 2010
CLIMATE RECORD PERIOD 1884 TO 2016


WEATHER ITEM   OBSERVED TIME   RECORD YEAR NORMAL DEPARTURE LAST
                VALUE   (LST)  VALUE       VALUE  FROM      YEAR
                                                  NORMAL
..................................................................
TEMPERATURE (F)
 YESTERDAY
  MAXIMUM         35    100 AM  51    1991  28      7       26
  MINIMUM         21   1141 PM -27    1908  11     10       -9
  AVERAGE         28                        20      8        9

PRECIPITATION (IN)
  YESTERDAY        T             0.83 2011   0.06  -0.06     0.04
  MONTH TO DATE    0.24                      0.32  -0.08     0.45
  SINCE DEC 1      5.87                      4.76   1.11     4.59
  SINCE JAN 1      1.43                      2.38  -0.95     1.74

SNOWFALL (IN)
  YESTERDAY        T             9.3  2014   0.6   -0.6      2.8
  MONTH TO DATE    T                         3.0   -3.0      9.8
  SINCE DEC 1     20.2                      42.0  -21.8     52.4
  SINCE JUL 1     20.4                      47.4  -27.0     63.0
  SNOW DEPTH       0

DEGREE DAYS
 HEATING
  YESTERDAY       37                        45     -8       56
  MONTH TO DATE  137                       229    -92      288
  SINCE DEC 1   2166                      2878   -712     2881
  SINCE JUL 1   3405                      4423  -1018     4206

 COOLING
  YESTERDAY        0                         0      0        0
  MONTH TO DATE    0                         0      0        0
  SINCE DEC 1      0                         0      0        0
  SINCE JAN 1      0                         0      0        0
..................................................................


WIND (MPH)
  HIGHEST WIND SPEED    21   HIGHEST WIND DIRECTION     N (350)
  HIGHEST GUST SPEED    28   HIGHEST GUST DIRECTION    NW (330)
  AVERAGE WIND SPEED     8.3


SKY COVER
  POSSIBLE SUNSHINE  MM
  AVERAGE SKY COVER 0.7


WEATHER CONDITIONS
 THE FOLLOWING WEATHER WAS RECORDED YESTERDAY.
  LIGHT SNOW


RELATIVE HUMIDITY (PERCENT)
 HIGHEST    69           900 AM
 LOWEST     50           500 PM
 AVERAGE    60

..........................................................


THE BURLINGTON VT CLIMATE NORMALS FOR TODAY
                         NORMAL    RECORD    YEAR
 MAXIMUM TEMPERATURE (F)   29        50      2012
                                             2005
 MINIMUM TEMPERATURE (F)   11       -24      1993


SUNRISE AND SUNSET
FEBRUARY  6 2016......SUNRISE   706 AM EST   SUNSET   508 PM EST
FEBRUARY  7 2016......SUNRISE   704 AM EST   SUNSET   510 PM EST


-  INDICATES NEGATIVE NUMBERS.
R  INDICATES RECORD WAS SET OR TIED.
MM INDICATES DATA IS MISSING.
T  INDICATES TRACE AMOUNT.

&&

LAKE CHAMPLAIN DATA:
LAKE LEVEL..........95.74 FEET
WATER TEMPERATURE...38 DEGREES

MOUNT MANSFIELD DATA:
HIGH TEMPERATURE...24 DEGREES
LOW TEMPERATURE....9 DEGREES
PRECIPITATION......NONE
NEW SNOW...........NONE
SNOW AT STAKE......20 INCHES

$$
