000
CDUS41 KBTV 230538 CCA
CLIBTV

CLIMATE REPORT...CORRECTED SNOWFALL
NATIONAL WEATHER SERVICE BURLINGTON VT
138 AM EDT SUN APR 23 2017


...................................

...THE BURLINGTON VT CLIMATE SUMMARY FOR APRIL 22 2017...

CLIMATE NORMAL PERIOD 1981 TO 2010
CLIMATE RECORD PERIOD 1884 TO 2017


WEATHER ITEM   OBSERVED TIME   RECORD YEAR NORMAL DEPARTURE LAST
                VALUE   (LST)  VALUE       VALUE  FROM      YEAR
                                                  NORMAL
..................................................................
TEMPERATURE (F)
 YESTERDAY
  MAXIMUM         50    236 PM  80    1973  58     -8       71
                                      1885
  MINIMUM         44   1159 PM  21    1947  37      7       49
  AVERAGE         47                        48     -1       60

PRECIPITATION (IN)
  YESTERDAY        0.01          0.91 1927   0.09  -0.08     0.18
  MONTH TO DATE    3.62                      2.03   1.59     1.38
  SINCE MAR 1      6.89                      4.25   2.64     3.64
  SINCE JAN 1     11.56                      8.07   3.49     7.97

SNOWFALL (IN)
  YESTERDAY        0.0           0.2  2002   0.1   -0.1      0.0
  MONTH TO DATE    4.4                       4.0    0.4      1.4
  SINCE MAR 1     41.2                      19.8   21.4      3.2
  SINCE JUL 1    100.4                      80.6   19.8     32.2
  SNOW DEPTH       0

DEGREE DAYS
 HEATING
  YESTERDAY       18                        17      1        5
  MONTH TO DATE  387                       486    -99      512
  SINCE MAR 1   1544                      1540      4     1379
  SINCE JUL 1   5922                      6950  -1028     5763

 COOLING
  YESTERDAY        0                         0      0        0
  MONTH TO DATE    6                         0      6        0
  SINCE MAR 1      6                         0      6        0
  SINCE JAN 1      6                         0      6        0
..................................................................


WIND (MPH)
  HIGHEST WIND SPEED    14   HIGHEST WIND DIRECTION     N (350)
  HIGHEST GUST SPEED    18   HIGHEST GUST DIRECTION    NW (330)
  AVERAGE WIND SPEED     4.0


SKY COVER
  POSSIBLE SUNSHINE  MM
  AVERAGE SKY COVER 1.0


WEATHER CONDITIONS
 THE FOLLOWING WEATHER WAS RECORDED YESTERDAY.
  LIGHT RAIN


RELATIVE HUMIDITY (PERCENT)
 HIGHEST   100           500 AM
 LOWEST     66          1100 AM
 AVERAGE    83

..........................................................


THE BURLINGTON VT CLIMATE NORMALS FOR TODAY
                         NORMAL    RECORD    YEAR
 MAXIMUM TEMPERATURE (F)   59        85      1885
 MINIMUM TEMPERATURE (F)   38        23      1930


SUNRISE AND SUNSET
APRIL 23 2017.........SUNRISE   555 AM EDT   SUNSET   747 PM EDT
APRIL 24 2017.........SUNRISE   553 AM EDT   SUNSET   749 PM EDT


-  INDICATES NEGATIVE NUMBERS.
R  INDICATES RECORD WAS SET OR TIED.
MM INDICATES DATA IS MISSING.
T  INDICATES TRACE AMOUNT.

&&

LAKE CHAMPLAIN DATA:
LEVEL...............99.74 FEET
TEMPERATURE.........39 DEGREES

MOUNT MANSFIELD DATA:
HIGH................36 DEGREES
LOW.................31 DEGREES
PRECIPITATION.......0.37 INCHES
NEW SNOW............TRACE
SNOW AT STAKE.......71 INCHES

$$
