000
CDUS41 KBTV 232121
CLIBTV


CLIMATE REPORT
NATIONAL WEATHER SERVICE BURLINGTON VT
520 PM EDT TUE SEP 23 2014


...................................

...THE BURLINGTON VT CLIMATE SUMMARY FOR SEPTEMBER 23 2014...
VALID TODAY AS OF 0500 PM LOCAL TIME.

CLIMATE NORMAL PERIOD 1981 TO 2010
CLIMATE RECORD PERIOD 1884 TO 2014


WEATHER ITEM   OBSERVED TIME   RECORD YEAR NORMAL DEPARTURE LAST
                VALUE   (LST)  VALUE       VALUE  FROM      YEAR
                                                  NORMAL
..................................................................
TEMPERATURE (F)
 TODAY
  MAXIMUM         64    147 PM  87    1895  67     -3       51
  MINIMUM         49    709 AM  29    1963  48      1       45
  AVERAGE         57                        58     -1       48

PRECIPITATION (IN)
  TODAY            0.00          1.92 1981   0.13  -0.13     0.00
  MONTH TO DATE    1.63                      2.73  -1.10     4.74
  SINCE SEP 1      1.63                      2.73  -1.10     4.74
  SINCE JAN 1     27.33                     26.80   0.53    37.43

SNOWFALL (IN)
  TODAY            0.0           0.0  2002   0.0    0.0      0.0
                                      2001
  MONTH TO DATE    0.0                       0.0    0.0      0.0
  SINCE SEP 1      0.0                       0.0    0.0      0.0
  SINCE JUL 1      0.0                       0.0    0.0      0.0
  SNOW DEPTH       0

DEGREE DAYS
 HEATING
  TODAY            8                         8      0       17
  MONTH TO DATE  136                       107     29      140
  SINCE SEP 1    136                       107     29      140
  SINCE JUL 1    149                       149      0      156

 COOLING
  TODAY            0                         1     -1        0
  MONTH TO DATE   66                        41     25       58
  SINCE SEP 1     66                        41     25       58
  SINCE JAN 1    559                       489     70      658
..................................................................


WIND (MPH)
  HIGHEST WIND SPEED    13   HIGHEST WIND DIRECTION     S (200)
  HIGHEST GUST SPEED    16   HIGHEST GUST DIRECTION    SW (230)
  AVERAGE WIND SPEED     7.6


SKY COVER
  POSSIBLE SUNSHINE  MM
  AVERAGE SKY COVER 0.8


WEATHER CONDITIONS
 THE FOLLOWING WEATHER WAS RECORDED TODAY.
  NO SIGNIFICANT WEATHER WAS OBSERVED.


RELATIVE HUMIDITY (PERCENT)
 HIGHEST    77           400 AM
 LOWEST     53          1100 AM
 AVERAGE    65

..........................................................


THE BURLINGTON VT CLIMATE NORMALS FOR TOMORROW
                         NORMAL    RECORD    YEAR
 MAXIMUM TEMPERATURE (F)   67        84      1961
 MINIMUM TEMPERATURE (F)   47        25      1963


SUNRISE AND SUNSET
SEPTEMBER 23 2014.....SUNRISE   641 AM EDT   SUNSET   648 PM EDT
SEPTEMBER 24 2014.....SUNRISE   642 AM EDT   SUNSET   646 PM EDT


-  INDICATES NEGATIVE NUMBERS.
R  INDICATES RECORD WAS SET OR TIED.
MM INDICATES DATA IS MISSING.
T  INDICATES TRACE AMOUNT.




$$
