000
CDUS41 KBTV 272201
CLIBTV


CLIMATE REPORT
NATIONAL WEATHER SERVICE BURLINGTON VT
459 PM EST THU NOV 27 2014


...................................

...THE BURLINGTON VT CLIMATE SUMMARY FOR NOVEMBER 27 2014...
VALID TODAY AS OF 0400 PM LOCAL TIME.

CLIMATE NORMAL PERIOD 1981 TO 2010
CLIMATE RECORD PERIOD 1884 TO 2014


WEATHER ITEM   OBSERVED TIME   RECORD YEAR NORMAL DEPARTURE LAST
                VALUE   (LST)  VALUE       VALUE  FROM      YEAR
                                                  NORMAL
..................................................................
TEMPERATURE (F)
 TODAY
  MAXIMUM         30    232 PM  66    1896  41    -11       37
  MINIMUM         25    752 AM  -1    1957  27     -2       28
  AVERAGE         28                        34     -6       33

PRECIPITATION (IN)
  TODAY            0.03          1.11 2013   0.09  -0.06     1.11
  MONTH TO DATE    1.91                      2.85  -0.94     2.43
  SINCE SEP 1      7.71                     10.09  -2.38     9.76
  SINCE JAN 1     33.41                     34.16  -0.75    42.45

SNOWFALL (IN)
  TODAY            0.8           4.1  1959   0.3    0.5      1.7
  MONTH TO DATE    9.0                       4.2    4.8      6.1
  SINCE SEP 1      9.0                       4.5    4.5      6.1
  SINCE JUL 1      9.0                       4.5    4.5      6.1
  SNOW DEPTH       6

DEGREE DAYS
 HEATING
  TODAY           37                        31      6       32
  MONTH TO DATE  684                       707    -23      737
  SINCE SEP 1   1201                      1406   -205     1340
  SINCE JUL 1   1214                      1448   -234     1356

 COOLING
  TODAY            0                         0      0        0
  MONTH TO DATE    0                         0      0        0
  SINCE SEP 1     89                        43     46       62
  SINCE JAN 1    582                       491     91      662
..................................................................


WIND (MPH)
  HIGHEST WIND SPEED    18   HIGHEST WIND DIRECTION     N (340)
  HIGHEST GUST SPEED    22   HIGHEST GUST DIRECTION     N (340)
  AVERAGE WIND SPEED     9.0


SKY COVER
  POSSIBLE SUNSHINE  MM
  AVERAGE SKY COVER 1.0


WEATHER CONDITIONS
 THE FOLLOWING WEATHER WAS RECORDED TODAY.
  LIGHT SNOW
  FOG


RELATIVE HUMIDITY (PERCENT)
 HIGHEST    92          1200 AM
 LOWEST     63          1200 PM
 AVERAGE    78

..........................................................


THE BURLINGTON VT CLIMATE NORMALS FOR TOMORROW
                         NORMAL    RECORD    YEAR
 MAXIMUM TEMPERATURE (F)   40        68      1990
 MINIMUM TEMPERATURE (F)   27         1      1936


SUNRISE AND SUNSET
NOVEMBER 27 2014......SUNRISE   704 AM EST   SUNSET   416 PM EST
NOVEMBER 28 2014......SUNRISE   705 AM EST   SUNSET   416 PM EST


-  INDICATES NEGATIVE NUMBERS.
R  INDICATES RECORD WAS SET OR TIED.
MM INDICATES DATA IS MISSING.
T  INDICATES TRACE AMOUNT.




$$
