000
CDUS41 KBTV 060551
CLIBTV


CLIMATE REPORT
NATIONAL WEATHER SERVICE BURLINGTON VT
149 AM EDT FRI MAY 6 2016


...................................

...THE BURLINGTON VT CLIMATE SUMMARY FOR MAY 5 2016...

CLIMATE NORMAL PERIOD 1981 TO 2010
CLIMATE RECORD PERIOD 1884 TO 2016


WEATHER ITEM   OBSERVED TIME   RECORD YEAR NORMAL DEPARTURE LAST
                VALUE   (LST)  VALUE       VALUE  FROM      YEAR
                                                  NORMAL
..................................................................
TEMPERATURE (F)
 YESTERDAY
  MAXIMUM         62    250 PM  89    1944  64     -2       71
  MINIMUM         47    615 AM  27    1997  42      5       48
                                      1974
                                      1966
  AVERAGE         55                        53      2       60

PRECIPITATION (IN)
  YESTERDAY        0.00          0.88 1929   0.11  -0.11     0.00
  MONTH TO DATE    0.79                      0.50   0.29      T
  SINCE MAR 1      4.85                      5.54  -0.69     3.54
  SINCE JAN 1      9.18                      9.36  -0.18     5.92

SNOWFALL (IN)
  YESTERDAY        0.0           0.0  2002   0.1   -0.1      0.0
                                      2001
  MONTH TO DATE    0.0                       0.2   -0.2      0.0
  SINCE MAR 1      5.3                      20.6  -15.3      7.5
  SINCE JUL 1     34.3                      81.4  -47.1     83.4
  SNOW DEPTH       0

DEGREE DAYS
 HEATING
  YESTERDAY       10                        12     -2        5
  MONTH TO DATE   78                        66     12       23
  SINCE MAR 1   1641                      1730    -89     1812
  SINCE JUL 1   6025                      7140  -1115     7329

 COOLING
  YESTERDAY        0                         0      0        0
  MONTH TO DATE    0                         0      0        2
  SINCE MAR 1      0                         2     -2        2
  SINCE JAN 1      0                         2     -2        2
..................................................................


WIND (MPH)
  HIGHEST WIND SPEED    14   HIGHEST WIND DIRECTION    NW (330)
  HIGHEST GUST SPEED    21   HIGHEST GUST DIRECTION     N (350)
  AVERAGE WIND SPEED     5.8


SKY COVER
  POSSIBLE SUNSHINE  MM
  AVERAGE SKY COVER 0.9


WEATHER CONDITIONS
 THE FOLLOWING WEATHER WAS RECORDED YESTERDAY.
  NO SIGNIFICANT WEATHER WAS OBSERVED.


RELATIVE HUMIDITY (PERCENT)
 HIGHEST    93           200 AM
 LOWEST     51           200 PM
 AVERAGE    72

..........................................................


THE BURLINGTON VT CLIMATE NORMALS FOR TODAY
                         NORMAL    RECORD    YEAR
 MAXIMUM TEMPERATURE (F)   64        87      1944
 MINIMUM TEMPERATURE (F)   42        25      1961


SUNRISE AND SUNSET
MAY  6 2016...........SUNRISE   536 AM EDT   SUNSET   804 PM EDT
MAY  7 2016...........SUNRISE   534 AM EDT   SUNSET   805 PM EDT


-  INDICATES NEGATIVE NUMBERS.
R  INDICATES RECORD WAS SET OR TIED.
MM INDICATES DATA IS MISSING.
T  INDICATES TRACE AMOUNT.

&&

LAKE CHAMPLAIN DATA:
LEVEL...............97.20 FEET
TEMPERATURE.........45 DEGREES

MOUNT MANSFIELD DATA:
HIGH................42 DEGREES
LOW.................33 DEGREES
PRECIPITATION.......0.06 INCHES
NEW SNOW............NONE
SNOW AT STAKE.......22 INCHES

$$
