000
CDUS41 KBTV 260605
CLIBTV


CLIMATE REPORT
NATIONAL WEATHER SERVICE BURLINGTON VT
159 AM EDT SAT JUL 26 2014


...................................

...THE BURLINGTON VT CLIMATE SUMMARY FOR JULY 25 2014...

CLIMATE NORMAL PERIOD 1981 TO 2010
CLIMATE RECORD PERIOD 1884 TO 2014


WEATHER ITEM   OBSERVED TIME   RECORD YEAR NORMAL DEPARTURE LAST
                VALUE   (LST)  VALUE       VALUE  FROM      YEAR
                                                  NORMAL
..................................................................
TEMPERATURE (F)
 YESTERDAY
  MAXIMUM         81    443 PM  97    1963  81      0       72
  MINIMUM         53    453 AM  45    1912  61     -8       48
  AVERAGE         67                        71     -4       60

PRECIPITATION (IN)
  YESTERDAY        0.00          2.37 1941   0.13  -0.13     0.00
  MONTH TO DATE    2.56                      3.34  -0.78     4.32
  SINCE JUN 1      6.91                      7.03  -0.12    14.18
  SINCE JAN 1     20.67                     19.34   1.33    29.45

SNOWFALL (IN)
  YESTERDAY        0.0           0.0  2002   0.0    0.0      0.0
                                      2001
  MONTH TO DATE    0.0                       0.0    0.0      0.0
  SINCE JUN 1      0.0                       0.0    0.0      0.0
  SINCE JUL 1      0.0                       0.0    0.0      0.0
  SNOW DEPTH       0

DEGREE DAYS
 HEATING
  YESTERDAY        0                         0      0        5
  MONTH TO DATE    0                         8     -8        7
  SINCE JUN 1     20                        81    -61       72
  SINCE JUL 1      0                         8     -8        7

 COOLING
  YESTERDAY        2                         6     -4        0
  MONTH TO DATE  195                       150     45      254
  SINCE JUN 1    315                       247     68      369
  SINCE JAN 1    337                       266     71      416
..................................................................


WIND (MPH)
  HIGHEST WIND SPEED    14   HIGHEST WIND DIRECTION     S (190)
  HIGHEST GUST SPEED    18   HIGHEST GUST DIRECTION     S (180)
  AVERAGE WIND SPEED     4.6


SKY COVER
  POSSIBLE SUNSHINE  MM
  AVERAGE SKY COVER 0.2


WEATHER CONDITIONS
 THE FOLLOWING WEATHER WAS RECORDED YESTERDAY.
  NO SIGNIFICANT WEATHER WAS OBSERVED.


RELATIVE HUMIDITY (PERCENT)
 HIGHEST    93           500 AM
 LOWEST     36           500 PM
 AVERAGE    65

..........................................................


THE BURLINGTON VT CLIMATE NORMALS FOR TODAY
                         NORMAL    RECORD    YEAR
 MAXIMUM TEMPERATURE (F)   81        94      1989
                                             1963
                                             1939
 MINIMUM TEMPERATURE (F)   61        45      1976


SUNRISE AND SUNSET
JULY 26 2014..........SUNRISE   533 AM EDT   SUNSET   825 PM EDT
JULY 27 2014..........SUNRISE   534 AM EDT   SUNSET   824 PM EDT


-  INDICATES NEGATIVE NUMBERS.
R  INDICATES RECORD WAS SET OR TIED.
MM INDICATES DATA IS MISSING.
T  INDICATES TRACE AMOUNT.

&&

LAKE CHAMPLAIN DATA:
LEVEL...............96.05 FEET
TEMPERATURE.........72 DEGREES

MOUNT MANSFIELD DATA:
HIGH................62 DEGREES
LOW.................47 DEGREES
PRECIPITATION.......NONE

$$
