000
CDUS41 KBTV 240535
CLIBTV


CLIMATE REPORT
NATIONAL WEATHER SERVICE BURLINGTON VT
133 AM EDT FRI MAR 24 2017


...................................

...THE BURLINGTON VT CLIMATE SUMMARY FOR MARCH 23 2017...

CLIMATE NORMAL PERIOD 1981 TO 2010
CLIMATE RECORD PERIOD 1884 TO 2017


WEATHER ITEM   OBSERVED TIME   RECORD YEAR NORMAL DEPARTURE LAST
                VALUE   (LST)  VALUE       VALUE  FROM      YEAR
                                                  NORMAL
..................................................................
TEMPERATURE (F)
 YESTERDAY
  MAXIMUM         33    505 PM  73    1938  43    -10       41
  MINIMUM          3    614 AM   1    1934  25    -22       33
                                      1896
  AVERAGE         18                        34    -16       37

PRECIPITATION (IN)
  YESTERDAY        0.00          1.36 1968   0.08  -0.08     0.06
  MONTH TO DATE    1.78                      1.61   0.17     1.36
  SINCE MAR 1      1.78                      1.61   0.17     1.36
  SINCE JAN 1      6.45                      5.43   1.02     5.69

SNOWFALL (IN)
  YESTERDAY        0.0           5.6  2001   0.4   -0.4       T
  MONTH TO DATE   32.0                      13.0   19.0      1.0
  SINCE MAR 1     32.0                      13.0   19.0      1.0
  SINCE JUL 1     91.2                      73.8   17.4     30.0
  SNOW DEPTH       6

DEGREE DAYS
 HEATING
  YESTERDAY       47                        31     16       28
  MONTH TO DATE  919                       821     98      686
  SINCE MAR 1    919                       821     98      686
  SINCE JUL 1   5297                      6231   -934     5070

 COOLING
  YESTERDAY        0                         0      0        0
  MONTH TO DATE    0                         0      0        0
  SINCE MAR 1      0                         0      0        0
  SINCE JAN 1      0                         0      0        0
..................................................................


WIND (MPH)
  HIGHEST WIND SPEED    18   HIGHEST WIND DIRECTION     N (350)
  HIGHEST GUST SPEED    23   HIGHEST GUST DIRECTION     N (360)
  AVERAGE WIND SPEED     5.0


SKY COVER
  POSSIBLE SUNSHINE  MM
  AVERAGE SKY COVER 0.2


WEATHER CONDITIONS
 THE FOLLOWING WEATHER WAS RECORDED YESTERDAY.
  NO SIGNIFICANT WEATHER WAS OBSERVED.


RELATIVE HUMIDITY (PERCENT)
 HIGHEST    86           500 AM
 LOWEST     28           300 PM
 AVERAGE    57

..........................................................


THE BURLINGTON VT CLIMATE NORMALS FOR TODAY
                         NORMAL    RECORD    YEAR
 MAXIMUM TEMPERATURE (F)   43        66      1979
 MINIMUM TEMPERATURE (F)   25        -6      1896


SUNRISE AND SUNSET
MARCH 24 2017.........SUNRISE   648 AM EDT   SUNSET   710 PM EDT
MARCH 25 2017.........SUNRISE   646 AM EDT   SUNSET   712 PM EDT


-  INDICATES NEGATIVE NUMBERS.
R  INDICATES RECORD WAS SET OR TIED.
MM INDICATES DATA IS MISSING.
T  INDICATES TRACE AMOUNT.







&&

LAKE CHAMPLAIN DATA:
LEVEL...............96.94 FEET
TEMPERATURE.........34 DEGREES

MOUNT MANSFIELD DATA:
HIGH................Missing DEGREES
LOW.................Missing DEGREES
PRECIPITATION.......NONE

$$
