000
CDUS41 KBTV 060600
CLIBTV


CLIMATE REPORT
NATIONAL WEATHER SERVICE BURLINGTON VT
158 AM EDT MON JUL 6 2015


...................................

...THE BURLINGTON VT CLIMATE SUMMARY FOR JULY 5 2015...

CLIMATE NORMAL PERIOD 1981 TO 2010
CLIMATE RECORD PERIOD 1884 TO 2015


WEATHER ITEM   OBSERVED TIME   RECORD YEAR NORMAL DEPARTURE LAST
                VALUE   (LST)  VALUE       VALUE  FROM      YEAR
                                                  NORMAL
..................................................................
TEMPERATURE (F)
 YESTERDAY
  MAXIMUM         82    417 PM  98    1911  81      1       83
  MINIMUM         59    432 AM  44    1962  60     -1       61
  AVERAGE         71                        70      1       72

PRECIPITATION (IN)
  YESTERDAY        0.00          1.44 1992   0.13  -0.13     0.00
  MONTH TO DATE    2.46                      0.65   1.81     0.80
  SINCE JUN 1     11.13                      4.34   6.79     5.15
  SINCE JAN 1     19.97                     16.65   3.32    18.91

SNOWFALL (IN)
  YESTERDAY        0.0           0.0  2002   0.0    0.0      0.0
                                      2001
  MONTH TO DATE    0.0                       0.0    0.0      0.0
  SINCE JUN 1      0.0                       0.0    0.0      0.0
  SINCE JUL 1      0.0                       0.0    0.0      0.0
  SNOW DEPTH       0

DEGREE DAYS
 HEATING
  YESTERDAY        0                         1     -1        0
  MONTH TO DATE    1                         5     -4        0
  SINCE JUN 1     72                        78     -6       20
  SINCE JUL 1      1                         5     -4        0

 COOLING
  YESTERDAY        6                         6      0        7
  MONTH TO DATE   11                        30    -19       55
  SINCE JUN 1     86                       127    -41      175
  SINCE JAN 1    179                       146     33      197
..................................................................


WIND (MPH)
  HIGHEST WIND SPEED    12   HIGHEST WIND DIRECTION    SW (220)
  HIGHEST GUST SPEED    15   HIGHEST GUST DIRECTION     S (200)
  AVERAGE WIND SPEED     4.7


SKY COVER
  POSSIBLE SUNSHINE  MM
  AVERAGE SKY COVER 0.4


WEATHER CONDITIONS
 THE FOLLOWING WEATHER WAS RECORDED YESTERDAY.
  NO SIGNIFICANT WEATHER WAS OBSERVED.


RELATIVE HUMIDITY (PERCENT)
 HIGHEST    90           600 AM
 LOWEST     43           300 PM
 AVERAGE    67

..........................................................


THE BURLINGTON VT CLIMATE NORMALS FOR TODAY
                         NORMAL    RECORD    YEAR
 MAXIMUM TEMPERATURE (F)   81        95      2010
 MINIMUM TEMPERATURE (F)   60        39      1962


SUNRISE AND SUNSET
JULY  6 2015..........SUNRISE   515 AM EDT   SUNSET   840 PM EDT
JULY  7 2015..........SUNRISE   515 AM EDT   SUNSET   839 PM EDT


-  INDICATES NEGATIVE NUMBERS.
R  INDICATES RECORD WAS SET OR TIED.
MM INDICATES DATA IS MISSING.
T  INDICATES TRACE AMOUNT.







&&

LAKE CHAMPLAIN DATA:
LEVEL...............98.54 FEET
TEMPERATURE.........69 DEGREES

MOUNT MANSFIELD DATA:
HIGH................63 DEGREES
LOW.................50 DEGREES
PRECIPITATION.......0.29 INCHES

$$
