555
CDUS41 KBTV 082222
CLIBTV


CLIMATE REPORT
NATIONAL WEATHER SERVICE BURLINGTON VT
521 PM EST THU DEC 8 2016


...................................

...THE BURLINGTON VT CLIMATE SUMMARY FOR DECEMBER 8 2016...
VALID TODAY AS OF 0500 PM LOCAL TIME.

CLIMATE NORMAL PERIOD 1981 TO 2010
CLIMATE RECORD PERIOD 1884 TO 2016


WEATHER ITEM   OBSERVED TIME   RECORD YEAR NORMAL DEPARTURE LAST
                VALUE   (LST)  VALUE       VALUE  FROM      YEAR
                                                  NORMAL
..................................................................
TEMPERATURE (F)
 TODAY
  MAXIMUM         38    153 PM  58    1951  36      2       40
                                      1927
  MINIMUM         34   1215 PM -10    1906  22     12       25
  AVERAGE         36                        29      7       33

PRECIPITATION (IN)
  TODAY            0.03          0.69 1974   0.09  -0.06     0.00
  MONTH TO DATE    0.74                      0.70   0.04     1.41
  SINCE DEC 1      0.74                      0.70   0.04     1.41
  SINCE JAN 1     26.12                     35.14  -9.02    34.81

SNOWFALL (IN)
  TODAY           MM             4.5  1996   0.5   MM        0.0
  MONTH TO DATE    3.3                       3.8   -0.5      0.0
  SINCE DEC 1      3.3                       3.8   -0.5      0.0
  SINCE JUL 1      7.6                       9.2   -1.6      0.2
  SNOW DEPTH       1

DEGREE DAYS
 HEATING
  TODAY           29                        36     -7       32
  MONTH TO DATE  227                       276    -49      229
  SINCE DEC 1    227                       276    -49      229
  SINCE JUL 1   1432                      1821   -389     1468

 COOLING
  TODAY            0                         0      0        0
  MONTH TO DATE    0                         0      0        0
  SINCE DEC 1      0                         0      0        0
  SINCE JAN 1    855                       491    364      768
..................................................................


WIND (MPH)
  HIGHEST WIND SPEED    17   HIGHEST WIND DIRECTION     W (290)
  HIGHEST GUST SPEED    27   HIGHEST GUST DIRECTION    NW (300)
  AVERAGE WIND SPEED     7.8


SKY COVER
  POSSIBLE SUNSHINE  MM
  AVERAGE SKY COVER 0.9


WEATHER CONDITIONS
 THE FOLLOWING WEATHER WAS RECORDED TODAY.
  LIGHT SNOW
  FOG
  HAZE


RELATIVE HUMIDITY (PERCENT)
 HIGHEST    89          1200 PM
 LOWEST     64           200 PM
 AVERAGE    77

..........................................................


THE BURLINGTON VT CLIMATE NORMALS FOR TOMORROW
                         NORMAL    RECORD    YEAR
 MAXIMUM TEMPERATURE (F)   36        61      1966
 MINIMUM TEMPERATURE (F)   22       -10      1902


SUNRISE AND SUNSET
DECEMBER  8 2016......SUNRISE   716 AM EST   SUNSET   413 PM EST
DECEMBER  9 2016......SUNRISE   717 AM EST   SUNSET   413 PM EST


-  INDICATES NEGATIVE NUMBERS.
R  INDICATES RECORD WAS SET OR TIED.
MM INDICATES DATA IS MISSING.
T  INDICATES TRACE AMOUNT.




$$
