000
CDUS41 KBUF 041019
CLIBUF


CLIMATE REPORT
NATIONAL WEATHER SERVICE BUFFALO NY
617 AM EDT SAT JUL 4 2015


...................................

...THE BUFFALO NY CLIMATE SUMMARY FOR JULY 3 2015...

CLIMATE NORMAL PERIOD 1981 TO 2010
CLIMATE RECORD PERIOD 1871 TO 2015


WEATHER ITEM   OBSERVED TIME   RECORD YEAR NORMAL DEPARTURE LAST
                VALUE   (LST)  VALUE       VALUE  FROM      YEAR
                                                  NORMAL
..................................................................
TEMPERATURE (F)
 YESTERDAY
  MAXIMUM         78    414 PM  94    1949  79     -1       75
  MINIMUM         50    455 AM  48    1995  62    -12       59
  AVERAGE         64                        70     -6       67

PRECIPITATION (IN)
  YESTERDAY        0.00          1.57 1892   0.10  -0.10     0.06
  MONTH TO DATE    0.09                      0.30  -0.21     0.12
  SINCE JUN 1      5.12                      3.96   1.16     3.92
  SINCE JAN 1     17.75                     18.97  -1.22    21.45

SNOWFALL (IN)
  YESTERDAY        0.0           0.0    MM   0.0    0.0      0.0
  MONTH TO DATE    0.0                       0.0    0.0      0.0
  SINCE JUN 1      0.0                       0.0    0.0      0.0
  SINCE JUL 1      0.0                       0.0    0.0      0.0
  SNOW DEPTH       0

DEGREE DAYS
 HEATING
  YESTERDAY        1                         0      1        0
  MONTH TO DATE    2                         2      0        0
  SINCE JUN 1     52                        66    -14       28
  SINCE JUL 1      2                         2      0        0

 COOLING
  YESTERDAY        0                         6     -6        2
  MONTH TO DATE    1                        18    -17       27
  SINCE JUN 1     77                       121    -44      175
  SINCE JAN 1    168                       147     21      198
..................................................................


WIND (MPH)
  HIGHEST WIND SPEED    15   HIGHEST WIND DIRECTION    NE (30)
  HIGHEST GUST SPEED    20   HIGHEST GUST DIRECTION     N (20)
  AVERAGE WIND SPEED     3.8


SKY COVER
  AVERAGE SKY COVER 0.4


WEATHER CONDITIONS
 THE FOLLOWING WEATHER WAS RECORDED YESTERDAY.
  NO SIGNIFICANT WEATHER WAS OBSERVED.


RELATIVE HUMIDITY (PERCENT)
 HIGHEST    89           300 AM
 LOWEST     33           400 PM
 AVERAGE    61

..........................................................


THE BUFFALO NY CLIMATE NORMALS FOR TODAY
                         NORMAL    RECORD    YEAR
 MAXIMUM TEMPERATURE (F)   79        92      1988
 MINIMUM TEMPERATURE (F)   62        46      1927


SUNRISE AND SUNSET
JULY  4 2015..........SUNRISE   541 AM EDT   SUNSET   857 PM EDT
JULY  5 2015..........SUNRISE   542 AM EDT   SUNSET   857 PM EDT


-  INDICATES NEGATIVE NUMBERS.
R  INDICATES RECORD WAS SET OR TIED.
MM INDICATES DATA IS MISSING.
T  INDICATES TRACE AMOUNT.




$$
