000
CDUS41 KBUF 231023
CLIBUF


CLIMATE REPORT
NATIONAL WEATHER SERVICE BUFFALO NY
623 AM EDT SAT SEP 23 2017


...................................

...THE BUFFALO NY CLIMATE SUMMARY FOR SEPTEMBER 22 2017...

CLIMATE NORMAL PERIOD 1981 TO 2010
CLIMATE RECORD PERIOD 1871 TO 2017


WEATHER ITEM   OBSERVED TIME   RECORD YEAR NORMAL DEPARTURE LAST
                VALUE   (LST)  VALUE       VALUE  FROM      YEAR
                                                  NORMAL
..................................................................
TEMPERATURE (F)
 YESTERDAY
  MAXIMUM         82    308 PM  89    1965  69     13       81
  MINIMUM         59    634 AM  37    1963  51      8       59
  AVERAGE         71                        60     11       70

PRECIPITATION (IN)
  YESTERDAY        0.00          1.55 1885   0.14  -0.14     0.00
  MONTH TO DATE    2.43                      2.77  -0.34     2.81
  SINCE SEP 1      2.43                      2.77  -0.34     2.81
  SINCE JAN 1     34.71                     27.93   6.78    21.33

SNOWFALL (IN)
  YESTERDAY        0.0           0.0    MM   0.0    0.0      0.0
  MONTH TO DATE    0.0                       0.0    0.0      0.0
  SINCE SEP 1      0.0                       0.0    0.0      0.0
  SINCE JUL 1      0.0                       0.0    0.0      0.0
  SNOW DEPTH       0

DEGREE DAYS
 HEATING
  YESTERDAY        0                         6     -6        0
  MONTH TO DATE   62                        75    -13        9
  SINCE SEP 1     62                        75    -13        9
  SINCE JUL 1     78                       102    -24        9

 COOLING
  YESTERDAY        6                         1      5        5
  MONTH TO DATE   65                        47     18      108
  SINCE SEP 1     65                        47     18      108
  SINCE JAN 1    535                       534      1      926
..................................................................


WIND (MPH)
  HIGHEST WIND SPEED    10   HIGHEST WIND DIRECTION    NE (40)
  HIGHEST GUST SPEED    13   HIGHEST GUST DIRECTION    NE (40)
  AVERAGE WIND SPEED     3.7


SKY COVER
  AVERAGE SKY COVER 0.5


WEATHER CONDITIONS
 THE FOLLOWING WEATHER WAS RECORDED YESTERDAY.
  NO SIGNIFICANT WEATHER WAS OBSERVED.


RELATIVE HUMIDITY (PERCENT)
 HIGHEST    93           600 AM
 LOWEST     36           300 PM
 AVERAGE    65

..........................................................


THE BUFFALO NY CLIMATE NORMALS FOR TODAY
                         NORMAL    RECORD    YEAR
 MAXIMUM TEMPERATURE (F)   68        86      1936
 MINIMUM TEMPERATURE (F)   51        32      1947


SUNRISE AND SUNSET
SEPTEMBER 23 2017.....SUNRISE   704 AM EDT   SUNSET   710 PM EDT
SEPTEMBER 24 2017.....SUNRISE   705 AM EDT   SUNSET   708 PM EDT


-  INDICATES NEGATIVE NUMBERS.
R  INDICATES RECORD WAS SET OR TIED.
MM INDICATES DATA IS MISSING.
T  INDICATES TRACE AMOUNT.




$$
