020
CDUS46 KLOX 260115
CLIBUR


CLIMATE REPORT
NATIONAL WEATHER SERVICE LOS ANGELES/OXNARD CA
615 PM PDT SAT MAR 25 2017


...................................

...THE BOB HOPE AIRPORT (BURBANK) CA CLIMATE SUMMARY FOR MARCH 25 2017...
VALID TODAY AS OF 0600 PM LOCAL TIME.

CLIMATE NORMAL PERIOD 1981 TO 2010
CLIMATE RECORD PERIOD 1939 TO 2017


WEATHER ITEM   OBSERVED TIME   RECORD YEAR NORMAL DEPARTURE LAST
                VALUE   (LST)  VALUE       VALUE  FROM      YEAR
                                                  NORMAL
..................................................................
TEMPERATURE (F)
 TODAY
  MAXIMUM         69   1228 PM  95    1988  71     -2       78
  MINIMUM         51    630 AM  35    1977  47      4       54
  AVERAGE         60                        59      1       66

PRECIPITATION (IN)
  TODAY            T             1.38 2012   0.07  -0.07     0.00
  MONTH TO DATE    0.21                      2.59  -2.38     1.74
  SINCE OCT 1     13.61                     15.04  -1.43     7.21
  SINCE JAN 1      9.35                     10.60  -1.25     6.11

SNOWFALL (IN)
  TODAY            0.0
  MONTH TO DATE    0.0
  SINCE MAR 1      0.0
  SINCE JUL 1      0.0

DEGREE DAYS
 HEATING
  TODAY            5                         6     -1        0
  MONTH TO DATE   79                       181   -102       81
  SINCE MAR 1     79                       181   -102       81
  SINCE JUL 1   1072                      1322   -250      988

 COOLING
  TODAY            0                         0      0        1
  MONTH TO DATE   60                         0     60       15
  SINCE MAR 1     60                         0     60       15
  SINCE JAN 1     61                         6     55       70
..................................................................


WIND (MPH)
  HIGHEST WIND SPEED    15   HIGHEST WIND DIRECTION     S (190)
  HIGHEST GUST SPEED    19   HIGHEST GUST DIRECTION     S (190)
  AVERAGE WIND SPEED     6.2


SKY COVER
  POSSIBLE SUNSHINE  MM
  AVERAGE SKY COVER 0.4


WEATHER CONDITIONS
 THE FOLLOWING WEATHER WAS RECORDED TODAY.
  NO SIGNIFICANT WEATHER WAS OBSERVED.


RELATIVE HUMIDITY (PERCENT)
 HIGHEST    83           400 AM
 LOWEST     48          1200 PM
 AVERAGE    66

..........................................................


THE BOB HOPE AIRPORT (BURBANK) CA CLIMATE NORMALS FOR TOMORROW
                         NORMAL    RECORD    YEAR
 MAXIMUM TEMPERATURE (F)   71        98      1988
 MINIMUM TEMPERATURE (F)   47        34      1977


SUNRISE AND SUNSET
MARCH 25 2017.........SUNRISE   650 AM PDT   SUNSET   709 PM PDT
MARCH 26 2017.........SUNRISE   648 AM PDT   SUNSET   710 PM PDT


-  INDICATES NEGATIVE NUMBERS.
R  INDICATES RECORD WAS SET OR TIED.
MM INDICATES DATA IS MISSING.
T  INDICATES TRACE AMOUNT.




$$
