000
CDUS46 KLOX 010913
CLIBUR


CLIMATE REPORT
NATIONAL WEATHER SERVICE LOS ANGELES/OXNARD CA
212 AM PDT SUN MAY 1 2016


...................................

...THE BOB HOPE AIRPORT (BURBANK) CA CLIMATE SUMMARY FOR APRIL 30 2016...

CLIMATE NORMAL PERIOD 1981 TO 2010
CLIMATE RECORD PERIOD 1939 TO 2016


WEATHER ITEM   OBSERVED TIME   RECORD YEAR NORMAL DEPARTURE LAST
                VALUE   (LST)  VALUE       VALUE  FROM      YEAR
                                                  NORMAL
..................................................................
TEMPERATURE (F)
 YESTERDAY
  MAXIMUM         68    141 PM  95    1976  75     -7       91
  MINIMUM         54    508 AM  42    1970  53      1       63
  AVERAGE         61                        64     -3       77

PRECIPITATION (IN)
  YESTERDAY        0.00          1.46 1955   0.02  -0.02     0.00
  MONTH TO DATE    0.30                      1.11  -0.81     0.25
  SINCE OCT 1      7.64                     16.53  -8.89     7.28
  SINCE JAN 1      6.54                     12.09  -5.55     2.78

SNOWFALL (IN)
  YESTERDAY        0.0
  MONTH TO DATE    0.0
  SINCE MAR 1      0.0
  SINCE JUL 1      0.0

DEGREE DAYS
 HEATING
  YESTERDAY        4                         3      1        0
  MONTH TO DATE   57                       139    -82       63
  SINCE MAR 1    172                       356   -184      112
  SINCE JUL 1   1079                      1497   -418      669

 COOLING
  YESTERDAY        0                         2     -2       12
  MONTH TO DATE   73                        35     38       66
  SINCE MAR 1     89                        45     44      195
  SINCE JAN 1    144                        51     93      221
..................................................................


WIND (MPH)
  HIGHEST WIND SPEED    15   HIGHEST WIND DIRECTION     S (190)
  HIGHEST GUST SPEED    18   HIGHEST GUST DIRECTION     S (180)
  AVERAGE WIND SPEED     6.2


SKY COVER
  POSSIBLE SUNSHINE  MM
  AVERAGE SKY COVER 0.3


WEATHER CONDITIONS
 THE FOLLOWING WEATHER WAS RECORDED YESTERDAY.
  HAZE


RELATIVE HUMIDITY (PERCENT)
 HIGHEST    83           200 AM
 LOWEST     45           300 PM
 AVERAGE    64

..........................................................


THE BOB HOPE AIRPORT (BURBANK) CA CLIMATE NORMALS FOR TODAY
                         NORMAL    RECORD    YEAR
 MAXIMUM TEMPERATURE (F)   75        98      1947
 MINIMUM TEMPERATURE (F)   53        40      1967


SUNRISE AND SUNSET
MAY  1 2016...........SUNRISE   603 AM PDT   SUNSET   738 PM PDT
MAY  2 2016...........SUNRISE   602 AM PDT   SUNSET   739 PM PDT


-  INDICATES NEGATIVE NUMBERS.
R  INDICATES RECORD WAS SET OR TIED.
MM INDICATES DATA IS MISSING.
T  INDICATES TRACE AMOUNT.




$$
