000
CDUS46 KLOX 280915
CLIBUR


CLIMATE REPORT
NATIONAL WEATHER SERVICE LOS ANGELES/OXNARD CA
215 AM PDT SAT MAR 28 2015


...................................

...THE BOB HOPE AIRPORT (BURBANK) CA CLIMATE SUMMARY FOR MARCH 27 2015...

CLIMATE NORMAL PERIOD 1981 TO 2010
CLIMATE RECORD PERIOD 1939 TO 2015


WEATHER ITEM   OBSERVED TIME   RECORD YEAR NORMAL DEPARTURE LAST
                VALUE   (LST)  VALUE       VALUE  FROM      YEAR
                                                  NORMAL
..................................................................
TEMPERATURE (F)
 YESTERDAY
  MAXIMUM         91R       MM  91    1986  71     20       66
  MINIMUM         60        MM  35    1945  47     13       49
  AVERAGE         76                        59     17       58

PRECIPITATION (IN)
  YESTERDAY        0.00          1.91 1979   0.06  -0.06     0.00
  MONTH TO DATE    0.83                      2.72  -1.89     0.81
  SINCE OCT 1      7.03                     15.17  -8.14     5.50
  SINCE JAN 1      2.53                     10.73  -8.20     4.87

SNOWFALL (IN)
  YESTERDAY        0.0
  MONTH TO DATE    0.0
  SINCE MAR 1      0.0
  SINCE JUL 1      0.0

DEGREE DAYS
 HEATING
  YESTERDAY        0                         6     -6        7
  MONTH TO DATE   49                       193   -144       72
  SINCE MAR 1     49                       193   -144       72
  SINCE JUL 1    606                      1334   -728      549

 COOLING
  YESTERDAY       11                         0     11        0
  MONTH TO DATE  112                         0    112       20
  SINCE MAR 1    112                         0    112       20
  SINCE JAN 1    138                         6    132       80
..................................................................


WIND (MPH)
  HIGHEST WIND SPEED    15   HIGHEST WIND DIRECTION     W (280)
  HIGHEST GUST SPEED    MM   HIGHEST GUST DIRECTION    MM
  AVERAGE WIND SPEED     4.0


SKY COVER
  POSSIBLE SUNSHINE  MM
  AVERAGE SKY COVER 0.0


WEATHER CONDITIONS
 THE FOLLOWING WEATHER WAS RECORDED YESTERDAY.
  NO SIGNIFICANT WEATHER WAS OBSERVED.


RELATIVE HUMIDITY (PERCENT)
 HIGHEST    46           600 AM
 LOWEST     11           100 PM
 AVERAGE    29

..........................................................


THE BOB HOPE AIRPORT (BURBANK) CA CLIMATE NORMALS FOR TODAY
                         NORMAL    RECORD    YEAR
 MAXIMUM TEMPERATURE (F)   71        88      2004
                                             1986
 MINIMUM TEMPERATURE (F)   47        32      1985


SUNRISE AND SUNSET
MARCH 28 2015.........SUNRISE   646 AM PDT   SUNSET   711 PM PDT
MARCH 29 2015.........SUNRISE   645 AM PDT   SUNSET   712 PM PDT


-  INDICATES NEGATIVE NUMBERS.
R  INDICATES RECORD WAS SET OR TIED.
MM INDICATES DATA IS MISSING.
T  INDICATES TRACE AMOUNT.




$$
