000
CDUS46 KLOX 201121
CLIBUR


CLIMATE REPORT
NATIONAL WEATHER SERVICE LOS ANGELES/OXNARD CA
321 AM PST MON FEB 20 2017


...................................

...THE BOB HOPE AIRPORT (BURBANK) CA CLIMATE SUMMARY FOR FEBRUARY 19 2017...

CLIMATE NORMAL PERIOD 1981 TO 2010
CLIMATE RECORD PERIOD 1939 TO 2017


WEATHER ITEM   OBSERVED TIME   RECORD YEAR NORMAL DEPARTURE LAST
                VALUE   (LST)  VALUE       VALUE  FROM      YEAR
                                                  NORMAL
..................................................................
TEMPERATURE (F)
 YESTERDAY
  MAXIMUM         60   1255 PM  89    1977  68     -8       68
  MINIMUM         47    215 AM  34    1955  44      3       47
  AVERAGE         54                        56     -2       58

PRECIPITATION (IN)
  YESTERDAY        0.07          2.74 2005   0.18  -0.11     0.00
  MONTH TO DATE    1.95                      3.00  -1.05     0.63
  SINCE OCT 1     11.90                     10.97   0.93     5.47
  SINCE JAN 1      7.64                      6.53   1.11     4.37

SNOWFALL (IN)
  YESTERDAY       MM
  MONTH TO DATE    0.0
  SINCE DEC 1      0.0
  SINCE JUL 1      0.0

DEGREE DAYS
 HEATING
  YESTERDAY       11                         9      2        7
  MONTH TO DATE  113                       181    -68       78
  SINCE DEC 1    756                       836    -80      718
  SINCE JUL 1    874                      1064   -190      894

 COOLING
  YESTERDAY        0                         0      0        0
  MONTH TO DATE    1                         0      1       45
  SINCE DEC 1      1                         3     -2       49
  SINCE JAN 1      1                         2     -1       45
..................................................................


WIND (MPH)
  HIGHEST WIND SPEED    14   HIGHEST WIND DIRECTION    SE (140)
  HIGHEST GUST SPEED    18   HIGHEST GUST DIRECTION     E (110)
  AVERAGE WIND SPEED     6.0


SKY COVER
  POSSIBLE SUNSHINE  MM
  AVERAGE SKY COVER 0.8


WEATHER CONDITIONS
 THE FOLLOWING WEATHER WAS RECORDED YESTERDAY.
  LIGHT RAIN
  FOG


RELATIVE HUMIDITY (PERCENT)
 HIGHEST    93          1200 AM
 LOWEST     64           100 PM
 AVERAGE    79

..........................................................


THE BOB HOPE AIRPORT (BURBANK) CA CLIMATE NORMALS FOR TODAY
                         NORMAL    RECORD    YEAR
 MAXIMUM TEMPERATURE (F)   68        89      1995
 MINIMUM TEMPERATURE (F)   44        32      1955


SUNRISE AND SUNSET
FEBRUARY 20 2017......SUNRISE   633 AM PST   SUNSET   542 PM PST
FEBRUARY 21 2017......SUNRISE   631 AM PST   SUNSET   543 PM PST


-  INDICATES NEGATIVE NUMBERS.
R  INDICATES RECORD WAS SET OR TIED.
MM INDICATES DATA IS MISSING.
T  INDICATES TRACE AMOUNT.




$$
