713
CDUS43 KLMK 100639
CLIBWG


CLIMATE REPORT
NATIONAL WEATHER SERVICE LOUISVILLE KY
139 AM EST WED FEB 10 2016


...................................

...THE BOWLING GREEN KY CLIMATE SUMMARY FOR FEBRUARY 9 2016...

CLIMATE NORMAL PERIOD 1981 TO 2010
CLIMATE RECORD PERIOD 1870 TO 2016


WEATHER ITEM   OBSERVED TIME   RECORD YEAR NORMAL DEPARTURE LAST
                VALUE   (LST)  VALUE       VALUE  FROM      YEAR
                                                  NORMAL
..................................................................
TEMPERATURE (F)
 YESTERDAY
  MAXIMUM         27   1249 PM  74    1894  48    -21       56
  MINIMUM         20   1156 PM -11    1899  28     -8       32
  AVERAGE         24                        38    -14       44

PRECIPITATION (IN)
  YESTERDAY        T             2.03 1990   0.14  -0.14      T
  MONTH TO DATE    1.82                      1.31   0.51     1.00
  SINCE DEC 1      8.86                      9.72  -0.86     4.57
  SINCE JAN 1      3.63                      4.92  -1.29     2.88

SNOWFALL (IN)
  YESTERDAY        0.3           4.5  1896   0.1    0.2      0.0
  MONTH TO DATE    1.6                       1.3    0.3       T
  SINCE DEC 1     16.4                       5.8   10.6      3.4
  SINCE JUL 1     16.4                       5.8   10.6      3.7
  SNOW DEPTH       1

DEGREE DAYS
 HEATING
  YESTERDAY       41                        27     14       21
  MONTH TO DATE  219                       247    -28      228
  SINCE DEC 1   1604                      1976   -372     1876
  SINCE JUL 1   2142                      2739   -597     2773

 COOLING
  YESTERDAY        0                         0      0        0
  MONTH TO DATE    0                         0      0        0
  SINCE DEC 1      2                         1      1        0
  SINCE JAN 1      0                         0      0        0
..................................................................


WIND (MPH)
  HIGHEST WIND SPEED    20   HIGHEST WIND DIRECTION     W (280)
  HIGHEST GUST SPEED    24   HIGHEST GUST DIRECTION     W (290)
  AVERAGE WIND SPEED     9.2


SKY COVER
  POSSIBLE SUNSHINE  MM
  AVERAGE SKY COVER 1.0


WEATHER CONDITIONS
 THE FOLLOWING WEATHER WAS RECORDED YESTERDAY.
  LIGHT SNOW
  FOG
  HAZE


RELATIVE HUMIDITY (PERCENT)
 HIGHEST    81          1200 AM
 LOWEST     62           200 PM
 AVERAGE    72

..........................................................


THE BOWLING GREEN KY CLIMATE NORMALS FOR TODAY
                         NORMAL    RECORD    YEAR
 MAXIMUM TEMPERATURE (F)   49        79      1932
 MINIMUM TEMPERATURE (F)   29       -16      1899


SUNRISE AND SUNSET
FEBRUARY 10 2016......SUNRISE   640 AM CST   SUNSET   520 PM CST
FEBRUARY 11 2016......SUNRISE   639 AM CST   SUNSET   521 PM CST


-  INDICATES NEGATIVE NUMBERS.
R  INDICATES RECORD WAS SET OR TIED.
MM INDICATES DATA IS MISSING.
T  INDICATES TRACE AMOUNT.




$$
