000
CDUS43 KLMK 060640
CLIBWG


CLIMATE REPORT
NATIONAL WEATHER SERVICE LOUISVILLE KY
135 AM EST FRI MAR 6 2015


...................................

...THE BOWLING GREEN KY CLIMATE SUMMARY FOR MARCH 5 2015...

CLIMATE NORMAL PERIOD 1981 TO 2010
CLIMATE RECORD PERIOD 1870 TO 2015


WEATHER ITEM   OBSERVED TIME   RECORD YEAR NORMAL DEPARTURE LAST
                VALUE   (LST)  VALUE       VALUE  FROM      YEAR
                                                  NORMAL
..................................................................
TEMPERATURE (F)
 YESTERDAY
  MAXIMUM         28    305 PM  85    1910  56    -28       40
  MINIMUM         14   1159 PM  -6    1960  34    -20       28
  AVERAGE         21                        45    -24       34

PRECIPITATION (IN)
  YESTERDAY        0.26          3.00 1989   0.13   0.13     0.00
  MONTH TO DATE    3.07                      0.67   2.40     2.47
  SINCE MAR 1      3.07                      0.67   2.40     2.47
  SINCE JAN 1      8.95                      8.24   0.71     9.64

SNOWFALL (IN)
  YESTERDAY        5.8 R         5.0  1917   0.1    5.7      0.0
  MONTH TO DATE    7.2                       0.2    7.0      4.8
  SINCE MAR 1      7.2                       0.2    7.0      4.8
  SINCE JUL 1     23.5                       8.0   15.5     10.1
  SNOW DEPTH       6

DEGREE DAYS
 HEATING
  YESTERDAY       44                        20     24       31
  MONTH TO DATE  135                       103     32      158
  SINCE MAR 1    135                       103     32      158
  SINCE JUL 1   3670                      3301    369     3767

 COOLING
  YESTERDAY        0                         0      0        0
  MONTH TO DATE    0                         0      0        0
  SINCE MAR 1      0                         0      0        0
  SINCE JAN 1      0                         0      0        0
..................................................................


WIND (MPH)
  HIGHEST WIND SPEED    14   HIGHEST WIND DIRECTION     N (360)
  HIGHEST GUST SPEED    20   HIGHEST GUST DIRECTION     N (10)
  AVERAGE WIND SPEED     7.2


SKY COVER
  POSSIBLE SUNSHINE  MM
  AVERAGE SKY COVER 0.6


WEATHER CONDITIONS
 THE FOLLOWING WEATHER WAS RECORDED YESTERDAY.
  SNOW
  LIGHT SNOW
  FOG
  HAZE


RELATIVE HUMIDITY (PERCENT)
 HIGHEST    88          1200 AM
 LOWEST     50           400 PM
 AVERAGE    69

..........................................................


THE BOWLING GREEN KY CLIMATE NORMALS FOR TODAY
                         NORMAL    RECORD    YEAR
 MAXIMUM TEMPERATURE (F)   56        84      1910
 MINIMUM TEMPERATURE (F)   34         1      1960


SUNRISE AND SUNSET
MARCH  6 2015.........SUNRISE   610 AM CST   SUNSET   545 PM CST
MARCH  7 2015.........SUNRISE   609 AM CST   SUNSET   545 PM CST


-  INDICATES NEGATIVE NUMBERS.
R  INDICATES RECORD WAS SET OR TIED.
MM INDICATES DATA IS MISSING.
T  INDICATES TRACE AMOUNT.




$$
