000
CDUS43 KLMK 302032
CLIBWG


CLIMATE REPORT
NATIONAL WEATHER SERVICE LOUISVILLE KY
430 PM EDT MON MAY 30 2016


...................................

...THE BOWLING GREEN CLIMATE SUMMARY FOR MAY 30 2016...
VALID TODAY AS OF 0400 PM LOCAL TIME.

CLIMATE NORMAL PERIOD 1981 TO 2010
CLIMATE RECORD PERIOD 1870 TO 2016


WEATHER ITEM   OBSERVED TIME   RECORD YEAR NORMAL DEPARTURE LAST
                VALUE   (LST)  VALUE       VALUE  FROM      YEAR
                                                  NORMAL
..................................................................
TEMPERATURE (F)
 TODAY
  MAXIMUM         88    214 PM  97    1911  82      6       87
  MINIMUM         65    507 AM  40    1947  59      6       68
  AVERAGE         77                        70      7       78

PRECIPITATION (IN)
  TODAY            0.00          2.00 1916   0.18  -0.18     0.19
  MONTH TO DATE    7.24                      5.44   1.80     2.96
  SINCE MAR 1     12.59                     14.19  -1.60    18.31
  SINCE JAN 1     19.17                     21.76  -2.59    24.19

SNOWFALL (IN)
  TODAY            0.0           0.0    MM   0.0    0.0      0.0
  MONTH TO DATE    0.0                       0.0    0.0      0.0
  SINCE MAR 1      T                         1.3   -1.3      7.2
  SINCE JUL 1     24.0                       9.1   14.9     23.5
  SNOW DEPTH       0

DEGREE DAYS
 HEATING
  TODAY            0                         1     -1        0
  MONTH TO DATE   93                        73     20       38
  SINCE MAR 1    630                       844   -214      750
  SINCE JUL 1   3230                      4042   -812     4285

 COOLING
  TODAY           12                         6      6       13
  MONTH TO DATE  112                       111      1      161
  SINCE MAR 1    156                       147      9      196
  SINCE JAN 1    156                       147      9      196
..................................................................


WIND (MPH)
  HIGHEST WIND SPEED    12   HIGHEST WIND DIRECTION    NE (30)
  HIGHEST GUST SPEED    14   HIGHEST GUST DIRECTION    NW (310)
  AVERAGE WIND SPEED     2.7


SKY COVER
  POSSIBLE SUNSHINE   0 PERCENT
  AVERAGE SKY COVER 0.0


WEATHER CONDITIONS
 THE FOLLOWING WEATHER WAS RECORDED TODAY.
  NO SIGNIFICANT WEATHER WAS OBSERVED.


RELATIVE HUMIDITY (PERCENT)
 HIGHEST    MM
 LOWEST     MM
 AVERAGE    MM

..........................................................


THE BOWLING GREEN CLIMATE NORMALS FOR TOMORROW
                         NORMAL    RECORD    YEAR
 MAXIMUM TEMPERATURE (F)   82        97      1918
 MINIMUM TEMPERATURE (F)   60        42      1894


SUNRISE AND SUNSET
MAY 30 2016...........SUNRISE   528 AM CDT   SUNSET   759 PM CDT
MAY 31 2016...........SUNRISE   528 AM CDT   SUNSET   759 PM CDT


-  INDICATES NEGATIVE NUMBERS.
R  INDICATES RECORD WAS SET OR TIED.
MM INDICATES DATA IS MISSING.
T  INDICATES TRACE AMOUNT.




$$
