000
CDUS43 KLMK 252132
CLIBWG


CLIMATE REPORT
NATIONAL WEATHER SERVICE LOUISVILLE KY
431 PM EST TUE NOV 25 2014


...................................

...THE BOWLING GREEN CLIMATE SUMMARY FOR NOVEMBER 25 2014...
VALID TODAY AS OF 0400 PM LOCAL TIME.

CLIMATE NORMAL PERIOD 1981 TO 2010
CLIMATE RECORD PERIOD 1870 TO 2014


WEATHER ITEM   OBSERVED TIME   RECORD YEAR NORMAL DEPARTURE LAST
                VALUE   (LST)  VALUE       VALUE  FROM      YEAR
                                                  NORMAL
..................................................................
TEMPERATURE (F)
 TODAY
  MAXIMUM         48    311 PM  74    1896  55     -7       44
  MINIMUM         35    721 AM  -7    1950  35      0       26
  AVERAGE         42                        45     -3       35

PRECIPITATION (IN)
  TODAY            0.00          1.60 1964   0.15  -0.15     0.12
  MONTH TO DATE    2.34                      3.43  -1.09     2.75
  SINCE SEP 1      8.09                     10.74  -2.65    11.88
  SINCE JAN 1     44.25                     44.30  -0.05    54.58

SNOWFALL (IN)
  TODAY            0.0           1.2  1903   0.0    0.0      1.1
  MONTH TO DATE    0.3                       0.0    0.3      1.1
  SINCE SEP 1      0.3                       T      0.3      1.1
  SINCE JUL 1      0.3                       T      0.3      1.1
  SNOW DEPTH       0

DEGREE DAYS
 HEATING
  TODAY           23                        20      3       30
  MONTH TO DATE  569                       393    176      469
  SINCE SEP 1    787                       655    132      719
  SINCE JUL 1    787                       656    131      719

 COOLING
  TODAY            0                         0      0        0
  MONTH TO DATE    0                         0      0        0
  SINCE SEP 1    211                       219     -8      239
  SINCE JAN 1   1488                      1488      0     1499
..................................................................


WIND (MPH)
  HIGHEST WIND SPEED     8   HIGHEST WIND DIRECTION     W (260)
  HIGHEST GUST SPEED    11   HIGHEST GUST DIRECTION     W (280)
  AVERAGE WIND SPEED     4.6


SKY COVER
  POSSIBLE SUNSHINE   0 PERCENT
  AVERAGE SKY COVER 0.0


WEATHER CONDITIONS
 THE FOLLOWING WEATHER WAS RECORDED TODAY.
  NO SIGNIFICANT WEATHER WAS OBSERVED.


RELATIVE HUMIDITY (PERCENT)
 HIGHEST    MM
 LOWEST     MM
 AVERAGE    MM

..........................................................


THE BOWLING GREEN CLIMATE NORMALS FOR TOMORROW
                         NORMAL    RECORD    YEAR
 MAXIMUM TEMPERATURE (F)   55        75      1935
                                             1927
                                             1921
 MINIMUM TEMPERATURE (F)   34        14      1898


SUNRISE AND SUNSET
NOVEMBER 25 2014......SUNRISE   634 AM CST   SUNSET   431 PM CST
NOVEMBER 26 2014......SUNRISE   635 AM CST   SUNSET   430 PM CST


-  INDICATES NEGATIVE NUMBERS.
R  INDICATES RECORD WAS SET OR TIED.
MM INDICATES DATA IS MISSING.
T  INDICATES TRACE AMOUNT.




$$
