000
CDUS43 KLMK 250632
CLIBWG


CLIMATE REPORT
NATIONAL WEATHER SERVICE LOUISVILLE KY
132 AM EST SAT FEB 25 2017


...................................

...THE BOWLING GREEN KY CLIMATE SUMMARY FOR FEBRUARY 24 2017...

CLIMATE NORMAL PERIOD 1981 TO 2010
CLIMATE RECORD PERIOD 1870 TO 2017


WEATHER ITEM   OBSERVED TIME   RECORD YEAR NORMAL DEPARTURE LAST
                VALUE   (LST)  VALUE       VALUE  FROM      YEAR
                                                  NORMAL
..................................................................
TEMPERATURE (F)
 YESTERDAY
  MAXIMUM         81R   200 PM  74    1875  53     28       58
  MINIMUM         56   1159 PM   7    1914  32     24       36
  AVERAGE         69                        42     27       47

PRECIPITATION (IN)
  YESTERDAY        T             2.76 2011   0.14  -0.14     0.22
  MONTH TO DATE    2.21                      3.42  -1.21     4.76
  SINCE DEC 1     12.01                     11.83   0.18    11.80
  SINCE JAN 1      6.37                      7.03  -0.66     6.57

SNOWFALL (IN)
  YESTERDAY        0.0           4.0  1942   0.1   -0.1       T
  MONTH TO DATE    0.0                       3.1   -3.1      9.2
  SINCE DEC 1      0.7                       7.6   -6.9     24.0
  SINCE JUL 1      0.7                       7.6   -6.9     24.0
  SNOW DEPTH       0

DEGREE DAYS
 HEATING
  YESTERDAY        0                        23    -23       18
  MONTH TO DATE  395                       617   -222      581
  SINCE DEC 1   1830                      2346   -516     1966
  SINCE JUL 1   2316                      3109   -793     2504

 COOLING
  YESTERDAY        4                         0      4        0
  MONTH TO DATE    4                         0      4        0
  SINCE DEC 1      4                         1      3        2
  SINCE JAN 1      4                         0      4        0
..................................................................


WIND (MPH)
  HIGHEST WIND SPEED    29   HIGHEST WIND DIRECTION     S (190)
  HIGHEST GUST SPEED    38   HIGHEST GUST DIRECTION    SW (210)
  AVERAGE WIND SPEED    15.8


SKY COVER
  POSSIBLE SUNSHINE  MM
  AVERAGE SKY COVER 0.3


WEATHER CONDITIONS
 THE FOLLOWING WEATHER WAS RECORDED YESTERDAY.
  THUNDERSTORM
  LIGHT RAIN


RELATIVE HUMIDITY (PERCENT)
 HIGHEST    78           200 AM
 LOWEST     42           100 PM
 AVERAGE    60

..........................................................


THE BOWLING GREEN KY CLIMATE NORMALS FOR TODAY
                         NORMAL    RECORD    YEAR
 MAXIMUM TEMPERATURE (F)   53        79      1930
 MINIMUM TEMPERATURE (F)   32         2      1967


SUNRISE AND SUNSET
FEBRUARY 25 2017......SUNRISE   622 AM CST   SUNSET   536 PM CST
FEBRUARY 26 2017......SUNRISE   620 AM CST   SUNSET   537 PM CST


-  INDICATES NEGATIVE NUMBERS.
R  INDICATES RECORD WAS SET OR TIED.
MM INDICATES DATA IS MISSING.
T  INDICATES TRACE AMOUNT.




$$
