000
CDUS41 KLWX 300523
CLIBWI


CLIMATE REPORT
NATIONAL WEATHER SERVICE BALTIMORE MD/WASHINGTON DC
123 AM EDT TUE MAY 30 2017


...................................

...THE BALTIMORE MD CLIMATE SUMMARY FOR MAY 29 2017...

CLIMATE NORMAL PERIOD 1981 TO 2010
CLIMATE RECORD PERIOD 1870 TO 2017


WEATHER ITEM   OBSERVED TIME   RECORD YEAR NORMAL DEPARTURE LAST
                VALUE   (LST)  VALUE       VALUE  FROM      YEAR
                                                  NORMAL
..................................................................
TEMPERATURE (F)
 YESTERDAY
  MAXIMUM         76    401 PM  97    1969  78     -2       85
  MINIMUM         62   1159 PM  41    1997  56      6       60
  AVERAGE         69                        67      2       73

PRECIPITATION (IN)
  YESTERDAY        T             1.87 1976   0.14  -0.14     0.32
  MONTH TO DATE    5.16                      3.73   1.43     5.24
  SINCE MAR 1     12.50                     10.82   1.68     8.65
  SINCE JAN 1     16.65                     16.77  -0.12    17.85

SNOWFALL (IN)
  YESTERDAY        0.0          MM      MM   0.0    0.0
  MONTH TO DATE    0.0                       0.0    0.0
  SINCE JUL 1      3.0                      20.1  -17.1
  SNOW DEPTH       0

DEGREE DAYS
 HEATING
  YESTERDAY        0                         2     -2        0
  MONTH TO DATE  129                       130     -1      175
  SINCE MAR 1    958                      1150   -192      979
  SINCE JUL 1   3849                      4745   -896     4000

 COOLING
  YESTERDAY        4                         4      0        8
  MONTH TO DATE   51                        62    -11       55
  SINCE MAR 1    100                        76     24       82
  SINCE JAN 1    100                        76     24       82
..................................................................


WIND (MPH)
  HIGHEST WIND SPEED    14   HIGHEST WIND DIRECTION     E (70)
  HIGHEST GUST SPEED    18   HIGHEST GUST DIRECTION     E (100)
  AVERAGE WIND SPEED     6.7


SKY COVER
  POSSIBLE SUNSHINE  MM
  AVERAGE SKY COVER 0.9


WEATHER CONDITIONS
 THE FOLLOWING WEATHER WAS RECORDED YESTERDAY.
  LIGHT RAIN
  FOG


RELATIVE HUMIDITY (PERCENT)
 HIGHEST   100          1200 AM
 LOWEST     74           100 PM
 AVERAGE    87

..........................................................


THE BALTIMORE MD CLIMATE NORMALS FOR TODAY
                         NORMAL    RECORD    YEAR
 MAXIMUM TEMPERATURE (F)   78        98      2011
                                             1991
 MINIMUM TEMPERATURE (F)   57        38      1996


SUNRISE AND SUNSET
MAY 30 2017...........SUNRISE   543 AM EDT   SUNSET   826 PM EDT
MAY 31 2017...........SUNRISE   543 AM EDT   SUNSET   826 PM EDT


-  INDICATES NEGATIVE NUMBERS.
R  INDICATES RECORD WAS SET OR TIED.
MM INDICATES DATA IS MISSING.
T  INDICATES TRACE AMOUNT.




$$
