000
CDUS41 KLWX 280528
CLIBWI


CLIMATE REPORT
NATIONAL WEATHER SERVICE BALTIMORE MD/WASHINGTON DC
1227 AM EST TUE FEB 28 2017


...................................

...THE BALTIMORE MD CLIMATE SUMMARY FOR FEBRUARY 27 2017...

CLIMATE NORMAL PERIOD 1981 TO 2010
CLIMATE RECORD PERIOD 1870 TO 2017


WEATHER ITEM   OBSERVED TIME   RECORD YEAR NORMAL DEPARTURE LAST
                VALUE   (LST)  VALUE       VALUE  FROM      YEAR
                                                  NORMAL
..................................................................
TEMPERATURE (F)
 YESTERDAY
  MAXIMUM         56    128 PM  76    1997  48      8       45
  MINIMUM         24    503 AM   9    1934  29     -5       24
                                      1900
  AVERAGE         40                        38      2       35

PRECIPITATION (IN)
  YESTERDAY        0.00          0.83 1958   0.11  -0.11     0.00
  MONTH TO DATE    1.21                      2.80  -1.59     5.70
  SINCE DEC 1      6.67                      9.22  -2.55    15.05
  SINCE JAN 1      3.90                      5.85  -1.95     9.20

SNOWFALL (IN)
  YESTERDAY        0.0           3.5  1940   0.2   -0.2
  MONTH TO DATE    T                         7.8   -7.8
  SINCE JUL 1      0.7                      18.0  -17.3
  SNOW DEPTH       0

DEGREE DAYS
 HEATING
  YESTERDAY       25                        27     -2       30
  MONTH TO DATE  564                       793   -229      766
  SINCE DEC 1   2180                      2665   -485     2272
  SINCE JUL 1   2879                      3569   -690     2992

 COOLING
  YESTERDAY        0                         0      0        0
  MONTH TO DATE    0                         0      0        0
  SINCE DEC 1      0                         0      0        1
  SINCE JAN 1      0                         0      0        0
..................................................................


WIND (MPH)
  HIGHEST WIND SPEED    13   HIGHEST WIND DIRECTION    SW (240)
  HIGHEST GUST SPEED    17   HIGHEST GUST DIRECTION    SW (240)
  AVERAGE WIND SPEED     2.9


SKY COVER
  POSSIBLE SUNSHINE  MM
  AVERAGE SKY COVER 0.7


WEATHER CONDITIONS
 THE FOLLOWING WEATHER WAS RECORDED YESTERDAY.
  NO SIGNIFICANT WEATHER WAS OBSERVED.


RELATIVE HUMIDITY (PERCENT)
 HIGHEST    92           800 AM
 LOWEST     24           100 PM
 AVERAGE    58

..........................................................


THE BALTIMORE MD CLIMATE NORMALS FOR TODAY
                         NORMAL    RECORD    YEAR
 MAXIMUM TEMPERATURE (F)   48        71      1903
 MINIMUM TEMPERATURE (F)   29         5      1934


SUNRISE AND SUNSET
FEBRUARY 28 2017......SUNRISE   640 AM EST   SUNSET   558 PM EST
MARCH  1 2017.........SUNRISE   639 AM EST   SUNSET   559 PM EST


-  INDICATES NEGATIVE NUMBERS.
R  INDICATES RECORD WAS SET OR TIED.
MM INDICATES DATA IS MISSING.
T  INDICATES TRACE AMOUNT.




$$
