000
CDUS41 KLWX 230526
CLIBWI


CLIMATE REPORT
NATIONAL WEATHER SERVICE BALTIMORE MD/WASHINGTON DC
125 AM EDT SUN JUL 23 2017


...................................

...THE BALTIMORE MD CLIMATE SUMMARY FOR JULY 22 2017...

CLIMATE NORMAL PERIOD 1981 TO 2010
CLIMATE RECORD PERIOD 1871 TO 2017


WEATHER ITEM   OBSERVED TIME   RECORD YEAR NORMAL DEPARTURE LAST
                VALUE   (LST)  VALUE       VALUE  FROM      YEAR
                                                  NORMAL
..................................................................
TEMPERATURE (F)
 YESTERDAY
  MAXIMUM         94    104 PM 106    2011  87      7       94
  MINIMUM         73   1147 PM  53    1966  67      6       69
  AVERAGE         84                        77      7       82

PRECIPITATION (IN)
  YESTERDAY        0.07          3.99 1906   0.13  -0.06     0.00
  MONTH TO DATE    2.73                      2.85  -0.12     3.14
  SINCE JUN 1      4.13                      6.31  -2.18     6.34
  SINCE JAN 1     21.26                     23.34  -2.08    24.19

SNOWFALL (IN)
  YESTERDAY        0.0          MM      MM   0.0    0.0
  MONTH TO DATE    0.0                       0.0    0.0
  SINCE JUL 1      0.0                       0.0    0.0
  SNOW DEPTH       0

DEGREE DAYS
 HEATING
  YESTERDAY        0                         0      0        0
  MONTH TO DATE    0                         0      0        0
  SINCE JUN 1     11                        15     -4        4
  SINCE JUL 1      0                         0      0        0

 COOLING
  YESTERDAY       19                        12      7       17
  MONTH TO DATE  341                       262     79      295
  SINCE JUN 1    620                       500    120      545
  SINCE JAN 1    728                       584    144      647
..................................................................


WIND (MPH)
  HIGHEST WIND SPEED    24   HIGHEST WIND DIRECTION     W (250)
  HIGHEST GUST SPEED    32   HIGHEST GUST DIRECTION     W (250)
  AVERAGE WIND SPEED     5.6


SKY COVER
  POSSIBLE SUNSHINE  MM
  AVERAGE SKY COVER 0.8


WEATHER CONDITIONS
 THE FOLLOWING WEATHER WAS RECORDED YESTERDAY.
  THUNDERSTORM
  RAIN
  LIGHT RAIN
  FOG


RELATIVE HUMIDITY (PERCENT)
 HIGHEST   100           800 PM
 LOWEST     41          1200 PM
 AVERAGE    71

..........................................................


THE BALTIMORE MD CLIMATE NORMALS FOR TODAY
                         NORMAL    RECORD    YEAR
 MAXIMUM TEMPERATURE (F)   87       102      2011
                                             1991
 MINIMUM TEMPERATURE (F)   67        57      1977


SUNRISE AND SUNSET
JULY 23 2017..........SUNRISE   559 AM EDT   SUNSET   826 PM EDT
JULY 24 2017..........SUNRISE   600 AM EDT   SUNSET   826 PM EDT


-  INDICATES NEGATIVE NUMBERS.
R  INDICATES RECORD WAS SET OR TIED.
MM INDICATES DATA IS MISSING.
T  INDICATES TRACE AMOUNT.




$$
