000
CDUS41 KLWX 280524
CLIBWI


CLIMATE REPORT
NATIONAL WEATHER SERVICE BALTIMORE MD/WASHINGTON DC
124 AM EDT SAT MAR 28 2015


...................................

...THE BALTIMORE MD CLIMATE SUMMARY FOR MARCH 27 2015...

CLIMATE NORMAL PERIOD 1981 TO 2010
CLIMATE RECORD PERIOD 1870 TO 2015


WEATHER ITEM   OBSERVED TIME   RECORD YEAR NORMAL DEPARTURE LAST
                VALUE   (LST)  VALUE       VALUE  FROM      YEAR
                                                  NORMAL
..................................................................
TEMPERATURE (F)
 YESTERDAY
  MAXIMUM         50    442 PM  86    1921  58     -8       44
  MINIMUM         39   1159 PM  20    2014  37      2       20
                                      2001
                                      1894
  AVERAGE         45                        47     -2       32

PRECIPITATION (IN)
  YESTERDAY        0.43          1.60 1919   0.14   0.29     0.00
  MONTH TO DATE    4.62                      3.37   1.25     1.94
  SINCE MAR 1      4.62                      3.37   1.25     1.94
  SINCE JAN 1     10.75                      9.32   1.43     9.23

SNOWFALL (IN)
  YESTERDAY        0.0           0.4  1924   0.1   -0.1
  MONTH TO DATE    7.7                       1.9    5.8
  SINCE JUL 1     28.7                      20.1    8.6
  SNOW DEPTH       0

DEGREE DAYS
 HEATING
  YESTERDAY       20                        18      2       33
  MONTH TO DATE  686                       598     88      756
  SINCE MAR 1    686                       598     88      756
  SINCE JUL 1   4501                      4193    308     4513

 COOLING
  YESTERDAY        0                         0      0        0
  MONTH TO DATE    0                         0      0        0
  SINCE MAR 1      0                         0      0        0
  SINCE JAN 1      0                         0      0        0
..................................................................


WIND (MPH)
  HIGHEST WIND SPEED    14   HIGHEST WIND DIRECTION    NW (330)
  HIGHEST GUST SPEED    20   HIGHEST GUST DIRECTION    NW (320)
  AVERAGE WIND SPEED     7.0


SKY COVER
  POSSIBLE SUNSHINE  MM
  AVERAGE SKY COVER 0.9


WEATHER CONDITIONS
 THE FOLLOWING WEATHER WAS RECORDED YESTERDAY.
  LIGHT RAIN
  FOG


RELATIVE HUMIDITY (PERCENT)
 HIGHEST    92           300 AM
 LOWEST     42           500 PM
 AVERAGE    67

..........................................................


THE BALTIMORE MD CLIMATE NORMALS FOR TODAY
                         NORMAL    RECORD    YEAR
 MAXIMUM TEMPERATURE (F)   58        87      1945
 MINIMUM TEMPERATURE (F)   37        21      1982


SUNRISE AND SUNSET
MARCH 28 2015.........SUNRISE   658 AM EDT   SUNSET   726 PM EDT
MARCH 29 2015.........SUNRISE   656 AM EDT   SUNSET   727 PM EDT


-  INDICATES NEGATIVE NUMBERS.
R  INDICATES RECORD WAS SET OR TIED.
MM INDICATES DATA IS MISSING.
T  INDICATES TRACE AMOUNT.




$$
