000
CDUS41 KLWX 191241
CLIBWI


CLIMATE REPORT
NATIONAL WEATHER SERVICE BALTIMORE MD/WASHINGTON DC
741 AM EST MON FEB 19 2018


...................................

...THE BALTIMORE MD CLIMATE SUMMARY FOR FEBRUARY 18 2018...

CLIMATE NORMAL PERIOD 1981 TO 2010
CLIMATE RECORD PERIOD 1871 TO 2018


WEATHER ITEM   OBSERVED TIME   RECORD YEAR NORMAL DEPARTURE LAST
                VALUE   (LST)  VALUE       VALUE  FROM      YEAR
                                                  NORMAL
..................................................................
TEMPERATURE (F)
 YESTERDAY
  MAXIMUM         48    502 PM  75    1976  46      2       71
  MINIMUM         30    652 AM   3    1979  27      3       27
  AVERAGE         39                        36      3       49

PRECIPITATION (IN)
  YESTERDAY        0.00          1.60 1887   0.10  -0.10     0.00
  MONTH TO DATE    4.61                      1.85   2.76     0.46
  SINCE DEC 1      6.56                      8.27  -1.71     5.92
  SINCE JAN 1      5.61                      4.90   0.71     3.15

SNOWFALL (IN)
  YESTERDAY        0.0           5.7  1964   0.2   -0.2
  MONTH TO DATE    2.2                       5.6   -3.4
  SINCE JUL 1      8.7                      15.8   -7.1
  SNOW DEPTH       1

DEGREE DAYS
 HEATING
  YESTERDAY       26                        29     -3       16
  MONTH TO DATE  489                       544    -55      445
  SINCE DEC 1   2411                      2416     -5     2061
  SINCE JUL 1   3158                      3320   -162     2760

 COOLING
  YESTERDAY        0                         0      0        0
  MONTH TO DATE    0                         0      0        0
  SINCE DEC 1      0                         0      0        0
  SINCE JAN 1      0                         0      0        0
..................................................................


WIND (MPH)
  HIGHEST WIND SPEED    15   HIGHEST WIND DIRECTION     W (290)
  HIGHEST GUST SPEED    21   HIGHEST GUST DIRECTION     W (290)
  AVERAGE WIND SPEED     4.6


SKY COVER
  POSSIBLE SUNSHINE  MM
  AVERAGE SKY COVER 0.6


WEATHER CONDITIONS
 THE FOLLOWING WEATHER WAS RECORDED YESTERDAY.
  FOG
  FOG W/VISIBILITY <= 1/4 MILE


RELATIVE HUMIDITY (PERCENT)
 HIGHEST   100          1200 AM
 LOWEST     53           400 PM
 AVERAGE    77

..........................................................


THE BALTIMORE MD CLIMATE NORMALS FOR TODAY
                         NORMAL    RECORD    YEAR
 MAXIMUM TEMPERATURE (F)   46        72      1997
 MINIMUM TEMPERATURE (F)   27         5      1903


SUNRISE AND SUNSET
FEBRUARY 19 2018......SUNRISE   653 AM EST   SUNSET   548 PM EST
FEBRUARY 20 2018......SUNRISE   652 AM EST   SUNSET   549 PM EST


-  INDICATES NEGATIVE NUMBERS.
R  INDICATES RECORD WAS SET OR TIED.
MM INDICATES DATA IS MISSING.
T  INDICATES TRACE AMOUNT.




$$
