000
CDUS41 KLWX 270525
CLIBWI


CLIMATE REPORT
NATIONAL WEATHER SERVICE BALTIMORE MD/WASHINGTON DC
1225 AM EST TUE JAN 27 2015


...................................

...THE BALTIMORE MD CLIMATE SUMMARY FOR JANUARY 26 2015...

CLIMATE NORMAL PERIOD 1981 TO 2010
CLIMATE RECORD PERIOD 1870 TO 2015


WEATHER ITEM   OBSERVED TIME   RECORD YEAR NORMAL DEPARTURE LAST
                VALUE   (LST)  VALUE       VALUE  FROM      YEAR
                                                  NORMAL
..................................................................
TEMPERATURE (F)
 YESTERDAY
  MAXIMUM         40    106 AM  79    1950  42     -2       30
  MINIMUM         26   1159 PM   2    1961  24      2       13
  AVERAGE         33                        33      0       22

PRECIPITATION (IN)
  YESTERDAY        0.13          1.82 2011   0.09   0.04      T
  MONTH TO DATE    3.81                      2.55   1.26     2.68
  SINCE DEC 1      7.39                      5.92   1.47     7.95
  SINCE JAN 1      3.81                      2.55   1.26     2.68

SNOWFALL (IN)
  YESTERDAY        1.0           7.8  2011   0.3    0.7
  MONTH TO DATE    5.9                       5.4    0.5
  SINCE JUL 1      6.4                       8.8   -2.4
  SNOW DEPTH       0

DEGREE DAYS
 HEATING
  YESTERDAY       32                        32      0       43
  MONTH TO DATE  867                       832     35      946
  SINCE DEC 1   1636                      1709    -73     1729
  SINCE JUL 1   2528                      2613    -85     2654

 COOLING
  YESTERDAY        0                         0      0        0
  MONTH TO DATE    0                         0      0        0
  SINCE DEC 1      0                         0      0        2
  SINCE JAN 1      0                         0      0        0
..................................................................


WIND (MPH)
  HIGHEST WIND SPEED    20   HIGHEST WIND DIRECTION    NE (60)
  HIGHEST GUST SPEED    25   HIGHEST GUST DIRECTION    NE (50)
  AVERAGE WIND SPEED    11.5


SKY COVER
  POSSIBLE SUNSHINE  MM
  AVERAGE SKY COVER 1.0


WEATHER CONDITIONS
 THE FOLLOWING WEATHER WAS RECORDED YESTERDAY.
  RAIN
  LIGHT RAIN
  SNOW
  LIGHT SNOW
  SLEET
  FOG


RELATIVE HUMIDITY (PERCENT)
 HIGHEST    92           400 AM
 LOWEST     73          1200 AM
 AVERAGE    83

..........................................................


THE BALTIMORE MD CLIMATE NORMALS FOR TODAY
                         NORMAL    RECORD    YEAR
 MAXIMUM TEMPERATURE (F)   42        72      1974
                                             1944
 MINIMUM TEMPERATURE (F)   25         3      1987


SUNRISE AND SUNSET
JANUARY 27 2015.......SUNRISE   718 AM EST   SUNSET   521 PM EST
JANUARY 28 2015.......SUNRISE   717 AM EST   SUNSET   523 PM EST


-  INDICATES NEGATIVE NUMBERS.
R  INDICATES RECORD WAS SET OR TIED.
MM INDICATES DATA IS MISSING.
T  INDICATES TRACE AMOUNT.




$$
