000
CDUS45 KRIW 250738
CLIBYG


CLIMATE REPORT
NATIONAL WEATHER SERVICE RIVERTON WY
129 AM MDT THU AUG 25 2016


...................................

...THE BUFFALO WY CLIMATE SUMMARY FOR AUGUST 24 2016...

CLIMATE NORMAL PERIOD 1981 TO 2010
CLIMATE RECORD PERIOD 1998 TO 2016


WEATHER ITEM   OBSERVED TIME   RECORD YEAR NORMAL DEPARTURE LAST
                VALUE   (LST)  VALUE       VALUE  FROM      YEAR
                                                  NORMAL
..................................................................
TEMPERATURE (F)
 YESTERDAY
  MAXIMUM         68   1204 PM  95    2011  82    -14       88
  MINIMUM         49    519 AM  43    2004  54     -5       52
  AVERAGE         59                        68     -9       70

PRECIPITATION (IN)
  YESTERDAY        T             0.15 2002   0.02  -0.02     0.00
  MONTH TO DATE    0.52                      0.69  -0.17     1.14
  SINCE JUN 1      1.40                      4.63  -3.23     5.14
  SINCE JAN 1      6.32                     10.15  -3.83    12.40

DEGREE DAYS
 HEATING
  YESTERDAY        6                         2      4        0
  MONTH TO DATE   24                        25     -1       49
  SINCE JUN 1     40                       213   -173      133
  SINCE JUL 1     25                        50    -25       79

 COOLING
  YESTERDAY        0                         5     -5        5
  MONTH TO DATE  152                       156     -4      147
  SINCE JUN 1    548                       410    138      365
  SINCE JAN 1    553                       417    136      365
..................................................................


WIND (MPH)
  HIGHEST WIND SPEED    22   HIGHEST WIND DIRECTION     N (340)
  HIGHEST GUST SPEED    29   HIGHEST GUST DIRECTION    NW (330)
  AVERAGE WIND SPEED    12.3


SKY COVER
  POSSIBLE SUNSHINE  MM
  AVERAGE SKY COVER 0.5


WEATHER CONDITIONS
 THE FOLLOWING WEATHER WAS RECORDED YESTERDAY.
  LIGHT RAIN


RELATIVE HUMIDITY (PERCENT)
 HIGHEST    66           500 AM
 LOWEST     37          1200 PM
 AVERAGE    52

..........................................................


THE BUFFALO WY CLIMATE NORMALS FOR TODAY
                         NORMAL    RECORD    YEAR
 MAXIMUM TEMPERATURE (F)   82        97      2008
 MINIMUM TEMPERATURE (F)   54        45      2014


SUNRISE AND SUNSET
AUGUST 25 2016........SUNRISE   622 AM MDT   SUNSET   754 PM MDT
AUGUST 26 2016........SUNRISE   623 AM MDT   SUNSET   753 PM MDT


-  INDICATES NEGATIVE NUMBERS.
R  INDICATES RECORD WAS SET OR TIED.
MM INDICATES DATA IS MISSING.
T  INDICATES TRACE AMOUNT.




$$
