000
CDUS45 KRIW 060743
CLIBYG


CLIMATE REPORT
NATIONAL WEATHER SERVICE RIVERTON WY
131 AM MDT MON JUL 6 2015


...................................

...THE BUFFALO WY CLIMATE SUMMARY FOR JULY 5 2015...

CLIMATE NORMAL PERIOD 1981 TO 2010
CLIMATE RECORD PERIOD 1998 TO 2015


WEATHER ITEM   OBSERVED TIME   RECORD YEAR NORMAL DEPARTURE LAST
                VALUE   (LST)  VALUE       VALUE  FROM      YEAR
                                                  NORMAL
..................................................................
TEMPERATURE (F)
 YESTERDAY
  MAXIMUM         78    432 AM  99    2001  83     -5       93
  MINIMUM         53   1159 PM  46    2004  55     -2       62
  AVERAGE         66                        69     -3       78

PRECIPITATION (IN)
  YESTERDAY        0.43R         0.34 2002   0.05   0.38     0.00
  MONTH TO DATE    0.50                      0.26   0.24     0.13
  SINCE JUN 1      3.73                      2.54   1.19     3.04
  SINCE JAN 1     10.99                      8.06   2.93     6.80

DEGREE DAYS
 HEATING
  YESTERDAY        0                         1     -1        0
  MONTH TO DATE    0                         8     -8        8
  SINCE JUN 1     54                       171   -117      214
  SINCE JUL 1      0                         8     -8        8

 COOLING
  YESTERDAY        1                         5     -4       13
  MONTH TO DATE   30                        23      7       26
  SINCE JUN 1    100                        74     26       31
  SINCE JAN 1    100                        81     19       42
..................................................................


WIND (MPH)
  HIGHEST WIND SPEED    39   HIGHEST WIND DIRECTION    NW (330)
  HIGHEST GUST SPEED    49   HIGHEST GUST DIRECTION     N (340)
  AVERAGE WIND SPEED    15.4


SKY COVER
  POSSIBLE SUNSHINE  MM
  AVERAGE SKY COVER 0.7


WEATHER CONDITIONS
 THE FOLLOWING WEATHER WAS RECORDED YESTERDAY.
  RAIN
  LIGHT RAIN
  FOG
  HAZE


RELATIVE HUMIDITY (PERCENT)
 HIGHEST   100           400 PM
 LOWEST     36           400 AM
 AVERAGE    68

..........................................................


THE BUFFALO WY CLIMATE NORMALS FOR TODAY
                         NORMAL    RECORD    YEAR
 MAXIMUM TEMPERATURE (F)   83       100      2007
 MINIMUM TEMPERATURE (F)   55        44      2010
                                             2004


SUNRISE AND SUNSET
JULY  6 2015..........SUNRISE   529 AM MDT   SUNSET   853 PM MDT
JULY  7 2015..........SUNRISE   530 AM MDT   SUNSET   853 PM MDT


-  INDICATES NEGATIVE NUMBERS.
R  INDICATES RECORD WAS SET OR TIED.
MM INDICATES DATA IS MISSING.
T  INDICATES TRACE AMOUNT.




$$
