000
CDUS45 KRIW 220739
CLIBYG


CLIMATE REPORT
NATIONAL WEATHER SERVICE RIVERTON WY
129 AM MDT FRI AUG 22 2014


...................................

...THE BUFFALO WY CLIMATE SUMMARY FOR AUGUST 21 2014...

CLIMATE NORMAL PERIOD 1981 TO 2010
CLIMATE RECORD PERIOD 1998 TO 2014


WEATHER ITEM   OBSERVED TIME   RECORD YEAR NORMAL DEPARTURE LAST
                VALUE   (LST)  VALUE       VALUE  FROM      YEAR
                                                  NORMAL
..................................................................
TEMPERATURE (F)
 YESTERDAY
  MAXIMUM         73    301 PM  96    2010  83    -10       83
  MINIMUM         52    518 AM  48    2009  55     -3       67
  AVERAGE         63                        69     -6       75

PRECIPITATION (IN)
  YESTERDAY        0.12R         0.06 2002   0.02   0.10     0.00
  MONTH TO DATE    0.92                      0.62   0.30     0.21
  SINCE JUN 1      4.77                      4.56   0.21     1.27
  SINCE JAN 1      8.53                     10.08  -1.55     4.40

DEGREE DAYS
 HEATING
  YESTERDAY        2                         1      1        0
  MONTH TO DATE    2                        21    -19        0
  SINCE JUN 1    219                       209     10      101
  SINCE JUL 1     13                        46    -33        1

 COOLING
  YESTERDAY        0                         5     -5       10
  MONTH TO DATE  122                       141    -19      157
  SINCE JUN 1    316                       395    -79      492
  SINCE JAN 1    327                       402    -75      502
..................................................................


WIND (MPH)
  HIGHEST WIND SPEED    21   HIGHEST WIND DIRECTION     N (340)
  HIGHEST GUST SPEED    28   HIGHEST GUST DIRECTION    NW (330)
  AVERAGE WIND SPEED    10.1


SKY COVER
  POSSIBLE SUNSHINE  MM
  AVERAGE SKY COVER 0.5


WEATHER CONDITIONS
 THE FOLLOWING WEATHER WAS RECORDED YESTERDAY.
  THUNDERSTORM
  LIGHT RAIN
  FOG


RELATIVE HUMIDITY (PERCENT)
 HIGHEST    93           800 PM
 LOWEST     44          1100 AM
 AVERAGE    69

..........................................................


THE BUFFALO WY CLIMATE NORMALS FOR TODAY
                         NORMAL    RECORD    YEAR
 MAXIMUM TEMPERATURE (F)   83        96      2011
                                             2006
 MINIMUM TEMPERATURE (F)   54        44      2008


SUNRISE AND SUNSET
AUGUST 22 2014........SUNRISE   618 AM MDT   SUNSET   800 PM MDT
AUGUST 23 2014........SUNRISE   619 AM MDT   SUNSET   759 PM MDT


-  INDICATES NEGATIVE NUMBERS.
R  INDICATES RECORD WAS SET OR TIED.
MM INDICATES DATA IS MISSING.
T  INDICATES TRACE AMOUNT.




$$
