000
CDUS45 KRIW 190816
CLIBYG


CLIMATE REPORT
NATIONAL WEATHER SERVICE RIVERTON WY
112 AM MST SUN FEB 19 2017


...................................

...THE BUFFALO WY CLIMATE SUMMARY FOR FEBRUARY 18 2017...

CLIMATE NORMAL PERIOD 1981 TO 2010
CLIMATE RECORD PERIOD 1998 TO 2017


WEATHER ITEM   OBSERVED TIME   RECORD YEAR NORMAL DEPARTURE LAST
                VALUE   (LST)  VALUE       VALUE  FROM      YEAR
                                                  NORMAL
..................................................................
TEMPERATURE (F)
 YESTERDAY
  MAXIMUM         56    304 PM  62    2016  38     18       62
                                      2004
  MINIMUM         38    719 AM -17    2006  18     20       38
  AVERAGE         47                        28     19       50

PRECIPITATION (IN)
  YESTERDAY        0.00          0.02 2009   0.01  -0.01      T
                                      2008
  MONTH TO DATE    0.16                      0.22  -0.06     0.45
  SINCE DEC 1      0.51                      1.04  -0.53     0.68
  SINCE JAN 1      0.26                      0.64  -0.38     0.58

DEGREE DAYS
 HEATING
  YESTERDAY       18                        37    -19       15
  MONTH TO DATE  589                       677    -88      521
  SINCE DEC 1   3334                      3050    284     2678
  SINCE JUL 1   4516                      4884   -368     4107

 COOLING
  YESTERDAY        0                         0      0        0
  MONTH TO DATE    0                         0      0        0
  SINCE DEC 1      0                         0      0        0
  SINCE JAN 1      0                         0      0        0
..................................................................


WIND (MPH)
  HIGHEST WIND SPEED    28   HIGHEST WIND DIRECTION     S (190)
  HIGHEST GUST SPEED    33   HIGHEST GUST DIRECTION     S (190)
  AVERAGE WIND SPEED    10.1


SKY COVER
  POSSIBLE SUNSHINE  MM
  AVERAGE SKY COVER 0.2


WEATHER CONDITIONS
 THE FOLLOWING WEATHER WAS RECORDED YESTERDAY.
  NO SIGNIFICANT WEATHER WAS OBSERVED.


RELATIVE HUMIDITY (PERCENT)
 HIGHEST    67           300 AM
 LOWEST     38           300 PM
 AVERAGE    53

..........................................................


THE BUFFALO WY CLIMATE NORMALS FOR TODAY
                         NORMAL    RECORD    YEAR
 MAXIMUM TEMPERATURE (F)   39        56      2016
 MINIMUM TEMPERATURE (F)   18        -5      2006


SUNRISE AND SUNSET
FEBRUARY 19 2017......SUNRISE   700 AM MST   SUNSET   542 PM MST
FEBRUARY 20 2017......SUNRISE   658 AM MST   SUNSET   543 PM MST


-  INDICATES NEGATIVE NUMBERS.
R  INDICATES RECORD WAS SET OR TIED.
MM INDICATES DATA IS MISSING.
T  INDICATES TRACE AMOUNT.




$$
