000
CDUS45 KRIW 300037
CLIBYG


CLIMATE REPORT
NATIONAL WEATHER SERVICE RIVERTON WY
636 PM MDT FRI JUL 29 2016


...................................

...THE BUFFALO WY CLIMATE SUMMARY FOR JULY 29 2016...
VALID TODAY AS OF 0500 PM LOCAL TIME.

CLIMATE NORMAL PERIOD 1981 TO 2010
CLIMATE RECORD PERIOD 1998 TO 2016


WEATHER ITEM   OBSERVED TIME   RECORD YEAR NORMAL DEPARTURE LAST
                VALUE   (LST)  VALUE       VALUE  FROM      YEAR
                                                  NORMAL
..................................................................
TEMPERATURE (F)
 TODAY
  MAXIMUM         86        MM 101    2006  86      0       81
  MINIMUM         55        MM  46    2009  58     -3       48
  AVERAGE         71

PRECIPITATION (IN)
  TODAY            T             0.16 2010   0.06  -0.06     0.00
  MONTH TO DATE    0.49                      1.55  -1.06     0.77
  SINCE JUN 1      0.88                      3.83  -2.95     4.00
  SINCE JAN 1      5.80                      9.35  -3.55    11.26

DEGREE DAYS
 HEATING
  TODAY            0                         1     -1        0
  MONTH TO DATE    1                        32    -31       30
  SINCE JUN 1     16                       195   -179       84
  SINCE JUL 1      1                        32    -31       30

 COOLING
  TODAY            6                         8     -2        0
  MONTH TO DATE  233                       190     43      131
  SINCE JUN 1    368                       241    127      201
  SINCE JAN 1    373                       248    125      201
..................................................................


WIND (MPH)
  HIGHEST WIND SPEED     9   HIGHEST WIND DIRECTION     N (10)
  HIGHEST GUST SPEED    MM   HIGHEST GUST DIRECTION    MM
  AVERAGE WIND SPEED     6.0


SKY COVER
  POSSIBLE SUNSHINE  MM
  AVERAGE SKY COVER 0.1


WEATHER CONDITIONS
 THE FOLLOWING WEATHER WAS RECORDED TODAY.
  THUNDERSTORM


RELATIVE HUMIDITY (PERCENT)
 HIGHEST    77           200 AM
 LOWEST     26           400 PM
 AVERAGE    52

..........................................................


THE BUFFALO WY CLIMATE NORMALS FOR TOMORROW
                         NORMAL    RECORD    YEAR
 MAXIMUM TEMPERATURE (F)   86        98      2000
 MINIMUM TEMPERATURE (F)   58        44      2009


SUNRISE AND SUNSET
JULY 29 2016..........SUNRISE   551 AM MDT   SUNSET   835 PM MDT
JULY 30 2016..........SUNRISE   552 AM MDT   SUNSET   833 PM MDT


-  INDICATES NEGATIVE NUMBERS.
R  INDICATES RECORD WAS SET OR TIED.
MM INDICATES DATA IS MISSING.
T  INDICATES TRACE AMOUNT.




$$
