000
CDUS45 KPIH 162321
CLIBYI


CLIMATE REPORT
NATIONAL WEATHER SERVICE POCATELLO ID
521 PM MDT TUE SEP 16 2014


...................................

...THE BURLEY ID CLIMATE SUMMARY FOR SEPTEMBER 16 2014...
VALID TODAY AS OF 0500 PM LOCAL TIME.

CLIMATE NORMAL PERIOD 1981 TO 2010
CLIMATE RECORD PERIOD 1948 TO 2014


WEATHER ITEM   OBSERVED TIME   RECORD YEAR NORMAL DEPARTURE LAST
                VALUE   (LST)  VALUE       VALUE  FROM      YEAR
                                                  NORMAL
..................................................................
TEMPERATURE (F)
 TODAY
  MAXIMUM         90    359 PM  92    2000  74     16       85
  MINIMUM         51    542 AM  27    1970  43      8       55
  AVERAGE         71                        58     13       70

PRECIPITATION (IN)
  TODAY            T             0.21 1953   0.01  -0.01     0.16
  MONTH TO DATE    T                         0.26  -0.26     1.18
  SINCE OCT 1     10.09                      9.85   0.24     7.48
  SINCE JAN 1      9.48                      7.02   2.46     3.88

SNOWFALL (IN)
  TODAY           MM
  MONTH TO DATE   MM
  SINCE SEP 1     MM
  SINCE JUL 1     MM
  SNOW DEPTH      MM

DEGREE DAYS
 HEATING
  TODAY            0                         7     -7        0
  MONTH TO DATE   65                        78    -13        2
  SINCE SEP 1     65                        78    -13        2
  SINCE JUL 1     95                       135    -40        2

 COOLING
  TODAY            6                         1      5        5
  MONTH TO DATE   10                        19     -9       53
  SINCE SEP 1     10                        19     -9       53
  SINCE JAN 1    411                       363     48      641
..................................................................


WIND (MPH)
  HIGHEST WIND SPEED    18   HIGHEST WIND DIRECTION    SW (210)
  HIGHEST GUST SPEED    24   HIGHEST GUST DIRECTION    SW (210)
  AVERAGE WIND SPEED     3.9


SKY COVER
  POSSIBLE SUNSHINE  MM
  AVERAGE SKY COVER 0.0


WEATHER CONDITIONS
 THE FOLLOWING WEATHER WAS RECORDED TODAY.
  NO SIGNIFICANT WEATHER WAS OBSERVED.


RELATIVE HUMIDITY (PERCENT)
 HIGHEST    77           100 AM
 LOWEST     17           200 PM
 AVERAGE    47

..........................................................


THE BURLEY ID CLIMATE NORMALS FOR TOMORROW
                         NORMAL    RECORD    YEAR
 MAXIMUM TEMPERATURE (F)   74        93      1981
 MINIMUM TEMPERATURE (F)   43        23      1965


SUNRISE AND SUNSET
SEPTEMBER 16 2014.....SUNRISE   716 AM MDT   SUNSET   743 PM MDT
SEPTEMBER 17 2014.....SUNRISE   717 AM MDT   SUNSET   741 PM MDT


-  INDICATES NEGATIVE NUMBERS.
R  INDICATES RECORD WAS SET OR TIED.
MM INDICATES DATA IS MISSING.
T  INDICATES TRACE AMOUNT.




$$
