000
CDUS45 KTFX 212330
CLIBZN


CLIMATE REPORT
NATIONAL WEATHER SERVICE GREAT FALLS MT
430 PM MST TUE FEB 21 2017


...................................

...THE BOZEMAN/GALLATIN FIELD MT CLIMATE SUMMARY FOR FEBRUARY 21 2017...
VALID TODAY AS OF 0400 PM LOCAL TIME.

CLIMATE NORMAL PERIOD 1981 TO 2010
CLIMATE RECORD PERIOD 1935 TO 2017


WEATHER ITEM   OBSERVED TIME   RECORD YEAR NORMAL DEPARTURE LAST
                VALUE   (LST)  VALUE       VALUE  FROM      YEAR
                                                  NORMAL
..................................................................
TEMPERATURE (F)
 TODAY
  MAXIMUM         53    249 PM  63    1982  41     12       44
  MINIMUM         33    504 AM -19    1993  16     17       16
  AVERAGE         43                        28     15       30

PRECIPITATION (IN)
  TODAY            T             0.18 2005   0.02  -0.02     0.00
  MONTH TO DATE    0.24                      0.30  -0.06     0.17
  SINCE OCT 1      3.87                      3.16   0.71     3.38
  SINCE JAN 1      0.54                      0.78  -0.24     0.53

SNOWFALL (IN)
  TODAY           MM             1.6  1951   0.1   MM        0.0
  MONTH TO DATE    7.0                       3.5    3.5       T
  SINCE DEC 1     33.7                      13.5   20.2     17.0
  SINCE JUL 1     37.6                      20.9   16.7     23.6

DEGREE DAYS
 HEATING
  TODAY           22                        37    -15       35
  MONTH TO DATE  844                       812     32      741
  SINCE DEC 1   4149                      3453    696     3492
  SINCE JUL 1   5926                      5334    592     5456

 COOLING
  TODAY            0                         0      0        0
  MONTH TO DATE    0                         0      0        0
  SINCE DEC 1      0                         0      0        0
  SINCE JAN 1      0                         0      0        0
..................................................................


WIND (MPH)
  HIGHEST WIND SPEED    31   HIGHEST WIND DIRECTION    SW (240)
  HIGHEST GUST SPEED    40   HIGHEST GUST DIRECTION    SW (240)
  AVERAGE WIND SPEED    10.9


SKY COVER
  AVERAGE SKY COVER 0.5


WEATHER CONDITIONS
 THE FOLLOWING WEATHER WAS RECORDED TODAY.
  LIGHT RAIN


RELATIVE HUMIDITY (PERCENT)
 HIGHEST    89           700 AM
 LOWEST     35           300 PM
 AVERAGE    62

..........................................................


THE BOZEMAN/GALLATIN FIELD MT CLIMATE NORMALS FOR TOMORROW
                         NORMAL    RECORD    YEAR
 MAXIMUM TEMPERATURE (F)   41        57      1991
 MINIMUM TEMPERATURE (F)   16       -16      1942


SUNRISE AND SUNSET
FEBRUARY 21 2017......SUNRISE   716 AM MST   SUNSET   600 PM MST
FEBRUARY 22 2017......SUNRISE   715 AM MST   SUNSET   602 PM MST


-  INDICATES NEGATIVE NUMBERS.
R  INDICATES RECORD WAS SET OR TIED.
MM INDICATES DATA IS MISSING.
T  INDICATES TRACE AMOUNT.




$$
