000
CDUS45 KTFX 291013
CLIBZN


CLIMATE REPORT
NATIONAL WEATHER SERVICE GREAT FALLS MT
412 AM MDT TUE JUL 29 2014


...................................

...THE BOZEMAN/GALLATIN FIELD MT CLIMATE SUMMARY FOR JULY 28 2014...

CLIMATE NORMAL PERIOD 1981 TO 2010
CLIMATE RECORD PERIOD 1935 TO 2014


WEATHER ITEM   OBSERVED TIME   RECORD YEAR NORMAL DEPARTURE
                VALUE   (LST)  VALUE       VALUE  FROM
                                                  NORMAL
...............................................................
TEMPERATURE (F)
 YESTERDAY
  MAXIMUM         85    617 PM 101    2006  90     -5
  MINIMUM         51    537 AM  34    1949  52     -1
  AVERAGE         68                        71     -3

PRECIPITATION (IN)
  YESTERDAY        0.00          0.49 1970   0.02  -0.02
  MONTH TO DATE    0.38                      1.03  -0.65
  SINCE OCT 1     10.43                     11.71  -1.28
  SINCE JAN 1      9.38                      9.33   0.05

SNOWFALL (IN)
  YESTERDAY        0.0           0.0  1999   0.0    0.0
                                      2001
                                      1994
  MONTH TO DATE    0.0                       0.0    0.0
  SINCE JUN 1      0.0                       0.0    0.0
  SINCE JUL 1      0.0                       0.0    0.0
  SNOW DEPTH       0

DEGREE DAYS
 HEATING
  YESTERDAY        0                                0
  MONTH TO DATE   13                              -14
  SINCE JUN 1    249                               81
  SINCE JUL 1     13                              -14

 COOLING
  YESTERDAY        3                               -3
  MONTH TO DATE  109                              -35
  SINCE JUN 1    109                              -73
  SINCE JAN 1    109                              -77
...............................................................


WIND (MPH)
  HIGHEST WIND SPEED    12   HIGHEST WIND DIRECTION    SE (150)
  HIGHEST GUST SPEED    15   HIGHEST GUST DIRECTION    NW (320)
  AVERAGE WIND SPEED     4.9



WEATHER CONDITIONS
 THE FOLLOWING WEATHER WAS RECORDED YESTERDAY.
  NO SIGNIFICANT WEATHER WAS OBSERVED.


RELATIVE HUMIDITY (PERCENT)
 HIGHEST    71
 LOWEST     25
 AVERAGE    48

..........................................................


THE BOZEMAN/GALLATIN FIELD MT CLIMATE NORMALS FOR TODAY
                         NORMAL    RECORD    YEAR
 MAXIMUM TEMPERATURE (F)   90       102      2007
 MINIMUM TEMPERATURE (F)   52        39      1959


SUNRISE AND SUNSET
JULY 29 2014..........SUNRISE   604 AM MDT   SUNSET   857 PM MDT
JULY 30 2014..........SUNRISE   605 AM MDT   SUNSET   856 PM MDT


-  INDICATES NEGATIVE NUMBERS.
R  INDICATES RECORD WAS SET OR TIED.
MM INDICATES DATA IS MISSING.
T  INDICATES TRACE AMOUNT.




$$
