000
CDUS45 KTFX 030910
CLIBZN


CLIMATE REPORT
NATIONAL WEATHER SERVICE GREAT FALLS MT
309 AM MDT MON AUG 3 2015


...................................

...THE BOZEMAN/GALLATIN FIELD MT CLIMATE SUMMARY FOR AUGUST 2 2015...

CLIMATE NORMAL PERIOD 1981 TO 2010
CLIMATE RECORD PERIOD 1935 TO 2015


WEATHER ITEM   OBSERVED TIME   RECORD YEAR NORMAL DEPARTURE LAST
                VALUE   (LST)  VALUE       VALUE  FROM      YEAR
                                                  NORMAL
..................................................................
TEMPERATURE (F)
 YESTERDAY
  MAXIMUM         91    424 PM  99    1961  90      1       87
  MINIMUM         48    533 AM  37    1937  52     -4       49
  AVERAGE         70                        71     -1       68

PRECIPITATION (IN)
  YESTERDAY        0.00          0.53 1943   0.03  -0.03      T
  MONTH TO DATE    0.00                      0.06  -0.06      T
  SINCE OCT 1     10.27                     11.86  -1.59    10.43
  SINCE JAN 1      8.34                      9.48  -1.14     9.38

SNOWFALL (IN)
  YESTERDAY        0.0           0.0  1999   0.0    0.0      0.0
                                      1994
  MONTH TO DATE    0.0                       0.0    0.0      0.0
  SINCE JUN 1      0.0                       0.0    0.0      0.0
  SINCE JUL 1      0.0                       0.0    0.0      0.0
  SNOW DEPTH       0

DEGREE DAYS
 HEATING
  YESTERDAY        0                         0      0        0
  MONTH TO DATE    0                         0      0        0
  SINCE JUN 1    103                       169    -66      249
  SINCE JUL 1     31                        28      3       13

 COOLING
  YESTERDAY        5                         6     -1        3
  MONTH TO DATE   10                        12     -2        8
  SINCE JUN 1    158                       216    -58      131
  SINCE JAN 1    158                       220    -62      131
..................................................................


WIND (MPH)
  HIGHEST WIND SPEED    12   HIGHEST WIND DIRECTION     S (160)
  HIGHEST GUST SPEED    14   HIGHEST GUST DIRECTION    NW (320)
  AVERAGE WIND SPEED     4.7


SKY COVER
  AVERAGE SKY COVER 0.0


WEATHER CONDITIONS
 THE FOLLOWING WEATHER WAS RECORDED YESTERDAY.
  NO SIGNIFICANT WEATHER WAS OBSERVED.


RELATIVE HUMIDITY (PERCENT)
 HIGHEST    80
 LOWEST      6
 AVERAGE    43

..........................................................


THE BOZEMAN/GALLATIN FIELD MT CLIMATE NORMALS FOR TODAY
                         NORMAL    RECORD    YEAR
 MAXIMUM TEMPERATURE (F)   90       101      1961
 MINIMUM TEMPERATURE (F)   52        37      1938


SUNRISE AND SUNSET
AUGUST  3 2015........SUNRISE   610 AM MDT   SUNSET   851 PM MDT
AUGUST  4 2015........SUNRISE   611 AM MDT   SUNSET   850 PM MDT


-  INDICATES NEGATIVE NUMBERS.
R  INDICATES RECORD WAS SET OR TIED.
MM INDICATES DATA IS MISSING.
T  INDICATES TRACE AMOUNT.




$$
