000
CDUS45 KTFX 011024
CLIBZN


CLIMATE REPORT
NATIONAL WEATHER SERVICE GREAT FALLS MT
423 AM MDT WED JUL 1 2015


...................................

...THE BOZEMAN/GALLATIN FIELD MT CLIMATE SUMMARY FOR JUNE 30 2015...

CLIMATE NORMAL PERIOD 1981 TO 2010
CLIMATE RECORD PERIOD 1935 TO 2015


WEATHER ITEM   OBSERVED TIME   RECORD YEAR NORMAL DEPARTURE LAST
                VALUE   (LST)  VALUE       VALUE  FROM      YEAR
                                                  NORMAL
..................................................................
TEMPERATURE (F)
 YESTERDAY
  MAXIMUM         93    412 PM 100    1990  83     10       72
  MINIMUM         56    254 AM  31    1988  49      7       40
  AVERAGE         75                        66      9       56

PRECIPITATION (IN)
  YESTERDAY        0.03          0.42 1938   0.05  -0.02     0.00
  MONTH TO DATE    0.60                      2.40  -1.80     4.08
  SINCE OCT 1      8.49                     10.68  -2.19    10.05
  SINCE JAN 1      6.56                      8.30  -1.74     9.00

SNOWFALL (IN)
  YESTERDAY        0.0           0.0  1999   0.0    0.0      0.0
                                      1994
  MONTH TO DATE    0.0                       0.0    0.0      0.0
  SINCE JUN 1      0.0                       0.0    0.0      0.0
  SINCE JUL 1     37.4                      39.9   -2.5     32.3
  SNOW DEPTH       0

DEGREE DAYS
 HEATING
  YESTERDAY        0                         2     -2        9
  MONTH TO DATE   72                       141    -69      236
  SINCE JUN 1     72                       141    -69      236
  SINCE JUL 1   7536                      7558    -22     8297

 COOLING
  YESTERDAY       10                         3      7        0
  MONTH TO DATE   70                        38     32        0
  SINCE JUN 1     70                        38     32        0
  SINCE JAN 1     70                        42     28        0
..................................................................


WIND (MPH)
  HIGHEST WIND SPEED    21   HIGHEST WIND DIRECTION    NW (300)
  HIGHEST GUST SPEED    24   HIGHEST GUST DIRECTION    NW (300)
  AVERAGE WIND SPEED     6.9


SKY COVER
  AVERAGE SKY COVER 0.0


WEATHER CONDITIONS
 THE FOLLOWING WEATHER WAS RECORDED YESTERDAY.
  LIGHT RAIN
  FOG


RELATIVE HUMIDITY (PERCENT)
 HIGHEST    90
 LOWEST     16
 AVERAGE    53

..........................................................


THE BOZEMAN/GALLATIN FIELD MT CLIMATE NORMALS FOR TODAY
                         NORMAL    RECORD    YEAR
 MAXIMUM TEMPERATURE (F)   83        98      1990
 MINIMUM TEMPERATURE (F)   49        34      1970


SUNRISE AND SUNSET
JULY  1 2015..........SUNRISE   539 AM MDT   SUNSET   918 PM MDT
JULY  2 2015..........SUNRISE   539 AM MDT   SUNSET   918 PM MDT


-  INDICATES NEGATIVE NUMBERS.
R  INDICATES RECORD WAS SET OR TIED.
MM INDICATES DATA IS MISSING.
T  INDICATES TRACE AMOUNT.




$$
