000
CDUS45 KTFX 221042
CLIBZN


CLIMATE REPORT
NATIONAL WEATHER SERVICE GREAT FALLS MT
442 AM MDT TUE JUL 22 2014


...................................

...THE BOZEMAN/GALLATIN FIELD MT CLIMATE SUMMARY FOR JULY 21 2014...

CLIMATE NORMAL PERIOD 1981 TO 2010
CLIMATE RECORD PERIOD 1935 TO 2014


WEATHER ITEM   OBSERVED TIME   RECORD YEAR NORMAL DEPARTURE
                VALUE   (LST)  VALUE       VALUE  FROM
                                                  NORMAL
...............................................................
TEMPERATURE (F)
 YESTERDAY
  MAXIMUM         83   1234 PM 102    2007  90     -7
  MINIMUM         60    533 AM  37    1949  52      8
  AVERAGE         72                        71      1

PRECIPITATION (IN)
  YESTERDAY        0.01          0.57 1975   0.03  -0.02
  MONTH TO DATE    0.38                      0.83  -0.45
  SINCE OCT 1     10.43                     11.51  -1.08
  SINCE JAN 1      9.38                      9.13   0.25

SNOWFALL (IN)
  YESTERDAY        0.0           0.0  1999   0.0    0.0
                                      2001
                                      1994
  MONTH TO DATE    0.0                       0.0    0.0
  SINCE JUN 1      0.0                       0.0    0.0
  SINCE JUL 1      0.0                       0.0    0.0
  SNOW DEPTH       0

DEGREE DAYS
 HEATING
  YESTERDAY        0                               -1
  MONTH TO DATE    6                              -21
  SINCE JUN 1    242                               74
  SINCE JUL 1      6                              -21

 COOLING
  YESTERDAY        7                                1
  MONTH TO DATE   90                              -12
  SINCE JUN 1     90                              -50
  SINCE JAN 1     90                              -54
...............................................................


WIND (MPH)
  HIGHEST WIND SPEED    21   HIGHEST WIND DIRECTION     N (10)
  HIGHEST GUST SPEED    24   HIGHEST GUST DIRECTION    SW (220)
  AVERAGE WIND SPEED     6.1



WEATHER CONDITIONS
 THE FOLLOWING WEATHER WAS RECORDED YESTERDAY.
  LIGHT RAIN


RELATIVE HUMIDITY (PERCENT)
 HIGHEST    78
 LOWEST     26
 AVERAGE    52

..........................................................


THE BOZEMAN/GALLATIN FIELD MT CLIMATE NORMALS FOR TODAY
                         NORMAL    RECORD    YEAR
 MAXIMUM TEMPERATURE (F)   90       100      2007
                                             1960
 MINIMUM TEMPERATURE (F)   52        37      1993


SUNRISE AND SUNSET
JULY 22 2014..........SUNRISE   557 AM MDT   SUNSET   905 PM MDT
JULY 23 2014..........SUNRISE   558 AM MDT   SUNSET   904 PM MDT


-  INDICATES NEGATIVE NUMBERS.
R  INDICATES RECORD WAS SET OR TIED.
MM INDICATES DATA IS MISSING.
T  INDICATES TRACE AMOUNT.




$$
