124
CDUS45 KTFX 101056
CLIBZN


CLIMATE REPORT
NATIONAL WEATHER SERVICE GREAT FALLS MT
356 AM MST SAT DEC 10 2016


...................................

...THE BOZEMAN/GALLATIN FIELD MT CLIMATE SUMMARY FOR DECEMBER 9 2016...

CLIMATE NORMAL PERIOD 1981 TO 2010
CLIMATE RECORD PERIOD 1935 TO 2016


WEATHER ITEM   OBSERVED TIME   RECORD YEAR NORMAL DEPARTURE LAST
                VALUE   (LST)  VALUE       VALUE  FROM      YEAR
                                                  NORMAL
..................................................................
TEMPERATURE (F)
 YESTERDAY
  MAXIMUM         11   1159 PM  62    1957  33    -22       56
  MINIMUM          1    843 AM -39    1972  10     -9       31
  AVERAGE          6                        22    -16       44

PRECIPITATION (IN)
  YESTERDAY        0.01          0.19 1970   0.02  -0.01     0.02
  MONTH TO DATE    0.02                      0.18  -0.16     0.03
  SINCE OCT 1      2.89                      2.04   0.85     2.31
  SINCE JAN 1     12.78                     13.65  -0.87    12.43

SNOWFALL (IN)
  YESTERDAY       MM             4.0  1963   0.2   MM         T
  MONTH TO DATE    T                         2.1   -2.1       T
  SINCE DEC 1      T                         2.1   -2.1       T
  SINCE JUL 1      3.9                       9.5   -5.6      6.6
  SNOW DEPTH       0

DEGREE DAYS
 HEATING
  YESTERDAY       59                        43     16       21
  MONTH TO DATE  415                       380     35      309
  SINCE DEC 1    415                       380     35      309
  SINCE JUL 1   2192                      2261    -69     2273

 COOLING
  YESTERDAY        0                         0      0        0
  MONTH TO DATE    0                         0      0        0
  SINCE DEC 1      0                         0      0        0
  SINCE JAN 1    232                       368   -136      243
..................................................................


WIND (MPH)
  HIGHEST WIND SPEED     8   HIGHEST WIND DIRECTION     W (280)
  HIGHEST GUST SPEED    10   HIGHEST GUST DIRECTION    NW (300)
  AVERAGE WIND SPEED     2.4


SKY COVER
  AVERAGE SKY COVER 0.8


WEATHER CONDITIONS
 THE FOLLOWING WEATHER WAS RECORDED YESTERDAY.
  LIGHT SNOW
  FOG


RELATIVE HUMIDITY (PERCENT)
 HIGHEST    88
 LOWEST     69
 AVERAGE    79

..........................................................


THE BOZEMAN/GALLATIN FIELD MT CLIMATE NORMALS FOR TODAY
                         NORMAL    RECORD    YEAR
 MAXIMUM TEMPERATURE (F)   33        58      1939
 MINIMUM TEMPERATURE (F)   10       -29      1972


SUNRISE AND SUNSET
DECEMBER 10 2016......SUNRISE   755 AM MST   SUNSET   440 PM MST
DECEMBER 11 2016......SUNRISE   756 AM MST   SUNSET   440 PM MST


-  INDICATES NEGATIVE NUMBERS.
R  INDICATES RECORD WAS SET OR TIED.
MM INDICATES DATA IS MISSING.
T  INDICATES TRACE AMOUNT.




$$
