000
CDUS45 KTFX 160945
CLIBZN


CLIMATE REPORT
NATIONAL WEATHER SERVICE GREAT FALLS MT
343 AM MDT WED APR 16 2014


...................................

...THE BOZEMAN/GALLATIN FIELD MT CLIMATE SUMMARY FOR APRIL 15 2014...

CLIMATE NORMAL PERIOD 1981 TO 2010
CLIMATE RECORD PERIOD 1935 TO 2014


WEATHER ITEM   OBSERVED TIME   RECORD YEAR NORMAL DEPARTURE
                VALUE   (LST)  VALUE       VALUE  FROM
                                                  NORMAL
...............................................................
TEMPERATURE (F)
 YESTERDAY
  MAXIMUM         53   1201 PM  78    1962  59     -6
  MINIMUM         35   1159 PM  12    1999  31      4
  AVERAGE         44                        45     -1

PRECIPITATION (IN)
  YESTERDAY        0.02          0.65 2008   0.05  -0.03
  MONTH TO DATE    0.06                      0.74  -0.68
  SINCE OCT 1      3.55                      4.97  -1.42
  SINCE JAN 1      2.50                      2.59  -0.09

SNOWFALL (IN)
  YESTERDAY        0.0           0.8  1982   0.4   -0.4
  MONTH TO DATE    0.3                       4.4   -4.1
  SINCE MAR 1      4.8                      12.1   -7.3
  SINCE JUL 1     29.8                      34.4   -4.6
  SNOW DEPTH       0

DEGREE DAYS
 HEATING
  YESTERDAY       21                                1
  MONTH TO DATE  366                               38
  SINCE MAR 1   1337                              125
  SINCE JUL 1   7352                              560

 COOLING
  YESTERDAY        0                                0
  MONTH TO DATE    0                                0
  SINCE MAR 1      0                                0
  SINCE JAN 1      0                                0
...............................................................


WIND (MPH)
  HIGHEST WIND SPEED    29   HIGHEST WIND DIRECTION     W (280)
  HIGHEST GUST SPEED    37   HIGHEST GUST DIRECTION    NW (300)
  AVERAGE WIND SPEED     7.0



WEATHER CONDITIONS
 THE FOLLOWING WEATHER WAS RECORDED YESTERDAY.
  LIGHT RAIN


RELATIVE HUMIDITY (PERCENT)
 HIGHEST    79
 LOWEST     28
 AVERAGE    54

..........................................................


THE BOZEMAN/GALLATIN FIELD MT CLIMATE NORMALS FOR TODAY
                         NORMAL    RECORD    YEAR
 MAXIMUM TEMPERATURE (F)   59        78      1994
 MINIMUM TEMPERATURE (F)   31        13      1970


SUNRISE AND SUNSET
APRIL 16 2014.........SUNRISE   637 AM MDT   SUNSET   813 PM MDT
APRIL 17 2014.........SUNRISE   635 AM MDT   SUNSET   814 PM MDT


-  INDICATES NEGATIVE NUMBERS.
R  INDICATES RECORD WAS SET OR TIED.
MM INDICATES DATA IS MISSING.
T  INDICATES TRACE AMOUNT.




$$
