000
CDUS42 KCAE 200527
CLICAE


CLIMATE REPORT
NATIONAL WEATHER SERVICE COLUMBIA SC
127 AM EDT FRI OCT 20 2017


...................................

...THE COLUMBIA METRO AIRPORT SC CLIMATE SUMMARY FOR OCTOBER 19 2017...

CLIMATE NORMAL PERIOD 1981 TO 2010
CLIMATE RECORD PERIOD 1887 TO 2017


WEATHER ITEM   OBSERVED TIME   RECORD YEAR NORMAL DEPARTURE LAST
                VALUE   (LST)  VALUE       VALUE  FROM      YEAR
                                                  NORMAL
..................................................................
TEMPERATURE (F)
 YESTERDAY
  MAXIMUM         79    403 PM  90    1984  75      4       89
                                      1926
  MINIMUM         42    626 AM  34    1948  51     -9       65
  AVERAGE         61                        63     -2       77

PRECIPITATION (IN)
  YESTERDAY        0.00          2.60 1968   0.11  -0.11     0.00
  MONTH TO DATE    1.01                      2.06  -1.05     4.45
  SINCE SEP 1      5.56                      5.60  -0.04    11.26
  SINCE JAN 1     42.31                     37.52   4.79    34.19

SNOWFALL (IN)
  YESTERDAY        0.0          MM      MM   0.0             0.0
  MONTH TO DATE    0.0                       0.0             0.0
  SINCE SEP 1      0.0                       0.0             0.0
  SINCE JUL 1      0.0                       0.0             0.0

DEGREE DAYS
 HEATING
  YESTERDAY        4                         4      0        0
  MONTH TO DATE   18                        47    -29        8
  SINCE SEP 1     18                        55    -37        8
  SINCE JUL 1     18                        55    -37        8

 COOLING
  YESTERDAY        0                         2     -2       12
  MONTH TO DATE  171                        68    103      105
  SINCE SEP 1    541                       367    174      545
  SINCE JAN 1   2649                      2135    514     2832
..................................................................


WIND (MPH)
  HIGHEST WIND SPEED     8   HIGHEST WIND DIRECTION    NE (30)
  HIGHEST GUST SPEED    10   HIGHEST GUST DIRECTION     N (20)
  AVERAGE WIND SPEED     1.1


SKY COVER
  AVERAGE SKY COVER 0.2


WEATHER CONDITIONS
 THE FOLLOWING WEATHER WAS RECORDED YESTERDAY.
  FOG


RELATIVE HUMIDITY (PERCENT)
 HIGHEST   100           200 AM
 LOWEST     38           500 PM
 AVERAGE    69

..........................................................


THE COLUMBIA METRO AIRPORT SC CLIMATE NORMALS FOR TODAY
                         NORMAL    RECORD    YEAR
 MAXIMUM TEMPERATURE (F)   75        89      1984
 MINIMUM TEMPERATURE (F)   50        31      1992
                                             1981


SUNRISE AND SUNSET
OCTOBER 20 2017.......SUNRISE   734 AM EDT   SUNSET   644 PM EDT
OCTOBER 21 2017.......SUNRISE   735 AM EDT   SUNSET   643 PM EDT


-  INDICATES NEGATIVE NUMBERS.
R  INDICATES RECORD WAS SET OR TIED.
MM INDICATES DATA IS MISSING.
T  INDICATES TRACE AMOUNT.




$$
