000
CDUS42 KCAE 162238
CLICAE


CLIMATE REPORT
NATIONAL WEATHER SERVICE COLUMBIA SC
538 PM EST SAT DEC 16 2017


...................................

...THE COLUMBIA METRO AIRPORT SC CLIMATE SUMMARY FOR DECEMBER 16 2017...
VALID TODAY AS OF 0500 PM LOCAL TIME.

CLIMATE NORMAL PERIOD 1981 TO 2010
CLIMATE RECORD PERIOD 1887 TO 2017


WEATHER ITEM   OBSERVED TIME   RECORD YEAR NORMAL DEPARTURE LAST
                VALUE   (LST)  VALUE       VALUE  FROM      YEAR
                                                  NORMAL
..................................................................
TEMPERATURE (F)
 TODAY
  MAXIMUM         55    329 PM  83    1971  58     -3       39
  MINIMUM         28    710 AM  16    1943  35     -7       30
  AVERAGE         42                        46     -4       35

PRECIPITATION (IN)
  TODAY            0.00          3.18 1970   0.10  -0.10      T
  MONTH TO DATE    2.13                      1.62   0.51     2.62
  SINCE DEC 1      2.13                      1.62   0.51     2.62
  SINCE JAN 1     46.28                     42.99   3.29    38.82

SNOWFALL (IN)
  TODAY            0.0          MM      MM   0.0            MM
  MONTH TO DATE    0.0                       0.0             0.0
  SINCE DEC 1      0.0                       0.0             0.0
  SINCE JUL 1      0.0                       0.0             0.0

DEGREE DAYS
 HEATING
  TODAY           23                        19      4       30
  MONTH TO DATE  246                       271    -25      284
  SINCE DEC 1    246                       271    -25      284
  SINCE JUL 1    624                       712    -88      586

 COOLING
  TODAY            0                         0      0        0
  MONTH TO DATE    0                         0      0        0
  SINCE DEC 1      0                         0      0        0
  SINCE JAN 1   2684                      2167    517     2886
..................................................................


WIND (MPH)
  HIGHEST WIND SPEED     8   HIGHEST WIND DIRECTION    SW (230)
  HIGHEST GUST SPEED    11   HIGHEST GUST DIRECTION    SE (130)
  AVERAGE WIND SPEED     3.3


SKY COVER
  AVERAGE SKY COVER 0.5


WEATHER CONDITIONS
 THE FOLLOWING WEATHER WAS RECORDED TODAY.
  FOG
  HAZE


RELATIVE HUMIDITY (PERCENT)
 HIGHEST    92           500 AM
 LOWEST     35           300 PM
 AVERAGE    64

..........................................................


THE COLUMBIA METRO AIRPORT SC CLIMATE NORMALS FOR TOMORROW
                         NORMAL    RECORD    YEAR
 MAXIMUM TEMPERATURE (F)   58        80      1956
 MINIMUM TEMPERATURE (F)   35        14      1955


SUNRISE AND SUNSET
DECEMBER 16 2017......SUNRISE   723 AM EST   SUNSET   517 PM EST
DECEMBER 17 2017......SUNRISE   724 AM EST   SUNSET   518 PM EST


-  INDICATES NEGATIVE NUMBERS.
R  INDICATES RECORD WAS SET OR TIED.
MM INDICATES DATA IS MISSING.
T  INDICATES TRACE AMOUNT.




$$
