000
CDUS42 KCAE 030621
CLICAE


CLIMATE REPORT
NATIONAL WEATHER SERVICE COLUMBIA SC
121 AM EST TUE MAR 3 2015


...................................

...THE COLUMBIA METRO AIRPORT SC CLIMATE SUMMARY FOR MARCH 2 2015...

CLIMATE NORMAL PERIOD 1981 TO 2010
CLIMATE RECORD PERIOD 1887 TO 2015


WEATHER ITEM   OBSERVED TIME   RECORD YEAR NORMAL DEPARTURE LAST
                VALUE   (LST)  VALUE       VALUE  FROM      YEAR
                                                  NORMAL
..................................................................
TEMPERATURE (F)
 YESTERDAY
  MAXIMUM         73    430 PM  86    1951  64      9       76
  MINIMUM         43    243 AM  18    1980  40      3       34
  AVERAGE         58                        52      6       55

PRECIPITATION (IN)
  YESTERDAY        0.00          1.92 1971   0.13  -0.13     0.00
  MONTH TO DATE    0.48                      0.26   0.22     0.00
  SINCE MAR 1      0.48                      0.26   0.22     0.00
  SINCE JAN 1      7.84                      7.45   0.39     6.32

SNOWFALL (IN)
  YESTERDAY        0.0           4.1  1980   0.0             0.0
  MONTH TO DATE    0.0                       0.0             0.0
  SINCE MAR 1      0.0                       0.0             0.0
  SINCE JUL 1      T                         1.4             4.2

DEGREE DAYS
 HEATING
  YESTERDAY        7                        13     -6       10
  MONTH TO DATE   33                        27      6       24
  SINCE MAR 1     33                        27      6       24
  SINCE JUL 1   2222                      2126     96     2108

 COOLING
  YESTERDAY        0                         0      0        0
  MONTH TO DATE    0                         0      0        0
  SINCE MAR 1      0                         0      0        0
  SINCE JAN 1      0                         4     -4        7
..................................................................


WIND (MPH)
  HIGHEST WIND SPEED    13   HIGHEST WIND DIRECTION    NE (50)
  HIGHEST GUST SPEED    16   HIGHEST GUST DIRECTION    NE (60)
  AVERAGE WIND SPEED     5.7


SKY COVER
  AVERAGE SKY COVER 0.8


WEATHER CONDITIONS
 THE FOLLOWING WEATHER WAS RECORDED YESTERDAY.
  FOG
  FOG W/VISIBILITY <= 1/4 MILE


RELATIVE HUMIDITY (PERCENT)
 HIGHEST   100           700 AM
 LOWEST     57           200 PM
 AVERAGE    79

..........................................................


THE COLUMBIA METRO AIRPORT SC CLIMATE NORMALS FOR TODAY
                         NORMAL    RECORD    YEAR
 MAXIMUM TEMPERATURE (F)   65        88      1976
 MINIMUM TEMPERATURE (F)   40         4      1980


SUNRISE AND SUNSET
MARCH  3 2015.........SUNRISE   651 AM EST   SUNSET   622 PM EST
MARCH  4 2015.........SUNRISE   650 AM EST   SUNSET   623 PM EST


-  INDICATES NEGATIVE NUMBERS.
R  INDICATES RECORD WAS SET OR TIED.
MM INDICATES DATA IS MISSING.
T  INDICATES TRACE AMOUNT.




$$
