009
CDUS42 KCAE 120538
CLICAE


CLIMATE REPORT
NATIONAL WEATHER SERVICE COLUMBIA SC
1238 AM EST FRI FEB 12 2016


...................................

...THE COLUMBIA METRO AIRPORT SC CLIMATE SUMMARY FOR FEBRUARY 11 2016...

CLIMATE NORMAL PERIOD 1981 TO 2010
CLIMATE RECORD PERIOD 1887 TO 2016


WEATHER ITEM   OBSERVED TIME   RECORD YEAR NORMAL DEPARTURE LAST
                VALUE   (LST)  VALUE       VALUE  FROM      YEAR
                                                  NORMAL
..................................................................
TEMPERATURE (F)
 YESTERDAY
  MAXIMUM         55    509 PM  79    1965  59     -4       59
                                      1932
  MINIMUM         26    725 AM  14    1973  36    -10       36
  AVERAGE         41                        48     -7       48

PRECIPITATION (IN)
  YESTERDAY        0.00          1.32 1981   0.12  -0.12     0.00
  MONTH TO DATE    1.73                      1.35   0.38     0.83
  SINCE DEC 1     10.12                      8.15   1.97     7.33
  SINCE JAN 1      3.67                      4.93  -1.26     3.43

SNOWFALL (IN)
  YESTERDAY        0.0          MM      MM   0.0             0.0
  MONTH TO DATE    T                         0.2             0.0
  SINCE DEC 1      T                         1.1             0.0
  SINCE JUL 1      T                         1.1              T

DEGREE DAYS
 HEATING
  YESTERDAY       24                        17      7       17
  MONTH TO DATE  184                       200    -16      195
  SINCE DEC 1   1016                      1395   -379     1273
  SINCE JUL 1   1286                      1836   -550     1778

 COOLING
  YESTERDAY        0                         0      0        0
  MONTH TO DATE    4                         0      4        0
  SINCE DEC 1     63                         4     59        0
  SINCE JAN 1      4                         1      3        0
..................................................................


WIND (MPH)
  HIGHEST WIND SPEED    16   HIGHEST WIND DIRECTION     W (280)
  HIGHEST GUST SPEED    20   HIGHEST GUST DIRECTION     W (280)
  AVERAGE WIND SPEED     3.3


SKY COVER
  AVERAGE SKY COVER 0.1


WEATHER CONDITIONS
 THE FOLLOWING WEATHER WAS RECORDED YESTERDAY.
  HAZE


RELATIVE HUMIDITY (PERCENT)
 HIGHEST    64          1000 PM
 LOWEST     26           200 PM
 AVERAGE    45

..........................................................


THE COLUMBIA METRO AIRPORT SC CLIMATE NORMALS FOR TODAY
                         NORMAL    RECORD    YEAR
 MAXIMUM TEMPERATURE (F)   60        77      1999
                                             1984
                                             1975
 MINIMUM TEMPERATURE (F)   36         5      1973


SUNRISE AND SUNSET
FEBRUARY 12 2016......SUNRISE   712 AM EST   SUNSET   605 PM EST
FEBRUARY 13 2016......SUNRISE   712 AM EST   SUNSET   606 PM EST


-  INDICATES NEGATIVE NUMBERS.
R  INDICATES RECORD WAS SET OR TIED.
MM INDICATES DATA IS MISSING.
T  INDICATES TRACE AMOUNT.




$$
