000
CDUS42 KCAE 240604
CLICAE


CLIMATE REPORT
NATIONAL WEATHER SERVICE COLUMBIA SC
204 AM EDT FRI MAR 24 2017


...................................

...THE COLUMBIA METRO AIRPORT SC CLIMATE SUMMARY FOR MARCH 23 2017...

CLIMATE NORMAL PERIOD 1981 TO 2010
CLIMATE RECORD PERIOD 1887 TO 2017


WEATHER ITEM   OBSERVED TIME   RECORD YEAR NORMAL DEPARTURE LAST
                VALUE   (LST)  VALUE       VALUE  FROM      YEAR
                                                  NORMAL
..................................................................
TEMPERATURE (F)
 YESTERDAY
  MAXIMUM         64    442 PM  93    1907  70     -6       77
  MINIMUM         45    716 AM  23    1986  45      0       45
  AVERAGE         55                        57     -2       61

PRECIPITATION (IN)
  YESTERDAY        0.00          2.42 1989   0.11  -0.11     0.00
  MONTH TO DATE    1.83                      2.82  -0.99     0.97
  SINCE MAR 1      1.83                      2.82  -0.99     0.97
  SINCE JAN 1     10.47                     10.01   0.46     7.60

SNOWFALL (IN)
  YESTERDAY        0.0          MM      MM   0.0             0.0
  MONTH TO DATE    T                         0.1             0.0
  SINCE MAR 1      T                         0.1             0.0
  SINCE JUL 1      0.1                       1.5              T

DEGREE DAYS
 HEATING
  YESTERDAY       10                         8      2        4
  MONTH TO DATE  272                       250     22      135
  SINCE MAR 1    272                       250     22      135
  SINCE JUL 1   1613                      2349   -736     1698

 COOLING
  YESTERDAY        0                         1     -1        0
  MONTH TO DATE   14                        11      3       54
  SINCE MAR 1     14                        11      3       54
  SINCE JAN 1     32                        15     17       58
..................................................................


WIND (MPH)
  HIGHEST WIND SPEED    17   HIGHEST WIND DIRECTION     E (70)
  HIGHEST GUST SPEED    23   HIGHEST GUST DIRECTION     E (70)
  AVERAGE WIND SPEED     8.8


SKY COVER
  AVERAGE SKY COVER 0.2


WEATHER CONDITIONS
 THE FOLLOWING WEATHER WAS RECORDED YESTERDAY.
  NO SIGNIFICANT WEATHER WAS OBSERVED.


RELATIVE HUMIDITY (PERCENT)
 HIGHEST    56          1100 PM
 LOWEST     20           200 PM
 AVERAGE    38

..........................................................


THE COLUMBIA METRO AIRPORT SC CLIMATE NORMALS FOR TODAY
                         NORMAL    RECORD    YEAR
 MAXIMUM TEMPERATURE (F)   71        91      1929
 MINIMUM TEMPERATURE (F)   45        28      1972


SUNRISE AND SUNSET
MARCH 24 2017.........SUNRISE   722 AM EDT   SUNSET   739 PM EDT
MARCH 25 2017.........SUNRISE   721 AM EDT   SUNSET   740 PM EDT


-  INDICATES NEGATIVE NUMBERS.
R  INDICATES RECORD WAS SET OR TIED.
MM INDICATES DATA IS MISSING.
T  INDICATES TRACE AMOUNT.




$$
