000
CDUS42 KCAE 180531
CLICAE


CLIMATE REPORT
NATIONAL WEATHER SERVICE COLUMBIA SC
130 AM EDT FRI AUG 18 2017


...................................

...THE COLUMBIA METRO AIRPORT SC CLIMATE SUMMARY FOR AUGUST 17 2017...

CLIMATE NORMAL PERIOD 1981 TO 2010
CLIMATE RECORD PERIOD 1887 TO 2017


WEATHER ITEM   OBSERVED TIME   RECORD YEAR NORMAL DEPARTURE LAST
                VALUE   (LST)  VALUE       VALUE  FROM      YEAR
                                                  NORMAL
..................................................................
TEMPERATURE (F)
 YESTERDAY
  MAXIMUM         98    349 PM 106    1954  91      7       97
  MINIMUM         77    606 AM  58    1961  71      6       76
  AVERAGE         88                        81      7       87

PRECIPITATION (IN)
  YESTERDAY        0.23          3.92 1949   0.16   0.07      T
  MONTH TO DATE    1.67                      3.05  -1.38     3.93
  SINCE JUN 1     12.22                     13.20  -0.98     8.11
  SINCE JAN 1     36.50                     29.71   6.79    22.03

SNOWFALL (IN)
  YESTERDAY        0.0          MM      MM   0.0             0.0
  MONTH TO DATE    0.0                       0.0             0.0
  SINCE JUN 1      0.0                       0.0             0.0
  SINCE JUL 1      0.0                       0.0             0.0

DEGREE DAYS
 HEATING
  YESTERDAY        0                         0      0        0
  MONTH TO DATE    0                         0      0        0
  SINCE JUN 1      0                         1     -1        0
  SINCE JUL 1      0                         0      0        0

 COOLING
  YESTERDAY       23                        16      7       22
  MONTH TO DATE  295                       282     13      344
  SINCE JUN 1   1329                      1238     91     1586
  SINCE JAN 1   1858                      1559    299     2025
..................................................................


WIND (MPH)
  HIGHEST WIND SPEED    26   HIGHEST WIND DIRECTION    NW (300)
  HIGHEST GUST SPEED    37   HIGHEST GUST DIRECTION     W (290)
  AVERAGE WIND SPEED     3.5


SKY COVER
  AVERAGE SKY COVER 0.3


WEATHER CONDITIONS
 THE FOLLOWING WEATHER WAS RECORDED YESTERDAY.
  THUNDERSTORM
  LIGHT RAIN


RELATIVE HUMIDITY (PERCENT)
 HIGHEST    88           600 AM
 LOWEST     45           300 PM
 AVERAGE    67

..........................................................


THE COLUMBIA METRO AIRPORT SC CLIMATE NORMALS FOR TODAY
                         NORMAL    RECORD    YEAR
 MAXIMUM TEMPERATURE (F)   91       104      1995
 MINIMUM TEMPERATURE (F)   71        57      1979


SUNRISE AND SUNSET
AUGUST 18 2017........SUNRISE   648 AM EDT   SUNSET   807 PM EDT
AUGUST 19 2017........SUNRISE   649 AM EDT   SUNSET   806 PM EDT


-  INDICATES NEGATIVE NUMBERS.
R  INDICATES RECORD WAS SET OR TIED.
MM INDICATES DATA IS MISSING.
T  INDICATES TRACE AMOUNT.




$$
