000
CDUS42 KCAE 280526
CLICAE


CLIMATE REPORT
NATIONAL WEATHER SERVICE COLUMBIA SC
126 AM EDT SAT MAR 28 2015


...................................

...THE COLUMBIA METRO AIRPORT SC CLIMATE SUMMARY FOR MARCH 27 2015...

CLIMATE NORMAL PERIOD 1981 TO 2010
CLIMATE RECORD PERIOD 1887 TO 2015


WEATHER ITEM   OBSERVED TIME   RECORD YEAR NORMAL DEPARTURE LAST
                VALUE   (LST)  VALUE       VALUE  FROM      YEAR
                                                  NORMAL
..................................................................
TEMPERATURE (F)
 YESTERDAY
  MAXIMUM         68   1238 AM  88    1994  71     -3       68
  MINIMUM         46   1159 PM  23    1955  46      0       28
  AVERAGE         57                        58     -1       48

PRECIPITATION (IN)
  YESTERDAY        0.19          1.98 2005   0.11   0.08     0.00
  MONTH TO DATE    2.76                      3.27  -0.51     3.36
  SINCE MAR 1      2.76                      3.27  -0.51     3.36
  SINCE JAN 1     10.12                     10.46  -0.34     9.68

SNOWFALL (IN)
  YESTERDAY        0.0          MM      MM   0.0             0.0
  MONTH TO DATE    0.0                       0.1             0.0
  SINCE MAR 1      0.0                       0.1             0.0
  SINCE JUL 1      T                         1.5             4.2

DEGREE DAYS
 HEATING
  YESTERDAY        8                         7      1       17
  MONTH TO DATE  168                       281   -113      365
  SINCE MAR 1    168                       281   -113      365
  SINCE JUL 1   2357                      2380    -23     2449

 COOLING
  YESTERDAY        0                         1     -1        0
  MONTH TO DATE   25                        15     10        0
  SINCE MAR 1     25                        15     10        0
  SINCE JAN 1     25                        19      6        7
..................................................................


WIND (MPH)
  HIGHEST WIND SPEED    15   HIGHEST WIND DIRECTION     N (10)
  HIGHEST GUST SPEED    23   HIGHEST GUST DIRECTION     N (360)
  AVERAGE WIND SPEED     8.0


SKY COVER
  AVERAGE SKY COVER 0.9


WEATHER CONDITIONS
 THE FOLLOWING WEATHER WAS RECORDED YESTERDAY.
  HEAVY RAIN
  RAIN
  LIGHT RAIN
  FOG


RELATIVE HUMIDITY (PERCENT)
 HIGHEST    93           900 AM
 LOWEST     63          1200 AM
 AVERAGE    78

..........................................................


THE COLUMBIA METRO AIRPORT SC CLIMATE NORMALS FOR TODAY
                         NORMAL    RECORD    YEAR
 MAXIMUM TEMPERATURE (F)   72        92      1907
 MINIMUM TEMPERATURE (F)   46        27      2001


SUNRISE AND SUNSET
MARCH 28 2015.........SUNRISE   718 AM EDT   SUNSET   742 PM EDT
MARCH 29 2015.........SUNRISE   716 AM EDT   SUNSET   743 PM EDT


-  INDICATES NEGATIVE NUMBERS.
R  INDICATES RECORD WAS SET OR TIED.
MM INDICATES DATA IS MISSING.
T  INDICATES TRACE AMOUNT.




$$
