000
CDUS42 KCAE 210600
CLICAE


CLIMATE REPORT
NATIONAL WEATHER SERVICE COLUMBIA SC
1259 AM EST SUN DEC 21 2014


...................................

...THE COLUMBIA METRO AIRPORT SC CLIMATE SUMMARY FOR DECEMBER 20 2014...

CLIMATE NORMAL PERIOD 1981 TO 2010
CLIMATE RECORD PERIOD 1887 TO 2014


WEATHER ITEM   OBSERVED TIME   RECORD YEAR NORMAL DEPARTURE LAST
                VALUE   (LST)  VALUE       VALUE  FROM      YEAR
                                                  NORMAL
..................................................................
TEMPERATURE (F)
 YESTERDAY
  MAXIMUM         50    225 AM  81    1931  57     -7       71
  MINIMUM         46   1159 PM  12    1981  34     12       38
  AVERAGE         48                        46      2       55

PRECIPITATION (IN)
  YESTERDAY        0.09          1.97 1905   0.10  -0.01     0.00
  MONTH TO DATE    0.20                      2.04  -1.84     3.04
  SINCE DEC 1      0.20                      2.04  -1.84     3.04
  SINCE JAN 1     38.51                     43.41  -4.90    52.63

SNOWFALL (IN)
  YESTERDAY        0.0          MM      MM   0.0             0.0
  MONTH TO DATE    0.0                       0.0             0.0
  SINCE DEC 1      0.0                       0.0             0.0
  SINCE JUL 1      T                         0.0              T

DEGREE DAYS
 HEATING
  YESTERDAY       17                        19     -2       10
  MONTH TO DATE  293                       347    -54      272
  SINCE DEC 1    293                       347    -54      272
  SINCE JUL 1    798                       788     10      719

 COOLING
  YESTERDAY        0                         0      0        0
  MONTH TO DATE    0                         0      0        6
  SINCE DEC 1      0                         0      0        6
  SINCE JAN 1   2535                      2167    368     2178
..................................................................


WIND (MPH)
  HIGHEST WIND SPEED    10   HIGHEST WIND DIRECTION     E (80)
  HIGHEST GUST SPEED    14   HIGHEST GUST DIRECTION     E (90)
  AVERAGE WIND SPEED     4.5


SKY COVER
  AVERAGE SKY COVER 1.0


WEATHER CONDITIONS
 THE FOLLOWING WEATHER WAS RECORDED YESTERDAY.
  LIGHT RAIN
  FOG
  HAZE


RELATIVE HUMIDITY (PERCENT)
 HIGHEST    86           500 AM
 LOWEST     61           200 AM
 AVERAGE    74

..........................................................


THE COLUMBIA METRO AIRPORT SC CLIMATE NORMALS FOR TODAY
                         NORMAL    RECORD    YEAR
 MAXIMUM TEMPERATURE (F)   57        81      2013
 MINIMUM TEMPERATURE (F)   34        11      1981


SUNRISE AND SUNSET
DECEMBER 21 2014......SUNRISE   726 AM EST   SUNSET   519 PM EST
DECEMBER 22 2014......SUNRISE   726 AM EST   SUNSET   520 PM EST


-  INDICATES NEGATIVE NUMBERS.
R  INDICATES RECORD WAS SET OR TIED.
MM INDICATES DATA IS MISSING.
T  INDICATES TRACE AMOUNT.




$$
