000
CDUS45 KGJT 242330
CLICAG


CLIMATE REPORT
NATIONAL WEATHER SERVICE GRAND JUNCTION CO
526 PM MDT SUN SEP 24 2017


...................................

...THE CRAIG CO CLIMATE SUMMARY FOR SEPTEMBER 24 2017...
VALID TODAY AS OF 0500 PM LOCAL TIME.

CLIMATE NORMAL PERIOD 1981 TO 2010
CLIMATE RECORD PERIOD 9999 TO 9999


WEATHER ITEM   OBSERVED TIME   RECORD YEAR NORMAL DEPARTURE LAST
                VALUE   (LST)  VALUE       VALUE  FROM      YEAR
                                                  NORMAL
..................................................................
TEMPERATURE (F)
 TODAY
  MAXIMUM         64    213 PM  MM      MM  71     -7       51
  MINIMUM         34    330 AM  MM      MM  33      1       38
  AVERAGE         49                        52     -3       45

PRECIPITATION (IN)
  TODAY            T            MM      MM   0.06  -0.06     0.13
  MONTH TO DATE    0.58                      1.52  -0.94     1.31
  SINCE SEP 1      0.58                      1.52  -0.94     1.31
  SINCE JAN 1     10.46                     11.58  -1.12     9.29

SNOWFALL (IN)
  TODAY           MM            MM      MM  MM     MM       MM
  MONTH TO DATE   MM                        MM     MM       MM
  SINCE SEP 1     MM                        MM     MM       MM
  SINCE JUL 1     MM                        MM     MM       MM
  SNOW DEPTH      MM

DEGREE DAYS
 HEATING
  TODAY           16                        13      3       20
  MONTH TO DATE  126                       201    -75      171
  SINCE SEP 1    126                       201    -75      171
  SINCE JUL 1    142                       278   -136      234

 COOLING
  TODAY            0                         0      0        0
  MONTH TO DATE   17                         0     17        7
  SINCE SEP 1     17                         0     17        7
  SINCE JAN 1    285                       140    145      201
..................................................................


WIND (MPH)
  HIGHEST WIND SPEED    26   HIGHEST WIND DIRECTION    SW (230)
  HIGHEST GUST SPEED    36   HIGHEST GUST DIRECTION    SW (220)
  AVERAGE WIND SPEED     8.0


SKY COVER
  POSSIBLE SUNSHINE  MM
  AVERAGE SKY COVER 0.6


WEATHER CONDITIONS
 THE FOLLOWING WEATHER WAS RECORDED TODAY.
  LIGHT RAIN
  FOG


RELATIVE HUMIDITY (PERCENT)
 HIGHEST    92           600 AM
 LOWEST     20           300 PM
 AVERAGE    56

..........................................................


THE CRAIG CO CLIMATE NORMALS FOR TOMORROW
                         NORMAL    RECORD    YEAR
 MAXIMUM TEMPERATURE (F)   70        MM        MM
 MINIMUM TEMPERATURE (F)   33        MM        MM


SUNRISE AND SUNSET
SEPTEMBER 24 2017.....SUNRISE   700 AM MDT   SUNSET   703 PM MDT
SEPTEMBER 25 2017.....SUNRISE   701 AM MDT   SUNSET   702 PM MDT


-  INDICATES NEGATIVE NUMBERS.
R  INDICATES RECORD WAS SET OR TIED.
MM INDICATES DATA IS MISSING.
T  INDICATES TRACE AMOUNT.




$$
