000
CDUS41 KCLE 120527
CLICAK


CLIMATE REPORT
NATIONAL WEATHER SERVICE CLEVELAND OH
1226 AM EST FRI FEB 12 2016


...................................

...THE AKRON CANTON OH CLIMATE SUMMARY FOR FEBRUARY 11 2016...

CLIMATE NORMAL PERIOD 1981 TO 2010
CLIMATE RECORD PERIOD 1887 TO 2016


WEATHER ITEM   OBSERVED TIME   RECORD YEAR NORMAL DEPARTURE LAST
                VALUE   (LST)  VALUE       VALUE  FROM      YEAR
                                                  NORMAL
..................................................................
TEMPERATURE (F)
 YESTERDAY
  MAXIMUM         18    420 PM  71    1932  36    -18       35
  MINIMUM          8   1153 PM -11    1899  21    -13       15
  AVERAGE         13                        28    -15       25

PRECIPITATION (IN)
  YESTERDAY        0.04                      0.08  -0.04     0.02
  MONTH TO DATE    1.03                      0.90   0.13     1.24
  SINCE DEC 1      5.94                      6.35  -0.41     7.04
  SINCE JAN 1      2.24                      3.51  -1.27     4.73

SNOWFALL (IN)
  YESTERDAY        1.3                       0.4    0.9      0.2
  MONTH TO DATE    6.0                       4.1    1.9      8.4
  SINCE DEC 1     12.3                      26.7  -14.4     30.2
  SINCE JUL 1     12.3                      30.1  -17.8     38.2
  SNOW DEPTH       3

DEGREE DAYS
 HEATING
  YESTERDAY       52                        37     15       40
  MONTH TO DATE  354                       414    -60      434
  SINCE DEC 1   2174                      2691   -517     2621
  SINCE JUL 1   3054                      3950   -896     3904

 COOLING
  YESTERDAY        0                         0      0        0
  MONTH TO DATE    0                         0      0        0
  SINCE DEC 1      0                         0      0        0
  SINCE JAN 1      0                         0      0        0
..................................................................


WIND (MPH)
  HIGHEST WIND SPEED    22   HIGHEST WIND DIRECTION     W (260)
  HIGHEST GUST SPEED    28   HIGHEST GUST DIRECTION    NW (300)
  AVERAGE WIND SPEED    11.6


SKY COVER
  POSSIBLE SUNSHINE  MM
  AVERAGE SKY COVER 0.7


WEATHER CONDITIONS
 THE FOLLOWING WEATHER WAS RECORDED YESTERDAY.
  LIGHT SNOW
  HAZE


RELATIVE HUMIDITY (PERCENT)
 HIGHEST    83           500 AM
 LOWEST     49           500 PM
 AVERAGE    66

..........................................................


THE AKRON CANTON OH CLIMATE NORMALS FOR TODAY
                         NORMAL    RECORD    YEAR
 MAXIMUM TEMPERATURE (F)   36        65      1999
                                             1984
 MINIMUM TEMPERATURE (F)   21       -12      1917


SUNRISE AND SUNSET
FEBRUARY 12 2016......SUNRISE   724 AM EST   SUNSET   556 PM EST
FEBRUARY 13 2016......SUNRISE   723 AM EST   SUNSET   557 PM EST


-  INDICATES NEGATIVE NUMBERS.
R  INDICATES RECORD WAS SET OR TIED.
MM INDICATES DATA IS MISSING.
T  INDICATES TRACE AMOUNT.




$$
