000
CDUS45 KABQ 270830
CLICAO


CLIMATE REPORT
NATIONAL WEATHER SERVICE ALBUQUERQUE NM
130 AM MST MON FEB 27 2017


...................................

...THE CLAYTON  NM CLIMATE SUMMARY FOR FEBRUARY 26 2017...

CLIMATE NORMAL PERIOD 1981 TO 2010
CLIMATE RECORD PERIOD 1896 TO 2017


WEATHER ITEM   OBSERVED TIME   RECORD YEAR NORMAL DEPARTURE
                VALUE   (LST)  VALUE       VALUE  FROM
                                                  NORMAL
...............................................................
TEMPERATURE (F)
 YESTERDAY
  MAXIMUM         56    235 PM  79    1896  54      2
  MINIMUM         22    324 AM   2    2002  26     -4
  AVERAGE         39                        40     -1

PRECIPITATION (IN)
  YESTERDAY        0.00          0.88 1987   0.02  -0.02
  MONTH TO DATE    0.25                      0.31  -0.06
  SINCE DEC 1      1.59                      0.95   0.64
  SINCE JAN 1      1.38                      0.59   0.79

SNOWFALL (IN)
  YESTERDAY        0.0
  MONTH TO DATE    1.0
  SINCE DEC 1     11.4
  SINCE JUL 1     11.4

DEGREE DAYS
 HEATING
  YESTERDAY       26                        25      1
  MONTH TO DATE  499                       721   -222
  SINCE DEC 1   2313                      2575   -262
  SINCE JUL 1   2981                      3627   -646

 COOLING
  YESTERDAY        0                         0      0
  MONTH TO DATE    2                         0      2
  SINCE DEC 1      2                         0      2
  SINCE JAN 1      2                         0      2
...............................................................


WIND (MPH)
  HIGHEST WIND SPEED    25   HIGHEST WIND DIRECTION    SW (240)
  HIGHEST GUST SPEED    34   HIGHEST GUST DIRECTION    SW (240)
  AVERAGE WIND SPEED     9.7


SKY COVER
  AVERAGE SKY COVER 0.1


WEATHER CONDITIONS
 THE FOLLOWING WEATHER WAS RECORDED YESTERDAY.
  NO SIGNIFICANT WEATHER WAS OBSERVED.


RELATIVE HUMIDITY (PERCENT)
 HIGHEST    47          1000 PM
 LOWEST     12           300 PM
 AVERAGE    30

..........................................................


THE CLAYTON  NM CLIMATE NORMALS FOR TODAY
                         NORMAL    RECORD    YEAR
 MAXIMUM TEMPERATURE (F)   54        75      2016
                                             2006
                                             1932
 MINIMUM TEMPERATURE (F)   26        -4      1962


SUNRISE AND SUNSET
FEBRUARY 27 2017......SUNRISE   625 AM MST   SUNSET   546 PM MST
FEBRUARY 28 2017......SUNRISE   624 AM MST   SUNSET   547 PM MST


-  INDICATES NEGATIVE NUMBERS.
R  INDICATES RECORD WAS SET OR TIED.
MM INDICATES DATA IS MISSING.
T  INDICATES TRACE AMOUNT.




$$
