000
CDUS45 KABQ 190828
CLICAO


CLIMATE REPORT
NATIONAL WEATHER SERVICE ALBUQUERQUE NM
228 AM MDT SAT APR 19 2014


...................................

...THE CLAYTON  NM CLIMATE SUMMARY FOR APRIL 18 2014...

CLIMATE NORMAL PERIOD 1981 TO 2010
CLIMATE RECORD PERIOD 1896 TO 2014


WEATHER ITEM   OBSERVED TIME   RECORD YEAR NORMAL DEPARTURE
                VALUE   (LST)  VALUE       VALUE  FROM
                                                  NORMAL
...............................................................
TEMPERATURE (F)
 YESTERDAY
  MAXIMUM         74    354 PM  88    1948  68      6
  MINIMUM         35    549 AM  16    1953  38     -3
  AVERAGE         55                        53      2

PRECIPITATION (IN)
  YESTERDAY        0.00          0.50 1942   0.03  -0.03
  MONTH TO DATE    0.26                      0.49  -0.23
  SINCE MAR 1      0.28                      1.44  -1.16
  SINCE JAN 1      0.46                      2.06  -1.60

SNOWFALL (IN)
  YESTERDAY        0.0
  MONTH TO DATE    1.5
  SINCE MAR 1      1.6
  SINCE JUL 1      9.8

DEGREE DAYS
 HEATING
  YESTERDAY       10                        12     -2
  MONTH TO DATE  268                       261      7
  SINCE MAR 1    882                       905    -23
  SINCE JUL 1   4581                      4582     -1

 COOLING
  YESTERDAY        0                         0      0
  MONTH TO DATE    3                         0      3
  SINCE MAR 1      3                         1      2
  SINCE JAN 1      3                         1      2
...............................................................


WIND (MPH)
  HIGHEST WIND SPEED    30   HIGHEST WIND DIRECTION     S (190)
  HIGHEST GUST SPEED    38   HIGHEST GUST DIRECTION     S (190)
  AVERAGE WIND SPEED    18.7


SKY COVER
  AVERAGE SKY COVER 0.0


WEATHER CONDITIONS
 THE FOLLOWING WEATHER WAS RECORDED YESTERDAY.
  FOG


RELATIVE HUMIDITY (PERCENT)
 HIGHEST    89          1200 AM
 LOWEST     23           400 PM
 AVERAGE    56

..........................................................


THE CLAYTON  NM CLIMATE NORMALS FOR TODAY
                         NORMAL    RECORD    YEAR
 MAXIMUM TEMPERATURE (F)   68        85      2001
 MINIMUM TEMPERATURE (F)   39        21      1953


SUNRISE AND SUNSET
APRIL 19 2014.........SUNRISE   614 AM MDT   SUNSET   730 PM MDT
APRIL 20 2014.........SUNRISE   612 AM MDT   SUNSET   731 PM MDT


-  INDICATES NEGATIVE NUMBERS.
R  INDICATES RECORD WAS SET OR TIED.
MM INDICATES DATA IS MISSING.
T  INDICATES TRACE AMOUNT.




$$
