000
CDUS45 KABQ 270832
CLICAO


CLIMATE REPORT
NATIONAL WEATHER SERVICE ALBUQUERQUE NM
231 AM MDT TUE JUN 27 2017


...................................

...THE CLAYTON  NM CLIMATE SUMMARY FOR JUNE 26 2017...

CLIMATE NORMAL PERIOD 1981 TO 2010
CLIMATE RECORD PERIOD 1896 TO 2017


WEATHER ITEM   OBSERVED TIME   RECORD YEAR NORMAL DEPARTURE
                VALUE   (LST)  VALUE       VALUE  FROM
                                                  NORMAL
...............................................................
TEMPERATURE (F)
 YESTERDAY
  MAXIMUM         84    336 PM 103    2011  88     -4
                                      1924
  MINIMUM         54    421 AM  40    1968  59     -5
  AVERAGE         69                        73     -4

PRECIPITATION (IN)
  YESTERDAY        0.03          1.42 1982   0.07  -0.04
  MONTH TO DATE    0.61                      1.83  -1.22
  SINCE JUN 1      0.61                      1.83  -1.22
  SINCE JAN 1      8.36                      6.30   2.06

SNOWFALL (IN)
  YESTERDAY        0.0
  MONTH TO DATE    0.0
  SINCE JUN 1      0.0
  SINCE JUL 1     25.3

DEGREE DAYS
 HEATING
  YESTERDAY        0                         0      0
  MONTH TO DATE    2                        21    -19
  SINCE JUN 1      2                        21    -19
  SINCE JUL 1   4014                      4882   -868

 COOLING
  YESTERDAY        4                         8     -4
  MONTH TO DATE  160                       148     12
  SINCE JUN 1    160                       148     12
  SINCE JAN 1    192                       199     -7
...............................................................


WIND (MPH)
  HIGHEST WIND SPEED    39   HIGHEST WIND DIRECTION    SE (130)
  HIGHEST GUST SPEED    47   HIGHEST GUST DIRECTION    SE (140)
  AVERAGE WIND SPEED    13.3


SKY COVER
  AVERAGE SKY COVER 0.2


WEATHER CONDITIONS
 THE FOLLOWING WEATHER WAS RECORDED YESTERDAY.
  THUNDERSTORM
  LIGHT RAIN


RELATIVE HUMIDITY (PERCENT)
 HIGHEST   100          1200 AM
 LOWEST     34           300 PM
 AVERAGE    67

..........................................................


THE CLAYTON  NM CLIMATE NORMALS FOR TODAY
                         NORMAL    RECORD    YEAR
 MAXIMUM TEMPERATURE (F)   88       105      1924
 MINIMUM TEMPERATURE (F)   59        46      1985


SUNRISE AND SUNSET
JUNE 27 2017..........SUNRISE   537 AM MDT   SUNSET   815 PM MDT
JUNE 28 2017..........SUNRISE   537 AM MDT   SUNSET   815 PM MDT


-  INDICATES NEGATIVE NUMBERS.
R  INDICATES RECORD WAS SET OR TIED.
MM INDICATES DATA IS MISSING.
T  INDICATES TRACE AMOUNT.




$$
