000
CDUS45 KABQ 250827
CLICAO


CLIMATE REPORT
NATIONAL WEATHER SERVICE ALBUQUERQUE NM
126 AM MST TUE NOV 25 2014


...................................

...THE CLAYTON  NM CLIMATE SUMMARY FOR NOVEMBER 24 2014...

CLIMATE NORMAL PERIOD 1981 TO 2010
CLIMATE RECORD PERIOD 1896 TO 2014


WEATHER ITEM   OBSERVED TIME   RECORD YEAR NORMAL DEPARTURE
                VALUE   (LST)  VALUE       VALUE  FROM
                                                  NORMAL
...............................................................
TEMPERATURE (F)
 YESTERDAY
  MAXIMUM         47    223 PM  80    1942  53     -6
  MINIMUM         21    531 AM   7    1938  26     -5
  AVERAGE         34                        40     -6

PRECIPITATION (IN)
  YESTERDAY        0.00          1.10 1940   0.02  -0.02
  MONTH TO DATE    0.57                      0.39   0.18
  SINCE SEP 1      4.36                      3.17   1.19
  SINCE JAN 1     12.89                     15.37  -2.48

SNOWFALL (IN)
  YESTERDAY        0.0
  MONTH TO DATE    2.6
  SINCE SEP 1      2.6
  SINCE JUL 1      2.6

DEGREE DAYS
 HEATING
  YESTERDAY       31                        25      6
  MONTH TO DATE  590                       482    108
  SINCE SEP 1    851                       886    -35
  SINCE JUL 1    851                       892    -41

 COOLING
  YESTERDAY        0                         0      0
  MONTH TO DATE    0                         0      0
  SINCE SEP 1    126                       112     14
  SINCE JAN 1   1130                       909    221
...............................................................


WIND (MPH)
  HIGHEST WIND SPEED    21   HIGHEST WIND DIRECTION     N (360)
  HIGHEST GUST SPEED    25   HIGHEST GUST DIRECTION     N (350)
  AVERAGE WIND SPEED    10.7


SKY COVER
  AVERAGE SKY COVER 0.3


WEATHER CONDITIONS
 THE FOLLOWING WEATHER WAS RECORDED YESTERDAY.
  NO SIGNIFICANT WEATHER WAS OBSERVED.


RELATIVE HUMIDITY (PERCENT)
 HIGHEST    85           100 AM
 LOWEST     17           100 PM
 AVERAGE    51

..........................................................


THE CLAYTON  NM CLIMATE NORMALS FOR TODAY
                         NORMAL    RECORD    YEAR
 MAXIMUM TEMPERATURE (F)   53        77      1990
 MINIMUM TEMPERATURE (F)   26         9      1952


SUNRISE AND SUNSET
NOVEMBER 25 2014......SUNRISE   640 AM MST   SUNSET   439 PM MST
NOVEMBER 26 2014......SUNRISE   641 AM MST   SUNSET   439 PM MST


-  INDICATES NEGATIVE NUMBERS.
R  INDICATES RECORD WAS SET OR TIED.
MM INDICATES DATA IS MISSING.
T  INDICATES TRACE AMOUNT.




$$
