000
CDUS45 KABQ 240840
CLICAO


CLIMATE REPORT
NATIONAL WEATHER SERVICE ALBUQUERQUE NM
239 AM MDT WED MAY 24 2017


...................................

...THE CLAYTON  NM CLIMATE SUMMARY FOR MAY 23 2017...

CLIMATE NORMAL PERIOD 1981 TO 2010
CLIMATE RECORD PERIOD 1896 TO 2017


WEATHER ITEM   OBSERVED TIME   RECORD YEAR NORMAL DEPARTURE
                VALUE   (LST)  VALUE       VALUE  FROM
                                                  NORMAL
...............................................................
TEMPERATURE (F)
 YESTERDAY
  MAXIMUM         61    442 PM  96    2000  78    -17
  MINIMUM         41   1122 PM  36    1957  50     -9
  AVERAGE         51                        64    -13

PRECIPITATION (IN)
  YESTERDAY        T             1.75 1909   0.07  -0.07
  MONTH TO DATE    2.07                      1.31   0.76
  SINCE MAR 1      6.20                      3.20   3.00
  SINCE JAN 1      7.58                      3.82   3.76

SNOWFALL (IN)
  YESTERDAY        0.0
  MONTH TO DATE    0.0
  SINCE MAR 1     13.9
  SINCE JUL 1     25.3

DEGREE DAYS
 HEATING
  YESTERDAY       14                         4     10
  MONTH TO DATE  190                       133     57
  SINCE MAR 1    969                      1162   -193
  SINCE JUL 1   3989                      4839   -850

 COOLING
  YESTERDAY        0                         2     -2
  MONTH TO DATE    8                        27    -19
  SINCE MAR 1     26                        33     -7
  SINCE JAN 1     28                        33     -5
...............................................................


WIND (MPH)
  HIGHEST WIND SPEED    29   HIGHEST WIND DIRECTION     N (360)
  HIGHEST GUST SPEED    36   HIGHEST GUST DIRECTION     N (10)
  AVERAGE WIND SPEED    14.3


SKY COVER
  AVERAGE SKY COVER 0.5


WEATHER CONDITIONS
 THE FOLLOWING WEATHER WAS RECORDED YESTERDAY.
  LIGHT RAIN


RELATIVE HUMIDITY (PERCENT)
 HIGHEST    89           100 AM
 LOWEST     32           400 PM
 AVERAGE    61

..........................................................


THE CLAYTON  NM CLIMATE NORMALS FOR TODAY
                         NORMAL    RECORD    YEAR
 MAXIMUM TEMPERATURE (F)   78        95      1984
 MINIMUM TEMPERATURE (F)   50        37      1924


SUNRISE AND SUNSET
MAY 24 2017...........SUNRISE   539 AM MDT   SUNSET   800 PM MDT
MAY 25 2017...........SUNRISE   539 AM MDT   SUNSET   801 PM MDT


-  INDICATES NEGATIVE NUMBERS.
R  INDICATES RECORD WAS SET OR TIED.
MM INDICATES DATA IS MISSING.
T  INDICATES TRACE AMOUNT.




$$
