000
CDUS45 KABQ 290831
CLICAO


CLIMATE REPORT
NATIONAL WEATHER SERVICE ALBUQUERQUE NM
229 AM MDT MON JUN 29 2015


...................................

...THE CLAYTON  NM CLIMATE SUMMARY FOR JUNE 28 2015...

CLIMATE NORMAL PERIOD 1981 TO 2010
CLIMATE RECORD PERIOD 1896 TO 2015


WEATHER ITEM   OBSERVED TIME   RECORD YEAR NORMAL DEPARTURE
                VALUE   (LST)  VALUE       VALUE  FROM
                                                  NORMAL
...............................................................
TEMPERATURE (F)
 YESTERDAY
  MAXIMUM         94    342 PM 104    1968  88      6
  MINIMUM         61    503 AM  41    1929  59      2
  AVERAGE         78                        74      4

PRECIPITATION (IN)
  YESTERDAY        0.00          0.65 1950   0.07  -0.07
  MONTH TO DATE    1.54                      1.97  -0.43
  SINCE JUN 1      1.54                      1.97  -0.43
  SINCE JAN 1     13.07                      6.44   6.63

SNOWFALL (IN)
  YESTERDAY        0.0
  MONTH TO DATE    0.0
  SINCE JUN 1      0.0
  SINCE JUL 1     26.1

DEGREE DAYS
 HEATING
  YESTERDAY        0                         0      0
  MONTH TO DATE    2                        21    -19
  SINCE JUN 1      2                        21    -19
  SINCE JUL 1   4470                      4882   -412

 COOLING
  YESTERDAY       13                         9      4
  MONTH TO DATE  222                       166     56
  SINCE JUN 1    222                       166     56
  SINCE JAN 1    227                       217     10
...............................................................


WIND (MPH)
  HIGHEST WIND SPEED    21   HIGHEST WIND DIRECTION     N (20)
  HIGHEST GUST SPEED    25   HIGHEST GUST DIRECTION     N (10)
  AVERAGE WIND SPEED     9.8


SKY COVER
  AVERAGE SKY COVER 0.0


WEATHER CONDITIONS
 THE FOLLOWING WEATHER WAS RECORDED YESTERDAY.
  NO SIGNIFICANT WEATHER WAS OBSERVED.


RELATIVE HUMIDITY (PERCENT)
 HIGHEST    78           300 AM
 LOWEST     17           200 PM
 AVERAGE    48

..........................................................


THE CLAYTON  NM CLIMATE NORMALS FOR TODAY
                         NORMAL    RECORD    YEAR
 MAXIMUM TEMPERATURE (F)   88       104      1998
 MINIMUM TEMPERATURE (F)   59        50      1945


SUNRISE AND SUNSET
JUNE 29 2015..........SUNRISE   537 AM MDT   SUNSET   815 PM MDT
JUNE 30 2015..........SUNRISE   538 AM MDT   SUNSET   815 PM MDT


-  INDICATES NEGATIVE NUMBERS.
R  INDICATES RECORD WAS SET OR TIED.
MM INDICATES DATA IS MISSING.
T  INDICATES TRACE AMOUNT.

$$
