000
CDUS45 KABQ 120828
CLICAO


CLIMATE REPORT
NATIONAL WEATHER SERVICE ALBUQUERQUE NM
127 AM MST FRI FEB 12 2016


...................................

...THE CLAYTON  NM CLIMATE SUMMARY FOR FEBRUARY 11 2016...

CLIMATE NORMAL PERIOD 1981 TO 2010
CLIMATE RECORD PERIOD 1896 TO 2016


WEATHER ITEM   OBSERVED TIME   RECORD YEAR NORMAL DEPARTURE
                VALUE   (LST)  VALUE       VALUE  FROM
                                                  NORMAL
...............................................................
TEMPERATURE (F)
 YESTERDAY
  MAXIMUM         70    255 PM  81    1951  51     19
  MINIMUM         31    705 AM -18    1899  23      8
  AVERAGE         51                        37     14

PRECIPITATION (IN)
  YESTERDAY        0.00          0.42 1952   0.01  -0.01
  MONTH TO DATE    0.11                      0.11   0.00
  SINCE DEC 1      1.00                      0.75   0.25
  SINCE JAN 1      0.39                      0.39   0.00

SNOWFALL (IN)
  YESTERDAY        0.0
  MONTH TO DATE    0.9
  SINCE DEC 1     15.1
  SINCE JUL 1     22.2

DEGREE DAYS
 HEATING
  YESTERDAY       14                        28    -14
  MONTH TO DATE  321                       317      4
  SINCE DEC 1   2045                      2171   -126
  SINCE JUL 1   2934                      3223   -289

 COOLING
  YESTERDAY        0                         0      0
  MONTH TO DATE    0                         0      0
  SINCE DEC 1      0                         0      0
  SINCE JAN 1      0                         0      0
...............................................................


WIND (MPH)
  HIGHEST WIND SPEED    22   HIGHEST WIND DIRECTION     N (10)
  HIGHEST GUST SPEED    28   HIGHEST GUST DIRECTION     N (10)
  AVERAGE WIND SPEED    10.7


SKY COVER
  AVERAGE SKY COVER 0.0


WEATHER CONDITIONS
 THE FOLLOWING WEATHER WAS RECORDED YESTERDAY.
  NO SIGNIFICANT WEATHER WAS OBSERVED.


RELATIVE HUMIDITY (PERCENT)
 HIGHEST    47           700 AM
 LOWEST     10           100 PM
 AVERAGE    29

..........................................................


THE CLAYTON  NM CLIMATE NORMALS FOR TODAY
                         NORMAL    RECORD    YEAR
 MAXIMUM TEMPERATURE (F)   51        77      1962
 MINIMUM TEMPERATURE (F)   23        -7      1986


SUNRISE AND SUNSET
FEBRUARY 12 2016......SUNRISE   644 AM MST   SUNSET   530 PM MST
FEBRUARY 13 2016......SUNRISE   643 AM MST   SUNSET   531 PM MST


-  INDICATES NEGATIVE NUMBERS.
R  INDICATES RECORD WAS SET OR TIED.
MM INDICATES DATA IS MISSING.
T  INDICATES TRACE AMOUNT.




$$
