000
CDUS45 KABQ 250836
CLICAO


CLIMATE REPORT
NATIONAL WEATHER SERVICE ALBUQUERQUE NM
232 AM MDT FRI JUL 25 2014


...................................

...THE CLAYTON  NM CLIMATE SUMMARY FOR JULY 24 2014...

CLIMATE NORMAL PERIOD 1981 TO 2010
CLIMATE RECORD PERIOD 1896 TO 2014


WEATHER ITEM   OBSERVED TIME   RECORD YEAR NORMAL DEPARTURE
                VALUE   (LST)  VALUE       VALUE  FROM
                                                  NORMAL
...............................................................
TEMPERATURE (F)
 YESTERDAY
  MAXIMUM         97    346 PM  99    1940  88      9
                                      1937
  MINIMUM         67    412 AM  50    1928  61      6
  AVERAGE         82                        75      7

PRECIPITATION (IN)
  YESTERDAY        0.00          1.28 1921   0.09  -0.09
  MONTH TO DATE    0.48                      1.98  -1.50
  SINCE JUN 1      2.37                      4.11  -1.74
  SINCE JAN 1      4.14                      8.58  -4.44

SNOWFALL (IN)
  YESTERDAY        0.0
  MONTH TO DATE    0.0
  SINCE JUN 1      0.0
  SINCE JUL 1      0.0

DEGREE DAYS
 HEATING
  YESTERDAY        0                         0      0
  MONTH TO DATE    0                         0      0
  SINCE JUN 1     14                        23     -9
  SINCE JUL 1      0                         0      0

 COOLING
  YESTERDAY       17                        10      7
  MONTH TO DATE  278                       236     42
  SINCE JUN 1    523                       419    104
  SINCE JAN 1    618                       470    148
...............................................................


WIND (MPH)
  HIGHEST WIND SPEED    32   HIGHEST WIND DIRECTION     S (180)
  HIGHEST GUST SPEED    38   HIGHEST GUST DIRECTION     S (180)
  AVERAGE WIND SPEED    17.2


SKY COVER
  AVERAGE SKY COVER 0.0


WEATHER CONDITIONS
 THE FOLLOWING WEATHER WAS RECORDED YESTERDAY.
  NO SIGNIFICANT WEATHER WAS OBSERVED.


RELATIVE HUMIDITY (PERCENT)
 HIGHEST    57           300 AM
 LOWEST     12           400 PM
 AVERAGE    35

..........................................................


THE CLAYTON  NM CLIMATE NORMALS FOR TODAY
                         NORMAL    RECORD    YEAR
 MAXIMUM TEMPERATURE (F)   88       100      2003
 MINIMUM TEMPERATURE (F)   61        48      1928


SUNRISE AND SUNSET
JULY 25 2014..........SUNRISE   554 AM MDT   SUNSET   804 PM MDT
JULY 26 2014..........SUNRISE   554 AM MDT   SUNSET   803 PM MDT


-  INDICATES NEGATIVE NUMBERS.
R  INDICATES RECORD WAS SET OR TIED.
MM INDICATES DATA IS MISSING.
T  INDICATES TRACE AMOUNT.

$$
