000
CDUS45 KABQ 260826
CLICAO


CLIMATE REPORT
NATIONAL WEATHER SERVICE ALBUQUERQUE NM
225 AM MDT THU MAY 26 2016


...................................

...THE CLAYTON  NM CLIMATE SUMMARY FOR MAY 25 2016...

CLIMATE NORMAL PERIOD 1981 TO 2010
CLIMATE RECORD PERIOD 1896 TO 2016


WEATHER ITEM   OBSERVED TIME   RECORD YEAR NORMAL DEPARTURE
                VALUE   (LST)  VALUE       VALUE  FROM
                                                  NORMAL
...............................................................
TEMPERATURE (F)
 YESTERDAY
  MAXIMUM         84    254 PM  96    2006  78      6
  MINIMUM         51    452 AM  28    1924  50      1
  AVERAGE         68                        64      4

PRECIPITATION (IN)
  YESTERDAY        0.00          0.81 1948   0.08  -0.08
  MONTH TO DATE    0.82                      1.46  -0.64
  SINCE MAR 1      2.92                      3.35  -0.43
  SINCE JAN 1      3.36                      3.97  -0.61

SNOWFALL (IN)
  YESTERDAY        0.0
  MONTH TO DATE    0.5
  SINCE MAR 1      2.1
  SINCE JUL 1     25.5

DEGREE DAYS
 HEATING
  YESTERDAY        0                         3     -3
  MONTH TO DATE  171                       139     32
  SINCE MAR 1   1044                      1168   -124
  SINCE JUL 1   4294                      4845   -551

 COOLING
  YESTERDAY        3                         2      1
  MONTH TO DATE   15                        31    -16
  SINCE MAR 1     15                        37    -22
  SINCE JAN 1     15                        37    -22
...............................................................


WIND (MPH)
  HIGHEST WIND SPEED    28   HIGHEST WIND DIRECTION     S (190)
  HIGHEST GUST SPEED    33   HIGHEST GUST DIRECTION     S (190)
  AVERAGE WIND SPEED    11.2


SKY COVER
  AVERAGE SKY COVER 0.0


WEATHER CONDITIONS
 THE FOLLOWING WEATHER WAS RECORDED YESTERDAY.
  NO SIGNIFICANT WEATHER WAS OBSERVED.


RELATIVE HUMIDITY (PERCENT)
 HIGHEST    32           200 AM
 LOWEST      8           400 PM
 AVERAGE    20

..........................................................


THE CLAYTON  NM CLIMATE NORMALS FOR TODAY
                         NORMAL    RECORD    YEAR
 MAXIMUM TEMPERATURE (F)   78        96      2006
 MINIMUM TEMPERATURE (F)   50        35      1950
                                             1917


SUNRISE AND SUNSET
MAY 26 2016...........SUNRISE   538 AM MDT   SUNSET   801 PM MDT
MAY 27 2016...........SUNRISE   538 AM MDT   SUNSET   802 PM MDT


-  INDICATES NEGATIVE NUMBERS.
R  INDICATES RECORD WAS SET OR TIED.
MM INDICATES DATA IS MISSING.
T  INDICATES TRACE AMOUNT.




$$
