000
CDUS45 KABQ 180842
CLICAO


CLIMATE REPORT
NATIONAL WEATHER SERVICE ALBUQUERQUE NM
140 AM MST WED JAN 18 2017


...................................

...THE CLAYTON  NM CLIMATE SUMMARY FOR JANUARY 17 2017...

CLIMATE NORMAL PERIOD 1981 TO 2010
CLIMATE RECORD PERIOD 1896 TO 2017


WEATHER ITEM   OBSERVED TIME   RECORD YEAR NORMAL DEPARTURE
                VALUE   (LST)  VALUE       VALUE  FROM
                                                  NORMAL
...............................................................
TEMPERATURE (F)
 YESTERDAY
  MAXIMUM         47    346 PM  74    1982  49     -2
                                      1950
                                      1923
  MINIMUM         25    721 AM -12    1930  22      3
  AVERAGE         36                        36      0

PRECIPITATION (IN)
  YESTERDAY        0.00          0.21 1984   0.00   0.00
  MONTH TO DATE    1.03                      0.14   0.89
  SINCE DEC 1      1.24                      0.50   0.74
  SINCE JAN 1      1.03                      0.14   0.89

SNOWFALL (IN)
  YESTERDAY        0.0
  MONTH TO DATE    6.3
  SINCE DEC 1      8.9
  SINCE JUL 1      8.9

DEGREE DAYS
 HEATING
  YESTERDAY       29                        29      0
  MONTH TO DATE  537                       508     29
  SINCE DEC 1   1447                      1444      3
  SINCE JUL 1   2115                      2496   -381

 COOLING
  YESTERDAY        0                         0      0
  MONTH TO DATE    0                         0      0
  SINCE DEC 1      0                         0      0
  SINCE JAN 1      0                         0      0
...............................................................


WIND (MPH)
  HIGHEST WIND SPEED    22   HIGHEST WIND DIRECTION    SW (210)
  HIGHEST GUST SPEED    26   HIGHEST GUST DIRECTION    SW (220)
  AVERAGE WIND SPEED     8.7


SKY COVER
  AVERAGE SKY COVER 0.2


WEATHER CONDITIONS
 THE FOLLOWING WEATHER WAS RECORDED YESTERDAY.
  NO SIGNIFICANT WEATHER WAS OBSERVED.


RELATIVE HUMIDITY (PERCENT)
 HIGHEST   100          1200 AM
 LOWEST     71           300 PM
 AVERAGE    86

..........................................................


THE CLAYTON  NM CLIMATE NORMALS FOR TODAY
                         NORMAL    RECORD    YEAR
 MAXIMUM TEMPERATURE (F)   49        75      1920
 MINIMUM TEMPERATURE (F)   22       -13      1984


SUNRISE AND SUNSET
JANUARY 18 2017.......SUNRISE   702 AM MST   SUNSET   504 PM MST
JANUARY 19 2017.......SUNRISE   702 AM MST   SUNSET   505 PM MST


-  INDICATES NEGATIVE NUMBERS.
R  INDICATES RECORD WAS SET OR TIED.
MM INDICATES DATA IS MISSING.
T  INDICATES TRACE AMOUNT.




$$
