000
CDUS41 KCAR 240551
CLICAR

CLIMATE REPORT
NATIONAL WEATHER SERVICE CARIBOU, ME
143 AM EDT SAT JUN 24 2017


...................................

...THE CARIBOU ME CLIMATE SUMMARY FOR JUNE 23 2017...

CLIMATE NORMAL PERIOD 1981 TO 2010
CLIMATE RECORD PERIOD 1939 TO 2017


WEATHER ITEM   OBSERVED TIME   RECORD YEAR NORMAL DEPARTURE LAST
                VALUE   (LST)  VALUE       VALUE  FROM      YEAR
                                                  NORMAL
..................................................................
TEMPERATURE (F)
 YESTERDAY
  MAXIMUM         68    146 PM  91    1983  73     -5       71
                                      1975
  MINIMUM         50    338 AM  40    1948  52     -2       50
  AVERAGE         59                        63     -4       61

PRECIPITATION (IN)
  YESTERDAY        0.02          0.99 2002   0.12  -0.10      T
  MONTH TO DATE    2.31                      2.58  -0.27     2.21
  SINCE JUN 1      2.31                      2.58  -0.27     2.21
  SINCE JAN 1     18.88                     16.00   2.88    18.14

SNOWFALL (IN)
  YESTERDAY        0.0           0.0  2002   0.0    0.0      0.0
                                      2001
  MONTH TO DATE    0.0                       0.0    0.0      0.0
  SINCE JUN 1      0.0                       0.0    0.0      0.0
  SINCE JUL 1    129.6                     108.7   20.9     94.8
  SNOW DEPTH       0

DEGREE DAYS
 HEATING
  YESTERDAY        6                         4      2        4
  MONTH TO DATE  111                       142    -31      136
  SINCE JUN 1    111                       142    -31      136
  SINCE JUL 1   8559                      9331   -772     8353

 COOLING
  YESTERDAY        0                         2     -2        0
  MONTH TO DATE   41                        22     19       16
  SINCE JUN 1     41                        22     19       16
  SINCE JAN 1     47                        27     20       24
..................................................................


WIND (MPH)
  HIGHEST WIND SPEED    15   HIGHEST WIND DIRECTION     S (170)
  HIGHEST GUST SPEED    21   HIGHEST GUST DIRECTION     S (180)
  AVERAGE WIND SPEED     7.4


SKY COVER
  POSSIBLE SUNSHINE  MM
  AVERAGE SKY COVER 0.6


WEATHER CONDITIONS
 THE FOLLOWING WEATHER WAS RECORDED YESTERDAY.
  THUNDERSTORM
  LIGHT RAIN
  FOG


RELATIVE HUMIDITY (PERCENT)
 HIGHEST    93           900 PM
 LOWEST     63           900 AM
 AVERAGE    78

..........................................................


THE CARIBOU ME CLIMATE NORMALS FOR TODAY
                         NORMAL    RECORD    YEAR
 MAXIMUM TEMPERATURE (F)   74        93      1995
 MINIMUM TEMPERATURE (F)   52        40      1988
                                             1959


SUNRISE AND SUNSET
JUNE 24 2017..........SUNRISE   438 AM EDT   SUNSET   831 PM EDT
JUNE 25 2017..........SUNRISE   439 AM EDT   SUNSET   831 PM EDT


-  INDICATES NEGATIVE NUMBERS.
R  INDICATES RECORD WAS SET OR TIED.
MM INDICATES DATA IS MISSING.
T  INDICATES TRACE AMOUNT.

.....................................................................
THE CARIBOU ME 4 INCH UNDER SOD SOIL TEMPERATURE FOR JUNE 23 2017

MAXIMUM 71 F
MINIMUM 64 F

$$
