000
CDUS41 KCAR 200528
CLICAR


CLIMATE REPORT
NATIONAL WEATHER SERVICE CARIBOU, ME
1227 AM EST SAT DEC 20 2014


...................................

...THE CARIBOU ME CLIMATE SUMMARY FOR DECEMBER 19 2014...

CLIMATE NORMAL PERIOD 1981 TO 2010
CLIMATE RECORD PERIOD 1939 TO 2014


WEATHER ITEM   OBSERVED TIME   RECORD YEAR NORMAL DEPARTURE LAST
                VALUE   (LST)  VALUE       VALUE  FROM      YEAR
                                                  NORMAL
..................................................................
TEMPERATURE (F)
 YESTERDAY
  MAXIMUM         27    217 PM  43    1954  25      2       18
  MINIMUM         11    938 PM -20    1940   9      2        6
  AVERAGE         19                        17      2       12

PRECIPITATION (IN)
  YESTERDAY        T             0.69 1967   0.09  -0.09     0.04
  MONTH TO DATE    4.39                      2.12   2.27     1.53
  SINCE DEC 1      4.39                      2.12   2.27     1.53
  SINCE JAN 1     44.80                     37.34   7.46    48.11

SNOWFALL (IN)
  YESTERDAY        T             6.6  2012   0.7   -0.7      0.7
  MONTH TO DATE   26.2                      13.3   12.9     22.5
  SINCE DEC 1     26.2                      13.3   12.9     22.5
  SINCE JUL 1     55.0                      25.5   29.5     32.6
  SNOW DEPTH      15

DEGREE DAYS
 HEATING
  YESTERDAY       46                        48     -2       53
  MONTH TO DATE  803                       842    -39      948
  SINCE DEC 1    803                       842    -39      948
  SINCE JUL 1   2755                      2987   -232     2904

 COOLING
  YESTERDAY        0                         0      0        0
  MONTH TO DATE    0                         0      0        0
  SINCE DEC 1      0                         0      0        0
  SINCE JAN 1    266                       180     86      192
..................................................................


WIND (MPH)
  HIGHEST WIND SPEED    20   HIGHEST WIND DIRECTION    NW (330)
  HIGHEST GUST SPEED    24   HIGHEST GUST DIRECTION     N (340)
  AVERAGE WIND SPEED    10.1


SKY COVER
  POSSIBLE SUNSHINE  MM
  AVERAGE SKY COVER 0.5


WEATHER CONDITIONS
 THE FOLLOWING WEATHER WAS RECORDED YESTERDAY.
  NO SIGNIFICANT WEATHER WAS OBSERVED.


RELATIVE HUMIDITY (PERCENT)
 HIGHEST    88           800 AM
 LOWEST     68          1200 PM
 AVERAGE    78

..........................................................


THE CARIBOU ME CLIMATE NORMALS FOR TODAY
                         NORMAL    RECORD    YEAR
 MAXIMUM TEMPERATURE (F)   25        47      1957
 MINIMUM TEMPERATURE (F)    8       -25      1971


SUNRISE AND SUNSET
DECEMBER 20 2014......SUNRISE   714 AM EST   SUNSET   346 PM EST
DECEMBER 21 2014......SUNRISE   714 AM EST   SUNSET   346 PM EST


-  INDICATES NEGATIVE NUMBERS.
R  INDICATES RECORD WAS SET OR TIED.
MM INDICATES DATA IS MISSING.
T  INDICATES TRACE AMOUNT.




$$
