000
CDUS41 KCAR 230528
CLICAR


CLIMATE REPORT
NATIONAL WEATHER SERVICE CARIBOU, ME
1228 AM EST SUN NOV 23 2014


...................................

...THE CARIBOU ME CLIMATE SUMMARY FOR NOVEMBER 22 2014...

CLIMATE NORMAL PERIOD 1981 TO 2010
CLIMATE RECORD PERIOD 1939 TO 2014


WEATHER ITEM   OBSERVED TIME   RECORD YEAR NORMAL DEPARTURE LAST
                VALUE   (LST)  VALUE       VALUE  FROM      YEAR
                                                  NORMAL
..................................................................
TEMPERATURE (F)
 YESTERDAY
  MAXIMUM         32   1159 PM  52    1999  35     -3       38
                                      1992
  MINIMUM          8    613 AM   0    1978  22    -14       27
  AVERAGE         20                        29     -9       33

PRECIPITATION (IN)
  YESTERDAY        0.02          1.99 2005   0.12  -0.10      T
  MONTH TO DATE    2.27                      2.67  -0.40     1.95
  SINCE SEP 1     10.65                      9.52   1.13    11.50
  SINCE JAN 1     39.31                     34.26   5.05    44.52

SNOWFALL (IN)
  YESTERDAY        0.2           4.6  2007   0.5   -0.3      0.1
  MONTH TO DATE   18.3                       6.4   11.9      4.3
  SINCE SEP 1     18.3                       8.1   10.2      5.3
  SINCE JUL 1     18.3                       8.1   10.2      5.3
  SNOW DEPTH       1

DEGREE DAYS
 HEATING
  YESTERDAY       45                        36      9       32
  MONTH TO DATE  770                       699     71      661
  SINCE SEP 1   1605                      1685    -80     1503
  SINCE JUL 1   1663                      1839   -176     1617

 COOLING
  YESTERDAY        0                         0      0        0
  MONTH TO DATE    0                         0      0        0
  SINCE SEP 1     25                        11     14       13
  SINCE JAN 1    266                       180     86      192
..................................................................


WIND (MPH)
  HIGHEST WIND SPEED    15   HIGHEST WIND DIRECTION     S (190)
  HIGHEST GUST SPEED    21   HIGHEST GUST DIRECTION     S (200)
  AVERAGE WIND SPEED     7.9


SKY COVER
  POSSIBLE SUNSHINE  MM
  AVERAGE SKY COVER 0.7


WEATHER CONDITIONS
 THE FOLLOWING WEATHER WAS RECORDED YESTERDAY.
  LIGHT SNOW
  FOG
  HAZE


RELATIVE HUMIDITY (PERCENT)
 HIGHEST    81           600 PM
 LOWEST     60           200 PM
 AVERAGE    71

..........................................................


THE CARIBOU ME CLIMATE NORMALS FOR TODAY
                         NORMAL    RECORD    YEAR
 MAXIMUM TEMPERATURE (F)   35        60      1953
 MINIMUM TEMPERATURE (F)   22        -3      1986


SUNRISE AND SUNSET
NOVEMBER 23 2014......SUNRISE   646 AM EST   SUNSET   350 PM EST
NOVEMBER 24 2014......SUNRISE   648 AM EST   SUNSET   350 PM EST


-  INDICATES NEGATIVE NUMBERS.
R  INDICATES RECORD WAS SET OR TIED.
MM INDICATES DATA IS MISSING.
T  INDICATES TRACE AMOUNT.




$$
