000
CDAK48 PACD 172321
CLICDB

CLIMATE REPORT
NATIONAL WEATHER SERVICE COLD BAY, AK
321 PM AKDT WED SEP 17 2014

...................................
...THE COLD BAY AP CLIMATE SUMMARY FOR SEPTEMBER 17 2014...
VALID TODAY AS OF 2:00 PM LOCAL TIME

CLIMATE NORMAL PERIOD  1981 TO  2010
CLIMATE RECORD PERIOD  1942 TO  2014

WEATHER ITEM   OBSERVED TIME    RECORD YEAR NORMAL DEPARTURE LAST
               VALUE    (LST)   VALUE       VALUE  FROM      YEAR
                                                   NORMAL
...................................................................
TEMPERATURE
TODAY
 MAXIMUM            54  0153 PM    59  1986     53       1     54
 MINIMUM            48  1212 AM    32  1966     43       5     47
 AVERAGE            51                          48       3     51

PRECIPITATION
(INCHES)
 TODAY            0.09           2.11  1985   0.17   -0.08   0.05
 MONTH TO DATE    4.67                        2.61    2.06   2.64
 SINCE SEP 1      4.67                        2.61    2.06   2.64
 SINCE JAN 1     23.08                       25.35   -2.27  29.56

SNOWFALL
(INCHES)
 TODAY             0.0              T  1996    0.0     0.0    0.0
 MONTH TO DATE     0.0                         0.0     0.0    0.0
 SINCE SEP 1       0.0                         0.0     0.0    0.0
 SINCE JUL 1       0.0                         0.0     0.0    0.0
 SNOW DEPTH (IN)     0                                          0

DEGREE DAYS
 HEATING
  TODAY             14                          17      -3     14
  MONTH TO DATE    197                         262     -65    241
  SINCE SEP 1      197                         262     -65    241
  SINCE JUL 1      739                        1106    -367    912

 COOLING
  TODAY              0                           0       0      0
  MONTH TO DATE      0                           0       0      0
  SINCE SEP 1        0                           0       0      0
  SINCE JAN 1        0                           0       0      0
...................................................................

WIND (MPH)
 HIGHEST WIND SPEED    26     HIGHEST WIND DIRECTION    310
 HIGHEST GUST SPEED    33     HIGHEST GUST DIRECTION    300
 AVERAGE WIND SPEED    MM

WEATHER CONDITIONS
 THE FOLLOWING WEATHER WAS RECORDED TODAY.
 FOG
 RAIN
...................................................................

THE COLD BAY CLIMATE NORMALS FOR TOMORROW
                        NORMAL    RECORD   YEAR
 MAXIMUM TEMPERATURE      53        61     2007
 MINIMUM TEMPERATURE      43        30     2003

SUNRISE AND SUNSET
 SEP 17 2014..........SUNRISE  8:28 AM      SUNSET  9:02 PM
 SEP 18 2014..........SUNRISE  8:30 AM      SUNSET  9:00 PM

-  INDICATES NEGATIVE NUMBERS.
R  INDICATES RECORD HAS BEEN SET OR TIED.
MM INDICATES DATA IS MISSING.
T  INDICATES TRACE OF PRECIPITATION.

&&
-------------------------------------------------------------------

AMOUNT OF DAYLIGHT TODAY  (HOUR:MIN)........12 HOURS 34 MINUTES
LOSS SINCE YESTERDAY (HOUR:MIN:SEC)....-0:04:28

$$
STACY
