000
CDAK48 PACD 201206
CLICDB

CLIMATE REPORT
NATIONAL WEATHER SERVICE COLD BAY, AK
407 AM AKDT SUN APR 20 2014

...................................
...THE COLD BAY AP CLIMATE SUMMARY FOR APRIL 19 2014...

CLIMATE NORMAL PERIOD  1981 TO  2010
CLIMATE RECORD PERIOD  1955 TO  2014

WEATHER ITEM   OBSERVED TIME    RECORD YEAR NORMAL DEPARTURE LAST
               VALUE    (LST)   VALUE       VALUE  FROM      YEAR
                                                   NORMAL
...................................................................
TEMPERATURE
YESTERDAY
 MAXIMUM            42  0206 PM    47  2013     40       2     47
 MINIMUM            31  0700 AM    16  1960     30       1     30
 AVERAGE            37                          35       2     39

PRECIPITATION
(INCHES)
 YESTERDAY        0.03           0.44  1978   0.08   -0.05   0.00
 MONTH TO DATE    1.52                        1.55   -0.03   1.92
 SINCE MAR 1      2.91                        4.25   -1.34   4.60
 SINCE JAN 1     11.36                       10.39    0.97  10.51

SNOWFALL
(INCHES)
 YESTERDAY         0.3            3.1  2010    0.2     0.1    0.0
 MONTH TO DATE     1.4                         5.0    -3.6    2.1
 SINCE MAR 1       8.2                        18.0    -9.8   12.4
 SINCE JUL 1      37.3                        70.2   -32.9   64.2
 SNOW DEPTH (IN)     0                                          0

DEGREE DAYS
 HEATING
  YESTERDAY         28                          30      -2     26
  MONTH TO DATE    503                         611    -108    625
  SINCE MAR 1     1467                        1690    -223   1679
  SINCE JUL 1     6611                        7914   -1303     MM

 COOLING
  YESTERDAY          0                           0       0      0
  MONTH TO DATE      0                           0       0      0
  SINCE MAR 1        0                           0       0      0
  SINCE JAN 1        0                           0       0      0
...................................................................

WIND (MPH)
 HIGHEST WIND SPEED    23     HIGHEST WIND DIRECTION    310
 HIGHEST GUST SPEED    27     HIGHEST GUST DIRECTION    310
 AVERAGE WIND SPEED   0.0

WEATHER CONDITIONS
 THE FOLLOWING WEATHER WAS RECORDED YESTERDAY.
 FOG
 RAIN
 SNOW
...................................................................

THE COLD BAY CLIMATE NORMALS FOR TODAY
                           NORMAL    RECORD   YEAR
 MAXIMUM TEMPERATURE (F)     40        49     1981
 MINIMUM TEMPERATURE (F)     30        15     2005

SUNRISE AND SUNSET
 APR 20 2014..........SUNRISE  7:35 AM      SUNSET 10:07 PM
 APR 21 2014..........SUNRISE  7:33 AM      SUNSET 10:09 PM

-  INDICATES NEGATIVE NUMBERS.
R  INDICATES RECORD HAS BEEN SET OR TIED.
MM INDICATES DATA IS MISSING.
T  INDICATES TRACE OF PRECIPITATION.

&&
-------------------------------------------------------------------

AMOUNT OF DAYLIGHT TODAY  (HOUR:MIN)........14 HOURS 32 MINUTES
GAIN SINCE YESTERDAY (HOUR:MIN:SEC)....+0:04:21

$$
STACY
