000
CDAK48 PACD 292316
CLICDB

CLIMATE REPORT
NATIONAL WEATHER SERVICE COLD BAY, AK
316 PM AKDT MON AUG 29 2016

...................................
...THE COLD BAY AP CLIMATE SUMMARY FOR AUGUST 29 2016...
VALID TODAY AS OF 2:00 PM LOCAL TIME

CLIMATE NORMAL PERIOD  1981 TO  2010
CLIMATE RECORD PERIOD  1942 TO  2016

WEATHER ITEM   OBSERVED TIME    RECORD YEAR NORMAL DEPARTURE LAST
               VALUE    (LST)   VALUE       VALUE  FROM      YEAR
                                                   NORMAL
...................................................................
TEMPERATURE
TODAY
 MAXIMUM            61  0137 PM    67  1997     56       5     54
 MINIMUM            54  0607 AM    36  1970     47       7     48
 AVERAGE            58                          51       7     51

PRECIPITATION
(INCHES)
 TODAY            0.01           0.62  2010   0.14   -0.13   0.41
 MONTH TO DATE    3.15                        3.41   -0.26   1.63
 SINCE JUN 1      6.90                        8.61   -1.71   5.21
 SINCE JAN 1     19.32                       22.47   -3.15  18.06

SNOWFALL
(INCHES)
 TODAY             0.0            0.0  2016    0.0     0.0    0.0
 MONTH TO DATE     0.0                         0.0     0.0    0.0
 SINCE JUN 1       0.0                         0.0     0.0    0.0
 SINCE JUL 1       0.0                         0.0     0.0    0.0
 SNOW DEPTH (IN)     0                                          0

DEGREE DAYS
 HEATING
  TODAY              7                          14      -7     14
  MONTH TO DATE    243                         378    -135    348
  SINCE JUN 1     1021                        1378    -357   1208
  SINCE JUL 1      554                         816    -262    748

 COOLING
  TODAY              0                           0       0      0
  MONTH TO DATE      0                           0       0      0
  SINCE JUN 1        0                           0       0      0
  SINCE JAN 1        0                           0       0      0
...................................................................

WIND (MPH)
 HIGHEST WIND SPEED    14     HIGHEST WIND DIRECTION    310
 HIGHEST GUST SPEED    16     HIGHEST GUST DIRECTION    350
 AVERAGE WIND SPEED    MM


WEATHER CONDITIONS
 THE FOLLOWING WEATHER WAS RECORDED TODAY.
  FOG
  RAIN

...................................................................

THE COLD BAY CLIMATE NORMALS FOR TOMORROW
                        NORMAL    RECORD   YEAR
 MAXIMUM TEMPERATURE      56        64     2001
 MINIMUM TEMPERATURE      47        38     2000

SUNRISE AND SUNSET
 AUG 29 2016..........SUNRISE  7:53 AM      SUNSET  9:50 PM
 AUG 30 2016..........SUNRISE  7:55 AM      SUNSET  9:47 PM

-  INDICATES NEGATIVE NUMBERS.
R  INDICATES RECORD HAS BEEN SET OR TIED.
MM INDICATES DATA IS MISSING.
T  INDICATES TRACE OF PRECIPITATION.

&&
-------------------------------------------------------------------

AMOUNT OF DAYLIGHT TODAY  (HOUR:MIN)........13 HOURS 57 MINUTES
LOSS SINCE YESTERDAY (HOUR:MIN:SEC).........-0:04:22

$$
RCS AUG 16
