005
CDAK48 PAFC 291242
CLICDB

CLIMATE REPORT
NATIONAL WEATHER SERVICE ANCHORAGE, AK
438 AM AKDT THU SEP 29 2016


...................................

...THE COLD BAY CLIMATE SUMMARY FOR SEPTEMBER 28 2016...

CLIMATE NORMAL PERIOD 1981 TO 2010
CLIMATE RECORD PERIOD 1942 TO 2016


WEATHER ITEM   OBSERVED TIME   RECORD YEAR NORMAL DEPARTURE LAST
                VALUE   (LST)  VALUE       VALUE  FROM      YEAR
                                                  NORMAL
..................................................................
TEMPERATURE (F)
 YESTERDAY
  MAXIMUM         58R   346 PM  56    1983  50      8       MM
                                      1954
  MINIMUM         40    355 AM  27    1970  40      0       MM
  AVERAGE         49                        45      4       MM

PRECIPITATION (IN)
  YESTERDAY        0.00          1.53 1983   0.16  -0.16     0.11
  MONTH TO DATE    3.84                      4.40  -0.56     3.70
  SINCE SEP 1      3.84                      4.40  -0.56     3.70
  SINCE JAN 1     23.13                     27.14  -4.01    21.58

SNOWFALL (IN)
  YESTERDAY        0.0          MM      MM   0.0    0.0     MM
  MONTH TO DATE    0.0                       0.0    0.0      0.0
  SINCE SEP 1      0.0                       0.0    0.0      0.0
  SINCE JUL 1      0.0                       0.0    0.0      0.0
  SNOW DEPTH       0

DEGREE DAYS
 HEATING
  YESTERDAY       16                        20     -4       MM
  MONTH TO DATE  358                       467   -109      320
  SINCE SEP 1    358                       467   -109      320
  SINCE JUL 1    829                      1306   -477     1044

 COOLING
  YESTERDAY        0                         0      0       MM
  MONTH TO DATE    0                         0      0        0
  SINCE SEP 1      0                         0      0        0
  SINCE JAN 1      0                         0      0        0
..................................................................


WIND (MPH)
  RESULTANT WIND SPEED   6   RESULTANT WIND DIRECTION   S (160)
  HIGHEST WIND SPEED    17   HIGHEST WIND DIRECTION    SE (130)
  HIGHEST GUST SPEED    23   HIGHEST GUST DIRECTION    SE (140)
  AVERAGE WIND SPEED     8.2



WEATHER CONDITIONS
 THE FOLLOWING WEATHER WAS RECORDED YESTERDAY.
  NO SIGNIFICANT WEATHER WAS OBSERVED.


RELATIVE HUMIDITY (PERCENT)
 HIGHEST    93
 LOWEST     62
 AVERAGE    78

..........................................................


THE COLD BAY CLIMATE NORMALS FOR TODAY
                         NORMAL    RECORD    YEAR
 MAXIMUM TEMPERATURE (F)   50        60      1954
 MINIMUM TEMPERATURE (F)   40        30      1951


SUNRISE AND SUNSET
SEPTEMBER 29 2016.....SUNRISE   851 AM AKDT  SUNSET   830 PM AKDT
SEPTEMBER 30 2016.....SUNRISE   853 AM AKDT  SUNSET   827 PM AKDT

CIVIL TWILIGHT
SEPTEMBER 29 2016       START   721 AM AKDT     END   819 PM AKDT
SEPTEMBER 30 2016       START   723 AM AKDT     END   816 PM AKDT



-  INDICATES NEGATIVE NUMBERS.
R  INDICATES RECORD WAS SET OR TIED.
MM INDICATES DATA IS MISSING.
T  INDICATES TRACE AMOUNT.




$$
&&
------------------------------------------------------
AMOUNT OF DAYLIGHT TODAY  (HOUR:MIN)........11:32
GAIN/LOSS SINCE YESTERDAY (HOUR:MIN:SEC)....-0:05:39
