000
CDAK48 PACD 021211
CLICDB

CLIMATE REPORT
NATIONAL WEATHER SERVICE COLD BAY, AK
411 AM AKDT THU JUL 2 2015

...................................
...THE COLD BAY AP CLIMATE SUMMARY FOR JULY 1 2015...

CLIMATE NORMAL PERIOD  1981 TO  2010
CLIMATE RECORD PERIOD  1942 TO  2015

WEATHER ITEM   OBSERVED TIME    RECORD YEAR NORMAL DEPARTURE LAST
               VALUE    (LST)   VALUE       VALUE  FROM      YEAR
                                                   NORMAL
...................................................................
TEMPERATURE
YESTERDAY
 MAXIMUM            63  0228 PM    64  2006     54       9     60
 MINIMUM            43  0632 AM    38  1971     45      -2     46
 AVERAGE            53                          49       4     53

PRECIPITATION
(INCHES)
 YESTERDAY        0.00           0.58  1983   0.08   -0.08   0.00
 MONTH TO DATE    0.00                        0.08   -0.08   0.00
 SINCE JUN 1      1.11                        2.80   -1.69   1.05
 SINCE JAN 1     13.96                       16.66   -2.70  13.03

SNOWFALL
(INCHES)
 YESTERDAY         0.0            0.0  2015    0.0     0.0    0.0
 MONTH TO DATE     0.0                         0.0     0.0    0.0
 SINCE JUN 1       0.0                         0.0     0.0    0.0
 SINCE JUL 1       0.0                         0.0     0.0    0.0
 SNOW DEPTH (IN)     0                                          0

DEGREE DAYS
 HEATING
  YESTERDAY         12                          16      -4     12
  MONTH TO DATE     12                          16      -4     12
  SINCE JUN 1      472                         578    -106    457
  SINCE JUL 1       12                          16      -4     12

 COOLING
  YESTERDAY          0                           0       0      0
  MONTH TO DATE      0                           0       0      0
  SINCE JUN 1        0                           0       0      0
  SINCE JAN 1        0                           0       0      0
...................................................................

WIND (MPH)
 HIGHEST WIND SPEED    26     HIGHEST WIND DIRECTION    140
 HIGHEST GUST SPEED    32     HIGHEST GUST DIRECTION    140
 AVERAGE WIND SPEED  12.6

WEATHER CONDITIONS
 THE FOLLOWING WEATHER WAS RECORDED YESTERDAY.
   FOG

...................................................................

THE COLD BAY CLIMATE NORMALS FOR TODAY
                           NORMAL    RECORD   YEAR
 MAXIMUM TEMPERATURE (F)     54        68     1986
 MINIMUM TEMPERATURE (F)     45        36     1971

SUNRISE AND SUNSET
 JUL 2 2015..........SUNRISE  6:16 AM      SUNSET 11:34 PM
 JUL 3 2015..........SUNRISE  6:17 AM      SUNSET 11:34 PM

-  INDICATES NEGATIVE NUMBERS.
R  INDICATES RECORD HAS BEEN SET OR TIED.
MM INDICATES DATA IS MISSING.
T  INDICATES TRACE OF PRECIPITATION.

&&
-------------------------------------------------------------------

AMOUNT OF DAYLIGHT TODAY  (HOUR:MIN)........17 HOURS 18 MINUTES
LOSS SINCE YESTERDAY (HOUR:MIN:SEC).........-0:01:18

$$
DK JUL 15
