141
CDAK48 PAFC 251338 RRA
CLICDB

CLIMATE REPORT
NATIONAL WEATHER SERVICE ANCHORAGE, AK
426 AM AKST SAT FEB 25 2017


...................................

...THE COLD BAY CLIMATE SUMMARY FOR FEBRUARY 24 2017...

CLIMATE NORMAL PERIOD 1981 TO 2010
CLIMATE RECORD PERIOD 1942 TO 2017


WEATHER ITEM   OBSERVED TIME   RECORD YEAR NORMAL DEPARTURE LAST
                VALUE   (LST)  VALUE       VALUE  FROM      YEAR
                                                  NORMAL
..................................................................
TEMPERATURE (F)
 YESTERDAY
  MAXIMUM         44    418 PM  47    1997  34     10       45
  MINIMUM         28    900 AM   2    1974  25      3       33
  AVERAGE         36                        30      6       39

PRECIPITATION (IN)
  YESTERDAY        0.00          0.78 2012   0.11  -0.11     0.05
  MONTH TO DATE    1.81                      2.57  -0.76     1.28
  SINCE DEC 1     12.61                     10.19   2.42    13.03
  SINCE JAN 1      6.94                      5.73   1.21     5.77

SNOWFALL (IN)
  YESTERDAY        0.0           2.6  2012   0.4   -0.4     MM
  MONTH TO DATE    7.3                      11.1   -3.8      0.0
  SINCE DEC 1     34.8                      37.8   -3.0     33.0
  SINCE JUL 1     36.6                      50.4  -13.8     38.3
  SNOW DEPTH       0

DEGREE DAYS
 HEATING
  YESTERDAY       29                        35     -6       26
  MONTH TO DATE  910                       868     42      714
  SINCE DEC 1   3078                      3058     20     2583
  SINCE JUL 1   5428                      6078   -650     5076

 COOLING
  YESTERDAY        0                         0      0        0
  MONTH TO DATE    0                         0      0        0
  SINCE DEC 1      0                         0      0        0
  SINCE JAN 1      0                         0      0        0
..................................................................


WIND (MPH)
  RESULTANT WIND SPEED   3   RESULTANT WIND DIRECTION   S (160)
  HIGHEST WIND SPEED    17   HIGHEST WIND DIRECTION    SE (140)
  HIGHEST GUST SPEED    22   HIGHEST GUST DIRECTION    SE (150)
  AVERAGE WIND SPEED     6.4



WEATHER CONDITIONS
 THE FOLLOWING WEATHER WAS RECORDED YESTERDAY.
  FOG


RELATIVE HUMIDITY (PERCENT)
 HIGHEST   100
 LOWEST     62
 AVERAGE    81

..........................................................


THE COLD BAY CLIMATE NORMALS FOR TODAY
                         NORMAL    RECORD    YEAR
 MAXIMUM TEMPERATURE (F)   34        46      2003
                                             1997
 MINIMUM TEMPERATURE (F)   25        -3      1976


SUNRISE AND SUNSET
FEBRUARY 25 2017......SUNRISE   850 AM AKST  SUNSET   719 PM AKST
FEBRUARY 26 2017......SUNRISE   847 AM AKST  SUNSET   721 PM AKST

CIVIL TWILIGHT
FEBRUARY 25 2017        START    813 AM GMT     END    757 PM GMT
FEBRUARY 26 2017        START    811 AM GMT     END    759 PM GMT



-  INDICATES NEGATIVE NUMBERS.
R  INDICATES RECORD WAS SET OR TIED.
MM INDICATES DATA IS MISSING.
T  INDICATES TRACE AMOUNT.




$$
&&
------------------------------------------------------
AMOUNT OF DAYLIGHT TODAY  (HOUR:MIN)........10:29
GAIN/LOSS SINCE YESTERDAY (HOUR:MIN:SEC)....+0:04:28

$$
