000
CDAK48 PACD 191112
CLICDB

CLIMATE REPORT
NATIONAL WEATHER SERVICE COLD BAY, AK
212 AM AKST FRI DEC 19 2014

...................................
...THE COLD BAY AP CLIMATE SUMMARY FOR DECEMBER 18 2014...

CLIMATE NORMAL PERIOD  1981 TO  2010
CLIMATE RECORD PERIOD  1942 TO  2014

WEATHER ITEM   OBSERVED TIME    RECORD YEAR NORMAL DEPARTURE LAST
               VALUE    (LST)   VALUE       VALUE  FROM      YEAR
                                                   NORMAL
...................................................................
TEMPERATURE
YESTERDAY
 MAXIMUM            38  1007 PM    47  1951     35       3     45
 MINIMUM            30  0351 AM     3  1942     26       4     36
 AVERAGE            34                          31       3     41

PRECIPITATION
(INCHES)
 YESTERDAY        0.01           1.39  2000   0.14   -0.13   0.72
 MONTH TO DATE    1.62                        2.82   -1.20   3.38
 SINCE DEC 1      1.62                        2.82   -1.20   3.38
 SINCE JAN 1     32.51                       40.03   -7.52  45.50

SNOWFALL
(INCHES)
 YESTERDAY         0.0            2.5  1985    0.3    -0.3      T
 MONTH TO DATE     1.7                         7.2    -5.5    6.5
 SINCE DEC 1       1.7                         7.2    -5.5    6.5
 SINCE JUL 1       5.6                        19.8   -14.2   10.1
 SNOW DEPTH (IN)     T                                          5

DEGREE DAYS
 HEATING
  YESTERDAY         31                          34      -3     24
  MONTH TO DATE    569                         597     -28    489
  SINCE DEC 1      569                         597     -28    489
  SINCE JUL 1     3081                        3623    -542   3005

 COOLING
  YESTERDAY          0                           0       0      0
  MONTH TO DATE      0                           0       0      0
  SINCE DEC 1        0                           0       0      0
  SINCE JAN 1        0                           0       0      0
...................................................................

WIND (MPH)
 HIGHEST WIND SPEED    10     HIGHEST WIND DIRECTION    110
 HIGHEST GUST SPEED    13     HIGHEST GUST DIRECTION    140
 AVERAGE WIND SPEED   4.5


WEATHER CONDITIONS
 THE FOLLOWING WEATHER WAS RECORDED YESTERDAY.
  FOG
  RAIN

...................................................................

THE COLD BAY CLIMATE NORMALS FOR TODAY
                           NORMAL    RECORD   YEAR
 MAXIMUM TEMPERATURE (F)     35        46     2010
 MINIMUM TEMPERATURE (F)     26         4     1961

SUNRISE AND SUNSET
 DEC 19 2014..........SUNRISE 10:15 AM      SUNSET  5:22 PM
 DEC 20 2014..........SUNRISE 10:16 AM      SUNSET  5:23 PM

-  INDICATES NEGATIVE NUMBERS.
R  INDICATES RECORD HAS BEEN SET OR TIED.
MM INDICATES DATA IS MISSING.
T  INDICATES TRACE OF PRECIPITATION.

&&
-------------------------------------------------------------------

AMOUNT OF DAYLIGHT TODAY  (HOUR:MIN)........7 HOURS 7 MINUTES
LOSS SINCE YESTERDAY (HOUR:MIN:SEC).........-0:00:19

$$

RCS DEC 14
