000
CDAK48 PACD 291119
CLICDB

CLIMATE REPORT
NATIONAL WEATHER SERVICE COLD BAY, AK
319 AM AKDT FRI JUL 29 2016

...................................
...THE COLD BAY AP CLIMATE SUMMARY FOR JULY 28 2016...

CLIMATE NORMAL PERIOD  1981 TO  2010
CLIMATE RECORD PERIOD  1942 TO  2016

WEATHER ITEM   OBSERVED TIME    RECORD YEAR NORMAL DEPARTURE LAST
               VALUE    (LST)   VALUE       VALUE  FROM      YEAR
                                                   NORMAL
...................................................................
TEMPERATURE
YESTERDAY
 MAXIMUM            65  0600 PM    68  1977     56       9     57
 MINIMUM            45  0637 AM    38  1972     48      -3     48
 AVERAGE            55                          52       3     53

PRECIPITATION
(INCHES)
 YESTERDAY        0.00           1.04  1955   0.09   -0.09   0.02
 MONTH TO DATE    1.58                        2.20   -0.62   2.44
 SINCE JUN 1      3.31                        4.92   -1.61   3.55
 SINCE JAN 1     15.73                       18.78   -3.05  16.40

SNOWFALL
(INCHES)
 YESTERDAY         0.0            0.0  2016    0.0     0.0    0.0
 MONTH TO DATE     0.0                         0.0     0.0    0.0
 SINCE JUN 1       0.0                         0.0     0.0    0.0
 SINCE JUL 1       0.0                         0.0     0.0    0.0
 SNOW DEPTH (IN)     0                                          0

DEGREE DAYS
 HEATING
  YESTERDAY         10                          13      -3     12
  MONTH TO DATE    279                         399    -120    368
  SINCE JUN 1      746                         961    -215    828
  SINCE JUL 1      279                         399    -120    368

 COOLING
  YESTERDAY          0                           0       0      0
  MONTH TO DATE      0                           0       0      0
  SINCE JUN 1        0                           0       0      0
  SINCE JAN 1        0                           0       0      0
...................................................................

WIND (MPH)
 HIGHEST WIND SPEED    13     HIGHEST WIND DIRECTION    120
 HIGHEST GUST SPEED    18     HIGHEST GUST DIRECTION    120
 AVERAGE WIND SPEED   4.5

WEATHER CONDITIONS
 THE FOLLOWING WEATHER WAS RECORDED YESTERDAY.
  FOG

...................................................................

THE COLD BAY CLIMATE NORMALS FOR TODAY
                           NORMAL    RECORD   YEAR
 MAXIMUM TEMPERATURE (F)     56        67     1956
 MINIMUM TEMPERATURE (F)     48        40     1949

SUNRISE AND SUNSET
 JUL 29 2016..........SUNRISE  6:55 AM      SUNSET 10:59 PM
 JUL 30 2016..........SUNRISE  6:57 AM      SUNSET 10:57 PM

-  INDICATES NEGATIVE NUMBERS.
R  INDICATES RECORD HAS BEEN SET OR TIED.
MM INDICATES DATA IS MISSING.
T  INDICATES TRACE OF PRECIPITATION.

&&
-------------------------------------------------------------------

AMOUNT OF DAYLIGHT TODAY  (HOUR:MIN)........16 HOURS 4 MINUTES
LOSS SINCE YESTERDAY (HOUR:MIN:SEC).........-0:03:36

$$
RCS JUL 16
