000
CDAK48 PACD 241205
CLICDB

CLIMATE REPORT
NATIONAL WEATHER SERVICE COLD BAY, AK
405 AM AKDT THU JUL 24 2014

...................................
...THE COLD BAY AP CLIMATE SUMMARY FOR JULY 23 2014...

CLIMATE NORMAL PERIOD  1981 TO  2010
CLIMATE RECORD PERIOD  1955 TO  2014

WEATHER ITEM   OBSERVED TIME    RECORD YEAR NORMAL DEPARTURE LAST
               VALUE    (LST)   VALUE       VALUE  FROM      YEAR
                                                   NORMAL
...................................................................
TEMPERATURE
YESTERDAY
 MAXIMUM            55  0337 PM    66  1977     56      -1     56
 MINIMUM            53  1159 PM    38  2000     47       6     51
 AVERAGE            54                          52       2     54

PRECIPITATION
(INCHES)
 YESTERDAY        0.32           0.42  1990   0.08    0.24   0.06
 MONTH TO DATE    1.94                        1.77    0.17   2.90
 SINCE JUN 1      2.99                        4.49   -1.50   5.72
 SINCE JAN 1     14.97                       18.35   -3.38  19.63

SNOWFALL
(INCHES)
 YESTERDAY         0.0            0.0  2014    0.0     0.0    0.0
 MONTH TO DATE     0.0                         0.0     0.0    0.0
 SINCE JUN 1       0.0                         0.0     0.0    0.0
 SINCE JUL 1       0.0                         0.0     0.0    0.0
 SNOW DEPTH (IN)     0                                          0

DEGREE DAYS
 HEATING
  YESTERDAY         11                          13      -2     11
  MONTH TO DATE    215                         334    -119    279
  SINCE JUN 1      660                         896    -236    788
  SINCE JUL 1      215                         334    -119    279

 COOLING
  YESTERDAY          0                           0       0      0
  MONTH TO DATE      0                           0       0      0
  SINCE JUN 1        0                           0       0      0
  SINCE JAN 1        0                           0       0      0
...................................................................

WIND (MPH)
 HIGHEST WIND SPEED    30     HIGHEST WIND DIRECTION    250
 HIGHEST GUST SPEED    36     HIGHEST GUST DIRECTION    250
 AVERAGE WIND SPEED  21.9


WEATHER CONDITIONS
 THE FOLLOWING WEATHER WAS RECORDED YESTERDAY.
  FOG
  RAIN

...................................................................

THE COLD BAY CLIMATE NORMALS FOR TODAY
                           NORMAL    RECORD   YEAR
 MAXIMUM TEMPERATURE (F)     56        68     1968
 MINIMUM TEMPERATURE (F)     47        38     1989

SUNRISE AND SUNSET
 JUL 24 2014..........SUNRISE  6:46 AM      SUNSET 11:09 PM
 JUL 25 2014..........SUNRISE  6:47 AM      SUNSET 11:07 PM

-  INDICATES NEGATIVE NUMBERS.
R  INDICATES RECORD HAS BEEN SET OR TIED.
MM INDICATES DATA IS MISSING.
T  INDICATES TRACE OF PRECIPITATION.

&&
-------------------------------------------------------------------

AMOUNT OF DAYLIGHT TODAY  (HOUR:MIN)........16 HOURS 23 MINUTES
LOSS SINCE YESTERDAY (HOUR:MIN:SEC).........-0:03:18

$$

RCS JUL 14
