000
CDUS45 KSLC 270030
CLICDC


CLIMATE REPORT
NATIONAL WEATHER SERVICE SALT LAKE CITY UT
629 PM MDT WED JUL 26 2017


...................................

...THE CEDAR CITY UT CLIMATE SUMMARY FOR JULY 26 2017...
VALID TODAY AS OF 0500 PM LOCAL TIME.

CLIMATE NORMAL PERIOD 1981 TO 2010
CLIMATE RECORD PERIOD 1928 TO 2017


WEATHER ITEM   OBSERVED TIME   RECORD YEAR NORMAL DEPARTURE LAST
                VALUE   (LST)  VALUE       VALUE  FROM      YEAR
                                                  NORMAL
..................................................................
TEMPERATURE (F)
 TODAY
  MAXIMUM         86    358 PM 100    1975  90     -4       98
  MINIMUM         57    448 AM  50    2015  57      0       64
  AVERAGE         72                        74     -2       81

PRECIPITATION (IN)
  TODAY            0.00          0.69 2011   0.04  -0.04     0.00
  MONTH TO DATE    1.18                      0.64   0.54     0.69
  SINCE OCT 1      9.43                      9.32   0.11     8.92
  SINCE JAN 1      6.60                      6.21   0.39     5.36

DEGREE DAYS
 HEATING
  TODAY            0                         0      0        0
  MONTH TO DATE    0                         0      0        0
  SINCE JUN 1     23                        76    -53        4
  SINCE JUL 1      0                         0      0        0

 COOLING
  TODAY            7                         9     -2       16
  MONTH TO DATE  298                       210     88      260
  SINCE JUN 1    493                       303    190      496
  SINCE JAN 1    498                       311    187      499
..................................................................


WIND (MPH)
  RESULTANT WIND SPEED   1   RESULTANT WIND DIRECTION   S (170)
  HIGHEST WIND SPEED    14   HIGHEST WIND DIRECTION    SW (230)
  HIGHEST GUST SPEED    18   HIGHEST GUST DIRECTION     W (250)
  AVERAGE WIND SPEED     4.1



WEATHER CONDITIONS
 THE FOLLOWING WEATHER WAS RECORDED TODAY.
  THUNDERSTORM


RELATIVE HUMIDITY (PERCENT)
 HIGHEST   100           500 AM
 LOWEST     34           300 PM
 AVERAGE    67

..........................................................


THE CEDAR CITY UT CLIMATE NORMALS FOR TOMORROW
                         NORMAL    RECORD    YEAR
 MAXIMUM TEMPERATURE (F)   90       101      2016
 MINIMUM TEMPERATURE (F)   57        45      2005


SUNRISE AND SUNSET
JULY 26 2017..........SUNRISE   631 AM MDT   SUNSET   846 PM MDT
JULY 27 2017..........SUNRISE   632 AM MDT   SUNSET   845 PM MDT


-  INDICATES NEGATIVE NUMBERS.
R  INDICATES RECORD WAS SET OR TIED.
MM INDICATES DATA IS MISSING.
T  INDICATES TRACE AMOUNT.




$$
