000
CDUS45 KSLC 031219
CLICDC


CLIMATE REPORT
NATIONAL WEATHER SERVICE SALT LAKE CITY UT
518 AM MST TUE MAR 3 2015


...................................

...THE CEDAR CITY UT CLIMATE SUMMARY FOR MARCH 2 2015...

CLIMATE NORMAL PERIOD 1981 TO 2010
CLIMATE RECORD PERIOD 1928 TO 2015


WEATHER ITEM   OBSERVED TIME   RECORD YEAR NORMAL DEPARTURE LAST
                VALUE   (LST)  VALUE       VALUE  FROM      YEAR
                                                  NORMAL
..................................................................
TEMPERATURE (F)
 YESTERDAY
  MAXIMUM         37    320 PM  68    2009  51    -14       52
  MINIMUM         28   1121 PM   5    1971  24      4       26
  AVERAGE         33                        37     -4       39

PRECIPITATION (IN)
  YESTERDAY        0.79R         0.48 1978   0.04   0.75     0.00
  MONTH TO DATE    0.94                      0.08   0.86     0.09
  SINCE OCT 1      4.99                      5.05  -0.06     2.97
  SINCE JAN 1      2.86                      1.94   0.92     1.03

DEGREE DAYS
 HEATING
  YESTERDAY       32                        28      4       26
  MONTH TO DATE   69                        56     13       51
  SINCE MAR 1     69                        56     13       51
  SINCE JUL 1   3907                      4618   -711     4638

 COOLING
  YESTERDAY        0                         0      0        0
  MONTH TO DATE    0                         0      0        0
  SINCE MAR 1      0                         0      0        0
  SINCE JAN 1      0                         0      0        0
..................................................................


WIND (MPH)
  RESULTANT WIND SPEED   7   RESULTANT WIND DIRECTION   S (200)
  HIGHEST WIND SPEED    31   HIGHEST WIND DIRECTION     S (190)
  HIGHEST GUST SPEED    37   HIGHEST GUST DIRECTION     S (180)
  AVERAGE WIND SPEED    10.4



WEATHER CONDITIONS
 THE FOLLOWING WEATHER WAS RECORDED YESTERDAY.
  HEAVY SNOW
  SNOW
  LIGHT SNOW
  FOG
  FOG W/VISIBILITY <= 1/4 MILE
  HAZE


RELATIVE HUMIDITY (PERCENT)
 HIGHEST   100           300 AM
 LOWEST     78          1100 PM
 AVERAGE    89

..........................................................


THE CEDAR CITY UT CLIMATE NORMALS FOR TODAY
                         NORMAL    RECORD    YEAR
 MAXIMUM TEMPERATURE (F)   51        68      1986
 MINIMUM TEMPERATURE (F)   24         0      1966


SUNRISE AND SUNSET
MARCH  3 2015.........SUNRISE   701 AM MST   SUNSET   628 PM MST
MARCH  4 2015.........SUNRISE   700 AM MST   SUNSET   629 PM MST


-  INDICATES NEGATIVE NUMBERS.
R  INDICATES RECORD WAS SET OR TIED.
MM INDICATES DATA IS MISSING.
T  INDICATES TRACE AMOUNT.




$$
