000
CDUS45 KSLC 130027
CLICDC


CLIMATE REPORT
NATIONAL WEATHER SERVICE SALT LAKE CITY UT
527 PM MST TUE DEC 12 2017


...................................

...THE CEDAR CITY UT CLIMATE SUMMARY FOR DECEMBER 12 2017...
VALID TODAY AS OF 0500 PM LOCAL TIME.

CLIMATE NORMAL PERIOD 1981 TO 2010
CLIMATE RECORD PERIOD 1928 TO 2017


WEATHER ITEM   OBSERVED TIME   RECORD YEAR NORMAL DEPARTURE LAST
                VALUE   (LST)  VALUE       VALUE  FROM      YEAR
                                                  NORMAL
..................................................................
TEMPERATURE (F)
 TODAY
  MAXIMUM         51    256 PM  63    1950  42      9       55
  MINIMUM         11    630 AM -15    1972  16     -5       27
  AVERAGE         31                        29      2       41

PRECIPITATION (IN)
  TODAY            0.00          0.29 1992   0.03  -0.03     0.00
  MONTH TO DATE    0.00                      0.31  -0.31      T
  SINCE OCT 1      0.21                      2.58  -2.37     1.71
  SINCE JAN 1      9.21                     10.78  -1.57     9.63

DEGREE DAYS
 HEATING
  TODAY           34                        36     -2       24
  MONTH TO DATE  392                       421    -29      393
  SINCE DEC 1    392                       421    -29      393
  SINCE JUL 1   1591                      1863   -272     1490

 COOLING
  TODAY            0                         0      0        0
  MONTH TO DATE    0                         0      0        0
  SINCE DEC 1      0                         0      0        0
  SINCE JAN 1    865                       588    277      826
..................................................................


WIND (MPH)
  RESULTANT WIND SPEED   2   RESULTANT WIND DIRECTION   E (70)
  HIGHEST WIND SPEED     7   HIGHEST WIND DIRECTION    SE (130)
  HIGHEST GUST SPEED     8   HIGHEST GUST DIRECTION     N (10)
  AVERAGE WIND SPEED     2.6



WEATHER CONDITIONS
 THE FOLLOWING WEATHER WAS RECORDED TODAY.
  HAZE


RELATIVE HUMIDITY (PERCENT)
 HIGHEST    76           700 AM
 LOWEST     18           300 PM
 AVERAGE    47

..........................................................


THE CEDAR CITY UT CLIMATE NORMALS FOR TOMORROW
                         NORMAL    RECORD    YEAR
 MAXIMUM TEMPERATURE (F)   41        64      1988
 MINIMUM TEMPERATURE (F)   16        -7      1949


SUNRISE AND SUNSET
DECEMBER 12 2017......SUNRISE   738 AM MST   SUNSET   514 PM MST
DECEMBER 13 2017......SUNRISE   739 AM MST   SUNSET   514 PM MST


-  INDICATES NEGATIVE NUMBERS.
R  INDICATES RECORD WAS SET OR TIED.
MM INDICATES DATA IS MISSING.
T  INDICATES TRACE AMOUNT.




$$
