000
CDUS45 KSLC 291232
CLICDC


CLIMATE REPORT
NATIONAL WEATHER SERVICE SALT LAKE CITY UT
632 AM MDT MON MAY 29 2017


...................................

...THE CEDAR CITY UT CLIMATE SUMMARY FOR MAY 28 2017...

CLIMATE NORMAL PERIOD 1981 TO 2010
CLIMATE RECORD PERIOD 1928 TO 2017


WEATHER ITEM   OBSERVED TIME   RECORD YEAR NORMAL DEPARTURE LAST
                VALUE   (LST)  VALUE       VALUE  FROM      YEAR
                                                  NORMAL
..................................................................
TEMPERATURE (F)
 YESTERDAY
  MAXIMUM         79    517 PM  95    1984  77      2       78
  MINIMUM         35    442 AM  29    2006  42     -7       42
  AVERAGE         57                        59     -2       60

PRECIPITATION (IN)
  YESTERDAY        0.00          0.26 1956   0.03  -0.03     0.00
  MONTH TO DATE    0.82                      0.70   0.12     0.33
  SINCE OCT 1      8.25                      8.08   0.17     7.94
  SINCE JAN 1      5.42                      4.97   0.45     4.38

DEGREE DAYS
 HEATING
  YESTERDAY        8                         6      2        5
  MONTH TO DATE  265                       274     -9      287
  SINCE MAR 1   1399                      1598   -199     1452
  SINCE JUL 1   5420                      6160   -740     5866

 COOLING
  YESTERDAY        0                         1     -1        0
  MONTH TO DATE    2                         2      0        3
  SINCE MAR 1      2                         2      0        3
  SINCE JAN 1      2                         2      0        3
..................................................................


WIND (MPH)
  RESULTANT WIND SPEED   2   RESULTANT WIND DIRECTION   N (20)
  HIGHEST WIND SPEED    12   HIGHEST WIND DIRECTION     W (250)
  HIGHEST GUST SPEED    18   HIGHEST GUST DIRECTION    NE (60)
  AVERAGE WIND SPEED     3.8



WEATHER CONDITIONS
 THE FOLLOWING WEATHER WAS RECORDED YESTERDAY.
  NO SIGNIFICANT WEATHER WAS OBSERVED.


RELATIVE HUMIDITY (PERCENT)
 HIGHEST    60           600 AM
 LOWEST     12           200 PM
 AVERAGE    36

..........................................................


THE CEDAR CITY UT CLIMATE NORMALS FOR TODAY
                         NORMAL    RECORD    YEAR
 MAXIMUM TEMPERATURE (F)   77        96      1984
 MINIMUM TEMPERATURE (F)   42        28      1953


SUNRISE AND SUNSET
MAY 29 2017...........SUNRISE   613 AM MDT   SUNSET   847 PM MDT
MAY 30 2017...........SUNRISE   613 AM MDT   SUNSET   847 PM MDT


-  INDICATES NEGATIVE NUMBERS.
R  INDICATES RECORD WAS SET OR TIED.
MM INDICATES DATA IS MISSING.
T  INDICATES TRACE AMOUNT.




$$
