000
CDUS45 KSLC 261229
CLICDC


CLIMATE REPORT
NATIONAL WEATHER SERVICE SALT LAKE CITY UT
628 AM MDT TUE JUL 26 2016


...................................

...THE CEDAR CITY UT CLIMATE SUMMARY FOR JULY 25 2016...

CLIMATE NORMAL PERIOD 1981 TO 2010
CLIMATE RECORD PERIOD 1928 TO 2016


WEATHER ITEM   OBSERVED TIME   RECORD YEAR NORMAL DEPARTURE LAST
                VALUE   (LST)  VALUE       VALUE  FROM      YEAR
                                                  NORMAL
..................................................................
TEMPERATURE (F)
 YESTERDAY
  MAXIMUM         97    418 PM 103    1980  90      7       89
  MINIMUM         62    514 AM  48    2015  57      5       48
  AVERAGE         80                        74      6       69

PRECIPITATION (IN)
  YESTERDAY        0.00          0.26 2002   0.03  -0.03     0.00
  MONTH TO DATE    0.69                      0.60   0.09     0.40
  SINCE OCT 1      8.92                      9.28  -0.36    10.06
  SINCE JAN 1      5.36                      6.17  -0.81     7.93

DEGREE DAYS
 HEATING
  YESTERDAY        0                         0      0        0
  MONTH TO DATE    0                         0      0        1
  SINCE JUN 1      4                        76    -72       26
  SINCE JUL 1      0                         0      0        1

 COOLING
  YESTERDAY       15                         9      6        4
  MONTH TO DATE  244                       201     43      162
  SINCE JUN 1    480                       294    186      349
  SINCE JAN 1    483                       302    181      351
..................................................................


WIND (MPH)
  RESULTANT WIND SPEED   5   RESULTANT WIND DIRECTION   S (170)
  HIGHEST WIND SPEED    20   HIGHEST WIND DIRECTION    SE (130)
  HIGHEST GUST SPEED    27   HIGHEST GUST DIRECTION    SE (150)
  AVERAGE WIND SPEED     7.4



WEATHER CONDITIONS
 THE FOLLOWING WEATHER WAS RECORDED YESTERDAY.
  NO SIGNIFICANT WEATHER WAS OBSERVED.


RELATIVE HUMIDITY (PERCENT)
 HIGHEST    48           400 AM
 LOWEST     13           600 PM
 AVERAGE    31

..........................................................


THE CEDAR CITY UT CLIMATE NORMALS FOR TODAY
                         NORMAL    RECORD    YEAR
 MAXIMUM TEMPERATURE (F)   90       100      1975
 MINIMUM TEMPERATURE (F)   57        50      2015


SUNRISE AND SUNSET
JULY 26 2016..........SUNRISE   632 AM MDT   SUNSET   846 PM MDT
JULY 27 2016..........SUNRISE   632 AM MDT   SUNSET   845 PM MDT


-  INDICATES NEGATIVE NUMBERS.
R  INDICATES RECORD WAS SET OR TIED.
MM INDICATES DATA IS MISSING.
T  INDICATES TRACE AMOUNT.




$$
