000
CDUS45 KSLC 310032
CLICDC


CLIMATE REPORT
NATIONAL WEATHER SERVICE SALT LAKE CITY UT
632 PM MDT WED JUL 30 2014


...................................

...THE CEDAR CITY UT CLIMATE SUMMARY FOR JULY 30 2014...
VALID TODAY AS OF 0500 PM LOCAL TIME.

CLIMATE NORMAL PERIOD 1981 TO 2010
CLIMATE RECORD PERIOD 1928 TO 2014


WEATHER ITEM   OBSERVED TIME   RECORD YEAR NORMAL DEPARTURE LAST
                VALUE   (LST)  VALUE       VALUE  FROM      YEAR
                                                  NORMAL
..................................................................
TEMPERATURE (F)
 TODAY
  MAXIMUM         86    359 PM  98    2002  90     -4       87
  MINIMUM         55    600 AM  47    1950  57     -2       55
  AVERAGE         71                        74     -3       71

PRECIPITATION (IN)
  TODAY            0.00          0.74 1983   0.04  -0.04     0.00
  MONTH TO DATE    0.39                      0.80  -0.41     5.25
  SINCE OCT 1      5.76                      9.48  -3.72    12.03
  SINCE JAN 1      3.82                      6.37  -2.55     9.32

DEGREE DAYS
 HEATING
  TODAY            0                         0      0        0
  MONTH TO DATE    0                         0      0        0
  SINCE JUN 1     27                        76    -49       11
  SINCE JUL 1      0                         0      0        0

 COOLING
  TODAY            6                         9     -3        6
  MONTH TO DATE  288                       246     42      294
  SINCE JUN 1    388                       339     49      445
  SINCE JAN 1    413                       347     66      447
..................................................................


WIND (MPH)
  RESULTANT WIND SPEED   2   RESULTANT WIND DIRECTION   N (20)
  HIGHEST WIND SPEED    12   HIGHEST WIND DIRECTION     N (360)
  HIGHEST GUST SPEED    17   HIGHEST GUST DIRECTION     N (350)
  AVERAGE WIND SPEED     3.9



WEATHER CONDITIONS
 THE FOLLOWING WEATHER WAS RECORDED TODAY.
  NO SIGNIFICANT WEATHER WAS OBSERVED.


RELATIVE HUMIDITY (PERCENT)
 HIGHEST    93           300 AM
 LOWEST     23           400 PM
 AVERAGE    58

..........................................................


THE CEDAR CITY UT CLIMATE NORMALS FOR TOMORROW
                         NORMAL    RECORD    YEAR
 MAXIMUM TEMPERATURE (F)   90        98      1978
 MINIMUM TEMPERATURE (F)   57        46      1950


SUNRISE AND SUNSET
JULY 30 2014..........SUNRISE   634 AM MDT   SUNSET   843 PM MDT
JULY 31 2014..........SUNRISE   635 AM MDT   SUNSET   842 PM MDT


-  INDICATES NEGATIVE NUMBERS.
R  INDICATES RECORD WAS SET OR TIED.
MM INDICATES DATA IS MISSING.
T  INDICATES TRACE AMOUNT.




$$
