000
CDUS45 KSLC 031226
CLICDC


CLIMATE REPORT
NATIONAL WEATHER SERVICE SALT LAKE CITY UT
626 AM MDT TUE MAY 3 2016


...................................

...THE CEDAR CITY UT CLIMATE SUMMARY FOR MAY 2 2016...

CLIMATE NORMAL PERIOD 1981 TO 2010
CLIMATE RECORD PERIOD 1928 TO 2016


WEATHER ITEM   OBSERVED TIME   RECORD YEAR NORMAL DEPARTURE LAST
                VALUE   (LST)  VALUE       VALUE  FROM      YEAR
                                                  NORMAL
..................................................................
TEMPERATURE (F)
 YESTERDAY
  MAXIMUM         63    204 PM  82    2000  67     -4       78
                                      1976
  MINIMUM         41   1159 PM  18    2008  36      5       42
  AVERAGE         52                        52      0       60

PRECIPITATION (IN)
  YESTERDAY        0.09          0.42 2005   0.03   0.06     0.00
  MONTH TO DATE    0.09                      0.06   0.03     0.00
  SINCE OCT 1      7.70                      7.44   0.26     5.82
  SINCE JAN 1      4.14                      4.33  -0.19     3.69

DEGREE DAYS
 HEATING
  YESTERDAY       13                        13      0        5
  MONTH TO DATE   33                        27      6       10
  SINCE MAR 1   1198                      1351   -153     1178
  SINCE JUL 1   5612                      5913   -301     5016

 COOLING
  YESTERDAY        0                         0      0        0
  MONTH TO DATE    0                         0      0        0
  SINCE MAR 1      0                         0      0        0
  SINCE JAN 1      0                         0      0        0
..................................................................


WIND (MPH)
  RESULTANT WIND SPEED   2   RESULTANT WIND DIRECTION   E (90)
  HIGHEST WIND SPEED    18   HIGHEST WIND DIRECTION     E (100)
  HIGHEST GUST SPEED    25   HIGHEST GUST DIRECTION     E (90)
  AVERAGE WIND SPEED     5.0



WEATHER CONDITIONS
 THE FOLLOWING WEATHER WAS RECORDED YESTERDAY.
  THUNDERSTORM
  LIGHT RAIN


RELATIVE HUMIDITY (PERCENT)
 HIGHEST    93           500 AM
 LOWEST     34           200 PM
 AVERAGE    64

..........................................................


THE CEDAR CITY UT CLIMATE NORMALS FOR TODAY
                         NORMAL    RECORD    YEAR
 MAXIMUM TEMPERATURE (F)   67        84      2004
 MINIMUM TEMPERATURE (F)   36        23      1967


SUNRISE AND SUNSET
MAY  3 2016...........SUNRISE   634 AM MDT   SUNSET   825 PM MDT
MAY  4 2016...........SUNRISE   633 AM MDT   SUNSET   826 PM MDT


-  INDICATES NEGATIVE NUMBERS.
R  INDICATES RECORD WAS SET OR TIED.
MM INDICATES DATA IS MISSING.
T  INDICATES TRACE AMOUNT.




$$
