000
CDUS45 KSLC 301245
CLICDC


CLIMATE REPORT
NATIONAL WEATHER SERVICE SALT LAKE CITY UT
645 AM MDT THU MAR 30 2017


...................................

...THE CEDAR CITY UT CLIMATE SUMMARY FOR MARCH 29 2017...

CLIMATE NORMAL PERIOD 1981 TO 2010
CLIMATE RECORD PERIOD 1928 TO 2017


WEATHER ITEM   OBSERVED TIME   RECORD YEAR NORMAL DEPARTURE LAST
                VALUE   (LST)  VALUE       VALUE  FROM      YEAR
                                                  NORMAL
..................................................................
TEMPERATURE (F)
 YESTERDAY
  MAXIMUM         59    454 PM  74    2015  57      2       42
  MINIMUM         25    534 AM   6    1975  28     -3       23
  AVERAGE         42                        42      0       33

PRECIPITATION (IN)
  YESTERDAY        0.00          0.52 1953   0.04  -0.04      T
  MONTH TO DATE    1.32                      1.27   0.05     0.95
  SINCE OCT 1      5.87                      6.24  -0.37     5.98
  SINCE JAN 1      3.04                      3.13  -0.09     2.42

DEGREE DAYS
 HEATING
  YESTERDAY       23                        23      0       32
  MONTH TO DATE  545                       729   -184      599
  SINCE MAR 1    545                       729   -184      599
  SINCE JUL 1   4566                      5291   -725     5013

 COOLING
  YESTERDAY        0                         0      0        0
  MONTH TO DATE    0                         0      0        0
  SINCE MAR 1      0                         0      0        0
  SINCE JAN 1      0                         0      0        0
..................................................................


WIND (MPH)
  RESULTANT WIND SPEED   4   RESULTANT WIND DIRECTION   N (360)
  HIGHEST WIND SPEED    15   HIGHEST WIND DIRECTION     N (360)
  HIGHEST GUST SPEED    18   HIGHEST GUST DIRECTION     N (350)
  AVERAGE WIND SPEED     6.0



WEATHER CONDITIONS
 THE FOLLOWING WEATHER WAS RECORDED YESTERDAY.
  NO SIGNIFICANT WEATHER WAS OBSERVED.


RELATIVE HUMIDITY (PERCENT)
 HIGHEST    92           400 AM
 LOWEST     30           600 PM
 AVERAGE    61

..........................................................


THE CEDAR CITY UT CLIMATE NORMALS FOR TODAY
                         NORMAL    RECORD    YEAR
 MAXIMUM TEMPERATURE (F)   58        77      2015
 MINIMUM TEMPERATURE (F)   28         8      1949


SUNRISE AND SUNSET
MARCH 30 2017.........SUNRISE   720 AM MDT   SUNSET   754 PM MDT
MARCH 31 2017.........SUNRISE   719 AM MDT   SUNSET   755 PM MDT


-  INDICATES NEGATIVE NUMBERS.
R  INDICATES RECORD WAS SET OR TIED.
MM INDICATES DATA IS MISSING.
T  INDICATES TRACE AMOUNT.




$$
