000
CDUS45 KSLC 161228
CLICDC


CLIMATE REPORT
NATIONAL WEATHER SERVICE SALT LAKE CITY UT
527 AM MST MON JAN 16 2017


...................................

...THE CEDAR CITY UT CLIMATE SUMMARY FOR JANUARY 15 2017...

CLIMATE NORMAL PERIOD 1981 TO 2010
CLIMATE RECORD PERIOD 1928 TO 2017


WEATHER ITEM   OBSERVED TIME   RECORD YEAR NORMAL DEPARTURE LAST
                VALUE   (LST)  VALUE       VALUE  FROM      YEAR
                                                  NORMAL
..................................................................
TEMPERATURE (F)
 YESTERDAY
  MAXIMUM         31    334 PM  60    1996  42    -11       39
  MINIMUM         28   1159 PM -16    2007  17     11       21
  AVERAGE         30                        29      1       30

PRECIPITATION (IN)
  YESTERDAY        T             0.19 1970   0.03  -0.03     0.04
  MONTH TO DATE    0.42                      0.43  -0.01     0.11
  SINCE OCT 1      3.25                      3.54  -0.29     3.67
  SINCE JAN 1      0.42                      0.43  -0.01     0.11

DEGREE DAYS
 HEATING
  YESTERDAY       35                        36     -1       35
  MONTH TO DATE  489                       547    -58      594
  SINCE DEC 1   1602                      1667    -65     1757
  SINCE JUL 1   2699                      3109   -410     2989

 COOLING
  YESTERDAY        0                         0      0        0
  MONTH TO DATE    0                         0      0        0
  SINCE DEC 1      0                         0      0        0
  SINCE JAN 1      0                         0      0        0
..................................................................


WIND (MPH)
  RESULTANT WIND SPEED   9   RESULTANT WIND DIRECTION   N (360)
  HIGHEST WIND SPEED    14   HIGHEST WIND DIRECTION    NW (330)
  HIGHEST GUST SPEED    17   HIGHEST GUST DIRECTION    NW (330)
  AVERAGE WIND SPEED     9.2



WEATHER CONDITIONS
 THE FOLLOWING WEATHER WAS RECORDED YESTERDAY.
  LT FREEZING RAIN
  FOG


RELATIVE HUMIDITY (PERCENT)
 HIGHEST    92           300 AM
 LOWEST     75          1000 PM
 AVERAGE    84

..........................................................


THE CEDAR CITY UT CLIMATE NORMALS FOR TODAY
                         NORMAL    RECORD    YEAR
 MAXIMUM TEMPERATURE (F)   42        58      1971
 MINIMUM TEMPERATURE (F)   17       -12      2007
                                             1949


SUNRISE AND SUNSET
JANUARY 16 2017.......SUNRISE   746 AM MST   SUNSET   539 PM MST
JANUARY 17 2017.......SUNRISE   746 AM MST   SUNSET   540 PM MST


-  INDICATES NEGATIVE NUMBERS.
R  INDICATES RECORD WAS SET OR TIED.
MM INDICATES DATA IS MISSING.
T  INDICATES TRACE AMOUNT.




$$
