000
CDUS45 KSLC 260045
CLICDC


CLIMATE REPORT
NATIONAL WEATHER SERVICE SALT LAKE CITY UT
645 PM MDT THU AUG 25 2016


...................................

...THE CEDAR CITY UT CLIMATE SUMMARY FOR AUGUST 25 2016...
VALID TODAY AS OF 0500 PM LOCAL TIME.

CLIMATE NORMAL PERIOD 1981 TO 2010
CLIMATE RECORD PERIOD 1928 TO 2016


WEATHER ITEM   OBSERVED TIME   RECORD YEAR NORMAL DEPARTURE LAST
                VALUE   (LST)  VALUE       VALUE  FROM      YEAR
                                                  NORMAL
..................................................................
TEMPERATURE (F)
 TODAY
  MAXIMUM         79   1130 AM  97    2011  86     -7       88
                                      1985
  MINIMUM         48    455 AM  42    1960  53     -5       57
  AVERAGE         64                        70     -6       73

PRECIPITATION (IN)
  TODAY            0.03          1.36 1992   0.03   0.00     0.03
  MONTH TO DATE    1.09                      0.95   0.14     0.76
  SINCE OCT 1     10.42                     10.47  -0.05    10.82
  SINCE JAN 1      6.86                      7.36  -0.50     8.69

DEGREE DAYS
 HEATING
  TODAY            1                         0      1        0
  MONTH TO DATE    1                         0      1        0
  SINCE JUN 1      5                        79    -74       26
  SINCE JUL 1      1                         3     -2        1

 COOLING
  TODAY            0                         5     -5        8
  MONTH TO DATE  201                       170     31      188
  SINCE JUN 1    769                       515    254      580
  SINCE JAN 1    772                       523    249      582
..................................................................


WIND (MPH)
  RESULTANT WIND SPEED   4   RESULTANT WIND DIRECTION  NE (30)
  HIGHEST WIND SPEED    23   HIGHEST WIND DIRECTION     N (360)
  HIGHEST GUST SPEED    30   HIGHEST GUST DIRECTION     N (10)
  AVERAGE WIND SPEED     6.5



WEATHER CONDITIONS
 THE FOLLOWING WEATHER WAS RECORDED TODAY.
  THUNDERSTORM
  LIGHT RAIN


RELATIVE HUMIDITY (PERCENT)
 HIGHEST    71           500 AM
 LOWEST     23          1100 AM
 AVERAGE    47

..........................................................


THE CEDAR CITY UT CLIMATE NORMALS FOR TOMORROW
                         NORMAL    RECORD    YEAR
 MAXIMUM TEMPERATURE (F)   86        94      2001
 MINIMUM TEMPERATURE (F)   53        44      1992


SUNRISE AND SUNSET
AUGUST 25 2016........SUNRISE   657 AM MDT   SUNSET   811 PM MDT
AUGUST 26 2016........SUNRISE   658 AM MDT   SUNSET   809 PM MDT


-  INDICATES NEGATIVE NUMBERS.
R  INDICATES RECORD WAS SET OR TIED.
MM INDICATES DATA IS MISSING.
T  INDICATES TRACE AMOUNT.




$$
