000
CDUS45 KSLC 030035
CLICDC


CLIMATE REPORT
NATIONAL WEATHER SERVICE SALT LAKE CITY UT
635 PM MDT TUE SEP 2 2014


...................................

...THE CEDAR CITY UT CLIMATE SUMMARY FOR SEPTEMBER 2 2014...
VALID TODAY AS OF 0500 PM LOCAL TIME.

CLIMATE NORMAL PERIOD 1981 TO 2010
CLIMATE RECORD PERIOD 1928 TO 2014


WEATHER ITEM   OBSERVED TIME   RECORD YEAR NORMAL DEPARTURE LAST
                VALUE   (LST)  VALUE       VALUE  FROM      YEAR
                                                  NORMAL
..................................................................
TEMPERATURE (F)
 TODAY
  MAXIMUM         88    356 PM  96    1950  84      4       83
  MINIMUM         52    542 AM  31    1973  51      1       58
  AVERAGE         70                        67      3       71

PRECIPITATION (IN)
  TODAY            0.00          0.26 1954   0.03  -0.03     0.00
  MONTH TO DATE    0.00                      0.05  -0.05     0.24
  SINCE OCT 1      7.05                     10.70  -3.65    14.20
  SINCE JAN 1      5.11                      7.59  -2.48    11.49

DEGREE DAYS
 HEATING
  TODAY            0                         1     -1        0
  MONTH TO DATE    0                         2     -2        0
  SINCE SEP 1      0                         2     -2        0
  SINCE JUL 1      6                        11     -5        3

 COOLING
  TODAY            5                         3      2        6
  MONTH TO DATE    8                         6      2        8
  SINCE SEP 1      8                         6      2        8
  SINCE JAN 1    554                       555     -1      640
..................................................................


WIND (MPH)
  RESULTANT WIND SPEED   7   RESULTANT WIND DIRECTION  SW (210)
  HIGHEST WIND SPEED    21   HIGHEST WIND DIRECTION    SW (210)
  HIGHEST GUST SPEED    28   HIGHEST GUST DIRECTION    SW (220)
  AVERAGE WIND SPEED     8.1



WEATHER CONDITIONS
 THE FOLLOWING WEATHER WAS RECORDED TODAY.
  NO SIGNIFICANT WEATHER WAS OBSERVED.


RELATIVE HUMIDITY (PERCENT)
 HIGHEST    51           700 AM
 LOWEST     13           300 PM
 AVERAGE    32

..........................................................


THE CEDAR CITY UT CLIMATE NORMALS FOR TOMORROW
                         NORMAL    RECORD    YEAR
 MAXIMUM TEMPERATURE (F)   83        96      1995
 MINIMUM TEMPERATURE (F)   50        35      1973


SUNRISE AND SUNSET
SEPTEMBER  2 2014.....SUNRISE   703 AM MDT   SUNSET   800 PM MDT
SEPTEMBER  3 2014.....SUNRISE   704 AM MDT   SUNSET   758 PM MDT


-  INDICATES NEGATIVE NUMBERS.
R  INDICATES RECORD WAS SET OR TIED.
MM INDICATES DATA IS MISSING.
T  INDICATES TRACE AMOUNT.




$$
