010
CDUS45 KSLC 270032
CLICDC


CLIMATE REPORT
NATIONAL WEATHER SERVICE SALT LAKE CITY UT
631 PM MDT MON SEP 26 2016


...................................

...THE CEDAR CITY UT CLIMATE SUMMARY FOR SEPTEMBER 26 2016...
VALID TODAY AS OF 0500 PM LOCAL TIME.

CLIMATE NORMAL PERIOD 1981 TO 2010
CLIMATE RECORD PERIOD 1928 TO 2016


WEATHER ITEM   OBSERVED TIME   RECORD YEAR NORMAL DEPARTURE LAST
                VALUE   (LST)  VALUE       VALUE  FROM      YEAR
                                                  NORMAL
..................................................................
TEMPERATURE (F)
 TODAY
  MAXIMUM         76    253 PM  89    2010  75      1       85
  MINIMUM         39    624 AM  27    1970  40     -1       56
  AVERAGE         58                        58      0       71

PRECIPITATION (IN)
  TODAY            0.00          0.37 1997   0.02  -0.02     0.00
  MONTH TO DATE    0.63                      0.56   0.07     0.88
  SINCE OCT 1     11.43                     11.21   0.22    11.92
  SINCE JAN 1      7.87                      8.10  -0.23     9.79

DEGREE DAYS
 HEATING
  TODAY            7                         8     -1        0
  MONTH TO DATE   95                       100     -5       28
  SINCE SEP 1     95                       100     -5       28
  SINCE JUL 1     99                       109    -10       29

 COOLING
  TODAY            0                         0      0        6
  MONTH TO DATE   31                        36     -5       73
  SINCE SEP 1     31                        36     -5       73
  SINCE JAN 1    824                       585    239      696
..................................................................


WIND (MPH)
  RESULTANT WIND SPEED   2   RESULTANT WIND DIRECTION  SE (130)
  HIGHEST WIND SPEED     9   HIGHEST WIND DIRECTION    NE (40)
  HIGHEST GUST SPEED    12   HIGHEST GUST DIRECTION    NW (330)
  AVERAGE WIND SPEED     4.4



WEATHER CONDITIONS
 THE FOLLOWING WEATHER WAS RECORDED TODAY.
  NO SIGNIFICANT WEATHER WAS OBSERVED.


RELATIVE HUMIDITY (PERCENT)
 HIGHEST    76           400 AM
 LOWEST     19           300 PM
 AVERAGE    48

..........................................................


THE CEDAR CITY UT CLIMATE NORMALS FOR TOMORROW
                         NORMAL    RECORD    YEAR
 MAXIMUM TEMPERATURE (F)   74        91      2010
 MINIMUM TEMPERATURE (F)   40        28      2013


SUNRISE AND SUNSET
SEPTEMBER 26 2016.....SUNRISE   724 AM MDT   SUNSET   722 PM MDT
SEPTEMBER 27 2016.....SUNRISE   725 AM MDT   SUNSET   721 PM MDT


-  INDICATES NEGATIVE NUMBERS.
R  INDICATES RECORD WAS SET OR TIED.
MM INDICATES DATA IS MISSING.
T  INDICATES TRACE AMOUNT.




$$
