000
CDUS45 KCYS 190331
CLICDR


CLIMATE REPORT
NATIONAL WEATHER SERVICE CHEYENNE WY
931 PM MDT THU SEP 18 2014


...................................

...THE CHADRON NE AIRPORT CLIMATE SUMMARY FOR SEPTEMBER 18 2014...
VALID TODAY AS OF 0900 PM LOCAL TIME.

CLIMATE NORMAL PERIOD 1981 TO 2010
CLIMATE RECORD PERIOD 1895 TO 2014


WEATHER ITEM   OBSERVED TIME   RECORD YEAR NORMAL DEPARTURE LAST
                VALUE   (LST)  VALUE       VALUE  FROM      YEAR
                                                  NORMAL
..................................................................
TEMPERATURE (F)
 TODAY
  MAXIMUM         94    343 PM  95    1998  77     17       92
                                      1984
                                      1972
  MINIMUM         46    527 AM  25    1991  43      3       57
  AVERAGE         70                        60     10       75

PRECIPITATION (IN)
  TODAY            0.00          4.40 1986   0.06  -0.06     0.00
  MONTH TO DATE    0.60                      1.07  -0.47     0.67
  SINCE JAN 1     15.12                     14.94   0.18    13.03

DEGREE DAYS
 HEATING
  TODAY            0                         7     -7        0
  MONTH TO DATE  120                        73     47       12
  SINCE SEP 1    120                        73     47       12
  SINCE JUL 1    134                       103     31       12

 COOLING
  TODAY            5                         1      4       10
  MONTH TO DATE   29                        53    -24      139
  SINCE SEP 1     29                        53    -24      139
  SINCE JAN 1    614                       700    -86      907
..................................................................


WIND (MPH)
  HIGHEST WIND SPEED    28   HIGHEST WIND DIRECTION     S (170)
  HIGHEST GUST SPEED    36   HIGHEST GUST DIRECTION     S (190)
  AVERAGE WIND SPEED     9.0


SKY COVER
  AVERAGE SKY COVER 0.0


WEATHER CONDITIONS
 THE FOLLOWING WEATHER WAS RECORDED TODAY.
  FOG
  HAZE


RELATIVE HUMIDITY (PERCENT)
 HIGHEST   100           600 AM
 LOWEST     20           400 PM
 AVERAGE    60

..........................................................


THE CHADRON NE AIRPORT CLIMATE NORMALS FOR TOMORROW
                         NORMAL    RECORD    YEAR
 MAXIMUM TEMPERATURE (F)   76        95      1998
                                             1984
                                             1941
 MINIMUM TEMPERATURE (F)   43        23      1991


SUNRISE AND SUNSET
SEPTEMBER 18 2014.....SUNRISE   635 AM MDT   SUNSET   657 PM MDT
SEPTEMBER 19 2014.....SUNRISE   636 AM MDT   SUNSET   655 PM MDT


-  INDICATES NEGATIVE NUMBERS.
R  INDICATES RECORD WAS SET OR TIED.
MM INDICATES DATA IS MISSING.
T  INDICATES TRACE AMOUNT.




$$
