000
CDUS45 KCYS 200726
CLICDR


CLIMATE REPORT
NATIONAL WEATHER SERVICE CHEYENNE WY
126 AM MDT WED AUG 20 2014


...................................

...THE CHADRON NE AIRPORT CLIMATE SUMMARY FOR AUGUST 19 2014...

CLIMATE NORMAL PERIOD 1981 TO 2010
CLIMATE RECORD PERIOD 1895 TO 2014


WEATHER ITEM   OBSERVED TIME   RECORD YEAR NORMAL DEPARTURE LAST
                VALUE   (LST)  VALUE       VALUE  FROM      YEAR
                                                  NORMAL
..................................................................
TEMPERATURE (F)
 YESTERDAY
  MAXIMUM         99    245 PM 105    1894  89     10       94
  MINIMUM         55    255 AM  39    2004  55      0       57
  AVERAGE         77                        72      5       76

PRECIPITATION (IN)
  YESTERDAY        0.00          1.82 1979   0.04  -0.04     0.00
  MONTH TO DATE    0.91                      0.98  -0.07     1.41
  SINCE JAN 1     12.70                     13.27  -0.57    12.33

DEGREE DAYS
 HEATING
  YESTERDAY        0                         1     -1        0
  MONTH TO DATE    0                         3     -3        0
  SINCE JUN 1     94                        94      0       58
  SINCE JUL 1     11                        13     -2        0

 COOLING
  YESTERDAY       12                         8      4       11
  MONTH TO DATE  192                       170     22      153
  SINCE JUN 1    505                       554    -49      583
  SINCE JAN 1    536                       574    -38      611
..................................................................


WIND (MPH)
  HIGHEST WIND SPEED    31   HIGHEST WIND DIRECTION     S (180)
  HIGHEST GUST SPEED    41   HIGHEST GUST DIRECTION     S (190)
  AVERAGE WIND SPEED     7.1


SKY COVER
  AVERAGE SKY COVER 0.0


WEATHER CONDITIONS
 THE FOLLOWING WEATHER WAS RECORDED YESTERDAY.
  THUNDERSTORM


RELATIVE HUMIDITY (PERCENT)
 HIGHEST    86           200 AM
 LOWEST     14           400 PM
 AVERAGE    50

..........................................................


THE CHADRON NE AIRPORT CLIMATE NORMALS FOR TODAY
                         NORMAL    RECORD    YEAR
 MAXIMUM TEMPERATURE (F)   89       107      1894
 MINIMUM TEMPERATURE (F)   55        39      1950


SUNRISE AND SUNSET
AUGUST 20 2014........SUNRISE   604 AM MDT   SUNSET   747 PM MDT
AUGUST 21 2014........SUNRISE   605 AM MDT   SUNSET   745 PM MDT


-  INDICATES NEGATIVE NUMBERS.
R  INDICATES RECORD WAS SET OR TIED.
MM INDICATES DATA IS MISSING.
T  INDICATES TRACE AMOUNT.




$$
