000
CDUS45 KCYS 260728
CLICDR


CLIMATE REPORT
NATIONAL WEATHER SERVICE CHEYENNE WY
127 AM MDT TUE JUL 26 2016


...................................

...THE CHADRON NE AIRPORT CLIMATE SUMMARY FOR JULY 25 2016...

CLIMATE NORMAL PERIOD 1981 TO 2010
CLIMATE RECORD PERIOD 1895 TO 2016


WEATHER ITEM   OBSERVED TIME   RECORD YEAR NORMAL DEPARTURE LAST
                VALUE   (LST)  VALUE       VALUE  FROM      YEAR
                                                  NORMAL
..................................................................
TEMPERATURE (F)
 YESTERDAY
  MAXIMUM         94    416 PM 109    2003  91      3       90
  MINIMUM         60    449 AM  46    1924  59      1       60
  AVERAGE         77                        75      2       75

PRECIPITATION (IN)
  YESTERDAY        0.00          2.08 1923   0.06  -0.06     0.00
  MONTH TO DATE    0.74                      1.76  -1.02     2.34
  SINCE JAN 1      9.69                     11.94  -2.25    15.29

DEGREE DAYS
 HEATING
  YESTERDAY        0                         0      0        0
  MONTH TO DATE    0                         5     -5        3
  SINCE JUN 1     13                        86    -73       12
  SINCE JUL 1      0                         5     -5        3

 COOLING
  YESTERDAY       12                        10      2       10
  MONTH TO DATE  277                       216     61      181
  SINCE JUN 1    526                       324    202      314
  SINCE JAN 1    534                       344    190      314
..................................................................


WIND (MPH)
  HIGHEST WIND SPEED    28   HIGHEST WIND DIRECTION     S (180)
  HIGHEST GUST SPEED    37   HIGHEST GUST DIRECTION     S (190)
  AVERAGE WIND SPEED    15.8


SKY COVER
  AVERAGE SKY COVER 0.0


WEATHER CONDITIONS
 THE FOLLOWING WEATHER WAS RECORDED YESTERDAY.
  NO SIGNIFICANT WEATHER WAS OBSERVED.


RELATIVE HUMIDITY (PERCENT)
 HIGHEST    78           400 AM
 LOWEST     26           300 PM
 AVERAGE    52

..........................................................


THE CHADRON NE AIRPORT CLIMATE NORMALS FOR TODAY
                         NORMAL    RECORD    YEAR
 MAXIMUM TEMPERATURE (F)   91       104      1935
 MINIMUM TEMPERATURE (F)   59        43      1971


SUNRISE AND SUNSET
JULY 26 2016..........SUNRISE   538 AM MDT   SUNSET   819 PM MDT
JULY 27 2016..........SUNRISE   539 AM MDT   SUNSET   818 PM MDT


-  INDICATES NEGATIVE NUMBERS.
R  INDICATES RECORD WAS SET OR TIED.
MM INDICATES DATA IS MISSING.
T  INDICATES TRACE AMOUNT.




$$
