000
CDUS44 KLUB 270630
CLICDS


CLIMATE REPORT
NATIONAL WEATHER SERVICE LUBBOCK, TX
1230 AM CST TUE JAN 27 2015


...................................

...THE CHILDRESS CLIMATE SUMMARY FOR JANUARY 26 2015...

CLIMATE NORMAL PERIOD 1981 TO 2010
CLIMATE RECORD PERIOD 1893 TO 2015


WEATHER ITEM   OBSERVED TIME   RECORD YEAR NORMAL DEPARTURE LAST
                VALUE   (LST)  VALUE       VALUE  FROM      YEAR
                                                  NORMAL
..................................................................
TEMPERATURE (F)
 YESTERDAY
  MAXIMUM         78    403 PM  81    1935  55     23       69
  MINIMUM         38    437 AM   4    1904  29      9       30
  AVERAGE         58                        42     16       50

PRECIPITATION (IN)
  YESTERDAY        0.00          0.50 1916   0.03  -0.03     0.00
  MONTH TO DATE    0.57                      0.57   0.00      T
  SINCE DEC 1      0.77                      1.48  -0.71     1.09
  SINCE JAN 1      0.57                      0.57   0.00      T

SNOWFALL (IN)
  YESTERDAY        0.0          MM      MM   0.1   -0.1      0.0
  MONTH TO DATE    T                         2.2   -2.2       T
  SINCE DEC 1      T                         3.9   -3.9      2.3
  SINCE JUL 1      2.0                       4.8   -2.8      6.5
  SNOW DEPTH       0

DEGREE DAYS
 HEATING
  YESTERDAY        7                        23    -16       15
  MONTH TO DATE  643                       616     27      580
  SINCE DEC 1   1273                      1329    -56     1362
  SINCE JUL 1   1828                      1889    -61     1960

 COOLING
  YESTERDAY        0                         0      0        0
  MONTH TO DATE    0                         0      0        0
  SINCE DEC 1      0                         0      0        0
  SINCE JAN 1      0                         0      0        0
..................................................................


WIND (MPH)
  RESULTANT WIND SPEED   9   RESULTANT WIND DIRECTION  NW (300)
  HIGHEST WIND SPEED    17   HIGHEST WIND DIRECTION     N (340)
  HIGHEST GUST SPEED    22   HIGHEST GUST DIRECTION     N (340)
  AVERAGE WIND SPEED     9.4


SKY COVER
  AVERAGE SKY COVER 0.0


WEATHER CONDITIONS
 THE FOLLOWING WEATHER WAS RECORDED YESTERDAY.
  NO SIGNIFICANT WEATHER WAS OBSERVED.


RELATIVE HUMIDITY (PERCENT)
 HIGHEST    76           400 AM
 LOWEST     16           400 PM
 AVERAGE    46

..........................................................


THE CHILDRESS CLIMATE NORMALS FOR TODAY
                         NORMAL    RECORD    YEAR
 MAXIMUM TEMPERATURE (F)   55        82      1903
 MINIMUM TEMPERATURE (F)   29         7      1963
                                             1897


SUNRISE AND SUNSET
JANUARY 27 2015.......SUNRISE   742 AM CST   SUNSET   606 PM CST
JANUARY 28 2015.......SUNRISE   742 AM CST   SUNSET   607 PM CST


-  INDICATES NEGATIVE NUMBERS.
R  INDICATES RECORD WAS SET OR TIED.
MM INDICATES DATA IS MISSING.
T  INDICATES TRACE AMOUNT.




$$
