000
CDUS44 KLUB 280718
CLICDS


CLIMATE REPORT
NATIONAL WEATHER SERVICE LUBBOCK, TX
208 AM CDT WED SEP 28 2016


...................................

...THE CHILDRESS CLIMATE SUMMARY FOR SEPTEMBER 27 2016...

CLIMATE NORMAL PERIOD 1981 TO 2010
CLIMATE RECORD PERIOD 1893 TO 2016


WEATHER ITEM   OBSERVED TIME   RECORD YEAR NORMAL DEPARTURE LAST
                VALUE   (LST)  VALUE       VALUE  FROM      YEAR
                                                  NORMAL
..................................................................
TEMPERATURE (F)
 YESTERDAY
  MAXIMUM         82    331 PM 100    2009  83     -1       88
  MINIMUM         50    711 AM  38    1942  57     -7       60
  AVERAGE         66                        70     -4       74

PRECIPITATION (IN)
  YESTERDAY        0.00          1.05 1927   0.07  -0.07     0.00
  MONTH TO DATE    3.41                      2.22   1.19     0.32
  SINCE SEP 1      3.41                      2.22   1.19     0.32
  SINCE JAN 1     26.19                     19.31   6.88    30.83

SNOWFALL (IN)
  YESTERDAY        0.0          MM      MM   0.0    0.0      0.0
  MONTH TO DATE    0.0                       0.0    0.0      0.0
  SINCE SEP 1      0.0                       0.0    0.0      0.0
  SINCE JUL 1      0.0                       0.0    0.0      0.0
  SNOW DEPTH       0

DEGREE DAYS
 HEATING
  YESTERDAY        0                         1     -1        0
  MONTH TO DATE    2                        11     -9        0
  SINCE SEP 1      2                        11     -9        0
  SINCE JUL 1      2                        11     -9        0

 COOLING
  YESTERDAY        1                         6     -5        9
  MONTH TO DATE  309                       277     32      399
  SINCE SEP 1    309                       277     32      399
  SINCE JAN 1   2182                      2108     74     2179
..................................................................


WIND (MPH)
  RESULTANT WIND SPEED   2   RESULTANT WIND DIRECTION  SW (240)
  HIGHEST WIND SPEED     9   HIGHEST WIND DIRECTION    SW (220)
  HIGHEST GUST SPEED    11   HIGHEST GUST DIRECTION    SW (210)
  AVERAGE WIND SPEED     5.2


SKY COVER
  AVERAGE SKY COVER 0.0


WEATHER CONDITIONS
 THE FOLLOWING WEATHER WAS RECORDED YESTERDAY.
  HAZE


RELATIVE HUMIDITY (PERCENT)
 HIGHEST    83           500 AM
 LOWEST     23          1200 PM
 AVERAGE    53

..........................................................


THE CHILDRESS CLIMATE NORMALS FOR TODAY
                         NORMAL    RECORD    YEAR
 MAXIMUM TEMPERATURE (F)   82       103      1953
 MINIMUM TEMPERATURE (F)   57        39      1967


SUNRISE AND SUNSET
SEPTEMBER 28 2016.....SUNRISE   734 AM CDT   SUNSET   729 PM CDT
SEPTEMBER 29 2016.....SUNRISE   735 AM CDT   SUNSET   727 PM CDT


-  INDICATES NEGATIVE NUMBERS.
R  INDICATES RECORD WAS SET OR TIED.
MM INDICATES DATA IS MISSING.
T  INDICATES TRACE AMOUNT.




$$
