000
CDUS44 KLUB 240626
CLICDS


CLIMATE REPORT
NATIONAL WEATHER SERVICE LUBBOCK, TX
125 AM CDT FRI MAR 24 2017


...................................

...THE CHILDRESS CLIMATE SUMMARY FOR MARCH 23 2017...

CLIMATE NORMAL PERIOD 1981 TO 2010
CLIMATE RECORD PERIOD 1893 TO 2017


WEATHER ITEM   OBSERVED TIME   RECORD YEAR NORMAL DEPARTURE LAST
                VALUE   (LST)  VALUE       VALUE  FROM      YEAR
                                                  NORMAL
..................................................................
TEMPERATURE (F)
 YESTERDAY
  MAXIMUM         85    420 PM  92    1907  70     15       76
  MINIMUM         56    604 AM  20    1952  41     15       45
                                      1898
  AVERAGE         71                        56     15       61

PRECIPITATION (IN)
  YESTERDAY        0.02          1.84 2000   0.05  -0.03     0.00
  MONTH TO DATE    0.02                      1.10  -1.08     0.78
  SINCE MAR 1      0.02                      1.10  -1.08     0.78
  SINCE JAN 1      4.24                      2.88   1.36     2.03

SNOWFALL (IN)
  YESTERDAY        0.0          MM      MM   0.0    0.0      0.0
  MONTH TO DATE    0.0                       0.3   -0.3      0.0
  SINCE MAR 1      0.0                       0.3   -0.3      0.0
  SINCE JUL 1      1.5                       6.7   -5.2      7.0
  SNOW DEPTH       0

DEGREE DAYS
 HEATING
  YESTERDAY        0                        10    -10        4
  MONTH TO DATE  175                       301   -126      170
  SINCE MAR 1    175                       301   -126      170
  SINCE JUL 1   2123                      2861   -738     2338

 COOLING
  YESTERDAY        6                         1      5        0
  MONTH TO DATE   56                         8     48       13
  SINCE MAR 1     56                         8     48       13
  SINCE JAN 1     71                         9     62       15
..................................................................


WIND (MPH)
  RESULTANT WIND SPEED  22   RESULTANT WIND DIRECTION   S (170)
  HIGHEST WIND SPEED    40   HIGHEST WIND DIRECTION     S (160)
  HIGHEST GUST SPEED    51   HIGHEST GUST DIRECTION     S (160)
  AVERAGE WIND SPEED    22.5


SKY COVER
  AVERAGE SKY COVER 0.1


WEATHER CONDITIONS
 THE FOLLOWING WEATHER WAS RECORDED YESTERDAY.
  THUNDERSTORM
  LIGHT RAIN
  FOG


RELATIVE HUMIDITY (PERCENT)
 HIGHEST    93           500 AM
 LOWEST     28           500 PM
 AVERAGE    61

..........................................................


THE CHILDRESS CLIMATE NORMALS FOR TODAY
                         NORMAL    RECORD    YEAR
 MAXIMUM TEMPERATURE (F)   70        92      1929
 MINIMUM TEMPERATURE (F)   42        21      1893


SUNRISE AND SUNSET
MARCH 24 2017.........SUNRISE   739 AM CDT   SUNSET   756 PM CDT
MARCH 25 2017.........SUNRISE   738 AM CDT   SUNSET   757 PM CDT


-  INDICATES NEGATIVE NUMBERS.
R  INDICATES RECORD WAS SET OR TIED.
MM INDICATES DATA IS MISSING.
T  INDICATES TRACE AMOUNT.




$$
