000
CDUS44 KLUB 282227
CLICDS


CLIMATE REPORT
NATIONAL WEATHER SERVICE LUBBOCK, TX
526 PM CDT SUN AUG 28 2016


...................................

...THE CHILDRESS CLIMATE SUMMARY FOR AUGUST 28 2016...
VALID TODAY AS OF 0500 PM LOCAL TIME.

CLIMATE NORMAL PERIOD 1981 TO 2010
CLIMATE RECORD PERIOD 1893 TO 2016


WEATHER ITEM   OBSERVED TIME   RECORD YEAR NORMAL DEPARTURE LAST
                VALUE   (LST)  VALUE       VALUE  FROM      YEAR
                                                  NORMAL
..................................................................
TEMPERATURE (F)
 TODAY
  MAXIMUM         91    210 PM 110    2011  93     -2       98
  MINIMUM         67    413 AM  53    1941  68     -1       74
  AVERAGE         79                        80     -1       86

PRECIPITATION (IN)
  TODAY            0.01          1.32 1996   0.09  -0.08     0.11
  MONTH TO DATE    2.56                      2.36   0.20     1.91
  SINCE JUN 1      9.45                      8.26   1.19    10.63
  SINCE JAN 1     21.31                     16.83   4.48    30.49

SNOWFALL (IN)
  TODAY            0.0                       0.0    0.0      0.0
  MONTH TO DATE    0.0                       0.0    0.0      0.0
  SINCE JUN 1      0.0                       0.0    0.0      0.0
  SINCE JUL 1      0.0                       0.0    0.0      0.0
  SNOW DEPTH       0

DEGREE DAYS
 HEATING
  TODAY            0                         0      0        0
  MONTH TO DATE    0                         0      0        0
  SINCE JUN 1      0                         2     -2        0
  SINCE JUL 1      0                         0      0        0

 COOLING
  TODAY           14                        15     -1       21
  MONTH TO DATE  464                       482    -18      502
  SINCE JUN 1   1571                      1472     99     1533
  SINCE JAN 1   1835                      1784     51     1733
..................................................................


WIND (MPH)
  RESULTANT WIND SPEED   6   RESULTANT WIND DIRECTION  SE (120)
  HIGHEST WIND SPEED    16   HIGHEST WIND DIRECTION    SE (130)
  HIGHEST GUST SPEED    25   HIGHEST GUST DIRECTION    SE (130)
  AVERAGE WIND SPEED     6.5


SKY COVER
  AVERAGE SKY COVER 0.1


WEATHER CONDITIONS
 THE FOLLOWING WEATHER WAS RECORDED TODAY.
  LIGHT RAIN


RELATIVE HUMIDITY (PERCENT)
 HIGHEST    90           200 AM
 LOWEST     47           100 PM
 AVERAGE    69

..........................................................


THE CHILDRESS CLIMATE NORMALS FOR TOMORROW
                         NORMAL    RECORD    YEAR
 MAXIMUM TEMPERATURE (F)   93       108      1943
 MINIMUM TEMPERATURE (F)   67        55      1987


SUNRISE AND SUNSET
AUGUST 28 2016........SUNRISE   712 AM CDT   SUNSET   812 PM CDT
AUGUST 29 2016........SUNRISE   713 AM CDT   SUNSET   811 PM CDT


-  INDICATES NEGATIVE NUMBERS.
R  INDICATES RECORD WAS SET OR TIED.
MM INDICATES DATA IS MISSING.
T  INDICATES TRACE AMOUNT.




$$
