000
CDUS46 KEKA 200040
CLICEC


CLIMATE REPORT
NATIONAL WEATHER SERVICE EUREKA CA
439 PM PST FRI JAN 19 2018


...................................

...THE CRESCENT CITY CA CLIMATE SUMMARY FOR JANUARY 19 2018...
VALID TODAY AS OF 0400 PM LOCAL TIME.

CLIMATE NORMAL PERIOD 1981 TO 2010
CLIMATE RECORD PERIOD 1894 TO 2018


WEATHER ITEM   OBSERVED TIME   RECORD YEAR NORMAL DEPARTURE LAST
                VALUE   (LST)  VALUE       VALUE  FROM      YEAR
                                                  NORMAL
..................................................................
TEMPERATURE (F)
 TODAY
  MAXIMUM         53    133 PM  72    1981  55     -2       51
  MINIMUM         46    937 AM  31    2013  41      5       44
  AVERAGE         50                        48      2       48

PRECIPITATION (IN)
  TODAY            0.51          2.45 2012   0.31   0.20     0.71
  MONTH TO DATE    5.32                      7.21  -1.89    10.00
  SINCE OCT 1     19.34                     32.45 -13.11    55.10
  SINCE JAN 1      5.32                      7.21  -1.89    10.00

SNOWFALL (IN)
  TODAY           MM            MM      MM  MM     MM       MM
  MONTH TO DATE    0.0                      MM     MM        0.0
  SINCE DEC 1      0.0                      MM     MM        0.0
  SINCE JUL 1      0.0                      MM     MM        0.0
  SNOW DEPTH       0

..................................................................


WIND (MPH)
  HIGHEST WIND SPEED    18   HIGHEST WIND DIRECTION     S (200)
  HIGHEST GUST SPEED    24   HIGHEST GUST DIRECTION     S (190)
  AVERAGE WIND SPEED    10.5


SKY COVER
  AVERAGE SKY COVER 0.8


WEATHER CONDITIONS
 THE FOLLOWING WEATHER WAS RECORDED TODAY.
  HEAVY RAIN
  RAIN
  LIGHT RAIN
  FOG
  HAZE


RELATIVE HUMIDITY (PERCENT)
 HIGHEST    82
 LOWEST     66
 AVERAGE    74

..........................................................


THE CRESCENT CITY CA CLIMATE NORMALS FOR TOMORROW
                         NORMAL    RECORD    YEAR
 MAXIMUM TEMPERATURE (F)   55        71      1981
 MINIMUM TEMPERATURE (F)   41        28      1962


SUNRISE AND SUNSET
JANUARY 19 2018.......SUNRISE   740 AM PST   SUNSET   516 PM PST
JANUARY 20 2018.......SUNRISE   739 AM PST   SUNSET   517 PM PST


-  INDICATES NEGATIVE NUMBERS.
R  INDICATES RECORD WAS SET OR TIED.
MM INDICATES DATA IS MISSING.
T  INDICATES TRACE AMOUNT.




$$
