000
CDUS46 KEKA 251212
CLICEC


CLIMATE REPORT
NATIONAL WEATHER SERVICE EUREKA CA
412 AM PST SUN JAN 25 2015


...................................

...THE CRESCENT CITY CA CLIMATE SUMMARY FOR JANUARY 24 2015...

CLIMATE NORMAL PERIOD 1981 TO 2010
CLIMATE RECORD PERIOD 1894 TO 2015


WEATHER ITEM   OBSERVED TIME   RECORD YEAR NORMAL DEPARTURE LAST
                VALUE   (LST)  VALUE       VALUE  FROM      YEAR
                                                  NORMAL
..................................................................
TEMPERATURE (F)
 YESTERDAY
  MAXIMUM         62   1147 AM  69    2014  54      8       69
  MINIMUM         43    746 AM  26    1949  41      2       44
  AVERAGE         53                        48      5       57

PRECIPITATION (IN)
  YESTERDAY        0.00          4.90 1994   0.26  -0.26     0.00
  MONTH TO DATE    1.73                      8.61  -6.88     1.14
  SINCE JUL 1     26.15                     35.71  -9.56    10.13
  SINCE JAN 1      1.73                      8.61  -6.88     1.14

SNOWFALL (IN)
  YESTERDAY        0.0          MM      MM  MM     MM        0.0
  MONTH TO DATE    0.0                      MM     MM        0.0
  SINCE DEC 1      0.0                      MM     MM        0.0
  SINCE JUL 1      0.0                      MM     MM        0.0
  SNOW DEPTH       0

DEGREE DAYS
 HEATING
  YESTERDAY       12                        17     -5        8
  MONTH TO DATE  344                       408    -64      365
  SINCE DEC 1    706                       947   -241     1010
  SINCE JUL 1   1813                      2564   -751     2602

 COOLING
  YESTERDAY        0                         0      0        0
  MONTH TO DATE    0                         0      0        0
  SINCE DEC 1      0                         0      0        0
  SINCE JAN 1      0                         0      0        0
..................................................................


WIND (MPH)
  HIGHEST WIND SPEED    14   HIGHEST WIND DIRECTION     N (340)
  HIGHEST GUST SPEED    18   HIGHEST GUST DIRECTION     N (350)
  AVERAGE WIND SPEED     4.2


SKY COVER
  AVERAGE SKY COVER 0.3


WEATHER CONDITIONS
 THE FOLLOWING WEATHER WAS RECORDED YESTERDAY.
  FOG
  HAZE


RELATIVE HUMIDITY (PERCENT)
 HIGHEST   100
 LOWEST     72
 AVERAGE    86

..........................................................


THE CRESCENT CITY CA CLIMATE NORMALS FOR TODAY
                         NORMAL    RECORD    YEAR
 MAXIMUM TEMPERATURE (F)   54        67      1976
 MINIMUM TEMPERATURE (F)   41        30      1954


SUNRISE AND SUNSET
JANUARY 25 2015.......SUNRISE   736 AM PST   SUNSET   523 PM PST
JANUARY 26 2015.......SUNRISE   735 AM PST   SUNSET   525 PM PST


-  INDICATES NEGATIVE NUMBERS.
R  INDICATES RECORD WAS SET OR TIED.
MM INDICATES DATA IS MISSING.
T  INDICATES TRACE AMOUNT.




$$
