692
CDUS46 KEKA 251215
CLICEC


CLIMATE REPORT
NATIONAL WEATHER SERVICE EUREKA CA
415 AM PST SAT FEB 25 2017


...................................

...THE CRESCENT CITY CA CLIMATE SUMMARY FOR FEBRUARY 24 2017...

CLIMATE NORMAL PERIOD 1981 TO 2010
CLIMATE RECORD PERIOD 1894 TO 2017


WEATHER ITEM   OBSERVED TIME   RECORD YEAR NORMAL DEPARTURE LAST
                VALUE   (LST)  VALUE       VALUE  FROM      YEAR
                                                  NORMAL
..................................................................
TEMPERATURE (F)
 YESTERDAY
  MAXIMUM         44    216 PM  73    1991  54    -10       62
  MINIMUM         34    601 AM  30    1982  42     -8       47
  AVERAGE         39                        48     -9       55

PRECIPITATION (IN)
  YESTERDAY        0.73          5.40 1986   0.31   0.42     0.00
  MONTH TO DATE   13.12                      7.67   5.45     3.16
  SINCE OCT 1     70.44                     43.30  27.14    52.27
  SINCE JAN 1     25.34                     18.06   7.28    17.59

SNOWFALL (IN)
  YESTERDAY       MM            MM      MM  MM     MM        0.0
  MONTH TO DATE    0.0                      MM     MM        0.0
  SINCE DEC 1      0.0                      MM     MM        0.0
  SINCE JUL 1      0.0                      MM     MM        0.0
  SNOW DEPTH       0

DEGREE DAYS
 HEATING
  YESTERDAY       26                        17      9       10
  MONTH TO DATE  322                       422   -100      312
  SINCE DEC 1   1514                      1491     23     1240
  SINCE JUL 1   2847                      3108   -261     2409

 COOLING
  YESTERDAY        0                         0      0        0
  MONTH TO DATE    0                         0      0        0
  SINCE DEC 1      0                         0      0        0
  SINCE JAN 1      0                         0      0        0
..................................................................


WIND (MPH)
  HIGHEST WIND SPEED    21   HIGHEST WIND DIRECTION    SE (150)
  HIGHEST GUST SPEED    25   HIGHEST GUST DIRECTION    SE (150)
  AVERAGE WIND SPEED     9.4


SKY COVER
  AVERAGE SKY COVER 0.8


WEATHER CONDITIONS
 THE FOLLOWING WEATHER WAS RECORDED YESTERDAY.
  HEAVY RAIN
  FOG


RELATIVE HUMIDITY (PERCENT)
 HIGHEST    92
 LOWEST     79
 AVERAGE    86

..........................................................


THE CRESCENT CITY CA CLIMATE NORMALS FOR TODAY
                         NORMAL    RECORD    YEAR
 MAXIMUM TEMPERATURE (F)   54        75      1992
 MINIMUM TEMPERATURE (F)   42        30      1962


SUNRISE AND SUNSET
FEBRUARY 25 2017......SUNRISE   657 AM PST   SUNSET   603 PM PST
FEBRUARY 26 2017......SUNRISE   656 AM PST   SUNSET   604 PM PST


-  INDICATES NEGATIVE NUMBERS.
R  INDICATES RECORD WAS SET OR TIED.
MM INDICATES DATA IS MISSING.
T  INDICATES TRACE AMOUNT.




$$
