000
CDUS46 KEKA 051214
CLICEC


CLIMATE REPORT
NATIONAL WEATHER SERVICE EUREKA CA
414 AM PST THU MAR 5 2015


...................................

...THE CRESCENT CITY CA CLIMATE SUMMARY FOR MARCH 4 2015...

CLIMATE NORMAL PERIOD 1981 TO 2010
CLIMATE RECORD PERIOD 1894 TO 2015


WEATHER ITEM   OBSERVED TIME   RECORD YEAR NORMAL DEPARTURE LAST
                VALUE   (LST)  VALUE       VALUE  FROM      YEAR
                                                  NORMAL
..................................................................
TEMPERATURE (F)
 YESTERDAY
  MAXIMUM         57    344 PM  69    1987  54      3       59
  MINIMUM         36    243 AM  28    1997  42     -6       51
  AVERAGE         47                        48     -1       55

PRECIPITATION (IN)
  YESTERDAY        0.00          2.57 1951   0.22  -0.22     0.13
  MONTH TO DATE    T                         0.96  -0.96     1.50
  SINCE OCT 1     30.49                     45.47 -14.98    17.08
  SINCE JAN 1      9.66                     20.23 -10.57    13.14

SNOWFALL (IN)
  YESTERDAY        0.0          MM      MM  MM     MM        0.0
  MONTH TO DATE    0.0                      MM     MM        0.0
  SINCE MAR 1      0.0                      MM     MM        0.0
  SINCE JUL 1      0.0                      MM     MM        0.0
  SNOW DEPTH       0

DEGREE DAYS
 HEATING
  YESTERDAY       18                        17      1       10
  MONTH TO DATE   68                        68      0       42
  SINCE MAR 1     68                        68      0       42
  SINCE JUL 1   2289                      3241   -952     3208

 COOLING
  YESTERDAY        0                         0      0        0
  MONTH TO DATE    0                         0      0        0
  SINCE MAR 1      0                         0      0        0
  SINCE JAN 1      0                         0      0        0
..................................................................


WIND (MPH)
  HIGHEST WIND SPEED     9   HIGHEST WIND DIRECTION     N (340)
  HIGHEST GUST SPEED    12   HIGHEST GUST DIRECTION    NW (330)
  AVERAGE WIND SPEED     4.7


SKY COVER
  AVERAGE SKY COVER 0.0


WEATHER CONDITIONS
 THE FOLLOWING WEATHER WAS RECORDED YESTERDAY.
  FOG
  HAZE


RELATIVE HUMIDITY (PERCENT)
 HIGHEST   100
 LOWEST     59
 AVERAGE    80

..........................................................


THE CRESCENT CITY CA CLIMATE NORMALS FOR TODAY
                         NORMAL    RECORD    YEAR
 MAXIMUM TEMPERATURE (F)   54        73      1984
 MINIMUM TEMPERATURE (F)   42        28      1999


SUNRISE AND SUNSET
MARCH  5 2015.........SUNRISE   646 AM PST   SUNSET   612 PM PST
MARCH  6 2015.........SUNRISE   644 AM PST   SUNSET   613 PM PST


-  INDICATES NEGATIVE NUMBERS.
R  INDICATES RECORD WAS SET OR TIED.
MM INDICATES DATA IS MISSING.
T  INDICATES TRACE AMOUNT.




$$
