000
CDUS46 KEKA 181216
CLICEC


CLIMATE REPORT
NATIONAL WEATHER SERVICE EUREKA CA
416 AM PST SAT NOV 18 2017


...................................

...THE CRESCENT CITY CA CLIMATE SUMMARY FOR NOVEMBER 17 2017...

CLIMATE NORMAL PERIOD 1981 TO 2010
CLIMATE RECORD PERIOD 1894 TO 2017


WEATHER ITEM   OBSERVED TIME   RECORD YEAR NORMAL DEPARTURE LAST
                VALUE   (LST)  VALUE       VALUE  FROM      YEAR
                                                  NORMAL
..................................................................
TEMPERATURE (F)
 YESTERDAY
  MAXIMUM         54    159 PM  73    1949  56     -2       55
  MINIMUM         41    827 PM  31    2000  44     -3       42
  AVERAGE         48                        50     -2       49

PRECIPITATION (IN)
  YESTERDAY        0.07          1.66 1960   0.34  -0.27     0.00
  MONTH TO DATE    5.06                      5.40  -0.34     4.53
  SINCE OCT 1      7.09                      9.64  -2.55    23.21
  SINCE JAN 1     57.57                     48.43   9.14    55.99

SNOWFALL (IN)
  YESTERDAY       MM            MM      MM  MM     MM        0.0
  MONTH TO DATE    0.0                      MM     MM        0.0
  SINCE SEP 1      0.0                      MM     MM        0.0
  SINCE JUL 1      0.0                      MM     MM        0.0
  SNOW DEPTH       0

DEGREE DAYS
 HEATING
  YESTERDAY       17                        15      2       16
  MONTH TO DATE  245                       240      5      158
  SINCE SEP 1    817                       884    -67      654
  SINCE JUL 1   1315                      1404    -89     1152

 COOLING
  YESTERDAY        0                         0      0        0
  MONTH TO DATE    0                         0      0        0
  SINCE SEP 1      6                         0      6        0
  SINCE JAN 1      6                         0      6        0
..................................................................


WIND (MPH)
  HIGHEST WIND SPEED    10   HIGHEST WIND DIRECTION     S (160)
  HIGHEST GUST SPEED    12   HIGHEST GUST DIRECTION    NE (50)
  AVERAGE WIND SPEED     5.5


SKY COVER
  AVERAGE SKY COVER 0.1


WEATHER CONDITIONS
 THE FOLLOWING WEATHER WAS RECORDED YESTERDAY.
  LIGHT RAIN
  FOG


RELATIVE HUMIDITY (PERCENT)
 HIGHEST   100
 LOWEST     66
 AVERAGE    83

..........................................................


THE CRESCENT CITY CA CLIMATE NORMALS FOR TODAY
                         NORMAL    RECORD    YEAR
 MAXIMUM TEMPERATURE (F)   55        73      1949
 MINIMUM TEMPERATURE (F)   44        30      2000


SUNRISE AND SUNSET
NOVEMBER 18 2017......SUNRISE   710 AM PST   SUNSET   454 PM PST
NOVEMBER 19 2017......SUNRISE   712 AM PST   SUNSET   453 PM PST


-  INDICATES NEGATIVE NUMBERS.
R  INDICATES RECORD WAS SET OR TIED.
MM INDICATES DATA IS MISSING.
T  INDICATES TRACE AMOUNT.




$$
