000
CDUS46 KEKA 191211
CLICEC


CLIMATE REPORT
NATIONAL WEATHER SERVICE EUREKA CA
409 AM PST THU JAN 19 2017


...................................

...THE CRESCENT CITY CA CLIMATE SUMMARY FOR JANUARY 18 2017...

CLIMATE NORMAL PERIOD 1981 TO 2010
CLIMATE RECORD PERIOD 1894 TO 2017


WEATHER ITEM   OBSERVED TIME   RECORD YEAR NORMAL DEPARTURE LAST
                VALUE   (LST)  VALUE       VALUE  FROM      YEAR
                                                  NORMAL
..................................................................
TEMPERATURE (F)
 YESTERDAY
  MAXIMUM         58    256 AM  72    1981  55      3       56
  MINIMUM         49    411 PM  28    1963  41      8       45
  AVERAGE         54                        48      6       51

PRECIPITATION (IN)
  YESTERDAY        1.73          4.73 1953   0.29   1.44     0.09
  MONTH TO DATE    9.29                      6.90   2.39     7.37
  SINCE OCT 1     54.39                     32.14  22.25    42.05
  SINCE JAN 1      9.29                      6.90   2.39     7.37

SNOWFALL (IN)
  YESTERDAY       MM            MM      MM  MM     MM       MM
  MONTH TO DATE    0.0                      MM     MM        0.0
  SINCE DEC 1      0.0                      MM     MM        0.0
  SINCE JUL 1      0.0                      MM     MM        0.0
  SNOW DEPTH       0

DEGREE DAYS
 HEATING
  YESTERDAY       11                        17     -6       14
  MONTH TO DATE  359                       306     53      259
  SINCE DEC 1    951                       845    106      754
  SINCE JUL 1   2284                      2462   -178     1923

 COOLING
  YESTERDAY        0                         0      0        0
  MONTH TO DATE    0                         0      0        0
  SINCE DEC 1      0                         0      0        0
  SINCE JAN 1      0                         0      0        0
..................................................................


WIND (MPH)
  HIGHEST WIND SPEED    41   HIGHEST WIND DIRECTION     S (160)
  HIGHEST GUST SPEED    52   HIGHEST GUST DIRECTION    SE (150)
  AVERAGE WIND SPEED    21.4


SKY COVER
  AVERAGE SKY COVER 0.9


WEATHER CONDITIONS
 THE FOLLOWING WEATHER WAS RECORDED YESTERDAY.
  HEAVY RAIN
  RAIN
  LIGHT RAIN
  FOG


RELATIVE HUMIDITY (PERCENT)
 HIGHEST    93
 LOWEST     67
 AVERAGE    80

..........................................................


THE CRESCENT CITY CA CLIMATE NORMALS FOR TODAY
                         NORMAL    RECORD    YEAR
 MAXIMUM TEMPERATURE (F)   55        72      1981
 MINIMUM TEMPERATURE (F)   41        31      2013


SUNRISE AND SUNSET
JANUARY 19 2017.......SUNRISE   739 AM PST   SUNSET   517 PM PST
JANUARY 20 2017.......SUNRISE   739 AM PST   SUNSET   518 PM PST


-  INDICATES NEGATIVE NUMBERS.
R  INDICATES RECORD WAS SET OR TIED.
MM INDICATES DATA IS MISSING.
T  INDICATES TRACE AMOUNT.




$$
