000
CDUS45 KGJT 302330
CLICEZ


CLIMATE REPORT
NATIONAL WEATHER SERVICE GRAND JUNCTION CO
530 PM MDT SAT AUG 30 2014


...................................

...THE CORTEZ CO CLIMATE SUMMARY FOR AUGUST 30 2014...
VALID TODAY AS OF 0500 PM LOCAL TIME.

CLIMATE NORMAL PERIOD 1981 TO 2010
CLIMATE RECORD PERIOD 9999 TO 9999


WEATHER ITEM   OBSERVED TIME   RECORD YEAR NORMAL DEPARTURE LAST
                VALUE   (LST)  VALUE       VALUE  FROM      YEAR
                                                  NORMAL
..................................................................
TEMPERATURE (F)
 TODAY
  MAXIMUM         88    206 PM  MM      MM  83      5       90
  MINIMUM         45    521 AM  MM      MM  49     -4       60
  AVERAGE         67                        66      1       75

PRECIPITATION (IN)
  TODAY            0.00         MM      MM   0.05  -0.05     0.63
  MONTH TO DATE    1.42                      1.48  -0.06     3.85
  SINCE JUN 1      2.11                      3.25  -1.14     4.79
  SINCE JAN 1      5.10                      8.39  -3.29     8.12

SNOWFALL (IN)
  TODAY           MM            MM      MM  MM     MM       MM
  MONTH TO DATE   MM                        MM     MM       MM
  SINCE JUN 1     MM                        MM     MM       MM
  SINCE JUL 1     MM                        MM     MM       MM
  SNOW DEPTH      MM

DEGREE DAYS
 HEATING
  TODAY            0                         1     -1        0
  MONTH TO DATE   10                         6      4        0
  SINCE JUN 1     41                        84    -43       12
  SINCE JUL 1     10                         9      1        0

 COOLING
  TODAY            2                         2      0       10
  MONTH TO DATE  126                       144    -18      173
  SINCE JUN 1    491                       403     88      598
  SINCE JAN 1    507                       408     99      598
..................................................................


WIND (MPH)
  HIGHEST WIND SPEED    17   HIGHEST WIND DIRECTION     W (290)
  HIGHEST GUST SPEED    26   HIGHEST GUST DIRECTION    NW (320)
  AVERAGE WIND SPEED     6.2


SKY COVER
  POSSIBLE SUNSHINE  MM
  AVERAGE SKY COVER 0.0


WEATHER CONDITIONS
 THE FOLLOWING WEATHER WAS RECORDED TODAY.
  NO SIGNIFICANT WEATHER WAS OBSERVED.


RELATIVE HUMIDITY (PERCENT)
 HIGHEST    92           500 AM
 LOWEST     16           200 PM
 AVERAGE    54

..........................................................


THE CORTEZ CO CLIMATE NORMALS FOR TOMORROW
                         NORMAL    RECORD    YEAR
 MAXIMUM TEMPERATURE (F)   83        MM        MM
 MINIMUM TEMPERATURE (F)   49        MM        MM


SUNRISE AND SUNSET
AUGUST 30 2014........SUNRISE   643 AM MDT   SUNSET   746 PM MDT
AUGUST 31 2014........SUNRISE   644 AM MDT   SUNSET   745 PM MDT


-  INDICATES NEGATIVE NUMBERS.
R  INDICATES RECORD WAS SET OR TIED.
MM INDICATES DATA IS MISSING.
T  INDICATES TRACE AMOUNT.




$$
