000
CDUS45 KGJT 290743
CLICEZ


CLIMATE REPORT
NATIONAL WEATHER SERVICE GRAND JUNCTION CO
140 AM MDT THU JUN 29 2017


...................................

...THE CORTEZ CO CLIMATE SUMMARY FOR JUNE 28 2017...

CLIMATE NORMAL PERIOD 1981 TO 2010
CLIMATE RECORD PERIOD 9999 TO 9999


WEATHER ITEM   OBSERVED TIME   RECORD YEAR NORMAL DEPARTURE LAST
                VALUE   (LST)  VALUE       VALUE  FROM      YEAR
                                                  NORMAL
..................................................................
TEMPERATURE (F)
 YESTERDAY
  MAXIMUM         93    411 PM  MM      MM  89      4       94
  MINIMUM         42    507 AM  MM      MM  48     -6       56
  AVERAGE         68                        68      0       75

PRECIPITATION (IN)
  YESTERDAY        0.00         MM      MM   0.01  -0.01     0.05
  MONTH TO DATE    T                         0.45  -0.45     0.18
  SINCE JUN 1      T                         0.45  -0.45     0.18
  SINCE JAN 1      6.07                      5.59   0.48     3.49

SNOWFALL (IN)
  YESTERDAY       MM            MM      MM  MM     MM       MM
  MONTH TO DATE   MM                        MM     MM       MM
  SINCE JUN 1     MM                        MM     MM       MM
  SINCE JUL 1     MM                        MM     MM       MM
  SNOW DEPTH      MM

DEGREE DAYS
 HEATING
  YESTERDAY        0                         0      0        0
  MONTH TO DATE   21                        74    -53       12
  SINCE JUN 1     21                        74    -53       12
  SINCE JUL 1   5644                      6441   -797     6168

 COOLING
  YESTERDAY        3                         4     -1       10
  MONTH TO DATE  113                        51     62      152
  SINCE JUN 1    113                        51     62      152
  SINCE JAN 1    117                        56     61      152
..................................................................


WIND (MPH)
  HIGHEST WIND SPEED    25   HIGHEST WIND DIRECTION    SW (240)
  HIGHEST GUST SPEED    39   HIGHEST GUST DIRECTION    SW (220)
  AVERAGE WIND SPEED     8.6


SKY COVER
  POSSIBLE SUNSHINE  MM
  AVERAGE SKY COVER 0.0


WEATHER CONDITIONS
 THE FOLLOWING WEATHER WAS RECORDED YESTERDAY.
  NO SIGNIFICANT WEATHER WAS OBSERVED.


RELATIVE HUMIDITY (PERCENT)
 HIGHEST    53           500 AM
 LOWEST      3           400 PM
 AVERAGE    28

..........................................................


THE CORTEZ CO CLIMATE NORMALS FOR TODAY
                         NORMAL    RECORD    YEAR
 MAXIMUM TEMPERATURE (F)   89        MM        MM
 MINIMUM TEMPERATURE (F)   48        MM        MM


SUNRISE AND SUNSET
JUNE 29 2017..........SUNRISE   557 AM MDT   SUNSET   839 PM MDT
JUNE 30 2017..........SUNRISE   557 AM MDT   SUNSET   839 PM MDT


-  INDICATES NEGATIVE NUMBERS.
R  INDICATES RECORD WAS SET OR TIED.
MM INDICATES DATA IS MISSING.
T  INDICATES TRACE AMOUNT.




$$
