000
CDUS45 KGJT 280740
CLICEZ


CLIMATE REPORT
NATIONAL WEATHER SERVICE GRAND JUNCTION CO
137 AM MDT TUE JUL 28 2015


...................................

...THE CORTEZ CO CLIMATE SUMMARY FOR JULY 27 2015...

CLIMATE NORMAL PERIOD 1981 TO 2010
CLIMATE RECORD PERIOD 9999 TO 9999


WEATHER ITEM   OBSERVED TIME   RECORD YEAR NORMAL DEPARTURE LAST
                VALUE   (LST)  VALUE       VALUE  FROM      YEAR
                                                  NORMAL
..................................................................
TEMPERATURE (F)
 YESTERDAY
  MAXIMUM         92    215 PM  MM      MM  90      2       95
  MINIMUM         56   1159 PM  MM      MM  55      1       59
  AVERAGE         74                        72      2       77

PRECIPITATION (IN)
  YESTERDAY        0.00         MM      MM   0.07  -0.07     0.05
  MONTH TO DATE    1.71                      0.96   0.75     0.46
  SINCE JUN 1      3.34                      1.44   1.90     0.46
  SINCE JAN 1      7.34                      6.58   0.76     3.45

SNOWFALL (IN)
  YESTERDAY       MM            MM      MM  MM     MM       MM
  MONTH TO DATE   MM                        MM     MM       MM
  SINCE JUN 1     MM                        MM     MM       MM
  SINCE JUL 1     MM                        MM     MM       MM
  SNOW DEPTH      MM

DEGREE DAYS
 HEATING
  YESTERDAY        0                         0      0        0
  MONTH TO DATE    0                         0      0        0
  SINCE JUN 1     40                        75    -35       31
  SINCE JUL 1      0                         0      0        0

 COOLING
  YESTERDAY        9                         7      2       12
  MONTH TO DATE  139                       170    -31      277
  SINCE JUN 1    254                       228     26      334
  SINCE JAN 1    254                       233     21      350
..................................................................


WIND (MPH)
  HIGHEST WIND SPEED    23   HIGHEST WIND DIRECTION    SW (240)
  HIGHEST GUST SPEED    29   HIGHEST GUST DIRECTION     W (250)
  AVERAGE WIND SPEED     9.0


SKY COVER
  POSSIBLE SUNSHINE  MM
  AVERAGE SKY COVER 0.1


WEATHER CONDITIONS
 THE FOLLOWING WEATHER WAS RECORDED YESTERDAY.
  NO SIGNIFICANT WEATHER WAS OBSERVED.


RELATIVE HUMIDITY (PERCENT)
 HIGHEST    69           600 AM
 LOWEST     12           400 PM
 AVERAGE    41

..........................................................


THE CORTEZ CO CLIMATE NORMALS FOR TODAY
                         NORMAL    RECORD    YEAR
 MAXIMUM TEMPERATURE (F)   90        MM        MM
 MINIMUM TEMPERATURE (F)   55        MM        MM


SUNRISE AND SUNSET
JULY 28 2015..........SUNRISE   616 AM MDT   SUNSET   826 PM MDT
JULY 29 2015..........SUNRISE   616 AM MDT   SUNSET   825 PM MDT


-  INDICATES NEGATIVE NUMBERS.
R  INDICATES RECORD WAS SET OR TIED.
MM INDICATES DATA IS MISSING.
T  INDICATES TRACE AMOUNT.




$$
