000
CDUS43 KPAH 010630
CLICGI


CLIMATE REPORT
NATIONAL WEATHER SERVICE PADUCAH KY
127 AM CDT SAT AUG 1 2015

...................................

...THE CAPE GIRARDEAU MO CLIMATE SUMMARY FOR JULY 31 2015...

CLIMATE NORMAL PERIOD 1981 TO 2010
CLIMATE RECORD PERIOD 1960 TO 2015

WEATHER ITEM   OBSERVED TIME   RECORD YEAR NORMAL DEPARTURE LAST
                VALUE   (LST)  VALUE       VALUE  FROM      YEAR
                                                  NORMAL
..................................................................
TEMPERATURE (F)
 YESTERDAY
  MAXIMUM         91    444 PM 101    1980  89      2       80
  MINIMUM         64    520 AM  52    1971  67     -3       59
  AVERAGE         78                        78      0

PRECIPITATION (IN)
  YESTERDAY        0.00          1.55 1976   0.11  -0.11     0.00
  MONTH TO DATE    9.63                      3.36   6.27     2.92
  SINCE JUN 1     13.95                      6.93   7.02    10.42
  SINCE JAN 1     39.39                     28.03  11.36    28.81

DEGREE DAYS
 HEATING
  YESTERDAY        0                         0      0        0
  MONTH TO DATE    0                         0      0        0
  SINCE JUN 1      5                         4      1        0
  SINCE JUL 1      0                         0      0        0

 COOLING
  YESTERDAY       13                        13      0        5
  MONTH TO DATE  469                       422     47      275
  SINCE JUN 1    850                       734    116      634
  SINCE JAN 1   1027                       886    141      845
..................................................................

WIND (MPH)
  HIGHEST WIND SPEED    13   HIGHEST WIND DIRECTION     N (10)
  HIGHEST GUST SPEED    15   HIGHEST GUST DIRECTION     N (20)
  AVERAGE WIND SPEED     4.4

SKY COVER
  AVERAGE SKY COVER 0.0

WEATHER CONDITIONS
 THE FOLLOWING WEATHER WAS RECORDED YESTERDAY.
  NO SIGNIFICANT WEATHER WAS OBSERVED.

RELATIVE HUMIDITY (PERCENT)
 HIGHEST   100
 LOWEST     38
 AVERAGE    69
..........................................................

THE CAPE GIRARDEAU MO CLIMATE NORMALS FOR TODAY
                         NORMAL    RECORD    YEAR
 MAXIMUM TEMPERATURE (F)   89        98      1970
 MINIMUM TEMPERATURE (F)   67        54      1971

SUNRISE AND SUNSET
AUGUST  1 2015........SUNRISE   603 AM CDT   SUNSET   806 PM CDT
AUGUST  2 2015........SUNRISE   604 AM CDT   SUNSET   805 PM CDT

-  INDICATES NEGATIVE NUMBERS.
R  INDICATES RECORD WAS SET OR TIED.
MM INDICATES DATA IS MISSING.
T  INDICATES TRACE AMOUNT.

$$
