000
CDUS43 KPAH 190632
CLICGI


CLIMATE REPORT
NATIONAL WEATHER SERVICE PADUCAH KY
130 AM CDT TUE SEP 19 2017


...................................

...THE CAPE GIRARDEAU MO CLIMATE SUMMARY FOR SEPTEMBER 18 2017...

CLIMATE NORMAL PERIOD 1981 TO 2010
CLIMATE RECORD PERIOD 1960 TO 2017


WEATHER ITEM   OBSERVED TIME   RECORD YEAR NORMAL DEPARTURE LAST
                VALUE   (LST)  VALUE       VALUE  FROM      YEAR
                                                  NORMAL
..................................................................
TEMPERATURE (F)
 YESTERDAY
  MAXIMUM         88    153 PM  93    1965  80      8       83
  MINIMUM         63    227 AM  43    1981  55      8       64
  AVERAGE         76                        68      8

PRECIPITATION (IN)
  YESTERDAY        0.00          0.89 1970   0.10  -0.10     0.00
  MONTH TO DATE    0.41                      2.00  -1.59     5.01
  SINCE SEP 1      0.41                      2.00  -1.59     5.01
  SINCE JAN 1     26.16                     33.05  -6.89    41.71

DEGREE DAYS
 HEATING
  YESTERDAY        0                         2     -2        0
  MONTH TO DATE   14                         9      5        0
  SINCE SEP 1     14                         9      5        0
  SINCE JUL 1     14                        10      4        0

 COOLING
  YESTERDAY       11                         5      6        9
  MONTH TO DATE   76                       124    -48      183
  SINCE SEP 1     76                       124    -48      183
  SINCE JAN 1   1278                      1384   -106     1626
..................................................................


WIND (MPH)
  HIGHEST WIND SPEED    18   HIGHEST WIND DIRECTION    NW (330)
  HIGHEST GUST SPEED    24   HIGHEST GUST DIRECTION    NW (330)
  AVERAGE WIND SPEED     2.6


SKY COVER
  AVERAGE SKY COVER 0.5


WEATHER CONDITIONS
 THE FOLLOWING WEATHER WAS RECORDED YESTERDAY.
  THUNDERSTORM
  FOG
  FOG W/VISIBILITY <= 1/4 MILE


RELATIVE HUMIDITY (PERCENT)
 HIGHEST   100
 LOWEST     50
 AVERAGE    75

..........................................................


THE CAPE GIRARDEAU MO CLIMATE NORMALS FOR TODAY
                         NORMAL    RECORD    YEAR
 MAXIMUM TEMPERATURE (F)   80        94      1972
 MINIMUM TEMPERATURE (F)   55        40      1973


SUNRISE AND SUNSET
SEPTEMBER 19 2017.....SUNRISE   644 AM CDT   SUNSET   659 PM CDT
SEPTEMBER 20 2017.....SUNRISE   645 AM CDT   SUNSET   658 PM CDT


-  INDICATES NEGATIVE NUMBERS.
R  INDICATES RECORD WAS SET OR TIED.
MM INDICATES DATA IS MISSING.
T  INDICATES TRACE AMOUNT.




$$
