000
CDUS43 KPAH 282130
CLICGI


CLIMATE REPORT
NATIONAL WEATHER SERVICE PADUCAH KY
430 PM CDT TUE MAR 28 2017


...................................

...THE CAPE GIRARDEAU MO CLIMATE SUMMARY FOR MARCH 28 2017...
VALID TODAY AS OF 0400 PM LOCAL TIME.

CLIMATE NORMAL PERIOD 1981 TO 2010
CLIMATE RECORD PERIOD 1960 TO 2017


WEATHER ITEM   OBSERVED TIME   RECORD YEAR NORMAL DEPARTURE LAST
                VALUE   (LST)  VALUE       VALUE  FROM      YEAR
                                                  NORMAL
..................................................................
TEMPERATURE (F)
 TODAY
  MAXIMUM         60    259 PM  83    1985  63     -3       63
  MINIMUM         51    216 AM  25    2001  39     12       32
  AVERAGE         56                        51      5

PRECIPITATION (IN)
  TODAY            0.00          2.43 1975   0.15  -0.15     0.00
  MONTH TO DATE    2.66                      3.92  -1.26     3.37
  SINCE MAR 1      2.66                      3.92  -1.26     3.37
  SINCE JAN 1      5.68                     10.80  -5.12     8.15

DEGREE DAYS
 HEATING
  TODAY            9                        14     -5       17
  MONTH TO DATE  461                       518    -57      362
  SINCE MAR 1    461                       518    -57      362
  SINCE JUL 1   3196                      4015   -819     3254

 COOLING
  TODAY            0                         0      0        0
  MONTH TO DATE    3                         0      3        0
  SINCE MAR 1      3                         0      3        0
  SINCE JAN 1      3                         0      3        0
..................................................................


WIND (MPH)
  HIGHEST WIND SPEED    13   HIGHEST WIND DIRECTION     N (20)
  HIGHEST GUST SPEED    15   HIGHEST GUST DIRECTION     N (20)
  AVERAGE WIND SPEED     6.3


SKY COVER
  AVERAGE SKY COVER 0.9


WEATHER CONDITIONS
 THE FOLLOWING WEATHER WAS RECORDED TODAY.
  FOG


RELATIVE HUMIDITY (PERCENT)
 HIGHEST    96
 LOWEST     72
 AVERAGE    84

..........................................................


THE CAPE GIRARDEAU MO CLIMATE NORMALS FOR TOMORROW
                         NORMAL
 MAXIMUM TEMPERATURE (F)   63
 MINIMUM TEMPERATURE (F)   40


SUNRISE AND SUNSET
MARCH 28 2017.........SUNRISE   650 AM CDT   SUNSET   718 PM CDT
MARCH 29 2017.........SUNRISE   648 AM CDT   SUNSET   719 PM CDT


-  INDICATES NEGATIVE NUMBERS.
R  INDICATES RECORD WAS SET OR TIED.
MM INDICATES DATA IS MISSING.
T  INDICATES TRACE AMOUNT.




$$
