000
CDUS44 KMRX 171217
CLICHA

CLIMATE REPORT NATIONAL WEATHER SERVICE MORRISTOWN TN
817 AM EDT THU APR 17 2014

...................................

...THE CHATTANOOGA CLIMATE SUMMARY FOR APRIL 16 2014...

CLIMATE NORMAL PERIOD 1981 TO 2010
CLIMATE RECORD PERIOD 1879 TO 2014


WEATHER ITEM   OBSERVED TIME   RECORD YEAR NORMAL DEPARTURE LAST
                VALUE   (LST)  VALUE       VALUE  FROM      YEAR
                                                  NORMAL
..................................................................
TEMPERATURE (F)
 YESTERDAY
  MAXIMUM         65    530 PM  89    2002  73     -8       80
  MINIMUM         35    625 AM  31    1975  48    -13       57
                                      1950
  AVERAGE         50                        61    -11       69

PRECIPITATION (IN)
  YESTERDAY        0.00          3.86 1921   0.12  -0.12     0.06
  MONTH TO DATE    2.87                      2.17   0.70     2.69
  SINCE MAR 1      5.25                      7.15  -1.90     7.40
  SINCE JAN 1     12.84                     16.90  -4.06    21.08

SNOWFALL (IN)
  YESTERDAY        0.0                       0.0    0.0      0.0
  MONTH TO DATE    0.0                       0.1   -0.1      0.0
  SINCE MAR 1      T                         1.3   -1.3       T
  SINCE JUL 1      8.4                       3.9    4.5      0.3
  SNOW DEPTH       0

DEGREE DAYS
 HEATING
  YESTERDAY       15                         6      9        0
  MONTH TO DATE   97                       118    -21       95
  SINCE MAR 1    532                       522     10      646
  SINCE JUL 1   3326                      3144    182     2962

 COOLING
  YESTERDAY        0                         1     -1        4
  MONTH TO DATE   15                        16     -1       20
  SINCE MAR 1     15                        23     -8       23
  SINCE JAN 1     15                        23     -8       25
..................................................................


WIND (MPH)
  HIGHEST WIND SPEED    17   HIGHEST WIND DIRECTION    NE (30)
  HIGHEST GUST SPEED    22   HIGHEST GUST DIRECTION    NE (40)
  AVERAGE WIND SPEED     8.7


SKY COVER
  POSSIBLE SUNSHINE  MM
  AVERAGE SKY COVER  MM


WEATHER CONDITIONS
 THE FOLLOWING WEATHER WAS RECORDED YESTERDAY.
  NO SIGNIFICANT WEATHER WAS OBSERVED.


RELATIVE HUMIDITY (PERCENT)
 HIGHEST    59          1200 AM
 LOWEST     19           600 PM
 AVERAGE    39

..........................................................


THE CHATTANOOGA  ASOS CLIMATE NORMALS FOR TODAY
                         NORMAL    RECORD    YEAR
 MAXIMUM TEMPERATURE (F)   73        91      1955
 MINIMUM TEMPERATURE (F)   49        30      1953
                                             1949


SUNRISE AND SUNSET
APRIL 17 2014.........SUNRISE   706 AM EDT   SUNSET   815 PM EDT
APRIL 18 2014.........SUNRISE   705 AM EDT   SUNSET   816 PM EDT


-  INDICATES NEGATIVE NUMBERS.
R  INDICATES RECORD WAS SET OR TIED.
MM INDICATES DATA IS MISSING.
T  INDICATES TRACE AMOUNT.

&&

THE LOW TEMPERATURE THIS MORNING WAS 40.
THERE HAS BEEN NO PRECIPITATION SINCE MIDNIGHT.


$$
