000
CDUS44 KMRX 112249
CLICHA


CLIMATE REPORT
NATIONAL WEATHER SERVICE MORRISTOWN TN
549 PM EST MON DEC 11 2017


...................................

...THE CHATTANOOGA  ASOS CLIMATE SUMMARY FOR DECEMBER 11 2017...
VALID TODAY AS OF 0500 PM LOCAL TIME.

CLIMATE NORMAL PERIOD 1981 TO 2010
CLIMATE RECORD PERIOD 1879 TO 2017


WEATHER ITEM   OBSERVED TIME   RECORD YEAR NORMAL DEPARTURE LAST
                VALUE   (LST)  VALUE       VALUE  FROM      YEAR
                                                  NORMAL
..................................................................
TEMPERATURE (F)
 TODAY
  MAXIMUM         59    354 PM  77    2007  53      6       51
  MINIMUM         28    748 AM  10    1962  34     -6       24
  AVERAGE         44                        43      1       38

PRECIPITATION (IN)
  TODAY            0.00          3.15 1961   0.17  -0.17     0.00
  MONTH TO DATE    0.90                      1.91  -1.01     2.89
  SINCE DEC 1      0.90                      1.91  -1.01     2.89
  SINCE JAN 1     56.04                     49.49   6.55    33.42

SNOWFALL (IN)
  TODAY            0.0                       0.0    0.0      0.0
  MONTH TO DATE    0.4                       0.0    0.4      0.0
  SINCE DEC 1      0.4                       0.0    0.4      0.0
  SINCE JUL 1      0.4                       T      0.4      0.0
  SNOW DEPTH       0

DEGREE DAYS
 HEATING
  TODAY           21                        22     -1       27
  MONTH TO DATE  210                       226    -16      241
  SINCE DEC 1    210                       226    -16      241
  SINCE JUL 1    721                       815    -94      561

 COOLING
  TODAY            0                         0      0        0
  MONTH TO DATE    0                         0      0        0
  SINCE DEC 1      0                         0      0        0
  SINCE JAN 1   1965                      1741    224     2477
..................................................................


WIND (MPH)
  HIGHEST WIND SPEED    12   HIGHEST WIND DIRECTION     S (160)
  HIGHEST GUST SPEED    16   HIGHEST GUST DIRECTION     S (160)
  AVERAGE WIND SPEED     2.4


SKY COVER
  POSSIBLE SUNSHINE  MM
  AVERAGE SKY COVER 0.0


WEATHER CONDITIONS
 THE FOLLOWING WEATHER WAS RECORDED TODAY.
  NO SIGNIFICANT WEATHER WAS OBSERVED.


RELATIVE HUMIDITY (PERCENT)
 HIGHEST    92           500 AM
 LOWEST     33           400 PM
 AVERAGE    63

..........................................................


THE CHATTANOOGA  ASOS CLIMATE NORMALS FOR TOMORROW
                         NORMAL    RECORD    YEAR
 MAXIMUM TEMPERATURE (F)   53        73      2015
 MINIMUM TEMPERATURE (F)   34         2      1962


SUNRISE AND SUNSET
DECEMBER 11 2017......SUNRISE   739 AM EST   SUNSET   529 PM EST
DECEMBER 12 2017......SUNRISE   740 AM EST   SUNSET   530 PM EST


-  INDICATES NEGATIVE NUMBERS.
R  INDICATES RECORD WAS SET OR TIED.
MM INDICATES DATA IS MISSING.
T  INDICATES TRACE AMOUNT.




$$
