000
CDUS44 KMRX 020842
CLICHA

CLIMATE REPORT
NATIONAL WEATHER SERVICE MORRISTOWN TN
440 AM EDT THU OCT 2 2014


...................................

...THE CHATTANOOGA CLIMATE SUMMARY FOR OCTOBER 1 2014...

CLIMATE NORMAL PERIOD 1981 TO 2010
CLIMATE RECORD PERIOD 1879 TO 2014


WEATHER ITEM   OBSERVED TIME   RECORD YEAR NORMAL DEPARTURE LAST
                VALUE   (LST)  VALUE       VALUE  FROM      YEAR
                                                  NORMAL
..................................................................
TEMPERATURE (F)
 YESTERDAY
  MAXIMUM         87    310 PM  90    1971  78      9       83
                                      1941
                                      1919
  MINIMUM         60    659 AM  39    1972  56      4       58
                                      1949
                                      1946
  AVERAGE         74                        67      7       71

PRECIPITATION (IN)
  YESTERDAY        0.00          2.58 1985   0.12  -0.12      T
  MONTH TO DATE    0.00                      0.12  -0.12      T
  SINCE SEP 1      2.48                      4.16  -1.68     2.11
  SINCE JAN 1     31.13                     39.42  -8.29    56.31

SNOWFALL (IN)
  YESTERDAY        0.0                       0.0    0.0      0.0
  MONTH TO DATE    0.0                       0.0    0.0      0.0
  SINCE SEP 1      0.0                       0.0    0.0      0.0
  SINCE JUL 1      0.0                       0.0    0.0      0.0
  SNOW DEPTH       0

DEGREE DAYS
 HEATING
  YESTERDAY        0                         2     -2        0
  MONTH TO DATE    0                         2     -2        0
  SINCE SEP 1      0                        17    -17        0
  SINCE JUL 1      0                        17    -17        0

 COOLING
  YESTERDAY        9                         4      5        6
  MONTH TO DATE    9                         4      5        6
  SINCE SEP 1    334                       243     91      284
  SINCE JAN 1   1835                      1693    142     1676
..................................................................


WIND (MPH)
  HIGHEST WIND SPEED     9   HIGHEST WIND DIRECTION     E (100)
  HIGHEST GUST SPEED    14   HIGHEST GUST DIRECTION     E (90)
  AVERAGE WIND SPEED     1.1


SKY COVER
  POSSIBLE SUNSHINE  MM
  AVERAGE SKY COVER  MM


WEATHER CONDITIONS
 THE FOLLOWING WEATHER WAS RECORDED YESTERDAY.
  FOG
  HAZE


RELATIVE HUMIDITY (PERCENT)
 HIGHEST    93          1200 AM
 LOWEST     34           300 PM
 AVERAGE    64

..........................................................


THE CHATTANOOGA CLIMATE NORMALS FOR TODAY
                         NORMAL    RECORD    YEAR
 MAXIMUM TEMPERATURE (F)   78        92      1954
 MINIMUM TEMPERATURE (F)   55        36      1984
                                             1895


SUNRISE AND SUNSET
OCTOBER  2 2014.......SUNRISE   736 AM EDT   SUNSET   723 PM EDT
OCTOBER  3 2014.......SUNRISE   737 AM EDT   SUNSET   722 PM EDT


-  INDICATES NEGATIVE NUMBERS.
R  INDICATES RECORD WAS SET OR TIED.
MM INDICATES DATA IS MISSING.
T  INDICATES TRACE AMOUNT.




$$
