000
CDUS44 KMRX 250817
CLICHA


CLIMATE REPORT
NATIONAL WEATHER SERVICE MORRISTOWN TN
416 AM EDT MON JUL 25 2016


...................................

...THE CHATTANOOGA  ASOS CLIMATE SUMMARY FOR JULY 24 2016...

CLIMATE NORMAL PERIOD 1981 TO 2010
CLIMATE RECORD PERIOD 1879 TO 2016


WEATHER ITEM   OBSERVED TIME   RECORD YEAR NORMAL DEPARTURE LAST
                VALUE   (LST)  VALUE       VALUE  FROM      YEAR
                                                  NORMAL
..................................................................
TEMPERATURE (F)
 YESTERDAY
  MAXIMUM         98    247 PM 101    1952  90      8       91
  MINIMUM         73    615 AM  56    1947  70      3       73
  AVERAGE         86                        80      6       82

PRECIPITATION (IN)
  YESTERDAY        0.41          1.86 1890   0.16   0.25     0.00
  MONTH TO DATE    1.63                      3.85  -2.22     6.18
  SINCE JUN 1      2.85                      7.90  -5.05    10.29
  SINCE JAN 1     20.09                     30.72 -10.63    33.49

DEGREE DAYS
 COOLING
  YESTERDAY       21                        15      6       17
  MONTH TO DATE  454                       356     98      384
  SINCE JUN 1    926                       701    225      825
  SINCE JAN 1   1202                       897    305     1101
..................................................................


WIND (MPH)
  HIGHEST WIND SPEED    18   HIGHEST WIND DIRECTION     E (70)
  HIGHEST GUST SPEED    24   HIGHEST GUST DIRECTION     E (70)
  AVERAGE WIND SPEED     2.3


SKY COVER
  POSSIBLE SUNSHINE  MM
  AVERAGE SKY COVER 0.5


WEATHER CONDITIONS
 THE FOLLOWING WEATHER WAS RECORDED YESTERDAY.
  THUNDERSTORM
  LIGHT RAIN
  FOG


RELATIVE HUMIDITY (PERCENT)
 HIGHEST    93           400 AM
 LOWEST     40           300 PM
 AVERAGE    67

..........................................................


THE CHATTANOOGA  ASOS CLIMATE NORMALS FOR TODAY
                         NORMAL    RECORD    YEAR
 MAXIMUM TEMPERATURE (F)   90       101      1952
 MINIMUM TEMPERATURE (F)   70        58      1948
                                             1947


SUNRISE AND SUNSET
JULY 25 2016..........SUNRISE   645 AM EDT   SUNSET   849 PM EDT
JULY 26 2016..........SUNRISE   646 AM EDT   SUNSET   848 PM EDT


-  INDICATES NEGATIVE NUMBERS.
R  INDICATES RECORD WAS SET OR TIED.
MM INDICATES DATA IS MISSING.
T  INDICATES TRACE AMOUNT.




$$
