000
CDUS44 KMRX 312232
CLICHA

CLIMATE REPORT NATIONAL WEATHER SERVICE MORRISTOWN TN
531 PM EST SAT JAN 31 2015

...................................

...THE CHATTANOOGA  CLIMATE SUMMARY FOR JANUARY 31 2015... VALID
TODAY AS OF 0500 PM LOCAL TIME.

CLIMATE NORMAL PERIOD 1981 TO 2010
CLIMATE RECORD PERIOD 1879 TO 2015


WEATHER ITEM   OBSERVED TIME   RECORD YEAR NORMAL DEPARTURE LAST
                VALUE   (LST)  VALUE       VALUE  FROM      YEAR
                                                  NORMAL
..................................................................
TEMPERATURE (F)
 TODAY
  MAXIMUM         48    448 PM  73    2002  52     -4       55
  MINIMUM         28    557 AM -10    1966  31     -3       19
  AVERAGE         38                        42     -4       37

PRECIPITATION (IN)
  TODAY            0.00          3.25 1957   0.16  -0.16     0.00
  MONTH TO DATE    3.49                      4.91  -1.42     2.40
  SINCE DEC 1      7.89                      9.81  -1.92    10.38
  SINCE JAN 1      3.49                      4.91  -1.42     2.40

SNOWFALL (IN)
  TODAY            0.0                       0.0    0.0      0.0
  MONTH TO DATE    0.7                       1.7   -1.0      1.2
  SINCE DEC 1      0.7                       2.0   -1.3      1.2
  SINCE JUL 1      0.7                       2.0   -1.3      1.2
  SNOW DEPTH       0

DEGREE DAYS
 HEATING
  TODAY           27                        23      4       28
  MONTH TO DATE  774                       764     10      963
  SINCE DEC 1   1360                      1456    -96     1580
  SINCE JUL 1   2036                      2045     -9     2211

 COOLING
  TODAY            0                         0      0        0
  MONTH TO DATE    0                         0      0        0
  SINCE DEC 1      0                         1     -1        4
  SINCE JAN 1      0                         0      0        0
..................................................................


WIND (MPH)
  HIGHEST WIND SPEED     9   HIGHEST WIND DIRECTION     N (20)
  HIGHEST GUST SPEED    12   HIGHEST GUST DIRECTION     N (10)
  AVERAGE WIND SPEED     4.5


SKY COVER
  POSSIBLE SUNSHINE  MM
  AVERAGE SKY COVER 0.5


WEATHER CONDITIONS
 THE FOLLOWING WEATHER WAS RECORDED TODAY.
  NO SIGNIFICANT WEATHER WAS OBSERVED.


RELATIVE HUMIDITY (PERCENT)
 HIGHEST    75           200 AM
 LOWEST     29           500 PM
 AVERAGE    52

..........................................................


THE CHATTANOOGA  ASOS CLIMATE NORMALS FOR TOMORROW
                         NORMAL    RECORD    YEAR
 MAXIMUM TEMPERATURE (F)   52        72      1890
                                             1887
 MINIMUM TEMPERATURE (F)   32        10      1900


SUNRISE AND SUNSET
JANUARY 31 2015.......SUNRISE   741 AM EST   SUNSET   608 PM EST
FEBRUARY  1 2015......SUNRISE   740 AM EST   SUNSET   609 PM EST


-  INDICATES NEGATIVE NUMBERS.
R  INDICATES RECORD WAS SET OR TIED.
MM INDICATES DATA IS MISSING.
T  INDICATES TRACE AMOUNT.




$$
