000
CDUS41 KLWX 220535
CLICHO


CLIMATE REPORT
NATIONAL WEATHER SERVICE BALTIMORE MD/WASHINGTON DC
134 AM EDT MON SEP 22 2014


...................................

...THE CHARLOTTESVILLE VA CLIMATE SUMMARY FOR SEPTEMBER 21 2014...

CLIMATE NORMAL PERIOD 1981 TO 2010
CLIMATE RECORD PERIOD 1889 TO 2014


WEATHER ITEM   OBSERVED TIME   RECORD YEAR NORMAL DEPARTURE LAST
                VALUE   (LST)  VALUE       VALUE  FROM      YEAR
                                                  NORMAL
..................................................................
TEMPERATURE (F)
 YESTERDAY
  MAXIMUM         87    345 PM  MM      MM  76     11       68
  MINIMUM         54    551 AM  MM      MM  54      0       59
  AVERAGE         71                        65      6       64

PRECIPITATION (IN)
  YESTERDAY        T                         0.17  -0.17     0.58
  MONTH TO DATE    0.28                      2.86  -2.58     0.65
  SINCE SEP 1      0.28                      2.86  -2.58     0.65
  SINCE JAN 1     28.78                     31.00  -2.22    34.17

DEGREE DAYS
 HEATING
  YESTERDAY        0                         3     -3        1
  MONTH TO DATE    7                        20    -13       34
  SINCE SEP 1      7                        20    -13       34
  SINCE JUL 1      7                        23    -16       39

 COOLING
  YESTERDAY        6                         3      3        0
  MONTH TO DATE  147                        96     51      106
  SINCE SEP 1    147                        96     51      106
  SINCE JAN 1   1075                      1006     69     1108
..................................................................


WIND (MPH)
  HIGHEST WIND SPEED    14   HIGHEST WIND DIRECTION    SW (210)
  HIGHEST GUST SPEED    19   HIGHEST GUST DIRECTION     W (280)
  AVERAGE WIND SPEED     4.5


SKY COVER
  POSSIBLE SUNSHINE  MM
  AVERAGE SKY COVER 0.1


WEATHER CONDITIONS
 THE FOLLOWING WEATHER WAS RECORDED YESTERDAY.
  FOG


RELATIVE HUMIDITY (PERCENT)
 HIGHEST    93           100 AM
 LOWEST     40           300 PM
 AVERAGE    67

..........................................................


THE CHARLOTTESVILLE VA CLIMATE NORMALS FOR TODAY
                         NORMAL    RECORD    YEAR
 MAXIMUM TEMPERATURE (F)   76        MM        MM
 MINIMUM TEMPERATURE (F)   53        MM        MM


SUNRISE AND SUNSET
SEPTEMBER 22 2014.....SUNRISE   701 AM EDT   SUNSET   711 PM EDT
SEPTEMBER 23 2014.....SUNRISE   702 AM EDT   SUNSET   709 PM EDT


-  INDICATES NEGATIVE NUMBERS.
R  INDICATES RECORD WAS SET OR TIED.
MM INDICATES DATA IS MISSING.
T  INDICATES TRACE AMOUNT.




$$
