000
CDUS41 KLWX 162128
CLICHO


CLIMATE REPORT
NATIONAL WEATHER SERVICE BALTIMORE MD/WASHINGTON DC
428 PM EST MON JAN 16 2017


...................................

...THE CHARLOTTESVILLE VA CLIMATE SUMMARY FOR JANUARY 16 2017...
VALID TODAY AS OF 0400 PM LOCAL TIME.

CLIMATE NORMAL PERIOD 1981 TO 2010
CLIMATE RECORD PERIOD 1889 TO 2017


WEATHER ITEM   OBSERVED TIME   RECORD YEAR NORMAL DEPARTURE LAST
                VALUE   (LST)  VALUE       VALUE  FROM      YEAR
                                                  NORMAL
..................................................................
TEMPERATURE (F)
 TODAY
  MAXIMUM         45    351 PM  MM      MM  44      1       57
  MINIMUM         38    634 AM  MM      MM  26     12       34
  AVERAGE         42                        35      7       46

PRECIPITATION (IN)
  TODAY            0.04                      0.08  -0.04      T
  MONTH TO DATE    1.01                      1.46  -0.45     1.40
  SINCE DEC 1      2.73                      4.61  -1.88     5.23
  SINCE JAN 1      1.01                      1.46  -0.45     1.40

DEGREE DAYS
 HEATING
  TODAY           23                                        19
  MONTH TO DATE  424                                       445
  SINCE DEC 1   1157                                       887
  SINCE JUL 1   1682                                      1533

 COOLING
  TODAY            0                                         0
  MONTH TO DATE    0                                         0
  SINCE DEC 1      0                                         2
  SINCE JAN 1      0                                         0
..................................................................


WIND (MPH)
  HIGHEST WIND SPEED    10   HIGHEST WIND DIRECTION    SW (210)
  HIGHEST GUST SPEED    14   HIGHEST GUST DIRECTION    NW (300)
  AVERAGE WIND SPEED     3.7


SKY COVER
  POSSIBLE SUNSHINE  MM
  AVERAGE SKY COVER 1.0


WEATHER CONDITIONS
 THE FOLLOWING WEATHER WAS RECORDED TODAY.
  LIGHT RAIN
  FOG


RELATIVE HUMIDITY (PERCENT)
 HIGHEST    92           900 AM
 LOWEST     83           200 PM
 AVERAGE    88

..........................................................


THE CHARLOTTESVILLE VA CLIMATE NORMALS FOR TOMORROW
                         NORMAL    RECORD    YEAR
 MAXIMUM TEMPERATURE (F)   44        MM        MM
 MINIMUM TEMPERATURE (F)   26        MM        MM


SUNRISE AND SUNSET
JANUARY 16 2017.......SUNRISE   728 AM EST   SUNSET   519 PM EST
JANUARY 17 2017.......SUNRISE   728 AM EST   SUNSET   520 PM EST


-  INDICATES NEGATIVE NUMBERS.
R  INDICATES RECORD WAS SET OR TIED.
MM INDICATES DATA IS MISSING.
T  INDICATES TRACE AMOUNT.




$$
