000
CDUS41 KLWX 230523
CLICHO


CLIMATE REPORT
NATIONAL WEATHER SERVICE BALTIMORE MD/WASHINGTON DC
123 AM EDT SAT MAY 23 2015


...................................

...THE CHARLOTTESVILLE VA CLIMATE SUMMARY FOR MAY 22 2015...

CLIMATE NORMAL PERIOD 1981 TO 2010
CLIMATE RECORD PERIOD 1889 TO 2015


WEATHER ITEM   OBSERVED TIME   RECORD YEAR NORMAL DEPARTURE LAST
                VALUE   (LST)  VALUE       VALUE  FROM      YEAR
                                                  NORMAL
..................................................................
TEMPERATURE (F)
 YESTERDAY
  MAXIMUM         75    533 PM  MM      MM  76     -1       87
  MINIMUM         50    346 AM  MM      MM  53     -3       61
  AVERAGE         63                        65     -2       74

PRECIPITATION (IN)
  YESTERDAY        0.00                      0.14  -0.14     0.00
  MONTH TO DATE    1.65                      2.64  -0.99     4.26
  SINCE MAR 1      9.83                      9.66   0.17    12.58
  SINCE JAN 1     12.49                     15.13  -2.64    17.67

DEGREE DAYS
 HEATING
  YESTERDAY        2                         3     -1        0
  MONTH TO DATE   40                       103    -63       54
  SINCE MAR 1    890                      1003   -113     1076
  SINCE JUL 1   4405                      4415    -10     4585

 COOLING
  YESTERDAY        0                         2     -2        9
  MONTH TO DATE   97                        35     62       69
  SINCE MAR 1    105                        56     49       78
  SINCE JAN 1    105                        56     49       78
..................................................................


WIND (MPH)
  HIGHEST WIND SPEED    13   HIGHEST WIND DIRECTION    NW (310)
  HIGHEST GUST SPEED    19   HIGHEST GUST DIRECTION    NW (300)
  AVERAGE WIND SPEED     5.2


SKY COVER
  POSSIBLE SUNSHINE  MM
  AVERAGE SKY COVER 0.1


WEATHER CONDITIONS
 THE FOLLOWING WEATHER WAS RECORDED YESTERDAY.
  NO SIGNIFICANT WEATHER WAS OBSERVED.


RELATIVE HUMIDITY (PERCENT)
 HIGHEST    89          1200 AM
 LOWEST     27           600 PM
 AVERAGE    58

..........................................................


THE CHARLOTTESVILLE VA CLIMATE NORMALS FOR TODAY
                         NORMAL    RECORD    YEAR
 MAXIMUM TEMPERATURE (F)   76        MM        MM
 MINIMUM TEMPERATURE (F)   54        MM        MM


SUNRISE AND SUNSET
MAY 23 2015...........SUNRISE   557 AM EDT   SUNSET   824 PM EDT
MAY 24 2015...........SUNRISE   557 AM EDT   SUNSET   825 PM EDT


-  INDICATES NEGATIVE NUMBERS.
R  INDICATES RECORD WAS SET OR TIED.
MM INDICATES DATA IS MISSING.
T  INDICATES TRACE AMOUNT.




$$
