000
CDUS41 KLWX 250527
CLICHO


CLIMATE REPORT
NATIONAL WEATHER SERVICE BALTIMORE MD/WASHINGTON DC
127 AM EDT THU MAY 25 2017


...................................

...THE CHARLOTTESVILLE VA CLIMATE SUMMARY FOR MAY 24 2017...

CLIMATE NORMAL PERIOD 1981 TO 2010
CLIMATE RECORD PERIOD 1889 TO 2017


WEATHER ITEM   OBSERVED TIME   RECORD YEAR NORMAL DEPARTURE LAST
                VALUE   (LST)  VALUE       VALUE  FROM      YEAR
                                                  NORMAL
..................................................................
TEMPERATURE (F)
 YESTERDAY
  MAXIMUM         63    112 PM  MM      MM  77    -14       84
  MINIMUM         57    425 AM  MM      MM  54      3       55
  AVERAGE         60                        65     -5       70

PRECIPITATION (IN)
  YESTERDAY        0.81                      0.15   0.66     0.00
  MONTH TO DATE    6.87                      2.93   3.94     5.02
  SINCE MAR 1     12.40                      9.95   2.45     9.88
  SINCE JAN 1     15.64                     15.42   0.22    16.00

DEGREE DAYS
 HEATING
  YESTERDAY        5                         2      3        0
  MONTH TO DATE   90                       108    -18      119
  SINCE MAR 1    718                      1008   -290      722
  SINCE JUL 1   3091                      4420  -1329     3480

 COOLING
  YESTERDAY        0                         3     -3        5
  MONTH TO DATE   75                        41     34       21
  SINCE MAR 1    172                        62    110       48
  SINCE JAN 1    173                        62    111       48
..................................................................


WIND (MPH)
  HIGHEST WIND SPEED    15   HIGHEST WIND DIRECTION    NE (40)
  HIGHEST GUST SPEED    19   HIGHEST GUST DIRECTION     E (90)
  AVERAGE WIND SPEED     6.8


SKY COVER
  POSSIBLE SUNSHINE  MM
  AVERAGE SKY COVER 1.0


WEATHER CONDITIONS
 THE FOLLOWING WEATHER WAS RECORDED YESTERDAY.
  HEAVY RAIN
  RAIN
  LIGHT RAIN
  FOG
  HAZE


RELATIVE HUMIDITY (PERCENT)
 HIGHEST   100           900 PM
 LOWEST     84           100 PM
 AVERAGE    92

..........................................................


THE CHARLOTTESVILLE VA CLIMATE NORMALS FOR TODAY
                         NORMAL    RECORD    YEAR
 MAXIMUM TEMPERATURE (F)   77        MM        MM
 MINIMUM TEMPERATURE (F)   54        MM        MM


SUNRISE AND SUNSET
MAY 25 2017...........SUNRISE   556 AM EDT   SUNSET   826 PM EDT
MAY 26 2017...........SUNRISE   555 AM EDT   SUNSET   827 PM EDT


-  INDICATES NEGATIVE NUMBERS.
R  INDICATES RECORD WAS SET OR TIED.
MM INDICATES DATA IS MISSING.
T  INDICATES TRACE AMOUNT.




$$
