000
CDUS41 KLWX 280524
CLICHO


CLIMATE REPORT
NATIONAL WEATHER SERVICE BALTIMORE MD/WASHINGTON DC
124 AM EDT SAT MAR 28 2015


...................................

...THE CHARLOTTESVILLE VA CLIMATE SUMMARY FOR MARCH 27 2015...

CLIMATE NORMAL PERIOD 1981 TO 2010
CLIMATE RECORD PERIOD 1889 TO 2015


WEATHER ITEM   OBSERVED TIME   RECORD YEAR NORMAL DEPARTURE LAST
                VALUE   (LST)  VALUE       VALUE  FROM      YEAR
                                                  NORMAL
..................................................................
TEMPERATURE (F)
 YESTERDAY
  MAXIMUM         52   1201 AM  MM      MM  61     -9       53
  MINIMUM         39   1159 PM  MM      MM  38      1       20
  AVERAGE         46                        50     -4       37

PRECIPITATION (IN)
  YESTERDAY        0.86                      0.14   0.72     0.00
  MONTH TO DATE    3.51                      3.11   0.40     1.49
  SINCE MAR 1      3.51                      3.11   0.40     1.49
  SINCE JAN 1      6.17                      8.58  -2.41     6.58

DEGREE DAYS
 HEATING
  YESTERDAY       19                        15      4       28
  MONTH TO DATE  526                       531     -5      680
  SINCE MAR 1    526                       531     -5      680
  SINCE JUL 1   4041                      3943     98     4189

 COOLING
  YESTERDAY        0                         0      0        0
  MONTH TO DATE    0                         0      0        0
  SINCE MAR 1      0                         0      0        0
  SINCE JAN 1      0                         0      0        0
..................................................................


WIND (MPH)
  HIGHEST WIND SPEED    15   HIGHEST WIND DIRECTION     N (360)
  HIGHEST GUST SPEED    20   HIGHEST GUST DIRECTION     N (340)
  AVERAGE WIND SPEED     4.5


SKY COVER
  POSSIBLE SUNSHINE  MM
  AVERAGE SKY COVER 1.0


WEATHER CONDITIONS
 THE FOLLOWING WEATHER WAS RECORDED YESTERDAY.
  HEAVY RAIN
  RAIN
  LIGHT RAIN
  FOG


RELATIVE HUMIDITY (PERCENT)
 HIGHEST    96           500 AM
 LOWEST     49           800 PM
 AVERAGE    73

..........................................................


THE CHARLOTTESVILLE VA CLIMATE NORMALS FOR TODAY
                         NORMAL    RECORD    YEAR
 MAXIMUM TEMPERATURE (F)   62        MM        MM
 MINIMUM TEMPERATURE (F)   38        MM        MM


SUNRISE AND SUNSET
MARCH 28 2015.........SUNRISE   705 AM EDT   SUNSET   733 PM EDT
MARCH 29 2015.........SUNRISE   704 AM EDT   SUNSET   734 PM EDT


-  INDICATES NEGATIVE NUMBERS.
R  INDICATES RECORD WAS SET OR TIED.
MM INDICATES DATA IS MISSING.
T  INDICATES TRACE AMOUNT.




$$
