000
CDUS41 KLWX 220524
CLICHO


CLIMATE REPORT
NATIONAL WEATHER SERVICE BALTIMORE MD/WASHINGTON DC
124 AM EDT FRI SEP 22 2017


...................................

...THE CHARLOTTESVILLE VA CLIMATE SUMMARY FOR SEPTEMBER 21 2017...

CLIMATE NORMAL PERIOD 1981 TO 2010
CLIMATE RECORD PERIOD 1998 TO 2017


WEATHER ITEM   OBSERVED TIME   RECORD YEAR NORMAL DEPARTURE LAST
                VALUE   (LST)  VALUE       VALUE  FROM      YEAR
                                                  NORMAL
..................................................................
TEMPERATURE (F)
 YESTERDAY
  MAXIMUM         88    341 PM  MM      MM  76     12       85
  MINIMUM         66    630 AM  MM      MM  54     12       64
  AVERAGE         77                        65     12       75

PRECIPITATION (IN)
  YESTERDAY        0.00                      0.17  -0.17      T
  MONTH TO DATE    1.95                      2.86  -0.91     1.05
  SINCE SEP 1      1.95                      2.86  -0.91     1.05
  SINCE JAN 1     29.29                     31.00  -1.71    27.01

DEGREE DAYS
 HEATING
  YESTERDAY        0                         3     -3        0
  MONTH TO DATE   24                        20      4        0
  SINCE SEP 1     24                        20      4        0
  SINCE JUL 1     24                        23      1        0

 COOLING
  YESTERDAY       12                         3      9       10
  MONTH TO DATE  111                        96     15      241
  SINCE SEP 1    111                        96     15      241
  SINCE JAN 1   1429                      1006    423     1585
..................................................................


WIND (MPH)
  HIGHEST WIND SPEED     9   HIGHEST WIND DIRECTION     N (10)
  HIGHEST GUST SPEED    12   HIGHEST GUST DIRECTION     E (80)
  AVERAGE WIND SPEED     2.1


SKY COVER
  POSSIBLE SUNSHINE  MM
  AVERAGE SKY COVER 0.1


WEATHER CONDITIONS
 THE FOLLOWING WEATHER WAS RECORDED YESTERDAY.
  FOG
  HAZE


RELATIVE HUMIDITY (PERCENT)
 HIGHEST    93           300 AM
 LOWEST     43           100 PM
 AVERAGE    68

..........................................................


THE CHARLOTTESVILLE VA CLIMATE NORMALS FOR TODAY
                         NORMAL    RECORD    YEAR
 MAXIMUM TEMPERATURE (F)   76        MM        MM
 MINIMUM TEMPERATURE (F)   53        MM        MM


SUNRISE AND SUNSET
SEPTEMBER 22 2017.....SUNRISE   702 AM EDT   SUNSET   710 PM EDT
SEPTEMBER 23 2017.....SUNRISE   703 AM EDT   SUNSET   709 PM EDT


-  INDICATES NEGATIVE NUMBERS.
R  INDICATES RECORD WAS SET OR TIED.
MM INDICATES DATA IS MISSING.
T  INDICATES TRACE AMOUNT.




$$
