000
CDUS41 KLWX 250523
CLICHO


CLIMATE REPORT
NATIONAL WEATHER SERVICE BALTIMORE MD/WASHINGTON DC
122 AM EDT SUN SEP 25 2016


...................................

...THE CHARLOTTESVILLE VA CLIMATE SUMMARY FOR SEPTEMBER 24 2016...

CLIMATE NORMAL PERIOD 1981 TO 2010
CLIMATE RECORD PERIOD 1889 TO 2016


WEATHER ITEM   OBSERVED TIME   RECORD YEAR NORMAL DEPARTURE LAST
                VALUE   (LST)  VALUE       VALUE  FROM      YEAR
                                                  NORMAL
..................................................................
TEMPERATURE (F)
 YESTERDAY
  MAXIMUM         89   1222 PM  MM      MM  75     14       78
  MINIMUM         64    506 AM  MM      MM  52     12       51
  AVERAGE         77                        64     13       65

PRECIPITATION (IN)
  YESTERDAY        T                         0.18  -0.18     0.00
  MONTH TO DATE    1.05                      3.37  -2.32     3.46
  SINCE SEP 1      1.05                      3.37  -2.32     3.46
  SINCE JAN 1     27.01                     31.51  -4.50    30.79

DEGREE DAYS
 HEATING
  YESTERDAY        0                         3     -3        0
  MONTH TO DATE    0                        29    -29       10
  SINCE SEP 1      0                        29    -29       10
  SINCE JUL 1      0                        32    -32       10

 COOLING
  YESTERDAY       12                         2     10        0
  MONTH TO DATE  275                       102    173      160
  SINCE SEP 1    275                       102    173      160
  SINCE JAN 1   1619                      1012    607     1318
..................................................................


WIND (MPH)
  HIGHEST WIND SPEED    15   HIGHEST WIND DIRECTION    NE (50)
  HIGHEST GUST SPEED    20   HIGHEST GUST DIRECTION    NE (40)
  AVERAGE WIND SPEED     4.7


SKY COVER
  POSSIBLE SUNSHINE  MM
  AVERAGE SKY COVER 0.4


WEATHER CONDITIONS
 THE FOLLOWING WEATHER WAS RECORDED YESTERDAY.
  LIGHT RAIN
  FOG


RELATIVE HUMIDITY (PERCENT)
 HIGHEST    93           300 AM
 LOWEST     46          1200 PM
 AVERAGE    70

..........................................................


THE CHARLOTTESVILLE VA CLIMATE NORMALS FOR TODAY
                         NORMAL    RECORD    YEAR
 MAXIMUM TEMPERATURE (F)   75        MM        MM
 MINIMUM TEMPERATURE (F)   52        MM        MM


SUNRISE AND SUNSET
SEPTEMBER 25 2016.....SUNRISE   705 AM EDT   SUNSET   705 PM EDT
SEPTEMBER 26 2016.....SUNRISE   705 AM EDT   SUNSET   704 PM EDT


-  INDICATES NEGATIVE NUMBERS.
R  INDICATES RECORD WAS SET OR TIED.
MM INDICATES DATA IS MISSING.
T  INDICATES TRACE AMOUNT.




$$
