000
CDUS42 KCHS 020604
CLICHS


CLIMATE REPORT
NATIONAL WEATHER SERVICE CHARLESTON SC
204 AM EDT TUE JUN 2 2015


...................................

...THE NORTH CHARLESTON SC CLIMATE SUMMARY FOR JUNE 1 2015...

CLIMATE NORMAL PERIOD 1981 TO 2010
CLIMATE RECORD PERIOD 1938 TO 2015


WEATHER ITEM   OBSERVED TIME   RECORD YEAR NORMAL DEPARTURE LAST
                VALUE   (LST)  VALUE       VALUE  FROM      YEAR
                                                  NORMAL
..................................................................
TEMPERATURE (F)
 YESTERDAY
  MAXIMUM         88    219 PM  98    1953  86      2       83
                                      1945
  MINIMUM         68    434 AM  51    1966  67      1       62
  AVERAGE         78                        76      2       73

PRECIPITATION (IN)
  YESTERDAY        0.00          1.93 2010   0.14  -0.14     0.00
  MONTH TO DATE    0.00                      0.14  -0.14     0.00
  SINCE JUN 1      0.00                      0.14  -0.14     0.00
  SINCE JAN 1     15.22                     16.45  -1.23    17.25

DEGREE DAYS
 HEATING
  YESTERDAY        0                         0      0        0
  MONTH TO DATE    0                         0      0        0
  SINCE JUN 1      0                         0      0        0
  SINCE JUL 1   1947                      1975    -28     1875

 COOLING
  YESTERDAY       13                        11      2        8
  MONTH TO DATE   13                        11      2        8
  SINCE JUN 1     13                        11      2        8
  SINCE JAN 1    446                       373     73      518
..................................................................


WIND (MPH)
  HIGHEST WIND SPEED    18   HIGHEST WIND DIRECTION     S (170)
  HIGHEST GUST SPEED    26   HIGHEST GUST DIRECTION     S (180)
  AVERAGE WIND SPEED     5.7


SKY COVER
  POSSIBLE SUNSHINE  MM
  AVERAGE SKY COVER 0.5


WEATHER CONDITIONS
 THE FOLLOWING WEATHER WAS RECORDED YESTERDAY.
  FOG


RELATIVE HUMIDITY (PERCENT)
 HIGHEST    97           300 AM
 LOWEST     50          1200 PM
 AVERAGE    74

..........................................................


THE NORTH CHARLESTON SC CLIMATE NORMALS FOR TODAY
                         NORMAL    RECORD    YEAR
 MAXIMUM TEMPERATURE (F)   86       101      2002
 MINIMUM TEMPERATURE (F)   67        50      1972


SUNRISE AND SUNSET
JUNE  2 2015..........SUNRISE   612 AM EDT   SUNSET   824 PM EDT
JUNE  3 2015..........SUNRISE   612 AM EDT   SUNSET   825 PM EDT


-  INDICATES NEGATIVE NUMBERS.
R  INDICATES RECORD WAS SET OR TIED.
MM INDICATES DATA IS MISSING.
T  INDICATES TRACE AMOUNT.




$$
