000
CDUS42 KCHS 250524
CLICHS


CLIMATE REPORT
NATIONAL WEATHER SERVICE CHARLESTON SC
124 AM EDT FRI JUL 25 2014


...................................

...THE NORTH CHARLESTON SC CLIMATE SUMMARY FOR JULY 24 2014...

CLIMATE NORMAL PERIOD 1981 TO 2010
CLIMATE RECORD PERIOD 1938 TO 2014


WEATHER ITEM   OBSERVED TIME   RECORD YEAR NORMAL DEPARTURE LAST
                VALUE   (LST)  VALUE       VALUE  FROM      YEAR
                                                  NORMAL
..................................................................
TEMPERATURE (F)
 YESTERDAY
  MAXIMUM         95    227 PM 101    1940  91      4       87
  MINIMUM         78    102 AM  63    1944  73      5       74
  AVERAGE         87                        82      5       81

PRECIPITATION (IN)
  YESTERDAY        0.00          4.20 1985   0.22  -0.22     0.00
  MONTH TO DATE    4.95                      5.09  -0.14     3.65
  SINCE JUN 1      8.54                     10.74  -2.20    16.97
  SINCE JAN 1     25.79                     27.05  -1.26    40.41

DEGREE DAYS
 HEATING
  YESTERDAY        0                         0      0        0
  MONTH TO DATE    0                         0      0        0
  SINCE JUN 1      0                         1     -1        0
  SINCE JUL 1      0                         0      0        0

 COOLING
  YESTERDAY       22                        17      5       16
  MONTH TO DATE  433                       405     28      406
  SINCE JUN 1    951                       826    125      870
  SINCE JAN 1   1461                      1188    273     1217
..................................................................


WIND (MPH)
  HIGHEST WIND SPEED    17   HIGHEST WIND DIRECTION    SW (220)
  HIGHEST GUST SPEED    22   HIGHEST GUST DIRECTION     S (200)
  AVERAGE WIND SPEED     9.1


SKY COVER
  POSSIBLE SUNSHINE  MM
  AVERAGE SKY COVER 0.2


WEATHER CONDITIONS
 THE FOLLOWING WEATHER WAS RECORDED YESTERDAY.
  NO SIGNIFICANT WEATHER WAS OBSERVED.


RELATIVE HUMIDITY (PERCENT)
 HIGHEST    91          1200 AM
 LOWEST     49           100 PM
 AVERAGE    70

..........................................................


THE NORTH CHARLESTON SC CLIMATE NORMALS FOR TODAY
                         NORMAL    RECORD    YEAR
 MAXIMUM TEMPERATURE (F)   91        98      1940
 MINIMUM TEMPERATURE (F)   73        68      1977
                                             1949


SUNRISE AND SUNSET
JULY 25 2014..........SUNRISE   629 AM EDT   SUNSET   824 PM EDT
JULY 26 2014..........SUNRISE   630 AM EDT   SUNSET   823 PM EDT


-  INDICATES NEGATIVE NUMBERS.
R  INDICATES RECORD WAS SET OR TIED.
MM INDICATES DATA IS MISSING.
T  INDICATES TRACE AMOUNT.




$$
