000
CDUS42 KCHS 240606
CLICHS


CLIMATE REPORT
NATIONAL WEATHER SERVICE CHARLESTON SC
206 AM EDT SAT JUN 24 2017


...................................

...THE NORTH CHARLESTON SC CLIMATE SUMMARY FOR JUNE 23 2017...

CLIMATE NORMAL PERIOD 1981 TO 2010
CLIMATE RECORD PERIOD 1938 TO 2017


WEATHER ITEM   OBSERVED TIME   RECORD YEAR NORMAL DEPARTURE LAST
                VALUE   (LST)  VALUE       VALUE  FROM      YEAR
                                                  NORMAL
..................................................................
TEMPERATURE (F)
 YESTERDAY
  MAXIMUM         89    257 PM 100    1944  90     -1       94
  MINIMUM         76    536 AM  57    1947  71      5       76
  AVERAGE         83                        80      3       85

PRECIPITATION (IN)
  YESTERDAY        0.00          5.20 1963   0.20  -0.20     0.00
  MONTH TO DATE    3.85                      4.16  -0.31     2.80
  SINCE JUN 1      3.85                      4.16  -0.31     2.80
  SINCE JAN 1     19.01                     20.47  -1.46    23.55

DEGREE DAYS
 HEATING
  YESTERDAY        0                         0      0        0
  MONTH TO DATE    0                         0      0        0
  SINCE JUN 1      0                         0      0        0
  SINCE JUL 1   1228                      1975   -747     1357

 COOLING
  YESTERDAY       18                        15      3       20
  MONTH TO DATE  306                       310     -4      393
  SINCE JUN 1    306                       310     -4      393
  SINCE JAN 1    881                       672    209      888
..................................................................


WIND (MPH)
  HIGHEST WIND SPEED    20   HIGHEST WIND DIRECTION     S (180)
  HIGHEST GUST SPEED    25   HIGHEST GUST DIRECTION    SW (220)
  AVERAGE WIND SPEED    11.6


SKY COVER
  POSSIBLE SUNSHINE  MM
  AVERAGE SKY COVER 0.7


WEATHER CONDITIONS
 THE FOLLOWING WEATHER WAS RECORDED YESTERDAY.
  NO SIGNIFICANT WEATHER WAS OBSERVED.


RELATIVE HUMIDITY (PERCENT)
 HIGHEST    94           500 AM
 LOWEST     64           200 PM
 AVERAGE    79

..........................................................


THE NORTH CHARLESTON SC CLIMATE NORMALS FOR TODAY
                         NORMAL    RECORD    YEAR
 MAXIMUM TEMPERATURE (F)   90       103      1944
 MINIMUM TEMPERATURE (F)   71        56      1947


SUNRISE AND SUNSET
JUNE 24 2017..........SUNRISE   613 AM EDT   SUNSET   832 PM EDT
JUNE 25 2017..........SUNRISE   613 AM EDT   SUNSET   832 PM EDT


-  INDICATES NEGATIVE NUMBERS.
R  INDICATES RECORD WAS SET OR TIED.
MM INDICATES DATA IS MISSING.
T  INDICATES TRACE AMOUNT.




$$
