000
CDUS42 KCHS 210532
CLICHS


CLIMATE REPORT
NATIONAL WEATHER SERVICE CHARLESTON SC
1232 AM EST SUN DEC 21 2014


...................................

...THE NORTH CHARLESTON SC CLIMATE SUMMARY FOR DECEMBER 20 2014...

CLIMATE NORMAL PERIOD 1981 TO 2010
CLIMATE RECORD PERIOD 1938 TO 2014


WEATHER ITEM   OBSERVED TIME   RECORD YEAR NORMAL DEPARTURE LAST
                VALUE   (LST)  VALUE       VALUE  FROM      YEAR
                                                  NORMAL
..................................................................
TEMPERATURE (F)
 YESTERDAY
  MAXIMUM         54    407 PM  81    1967  60     -6       76
  MINIMUM         47   1159 PM  14    1981  39      8       48
  AVERAGE         51                        50      1       62

PRECIPITATION (IN)
  YESTERDAY        0.10          1.16 1973   0.11  -0.01     0.00
  MONTH TO DATE    0.36                      1.93  -1.57     1.39
  SINCE DEC 1      0.36                      1.93  -1.57     1.39
  SINCE JAN 1     49.96                     49.85   0.11    57.35

SNOWFALL (IN)
  YESTERDAY       MM                         0.1   MM
  SINCE DEC 1      0.0                       0.2   -0.2
  SINCE JUL 1      0.0                       0.2   -0.2

DEGREE DAYS
 HEATING
  YESTERDAY       14                        15     -1        3
  MONTH TO DATE  234                       267    -33      185
  SINCE DEC 1    234                       267    -33      185
  SINCE JUL 1    572                       559     13      490

 COOLING
  YESTERDAY        0                         0      0        0
  MONTH TO DATE    0                         0      0       16
  SINCE DEC 1      0                         0      0       16
  SINCE JAN 1   2769                      2297    472     2445
..................................................................


WIND (MPH)
  HIGHEST WIND SPEED    14   HIGHEST WIND DIRECTION    NE (40)
  HIGHEST GUST SPEED    17   HIGHEST GUST DIRECTION    NE (40)
  AVERAGE WIND SPEED     7.0


SKY COVER
  POSSIBLE SUNSHINE  MM
  AVERAGE SKY COVER 1.0


WEATHER CONDITIONS
 THE FOLLOWING WEATHER WAS RECORDED YESTERDAY.
  RAIN
  LIGHT RAIN
  FOG


RELATIVE HUMIDITY (PERCENT)
 HIGHEST    96          1100 AM
 LOWEST     74          1200 AM
 AVERAGE    85

..........................................................


THE NORTH CHARLESTON SC CLIMATE NORMALS FOR TODAY
                         NORMAL    RECORD    YEAR
 MAXIMUM TEMPERATURE (F)   60        80      2013
 MINIMUM TEMPERATURE (F)   39        15      1981


SUNRISE AND SUNSET
DECEMBER 21 2014......SUNRISE   719 AM EST   SUNSET   518 PM EST
DECEMBER 22 2014......SUNRISE   719 AM EST   SUNSET   518 PM EST


-  INDICATES NEGATIVE NUMBERS.
R  INDICATES RECORD WAS SET OR TIED.
MM INDICATES DATA IS MISSING.
T  INDICATES TRACE AMOUNT.




$$
