000
CDUS42 KCHS 052207
CLICHS


CLIMATE REPORT
NATIONAL WEATHER SERVICE CHARLESTON SC
506 PM EST MON DEC 5 2016


...................................

...THE NORTH CHARLESTON SC CLIMATE SUMMARY FOR DECEMBER 5 2016...
VALID TODAY AS OF 0500 PM LOCAL TIME.

CLIMATE NORMAL PERIOD 1981 TO 2010
CLIMATE RECORD PERIOD 1938 TO 2016


WEATHER ITEM   OBSERVED TIME   RECORD YEAR NORMAL DEPARTURE LAST
                VALUE   (LST)  VALUE       VALUE  FROM      YEAR
                                                  NORMAL
..................................................................
TEMPERATURE (F)
 TODAY
  MAXIMUM         69    350 AM  81    2013  64      5       67
  MINIMUM         53   1036 AM  22    1969  42     11       44
  AVERAGE         61                        53      8       56

PRECIPITATION (IN)
  TODAY            0.10          1.11 1994   0.09   0.01     0.00
  MONTH TO DATE    0.21                      0.46  -0.25     0.30
  SINCE DEC 1      0.21                      0.46  -0.25     0.30
  SINCE JAN 1     55.06                     48.38   6.68    72.05

SNOWFALL (IN)
  TODAY            0.0                       0.0    0.0
  SINCE DEC 1      0.0                       0.0    0.0
  SINCE JUL 1      0.0                       0.0    0.0

DEGREE DAYS
 HEATING
  TODAY            4                        12     -8        9
  MONTH TO DATE   47                        58    -11       27
  SINCE DEC 1     47                        58    -11       27
  SINCE JUL 1    262                       350    -88      173

 COOLING
  TODAY            0                         0      0        0
  MONTH TO DATE    0                         0      0        7
  SINCE DEC 1      0                         0      0        7
  SINCE JAN 1   2958                      2297    661     2614
..................................................................


WIND (MPH)
  HIGHEST WIND SPEED    15   HIGHEST WIND DIRECTION     N (360)
  HIGHEST GUST SPEED    20   HIGHEST GUST DIRECTION    SW (230)
  AVERAGE WIND SPEED     6.4


SKY COVER
  POSSIBLE SUNSHINE  MM
  AVERAGE SKY COVER 0.9


WEATHER CONDITIONS
 THE FOLLOWING WEATHER WAS RECORDED TODAY.
  LIGHT RAIN
  FOG
  HAZE


RELATIVE HUMIDITY (PERCENT)
 HIGHEST    93           800 AM
 LOWEST     78           200 PM
 AVERAGE    86

..........................................................


THE NORTH CHARLESTON SC CLIMATE NORMALS FOR TOMORROW
                         NORMAL    RECORD    YEAR
 MAXIMUM TEMPERATURE (F)   64        82      2013
 MINIMUM TEMPERATURE (F)   42        27      2000
                                             1949
                                             1944


SUNRISE AND SUNSET
DECEMBER  5 2016......SUNRISE   708 AM EST   SUNSET   513 PM EST
DECEMBER  6 2016......SUNRISE   709 AM EST   SUNSET   513 PM EST


-  INDICATES NEGATIVE NUMBERS.
R  INDICATES RECORD WAS SET OR TIED.
MM INDICATES DATA IS MISSING.
T  INDICATES TRACE AMOUNT.




$$
