000
CDUS42 KCHS 280611
CLICHS


CLIMATE REPORT
NATIONAL WEATHER SERVICE CHARLESTON SC
210 AM EDT THU JUL 28 2016


...................................

...THE NORTH CHARLESTON SC CLIMATE SUMMARY FOR JULY 27 2016...

CLIMATE NORMAL PERIOD 1981 TO 2010
CLIMATE RECORD PERIOD 1938 TO 2016


WEATHER ITEM   OBSERVED TIME   RECORD YEAR NORMAL DEPARTURE LAST
                VALUE   (LST)  VALUE       VALUE  FROM      YEAR
                                                  NORMAL
..................................................................
TEMPERATURE (F)
 YESTERDAY
  MAXIMUM         96    423 PM 100    2005  91      5       91
  MINIMUM         79    605 AM  68    1959  73      6       75
                                      1947
  AVERAGE         88                        82      6       83

PRECIPITATION (IN)
  YESTERDAY        0.00          3.85 2001   0.20  -0.20     0.00
  MONTH TO DATE    4.32                      5.71  -1.39     7.72
  SINCE JUN 1      7.46                     11.36  -3.90    15.41
  SINCE JAN 1     28.21                     27.67   0.54    30.63

DEGREE DAYS
 HEATING
  YESTERDAY        0                         0      0        0
  MONTH TO DATE    0                         0      0        0
  SINCE JUN 1      0                         1     -1        0
  SINCE JUL 1      0                         0      0        0

 COOLING
  YESTERDAY       23                        17      6       18
  MONTH TO DATE  569                       456    113      497
  SINCE JUN 1   1094                       877    217     1025
  SINCE JAN 1   1589                      1239    350     1458
..................................................................


WIND (MPH)
  HIGHEST WIND SPEED    15   HIGHEST WIND DIRECTION     S (200)
  HIGHEST GUST SPEED    18   HIGHEST GUST DIRECTION     W (250)
  AVERAGE WIND SPEED     8.2


SKY COVER
  POSSIBLE SUNSHINE  MM
  AVERAGE SKY COVER 0.2


WEATHER CONDITIONS
 THE FOLLOWING WEATHER WAS RECORDED YESTERDAY.
  NO SIGNIFICANT WEATHER WAS OBSERVED.


RELATIVE HUMIDITY (PERCENT)
 HIGHEST    88          1100 PM
 LOWEST     46           400 PM
 AVERAGE    67

..........................................................


THE NORTH CHARLESTON SC CLIMATE NORMALS FOR TODAY
                         NORMAL    RECORD    YEAR
 MAXIMUM TEMPERATURE (F)   91       101      1949
 MINIMUM TEMPERATURE (F)   73        65      1954


SUNRISE AND SUNSET
JULY 28 2016..........SUNRISE   631 AM EDT   SUNSET   821 PM EDT
JULY 29 2016..........SUNRISE   632 AM EDT   SUNSET   821 PM EDT


-  INDICATES NEGATIVE NUMBERS.
R  INDICATES RECORD WAS SET OR TIED.
MM INDICATES DATA IS MISSING.
T  INDICATES TRACE AMOUNT.




$$
