000
CDUS42 KCHS 160613
CLICHS


CLIMATE REPORT
NATIONAL WEATHER SERVICE CHARLESTON SC
113 AM EST MON JAN 16 2017


...................................

...THE NORTH CHARLESTON SC CLIMATE SUMMARY FOR JANUARY 15 2017...

CLIMATE NORMAL PERIOD 1981 TO 2010
CLIMATE RECORD PERIOD 1938 TO 2017


WEATHER ITEM   OBSERVED TIME   RECORD YEAR NORMAL DEPARTURE LAST
                VALUE   (LST)  VALUE       VALUE  FROM      YEAR
                                                  NORMAL
..................................................................
TEMPERATURE (F)
 YESTERDAY
  MAXIMUM         79R   313 PM  79    2013  59     20       66
                                      2007
  MINIMUM         46    700 AM  17    1948  37      9       45
  AVERAGE         63                        48     15       56

PRECIPITATION (IN)
  YESTERDAY        0.00          1.40 1966   0.12  -0.12     1.24
  MONTH TO DATE    0.90                      1.77  -0.87     1.79
  SINCE DEC 1      5.68                      4.88   0.80     4.93
  SINCE JAN 1      0.90                      1.77  -0.87     1.79

SNOWFALL (IN)
  YESTERDAY        0.0                      -0.1    0.1
  SINCE DEC 1      T                         0.3   -0.3
  SINCE JUL 1      T                         0.3   -0.3

DEGREE DAYS
 HEATING
  YESTERDAY        2                        17    -15        9
  MONTH TO DATE  154                       255   -101      237
  SINCE DEC 1    469                       701   -232      370
  SINCE JUL 1    687                       993   -306      516

 COOLING
  YESTERDAY        0                         0      0        0
  MONTH TO DATE    9                         0      9        0
  SINCE DEC 1     16                         7      9       97
  SINCE JAN 1      9                         0      9        0
..................................................................


WIND (MPH)
  HIGHEST WIND SPEED    12   HIGHEST WIND DIRECTION     W (270)
  HIGHEST GUST SPEED    14   HIGHEST GUST DIRECTION     W (270)
  AVERAGE WIND SPEED     4.0


SKY COVER
  POSSIBLE SUNSHINE  MM
  AVERAGE SKY COVER 0.7


WEATHER CONDITIONS
 THE FOLLOWING WEATHER WAS RECORDED YESTERDAY.
  FOG
  FOG W/VISIBILITY <= 1/4 MILE


RELATIVE HUMIDITY (PERCENT)
 HIGHEST   100           100 AM
 LOWEST     39           200 PM
 AVERAGE    70

..........................................................


THE NORTH CHARLESTON SC CLIMATE NORMALS FOR TODAY
                         NORMAL    RECORD    YEAR
 MAXIMUM TEMPERATURE (F)   59        83      1950
 MINIMUM TEMPERATURE (F)   37        18      1994
                                             1972


SUNRISE AND SUNSET
JANUARY 16 2017.......SUNRISE   723 AM EST   SUNSET   538 PM EST
JANUARY 17 2017.......SUNRISE   722 AM EST   SUNSET   539 PM EST


-  INDICATES NEGATIVE NUMBERS.
R  INDICATES RECORD WAS SET OR TIED.
MM INDICATES DATA IS MISSING.
T  INDICATES TRACE AMOUNT.




$$
