000
CDUS42 KCHS 210529
CLICHS


CLIMATE REPORT
NATIONAL WEATHER SERVICE CHARLESTON SC
129 AM EDT THU AUG 21 2014


...................................

...THE NORTH CHARLESTON SC CLIMATE SUMMARY FOR AUGUST 20 2014...

CLIMATE NORMAL PERIOD 1981 TO 2010
CLIMATE RECORD PERIOD 1938 TO 2014


WEATHER ITEM   OBSERVED TIME   RECORD YEAR NORMAL DEPARTURE LAST
                VALUE   (LST)  VALUE       VALUE  FROM      YEAR
                                                  NORMAL
..................................................................
TEMPERATURE (F)
 YESTERDAY
  MAXIMUM         96    304 PM  97    2005  89      7       89
                                      1979
                                      1954
  MINIMUM         75    630 AM  63    1943  72      3       74
  AVERAGE         86                        81      5       82

PRECIPITATION (IN)
  YESTERDAY        0.00          3.91 1940   0.24  -0.24     0.17
  MONTH TO DATE    7.08                      4.40   2.68     3.61
  SINCE JUN 1     18.08                     16.58   1.50    22.28
  SINCE JAN 1     35.33                     32.89   2.44    45.72

DEGREE DAYS
 HEATING
  YESTERDAY        0                         0      0        0
  MONTH TO DATE    0                         0      0        0
  SINCE JUN 1      0                         1     -1        0
  SINCE JUL 1      0                         0      0        0

 COOLING
  YESTERDAY       21                        16      5       17
  MONTH TO DATE  371                       329     42      339
  SINCE JUN 1   1455                      1279    176     1332
  SINCE JAN 1   1965                      1641    324     1679
..................................................................


WIND (MPH)
  HIGHEST WIND SPEED    13   HIGHEST WIND DIRECTION    NW (300)
  HIGHEST GUST SPEED    17   HIGHEST GUST DIRECTION     W (260)
  AVERAGE WIND SPEED     6.3


SKY COVER
  POSSIBLE SUNSHINE  MM
  AVERAGE SKY COVER 0.2


WEATHER CONDITIONS
 THE FOLLOWING WEATHER WAS RECORDED YESTERDAY.
  NO SIGNIFICANT WEATHER WAS OBSERVED.


RELATIVE HUMIDITY (PERCENT)
 HIGHEST    88           200 AM
 LOWEST     46           300 PM
 AVERAGE    67

..........................................................


THE NORTH CHARLESTON SC CLIMATE NORMALS FOR TODAY
                         NORMAL    RECORD    YEAR
 MAXIMUM TEMPERATURE (F)   89       100      1983
 MINIMUM TEMPERATURE (F)   72        62      1961


SUNRISE AND SUNSET
AUGUST 21 2014........SUNRISE   647 AM EDT   SUNSET   759 PM EDT
AUGUST 22 2014........SUNRISE   648 AM EDT   SUNSET   757 PM EDT


-  INDICATES NEGATIVE NUMBERS.
R  INDICATES RECORD WAS SET OR TIED.
MM INDICATES DATA IS MISSING.
T  INDICATES TRACE AMOUNT.




$$
