871
CDUS42 KCHS 270604
CLICHS


CLIMATE REPORT
NATIONAL WEATHER SERVICE CHARLESTON SC
204 AM EDT THU APR 27 2017


...................................

...THE NORTH CHARLESTON SC CLIMATE SUMMARY FOR APRIL 26 2017...

CLIMATE NORMAL PERIOD 1981 TO 2010
CLIMATE RECORD PERIOD 1938 TO 2017


WEATHER ITEM   OBSERVED TIME   RECORD YEAR NORMAL DEPARTURE LAST
                VALUE   (LST)  VALUE       VALUE  FROM      YEAR
                                                  NORMAL
..................................................................
TEMPERATURE (F)
 YESTERDAY
  MAXIMUM         84    131 PM  92    1989  79      5       83
  MINIMUM         61    533 AM  43    1974  56      5       58
  AVERAGE         73                        67      6       71

PRECIPITATION (IN)
  YESTERDAY        0.00          1.89 1965   0.09  -0.09     0.00
  MONTH TO DATE    6.22                      2.53   3.69     1.14
  SINCE MAR 1      7.24                      6.24   1.00     4.33
  SINCE JAN 1     11.42                     12.91  -1.49    12.62

SNOWFALL (IN)
  YESTERDAY        0.0                       0.0    0.0
  SINCE MAR 1      T                         0.0    0.0
  SINCE JUL 1      T                         0.5   -0.5

DEGREE DAYS
 HEATING
  YESTERDAY        0                         2     -2        0
  MONTH TO DATE   23                        84    -61       68
  SINCE MAR 1    257                       323    -66      176
  SINCE JUL 1   1225                      1959   -734     1353

 COOLING
  YESTERDAY        8                         4      4        6
  MONTH TO DATE  129                        68     61       56
  SINCE MAR 1    188                        95     93      152
  SINCE JAN 1    223                       102    121      160
..................................................................


WIND (MPH)
  HIGHEST WIND SPEED    20   HIGHEST WIND DIRECTION     S (170)
  HIGHEST GUST SPEED    23   HIGHEST GUST DIRECTION     S (190)
  AVERAGE WIND SPEED     8.3


SKY COVER
  POSSIBLE SUNSHINE  MM
  AVERAGE SKY COVER 0.1


WEATHER CONDITIONS
 THE FOLLOWING WEATHER WAS RECORDED YESTERDAY.
  NO SIGNIFICANT WEATHER WAS OBSERVED.


RELATIVE HUMIDITY (PERCENT)
 HIGHEST    93          1200 AM
 LOWEST     40           400 PM
 AVERAGE    67

..........................................................


THE NORTH CHARLESTON SC CLIMATE NORMALS FOR TODAY
                         NORMAL    RECORD    YEAR
 MAXIMUM TEMPERATURE (F)   79        94      1989
 MINIMUM TEMPERATURE (F)   56        40      1972


SUNRISE AND SUNSET
APRIL 27 2017.........SUNRISE   637 AM EDT   SUNSET   759 PM EDT
APRIL 28 2017.........SUNRISE   636 AM EDT   SUNSET   800 PM EDT


-  INDICATES NEGATIVE NUMBERS.
R  INDICATES RECORD WAS SET OR TIED.
MM INDICATES DATA IS MISSING.
T  INDICATES TRACE AMOUNT.




$$
