000
CDUS42 KCHS 081048
CLICHS


CLIMATE REPORT
NATIONAL WEATHER SERVICE CHARLESTON SC
547 AM EST MON FEB 8 2016


...................................

...THE NORTH CHARLESTON SC CLIMATE SUMMARY FOR FEBRUARY 7 2016...

CLIMATE NORMAL PERIOD 1981 TO 2010
CLIMATE RECORD PERIOD 1938 TO 2016


WEATHER ITEM   OBSERVED TIME   RECORD YEAR NORMAL DEPARTURE LAST
                VALUE   (LST)  VALUE       VALUE  FROM      YEAR
                                                  NORMAL
..................................................................
TEMPERATURE (F)
 YESTERDAY
  MAXIMUM         46    519 PM  79    1999  61    -15       62
  MINIMUM         37   1159 PM  19    1978  39     -2       29
  AVERAGE         42                        50     -8       46

PRECIPITATION (IN)
  YESTERDAY        0.55          2.24 1953   0.10   0.45     0.00
  MONTH TO DATE    3.25                      0.77   2.48     0.86
  SINCE DEC 1      9.79                      7.59   2.20     7.79
  SINCE JAN 1      6.65                      4.48   2.17     4.39

SNOWFALL (IN)
  YESTERDAY        T                         0.0    0.0
  SINCE DEC 1      T                         0.3   -0.3
  SINCE JUL 1      T                         0.3   -0.3

DEGREE DAYS
 HEATING
  YESTERDAY       23                        15      8       19
  MONTH TO DATE   73                       107    -34      131
  SINCE DEC 1    731                      1074   -343      990
  SINCE JUL 1    877                      1366   -489     1328

 COOLING
  YESTERDAY        0                         0      0        0
  MONTH TO DATE    2                         0      2        0
  SINCE DEC 1     99                         9     90        4
  SINCE JAN 1      2                         2      0        4
..................................................................


WIND (MPH)
  HIGHEST WIND SPEED    28   HIGHEST WIND DIRECTION     N (340)
  HIGHEST GUST SPEED    36   HIGHEST GUST DIRECTION     N (340)
  AVERAGE WIND SPEED    14.4


SKY COVER
  POSSIBLE SUNSHINE  MM
  AVERAGE SKY COVER 0.8


WEATHER CONDITIONS
 THE FOLLOWING WEATHER WAS RECORDED YESTERDAY.
  RAIN
  LIGHT RAIN
  SLEET


RELATIVE HUMIDITY (PERCENT)
 HIGHEST    92          1200 AM
 LOWEST     49           500 PM
 AVERAGE    71

..........................................................


THE NORTH CHARLESTON SC CLIMATE NORMALS FOR TODAY
                         NORMAL    RECORD    YEAR
 MAXIMUM TEMPERATURE (F)   61        79      1965
 MINIMUM TEMPERATURE (F)   39        17      1977


SUNRISE AND SUNSET
FEBRUARY  8 2016......SUNRISE   710 AM EST   SUNSET   559 PM EST
FEBRUARY  9 2016......SUNRISE   709 AM EST   SUNSET   600 PM EST


-  INDICATES NEGATIVE NUMBERS.
R  INDICATES RECORD WAS SET OR TIED.
MM INDICATES DATA IS MISSING.
T  INDICATES TRACE AMOUNT.




$$
