000
CDUS43 KDVN 280905
CLICID


CLIMATE REPORT
NATIONAL WEATHER SERVICE QUAD CITIES IA IL
404 AM CDT SAT MAR 28 2015


...................................

...THE CEDAR RAPIDS IA CLIMATE SUMMARY FOR MARCH 27 2015...

CLIMATE NORMAL PERIOD 1981 TO 2010
CLIMATE RECORD PERIOD 1891 TO 2015


WEATHER ITEM   OBSERVED TIME   RECORD YEAR NORMAL DEPARTURE LAST
                VALUE   (LST)  VALUE       VALUE  FROM      YEAR
                                                  NORMAL
..................................................................
TEMPERATURE (F)
 YESTERDAY
  MAXIMUM         38    415 PM  81    1945  52    -14       51
  MINIMUM         20   1152 PM   3    1964  31    -11       37
  AVERAGE         29                        41    -12       44

PRECIPITATION (IN)
  YESTERDAY        0.00         MM      MM   0.08  -0.08     0.14
  MONTH TO DATE    0.46                      1.79  -1.33     0.35
  SINCE MAR 1      0.46                      1.79  -1.33     0.35
  SINCE JAN 1      1.79                      3.93  -2.14     2.10

DEGREE DAYS
 HEATING
  YESTERDAY       36                        24     12       21
  MONTH TO DATE  791                       790      1      985
  SINCE MAR 1    791                       790      1      985
  SINCE JUL 1   6318                      6073    245     7024

 COOLING
  YESTERDAY        0                         0      0        0
  MONTH TO DATE    0                         0      0        0
  SINCE MAR 1      0                         0      0        0
  SINCE JAN 1      0                         0      0        0
..................................................................


WIND (MPH)
  HIGHEST WIND SPEED    20   HIGHEST WIND DIRECTION    NE (40)
  HIGHEST GUST SPEED    25   HIGHEST GUST DIRECTION    NE (30)
  AVERAGE WIND SPEED     8.1


SKY COVER
  POSSIBLE SUNSHINE  MM
  AVERAGE SKY COVER 0.2


WEATHER CONDITIONS
 THE FOLLOWING WEATHER WAS RECORDED YESTERDAY.
  NO SIGNIFICANT WEATHER WAS OBSERVED.


RELATIVE HUMIDITY (PERCENT)
 HIGHEST    81           300 AM
 LOWEST     27           500 PM
 AVERAGE    54

..........................................................


THE CEDAR RAPIDS IA CLIMATE NORMALS FOR TODAY
                         NORMAL    RECORD    YEAR
 MAXIMUM TEMPERATURE (F)   53        81      1968
 MINIMUM TEMPERATURE (F)   31         9      1970


SUNRISE AND SUNSET
MARCH 28 2015.........SUNRISE   657 AM CDT   SUNSET   728 PM CDT
MARCH 29 2015.........SUNRISE   655 AM CDT   SUNSET   729 PM CDT


-  INDICATES NEGATIVE NUMBERS.
R  INDICATES RECORD WAS SET OR TIED.
MM INDICATES DATA IS MISSING.
T  INDICATES TRACE AMOUNT.




$$
