000
CDUS43 KDVN 242122
CLICID


CLIMATE REPORT
NATIONAL WEATHER SERVICE QUAD CITIES IA IL
421 PM CDT WED MAY 24 2017


...................................

...THE CEDAR RAPIDS IA CLIMATE SUMMARY FOR MAY 24 2017...
VALID TODAY AS OF 0400 PM LOCAL TIME.

CLIMATE NORMAL PERIOD 1981 TO 2010
CLIMATE RECORD PERIOD 1891 TO 2017


WEATHER ITEM   OBSERVED TIME   RECORD YEAR NORMAL DEPARTURE LAST
                VALUE   (LST)  VALUE       VALUE  FROM      YEAR
                                                  NORMAL
..................................................................
TEMPERATURE (F)
 TODAY
  MAXIMUM         61    259 PM  99    1921  74    -13       84
  MINIMUM         44    129 AM  34    1925  52     -8       61
  AVERAGE         53                        63    -10       73

PRECIPITATION (IN)
  TODAY            0.00         MM      MM   0.14  -0.14     0.05
  MONTH TO DATE    2.94                      3.18  -0.24     1.34
  SINCE MAR 1      9.49                      8.33   1.16     6.10
  SINCE JAN 1     11.66                     10.47   1.19     6.70

DEGREE DAYS
 HEATING
  TODAY           12                         4      8        0
  MONTH TO DATE  197                       169     28      187
  SINCE MAR 1   1432                      1531    -99     1338
  SINCE JUL 1   5708                      6814  -1106     5649

 COOLING
  TODAY            0                         2     -2        8
  MONTH TO DATE   29                        25      4       15
  SINCE MAR 1     38                        32      6       18
  SINCE JAN 1     38                        32      6       18
..................................................................


WIND (MPH)
  HIGHEST WIND SPEED    16   HIGHEST WIND DIRECTION     N (360)
  HIGHEST GUST SPEED    20   HIGHEST GUST DIRECTION     N (360)
  AVERAGE WIND SPEED     9.4


SKY COVER
  POSSIBLE SUNSHINE  MM
  AVERAGE SKY COVER 0.8


WEATHER CONDITIONS
 THE FOLLOWING WEATHER WAS RECORDED TODAY.
  FOG


RELATIVE HUMIDITY (PERCENT)
 HIGHEST   100          1200 AM
 LOWEST     72           300 PM
 AVERAGE    86

..........................................................


THE CEDAR RAPIDS IA CLIMATE NORMALS FOR TOMORROW
                         NORMAL    RECORD    YEAR
 MAXIMUM TEMPERATURE (F)   74        95      1911
 MINIMUM TEMPERATURE (F)   52        28      1925


SUNRISE AND SUNSET
MAY 24 2017...........SUNRISE   539 AM CDT   SUNSET   829 PM CDT
MAY 25 2017...........SUNRISE   538 AM CDT   SUNSET   830 PM CDT


-  INDICATES NEGATIVE NUMBERS.
R  INDICATES RECORD WAS SET OR TIED.
MM INDICATES DATA IS MISSING.
T  INDICATES TRACE AMOUNT.




$$
