000
CDUS43 KDVN 242148
CLICID


CLIMATE REPORT
NATIONAL WEATHER SERVICE QUAD CITIES IA IL
448 PM CDT THU JUL 24 2014


...................................

...THE CEDAR RAPIDS IA CLIMATE SUMMARY FOR JULY 24 2014...
VALID TODAY AS OF 0400 PM LOCAL TIME.

CLIMATE NORMAL PERIOD 1981 TO 2010
CLIMATE RECORD PERIOD 1891 TO 2014


WEATHER ITEM   OBSERVED TIME   RECORD YEAR NORMAL DEPARTURE LAST
                VALUE   (LST)  VALUE       VALUE  FROM      YEAR
                                                  NORMAL
..................................................................
TEMPERATURE (F)
 TODAY
  MAXIMUM         78    235 PM 107    1901  83     -5       76
  MINIMUM         57    516 AM  50    1927  62     -5       54
  AVERAGE         68                        73     -5       65

PRECIPITATION (IN)
  TODAY            0.00         MM      MM   0.13  -0.13     0.00
  MONTH TO DATE    3.05                      3.56  -0.51     1.28
  SINCE JUN 1     16.34                      8.48   7.86     7.60
  SINCE JAN 1     27.58                     19.92   7.66    27.79

DEGREE DAYS
 HEATING
  TODAY            0                         0      0        0
  MONTH TO DATE   19                         0     19        0
  SINCE JUN 1     24                        29     -5       28
  SINCE JUL 1     19                         0     19        0

 COOLING
  TODAY            3                         8     -5        0
  MONTH TO DATE  109                       192    -83      219
  SINCE JUN 1    292                       358    -66      391
  SINCE JAN 1    372                       407    -35      465
..................................................................


WIND (MPH)
  HIGHEST WIND SPEED    10   HIGHEST WIND DIRECTION     S (180)
  HIGHEST GUST SPEED    15   HIGHEST GUST DIRECTION     S (200)
  AVERAGE WIND SPEED     5.7


SKY COVER
  POSSIBLE SUNSHINE  MM
  AVERAGE SKY COVER 0.1


WEATHER CONDITIONS
 THE FOLLOWING WEATHER WAS RECORDED TODAY.
  FOG


RELATIVE HUMIDITY (PERCENT)
 HIGHEST    93           500 AM
 LOWEST     50           300 PM
 AVERAGE    72

..........................................................


THE CEDAR RAPIDS IA CLIMATE NORMALS FOR TOMORROW
                         NORMAL    RECORD    YEAR
 MAXIMUM TEMPERATURE (F)   83       105      1940
 MINIMUM TEMPERATURE (F)   62        50      2004


SUNRISE AND SUNSET
JULY 24 2014..........SUNRISE   553 AM CDT   SUNSET   833 PM CDT
JULY 25 2014..........SUNRISE   554 AM CDT   SUNSET   832 PM CDT


-  INDICATES NEGATIVE NUMBERS.
R  INDICATES RECORD WAS SET OR TIED.
MM INDICATES DATA IS MISSING.
T  INDICATES TRACE AMOUNT.




$$
