000
CDUS43 KDVN 171036
CLICID


CLIMATE REPORT
NATIONAL WEATHER SERVICE QUAD CITIES IA IL
435 AM CST SUN DEC 17 2017


...................................

...THE CEDAR RAPIDS IA CLIMATE SUMMARY FOR DECEMBER 16 2017...

CLIMATE NORMAL PERIOD 1981 TO 2010
CLIMATE RECORD PERIOD 1891 TO 2017


WEATHER ITEM   OBSERVED TIME   RECORD YEAR NORMAL DEPARTURE LAST
                VALUE   (LST)  VALUE       VALUE  FROM      YEAR
                                                  NORMAL
..................................................................
TEMPERATURE (F)
 YESTERDAY
  MAXIMUM         51    327 PM  61    1939  31     20       19
  MINIMUM         25    732 AM -15    1963  14     11       11
  AVERAGE         38                        23     15       15

PRECIPITATION (IN)
  YESTERDAY        0.00         MM      MM   0.04  -0.04      T
  MONTH TO DATE    0.16                      0.85  -0.69     0.54
  SINCE DEC 1      0.16                      0.85  -0.69     0.54
  SINCE JAN 1     25.64                     34.04  -8.40    41.13

DEGREE DAYS
 HEATING
  YESTERDAY       27                        42    -15       50
  MONTH TO DATE  539                       632    -93      696
  SINCE DEC 1    539                       632    -93      696
  SINCE JUL 1   1797                      2078   -281     1613

 COOLING
  YESTERDAY        0                         0      0        0
  MONTH TO DATE    0                         0      0        0
  SINCE DEC 1      0                         0      0        0
  SINCE JAN 1    747                       748     -1      970
..................................................................


WIND (MPH)
  HIGHEST WIND SPEED    15   HIGHEST WIND DIRECTION     S (200)
  HIGHEST GUST SPEED    19   HIGHEST GUST DIRECTION     S (190)
  AVERAGE WIND SPEED     7.0


SKY COVER
  POSSIBLE SUNSHINE  MM
  AVERAGE SKY COVER 0.0


WEATHER CONDITIONS
 THE FOLLOWING WEATHER WAS RECORDED YESTERDAY.
  NO SIGNIFICANT WEATHER WAS OBSERVED.


RELATIVE HUMIDITY (PERCENT)
 HIGHEST    81           800 AM
 LOWEST     38           300 PM
 AVERAGE    60

..........................................................


THE CEDAR RAPIDS IA CLIMATE NORMALS FOR TODAY
                         NORMAL    RECORD    YEAR
 MAXIMUM TEMPERATURE (F)   31        58      1939
 MINIMUM TEMPERATURE (F)   14       -11      1985


SUNRISE AND SUNSET
DECEMBER 17 2017......SUNRISE   729 AM CST   SUNSET   437 PM CST
DECEMBER 18 2017......SUNRISE   730 AM CST   SUNSET   438 PM CST


-  INDICATES NEGATIVE NUMBERS.
R  INDICATES RECORD WAS SET OR TIED.
MM INDICATES DATA IS MISSING.
T  INDICATES TRACE AMOUNT.




$$
