000
CDUS43 KDVN 300920
CLICID


CLIMATE REPORT
NATIONAL WEATHER SERVICE QUAD CITIES IA IL
419 AM CDT SAT AUG 30 2014


...................................

...THE CEDAR RAPIDS IA CLIMATE SUMMARY FOR AUGUST 29 2014...

CLIMATE NORMAL PERIOD 1981 TO 2010
CLIMATE RECORD PERIOD 1891 TO 2014


WEATHER ITEM   OBSERVED TIME   RECORD YEAR NORMAL DEPARTURE LAST
                VALUE   (LST)  VALUE       VALUE  FROM      YEAR
                                                  NORMAL
..................................................................
TEMPERATURE (F)
 YESTERDAY
  MAXIMUM         86    250 PM  97    1925  80      6       93
  MINIMUM         66    601 AM  40    1946  58      8       72
  AVERAGE         76                        69      7       83

PRECIPITATION (IN)
  YESTERDAY        0.21         MM      MM   0.13   0.08     0.00
  MONTH TO DATE    1.75                      4.20  -2.45     0.11
  SINCE JUN 1     18.61                     13.58   5.03     9.21
  SINCE JAN 1     29.85                     25.02   4.83    29.40

DEGREE DAYS
 HEATING
  YESTERDAY        0                         1     -1        0
  MONTH TO DATE    0                        10    -10        6
  SINCE JUN 1     24                        43    -19       47
  SINCE JUL 1     19                        14      5       19

 COOLING
  YESTERDAY       11                         5      6       18
  MONTH TO DATE  204                       190     14      206
  SINCE JUN 1    521                       608    -87      612
  SINCE JAN 1    601                       657    -56      686
..................................................................


WIND (MPH)
  HIGHEST WIND SPEED    22   HIGHEST WIND DIRECTION     W (250)
  HIGHEST GUST SPEED    30   HIGHEST GUST DIRECTION     W (260)
  AVERAGE WIND SPEED     8.5


SKY COVER
  POSSIBLE SUNSHINE  MM
  AVERAGE SKY COVER 0.4


WEATHER CONDITIONS
 THE FOLLOWING WEATHER WAS RECORDED YESTERDAY.
  THUNDERSTORM
  RAIN
  LIGHT RAIN
  FOG


RELATIVE HUMIDITY (PERCENT)
 HIGHEST   100          1200 AM
 LOWEST     61           100 PM
 AVERAGE    81

..........................................................


THE CEDAR RAPIDS IA CLIMATE NORMALS FOR TODAY
                         NORMAL    RECORD    YEAR
 MAXIMUM TEMPERATURE (F)   80       100      2013
                                             1953
 MINIMUM TEMPERATURE (F)   58        37      1915


SUNRISE AND SUNSET
AUGUST 30 2014........SUNRISE   630 AM CDT   SUNSET   744 PM CDT
AUGUST 31 2014........SUNRISE   631 AM CDT   SUNSET   742 PM CDT


-  INDICATES NEGATIVE NUMBERS.
R  INDICATES RECORD WAS SET OR TIED.
MM INDICATES DATA IS MISSING.
T  INDICATES TRACE AMOUNT.




$$
