000
CDUS43 KDVN 210935
CLICID


CLIMATE REPORT
NATIONAL WEATHER SERVICE QUAD CITIES IA IL
433 AM CDT FRI JUL 21 2017


...................................

...THE CEDAR RAPIDS IA CLIMATE SUMMARY FOR JULY 20 2017...

CLIMATE NORMAL PERIOD 1981 TO 2010
CLIMATE RECORD PERIOD 1891 TO 2017


WEATHER ITEM   OBSERVED TIME   RECORD YEAR NORMAL DEPARTURE LAST
                VALUE   (LST)  VALUE       VALUE  FROM      YEAR
                                                  NORMAL
..................................................................
TEMPERATURE (F)
 YESTERDAY
  MAXIMUM         92    459 PM 105    1901  84      8       85
  MINIMUM         70   1135 PM  50    2009  63      7       67
                                      1970
  AVERAGE         81                        73      8       76

PRECIPITATION (IN)
  YESTERDAY        0.95         MM      MM   0.14   0.81     0.00
  MONTH TO DATE    2.15                      3.03  -0.88     2.68
  SINCE JUN 1      5.11                      7.95  -2.84    11.01
  SINCE JAN 1     17.49                     19.39  -1.90    19.67

DEGREE DAYS
 HEATING
  YESTERDAY        0                         0      0        0
  MONTH TO DATE    0                         0      0        3
  SINCE JUN 1     22                        29     -7        8
  SINCE JUL 1      0                         0      0        3

 COOLING
  YESTERDAY       16                         8      8       11
  MONTH TO DATE  183                       160     23      136
  SINCE JUN 1    389                       326     63      373
  SINCE JAN 1    427                       375     52      433
..................................................................


WIND (MPH)
  HIGHEST WIND SPEED    30   HIGHEST WIND DIRECTION     W (270)
  HIGHEST GUST SPEED    39   HIGHEST GUST DIRECTION     W (270)
  AVERAGE WIND SPEED     7.7


SKY COVER
  POSSIBLE SUNSHINE  MM
  AVERAGE SKY COVER 0.3


WEATHER CONDITIONS
 THE FOLLOWING WEATHER WAS RECORDED YESTERDAY.
  THUNDERSTORM
  HEAVY RAIN
  RAIN
  LIGHT RAIN
  FOG


RELATIVE HUMIDITY (PERCENT)
 HIGHEST   100           100 AM
 LOWEST     66           500 PM
 AVERAGE    83

..........................................................


THE CEDAR RAPIDS IA CLIMATE NORMALS FOR TODAY
                         NORMAL    RECORD    YEAR
 MAXIMUM TEMPERATURE (F)   84       107      1901
 MINIMUM TEMPERATURE (F)   63        47      1944


SUNRISE AND SUNSET
JULY 21 2017..........SUNRISE   550 AM CDT   SUNSET   836 PM CDT
JULY 22 2017..........SUNRISE   551 AM CDT   SUNSET   835 PM CDT


-  INDICATES NEGATIVE NUMBERS.
R  INDICATES RECORD WAS SET OR TIED.
MM INDICATES DATA IS MISSING.
T  INDICATES TRACE AMOUNT.




$$
