000
CDUS43 KDVN 252133
CLICID


CLIMATE REPORT
NATIONAL WEATHER SERVICE QUAD CITIES IA IL
432 PM CDT MON JUL 25 2016


...................................

...THE CEDAR RAPIDS IA CLIMATE SUMMARY FOR JULY 25 2016...
VALID TODAY AS OF 0400 PM LOCAL TIME.

CLIMATE NORMAL PERIOD 1981 TO 2010
CLIMATE RECORD PERIOD 1891 TO 2016


WEATHER ITEM   OBSERVED TIME   RECORD YEAR NORMAL DEPARTURE LAST
                VALUE   (LST)  VALUE       VALUE  FROM      YEAR
                                                  NORMAL
..................................................................
TEMPERATURE (F)
 TODAY
  MAXIMUM         84    220 PM 105    1940  83      1       89
  MINIMUM         63    502 AM  50    2004  62      1       67
  AVERAGE         74                        73      1       78

PRECIPITATION (IN)
  TODAY            0.00         MM      MM   0.12  -0.12     0.00
  MONTH TO DATE    3.75                      3.68   0.07     1.55
  SINCE JUN 1     12.08                      8.60   3.48    10.40
  SINCE JAN 1     20.74                     20.04   0.70    19.60

DEGREE DAYS
 HEATING
  TODAY            0                         0      0        0
  MONTH TO DATE    3                         0      3        4
  SINCE JUN 1      8                        29    -21       13
  SINCE JUL 1      3                         0      3        4

 COOLING
  TODAY            9                         8      1       13
  MONTH TO DATE  205                       200      5      167
  SINCE JUN 1    442                       366     76      312
  SINCE JAN 1    502                       415     87      362
..................................................................


WIND (MPH)
  HIGHEST WIND SPEED    15   HIGHEST WIND DIRECTION    NW (320)
  HIGHEST GUST SPEED    19   HIGHEST GUST DIRECTION    NW (310)
  AVERAGE WIND SPEED     5.9


SKY COVER
  POSSIBLE SUNSHINE  MM
  AVERAGE SKY COVER 0.0


WEATHER CONDITIONS
 THE FOLLOWING WEATHER WAS RECORDED TODAY.
  NO SIGNIFICANT WEATHER WAS OBSERVED.


RELATIVE HUMIDITY (PERCENT)
 HIGHEST   100          1200 AM
 LOWEST     55          1200 PM
 AVERAGE    78

..........................................................


THE CEDAR RAPIDS IA CLIMATE NORMALS FOR TOMORROW
                         NORMAL    RECORD    YEAR
 MAXIMUM TEMPERATURE (F)   83       108      1936
 MINIMUM TEMPERATURE (F)   62        47      1911


SUNRISE AND SUNSET
JULY 25 2016..........SUNRISE   554 AM CDT   SUNSET   832 PM CDT
JULY 26 2016..........SUNRISE   555 AM CDT   SUNSET   831 PM CDT


-  INDICATES NEGATIVE NUMBERS.
R  INDICATES RECORD WAS SET OR TIED.
MM INDICATES DATA IS MISSING.
T  INDICATES TRACE AMOUNT.




$$
