000
CDUS43 KDVN 300907
CLICID


CLIMATE REPORT
NATIONAL WEATHER SERVICE QUAD CITIES IA IL
406 AM CDT THU OCT 30 2014


...................................

...THE CEDAR RAPIDS IA CLIMATE SUMMARY FOR OCTOBER 29 2014...

CLIMATE NORMAL PERIOD 1981 TO 2010
CLIMATE RECORD PERIOD 1891 TO 2014


WEATHER ITEM   OBSERVED TIME   RECORD YEAR NORMAL DEPARTURE LAST
                VALUE   (LST)  VALUE       VALUE  FROM      YEAR
                                                  NORMAL
..................................................................
TEMPERATURE (F)
 YESTERDAY
  MAXIMUM         50    318 PM  84    1937  56     -6       59
  MINIMUM         31   1158 PM   0    1925  36     -5       MM
  AVERAGE         41                        46     -5       MM

PRECIPITATION (IN)
  YESTERDAY        0.00         MM      MM   0.08  -0.08     0.00
  MONTH TO DATE    2.57                      2.46   0.11     2.45
  SINCE SEP 1      6.12                      5.62   0.50     4.64
  SINCE JAN 1     36.60                     30.92   5.68    34.04

DEGREE DAYS
 HEATING
  YESTERDAY       24                        19      5       MM
  MONTH TO DATE  402                       415    -13      406
  SINCE SEP 1    543                       553    -10      486
  SINCE JUL 1    562                       572    -10      505

 COOLING
  YESTERDAY        0                         0      0       MM
  MONTH TO DATE    0                         8     -8       19
  SINCE SEP 1     53                        80    -27      164
  SINCE JAN 1    670                       748    -78      884
..................................................................


WIND (MPH)
  HIGHEST WIND SPEED    23   HIGHEST WIND DIRECTION    NW (310)
  HIGHEST GUST SPEED    30   HIGHEST GUST DIRECTION    NW (310)
  AVERAGE WIND SPEED     9.6


SKY COVER
  POSSIBLE SUNSHINE  MM
  AVERAGE SKY COVER 0.2


WEATHER CONDITIONS
 THE FOLLOWING WEATHER WAS RECORDED YESTERDAY.
  NO SIGNIFICANT WEATHER WAS OBSERVED.


RELATIVE HUMIDITY (PERCENT)
 HIGHEST   100          1100 PM
 LOWEST     52           100 PM
 AVERAGE    76

..........................................................


THE CEDAR RAPIDS IA CLIMATE NORMALS FOR TODAY
                         NORMAL    RECORD    YEAR
 MAXIMUM TEMPERATURE (F)   56        84      1950
 MINIMUM TEMPERATURE (F)   35        -2      1925


SUNRISE AND SUNSET
OCTOBER 30 2014.......SUNRISE   737 AM CDT   SUNSET   604 PM CDT
OCTOBER 31 2014.......SUNRISE   738 AM CDT   SUNSET   602 PM CDT


-  INDICATES NEGATIVE NUMBERS.
R  INDICATES RECORD WAS SET OR TIED.
MM INDICATES DATA IS MISSING.
T  INDICATES TRACE AMOUNT.




$$
