000
CDUS41 KCLE 260526
CLICLE


CLIMATE REPORT
NATIONAL WEATHER SERVICE CLEVELAND OH
125 AM EDT TUE JUL 26 2016


...................................

...THE CLEVELAND OH CLIMATE SUMMARY FOR JULY 25 2016...

CLIMATE NORMAL PERIOD 1981 TO 2010
CLIMATE RECORD PERIOD 1871 TO 2016


WEATHER ITEM   OBSERVED TIME   RECORD YEAR NORMAL DEPARTURE LAST
                VALUE   (LST)  VALUE       VALUE  FROM      YEAR
                                                  NORMAL
..................................................................
TEMPERATURE (F)
 YESTERDAY
  MAXIMUM         92    301 PM  99    1941  82     10       88
  MINIMUM         76   1159 PM  47    1953  65     11       63
  AVERAGE         84                        73     11       76

PRECIPITATION (IN)
  YESTERDAY        0.00                      0.12  -0.12     0.01
  MONTH TO DATE    1.60                      2.76  -1.16     2.54
  SINCE JUN 1      3.72                      6.19  -2.47    11.06
  SINCE JAN 1     19.65                     21.33  -1.68    24.69

SNOWFALL (IN)
  YESTERDAY        0.0                       0.0    0.0      0.0
  MONTH TO DATE    0.0                       0.0    0.0      0.0
  SINCE JUN 1      0.0                       0.0    0.0      0.0
  SINCE JUL 1      0.0                       0.0    0.0      0.0
  SNOW DEPTH       0

DEGREE DAYS
 HEATING
  YESTERDAY        0                         0      0        0
  MONTH TO DATE    0                         0      0        3
  SINCE JUN 1     13                        42    -29       33
  SINCE JUL 1      0                         0      0        3

 COOLING
  YESTERDAY       19                         9     10       11
  MONTH TO DATE  301                       220     81      142
  SINCE JUN 1    528                       388    140      289
  SINCE JAN 1    609                       447    162      410
..................................................................


WIND (MPH)
  HIGHEST WIND SPEED    20   HIGHEST WIND DIRECTION     W (290)
  HIGHEST GUST SPEED    24   HIGHEST GUST DIRECTION     W (280)
  AVERAGE WIND SPEED     9.6


SKY COVER
  POSSIBLE SUNSHINE  MM
  AVERAGE SKY COVER 0.7


WEATHER CONDITIONS
 THE FOLLOWING WEATHER WAS RECORDED YESTERDAY.
  NO SIGNIFICANT WEATHER WAS OBSERVED.


RELATIVE HUMIDITY (PERCENT)
 HIGHEST    79           500 AM
 LOWEST     41           600 PM
 AVERAGE    60

..........................................................


THE CLEVELAND OH CLIMATE NORMALS FOR TODAY
                         NORMAL    RECORD    YEAR
 MAXIMUM TEMPERATURE (F)   82        99      1941
 MINIMUM TEMPERATURE (F)   65        46      1946


SUNRISE AND SUNSET
JULY 26 2016..........SUNRISE   617 AM EDT   SUNSET   850 PM EDT
JULY 27 2016..........SUNRISE   618 AM EDT   SUNSET   849 PM EDT


-  INDICATES NEGATIVE NUMBERS.
R  INDICATES RECORD WAS SET OR TIED.
MM INDICATES DATA IS MISSING.
T  INDICATES TRACE AMOUNT.




$$
