000
CDUS44 KHGX 290718
CLICLL


CLIMATE REPORT
NATIONAL WEATHER SERVICE HOUSTON/GALVESTON TX
217 AM CDT FRI APR 29 2016


...................................

...THE COLLEGE STATION CLIMATE SUMMARY FOR APRIL 28 2016...

CLIMATE NORMAL PERIOD 1981 TO 2010
CLIMATE RECORD PERIOD 1902 TO 2016


WEATHER ITEM   OBSERVED TIME   RECORD YEAR NORMAL DEPARTURE LAST
                VALUE   (LST)  VALUE       VALUE  FROM      YEAR
                                                  NORMAL
..................................................................
TEMPERATURE (F)
 YESTERDAY
  MAXIMUM         88    338 PM  94    1987  82      6       67
                                      1933
  MINIMUM         64    254 AM  47    1973  62      2       53
                                      1920
  AVERAGE         76                        72      4       60

PRECIPITATION (IN)
  YESTERDAY        0.00          2.12 1957   0.10  -0.10     0.01
  MONTH TO DATE    4.82                      2.42   2.40     4.80
  SINCE MAR 1      9.25                      5.59   3.66    10.63
  SINCE JAN 1     11.87                     11.68   0.19    18.04

SNOWFALL (IN)
  YESTERDAY        0.0
  MONTH TO DATE    0.0
  SINCE JUL 1      0.0

DEGREE DAYS
 HEATING
  YESTERDAY        0                         0      0        5
  MONTH TO DATE   23                        46    -23       14
  SINCE MAR 1     99                       218   -119      225
  SINCE JUL 1   1146                      1605   -459     1766

 COOLING
  YESTERDAY       11                         7      4        0
  MONTH TO DATE  128                       137     -9      191
  SINCE MAR 1    218                       196     22      237
  SINCE JAN 1    243                       224     19      238
..................................................................


WIND (MPH)
  HIGHEST WIND SPEED    18   HIGHEST WIND DIRECTION    SE (140)
  HIGHEST GUST SPEED    24   HIGHEST GUST DIRECTION    SE (150)
  AVERAGE WIND SPEED    10.3


SKY COVER
  AVERAGE SKY COVER 0.5


WEATHER CONDITIONS
 THE FOLLOWING WEATHER WAS RECORDED YESTERDAY.
  FOG
  FOG W/VISIBILITY <= 1/4 MILE
  HAZE


RELATIVE HUMIDITY (PERCENT)
 HIGHEST   100           300 AM
 LOWEST     46           300 PM
 AVERAGE    73

..........................................................


THE COLLEGE STATION CLIMATE NORMALS FOR TODAY
                         NORMAL    RECORD    YEAR
 MAXIMUM TEMPERATURE (F)   82        93      2002
 MINIMUM TEMPERATURE (F)   62        44      1916


SUNRISE AND SUNSET
APRIL 29 2016.........SUNRISE   643 AM CDT   SUNSET   803 PM CDT
APRIL 30 2016.........SUNRISE   642 AM CDT   SUNSET   803 PM CDT


-  INDICATES NEGATIVE NUMBERS.
R  INDICATES RECORD WAS SET OR TIED.
MM INDICATES DATA IS MISSING.
T  INDICATES TRACE AMOUNT.




$$
