000
CDUS44 KHGX 040718
CLICLL


CLIMATE REPORT
NATIONAL WEATHER SERVICE HOUSTON/GALVESTON TX
217 AM CDT FRI SEP 4 2015


...................................

...THE COLLEGE STATION CLIMATE SUMMARY FOR SEPTEMBER 3 2015...

CLIMATE NORMAL PERIOD 1981 TO 2010
CLIMATE RECORD PERIOD 1902 TO 2015


WEATHER ITEM   OBSERVED TIME   RECORD YEAR NORMAL DEPARTURE LAST
                VALUE   (LST)  VALUE       VALUE  FROM      YEAR
                                                  NORMAL
..................................................................
TEMPERATURE (F)
 YESTERDAY
  MAXIMUM         93    246 PM 109    2000  94     -1       98
  MINIMUM         73    609 AM  60    1919  73      0       75
  AVERAGE         83                        83      0       87

PRECIPITATION (IN)
  YESTERDAY        0.00          2.81 2003   0.11  -0.11     0.00
  MONTH TO DATE    0.02                      0.32  -0.30      T
  SINCE SEP 1      0.02                      0.32  -0.30      T
  SINCE JAN 1     34.67                     25.84   8.83    22.77

SNOWFALL (IN)
  YESTERDAY        0.0
  MONTH TO DATE    0.0
  SINCE JUL 1      0.0

DEGREE DAYS
 HEATING
  YESTERDAY        0                         0      0        0
  MONTH TO DATE    0                         0      0        0
  SINCE SEP 1      0                         0      0        0
  SINCE JUL 1      0                         0      0        0

 COOLING
  YESTERDAY       18                        18      0       22
  MONTH TO DATE   49                        56     -7       65
  SINCE SEP 1     49                        56     -7       65
  SINCE JAN 1   2409                      2402      7     2272
..................................................................


WIND (MPH)
  HIGHEST WIND SPEED    16   HIGHEST WIND DIRECTION     S (170)
  HIGHEST GUST SPEED    20   HIGHEST GUST DIRECTION     S (170)
  AVERAGE WIND SPEED     6.5


SKY COVER
  AVERAGE SKY COVER 0.4


WEATHER CONDITIONS
 THE FOLLOWING WEATHER WAS RECORDED YESTERDAY.
  NO SIGNIFICANT WEATHER WAS OBSERVED.


RELATIVE HUMIDITY (PERCENT)
 HIGHEST    94           800 AM
 LOWEST     44           200 PM
 AVERAGE    69

..........................................................


THE COLLEGE STATION CLIMATE NORMALS FOR TODAY
                         NORMAL    RECORD    YEAR
 MAXIMUM TEMPERATURE (F)   94       112      2000
 MINIMUM TEMPERATURE (F)   73        57      1974


SUNRISE AND SUNSET
SEPTEMBER  4 2015.....SUNRISE   704 AM CDT   SUNSET   745 PM CDT
SEPTEMBER  5 2015.....SUNRISE   704 AM CDT   SUNSET   744 PM CDT


-  INDICATES NEGATIVE NUMBERS.
R  INDICATES RECORD WAS SET OR TIED.
MM INDICATES DATA IS MISSING.
T  INDICATES TRACE AMOUNT.




$$
