000
CDUS44 KHGX 220819
CLICLL


CLIMATE REPORT
NATIONAL WEATHER SERVICE
218 AM UTC THU FEB 22 2018


...................................

...THE COLLEGE STATION CLIMATE SUMMARY FOR FEBRUARY 21 2018...

CLIMATE NORMAL PERIOD 1981 TO 2010
CLIMATE RECORD PERIOD 1902 TO 2018


WEATHER ITEM   OBSERVED TIME   RECORD YEAR NORMAL DEPARTURE LAST
                VALUE   (LST)  VALUE       VALUE  FROM      YEAR
                                                  NORMAL
..................................................................
TEMPERATURE (F)
 YESTERDAY
  MAXIMUM         71    222 AM  99    1996  66      5       75
  MINIMUM         43   1159 PM  23    1918  46     -3       55
  AVERAGE         57                        56      1       65

PRECIPITATION (IN)
  YESTERDAY        0.56          2.75 1928   0.09   0.47     0.00
  MONTH TO DATE    1.51                      2.18  -0.67     3.26
  SINCE DEC 1      6.07                      8.65  -2.58     9.77
  SINCE JAN 1      2.57                      5.42  -2.85     7.00

SNOWFALL (IN)
  YESTERDAY       MM
  MONTH TO DATE    0.0
  SINCE JUL 1      5.0

DEGREE DAYS
 HEATING
  YESTERDAY        8                        10     -2        0
  MONTH TO DATE  242                       245     -3       86
  SINCE DEC 1   1180                      1098     82      683
  SINCE JUL 1   1327                      1323      4      752

 COOLING
  YESTERDAY        0                         1     -1        0
  MONTH TO DATE   24                        18      6       68
  SINCE DEC 1     40                        45     -5      147
  SINCE JAN 1     27                        29     -2      103
..................................................................


WIND (MPH)
  HIGHEST WIND SPEED    23   HIGHEST WIND DIRECTION     S (160)
  HIGHEST GUST SPEED    30   HIGHEST GUST DIRECTION     S (170)
  AVERAGE WIND SPEED    12.9


SKY COVER
  AVERAGE SKY COVER 1.0


WEATHER CONDITIONS
 THE FOLLOWING WEATHER WAS RECORDED YESTERDAY.
  THUNDERSTORM
  HEAVY RAIN
  RAIN
  LIGHT RAIN
  FOG


RELATIVE HUMIDITY (PERCENT)
 HIGHEST   100           200 AM
 LOWEST     92           400 PM
 AVERAGE    96

..........................................................


THE COLLEGE STATION CLIMATE NORMALS FOR TODAY
                         NORMAL    RECORD    YEAR
 MAXIMUM TEMPERATURE (F)   66        96      1996
 MINIMUM TEMPERATURE (F)   46        24      1894


SUNRISE AND SUNSET
FEBRUARY 22 2018......SUNRISE   659 AM CST   SUNSET   619 PM CST
FEBRUARY 23 2018......SUNRISE   658 AM CST   SUNSET   620 PM CST


-  INDICATES NEGATIVE NUMBERS.
R  INDICATES RECORD WAS SET OR TIED.
MM INDICATES DATA IS MISSING.
T  INDICATES TRACE AMOUNT.




$$
