000
CDUS44 KHGX 200727
CLICLL


CLIMATE REPORT
NATIONAL WEATHER SERVICE HOUSTON/GALVESTON TX
217 AM CDT SUN APR 20 2014


...................................

...THE COLLEGE STATION CLIMATE SUMMARY FOR APRIL 19 2014...

CLIMATE NORMAL PERIOD 1981 TO 2010
CLIMATE RECORD PERIOD 1902 TO 2014


WEATHER ITEM   OBSERVED TIME   RECORD YEAR NORMAL DEPARTURE LAST
                VALUE   (LST)  VALUE       VALUE  FROM      YEAR
                                                  NORMAL
..................................................................
TEMPERATURE (F)
 YESTERDAY
  MAXIMUM         79    327 PM  96    2011  80     -1       66
  MINIMUM         54    548 AM  39    1953  59     -5       43
  AVERAGE         67                        69     -2       55

PRECIPITATION (IN)
  YESTERDAY        0.00          1.64 1970   0.09  -0.09     0.00
  MONTH TO DATE    1.23                      1.54  -0.31     1.40
  SINCE MAR 1      2.84                      4.71  -1.87     3.13
  SINCE JAN 1      5.02                     10.80  -5.78     9.29

SNOWFALL (IN)
  YESTERDAY        0.0
  MONTH TO DATE    0.0
  SINCE JUL 1      T

DEGREE DAYS
 HEATING
  YESTERDAY        0                         1     -1       10
  MONTH TO DATE   59                        39     20       63
  SINCE MAR 1    328                       211    117      252
  SINCE JUL 1   2052                      1598    454     1311

 COOLING
  YESTERDAY        2                         5     -3        0
  MONTH TO DATE   69                        80    -11       84
  SINCE MAR 1     92                       139    -47      142
  SINCE JAN 1    113                       167    -54      177
..................................................................


WIND (MPH)
  HIGHEST WIND SPEED    13   HIGHEST WIND DIRECTION     S (160)
  HIGHEST GUST SPEED    16   HIGHEST GUST DIRECTION     S (160)
  AVERAGE WIND SPEED     4.3


SKY COVER
  AVERAGE SKY COVER 0.2


WEATHER CONDITIONS
 THE FOLLOWING WEATHER WAS RECORDED YESTERDAY.
  NO SIGNIFICANT WEATHER WAS OBSERVED.


RELATIVE HUMIDITY (PERCENT)
 HIGHEST    86           500 AM
 LOWEST     47           100 PM
 AVERAGE    67

..........................................................


THE COLLEGE STATION CLIMATE NORMALS FOR TODAY
                         NORMAL    RECORD    YEAR
 MAXIMUM TEMPERATURE (F)   80        94      2011
                                             1925
 MINIMUM TEMPERATURE (F)   59        40      1953


SUNRISE AND SUNSET
APRIL 20 2014.........SUNRISE   653 AM CDT   SUNSET   757 PM CDT
APRIL 21 2014.........SUNRISE   652 AM CDT   SUNSET   757 PM CDT


-  INDICATES NEGATIVE NUMBERS.
R  INDICATES RECORD WAS SET OR TIED.
MM INDICATES DATA IS MISSING.
T  INDICATES TRACE AMOUNT.




$$
